000
CDUS44 KSHV 200735
CLIELD


CLIMATE REPORT
NATIONAL WEATHER SERVICE SHREVEPORT, LA
235 AM CDT MON OCT 20 2014


...................................

...THE EL DORADO CLIMATE SUMMARY FOR OCTOBER 19 2014...

CLIMATE NORMAL PERIOD 1981 TO 2010
CLIMATE RECORD PERIOD 1907 TO 2014


WEATHER ITEM   OBSERVED TIME   RECORD YEAR NORMAL DEPARTURE LAST
                VALUE   (LST)  VALUE       VALUE  FROM      YEAR
                                                  NORMAL
..................................................................
TEMPERATURE (F)
 YESTERDAY
  MAXIMUM         71    350 PM  94    1932  75     -4       65
  MINIMUM         45    624 AM  31    1948  50     -5       42
  AVERAGE         58                        63     -5       54

PRECIPITATION (IN)
  YESTERDAY        0.00          6.60 1985   0.19  -0.19     0.00
  MONTH TO DATE    2.91                      3.12  -0.21     2.78
  SINCE DEC 1     40.36                     45.96  -5.60    38.78
  SINCE JAN 1     33.80                     40.78  -6.98    32.72

SNOWFALL (IN)
  YESTERDAY        0.0
  MONTH TO DATE    0.0
  SINCE SEP 1      0.0
  SINCE JUL 1      0.0
  SNOW DEPTH       0

DEGREE DAYS
 HEATING
  YESTERDAY        7                         4      3       11
  MONTH TO DATE   28                        50    -22       36
  SINCE SEP 1     31                        62    -31       36
  SINCE JUL 1     31                        62    -31       36

 COOLING
  YESTERDAY        0                         2     -2        0
  MONTH TO DATE   86                        63     23       72
  SINCE SEP 1    416                       363     53      472
  SINCE JAN 1   1864                      2090   -226     2140
..................................................................


WIND (MPH)
  HIGHEST WIND SPEED    14   HIGHEST WIND DIRECTION     E (100)
  HIGHEST GUST SPEED    18   HIGHEST GUST DIRECTION     E (110)
  AVERAGE WIND SPEED     2.0


SKY COVER
  POSSIBLE SUNSHINE  MM
  AVERAGE SKY COVER 0.0


WEATHER CONDITIONS
 THE FOLLOWING WEATHER WAS RECORDED YESTERDAY.
  FOG


RELATIVE HUMIDITY (PERCENT)
 HIGHEST    96           100 AM
 LOWEST     44           100 PM
 AVERAGE    70

..........................................................


THE EL DORADO CLIMATE NORMALS FOR TODAY
                         NORMAL    RECORD    YEAR
 MAXIMUM TEMPERATURE (F)   75        91      1978
 MINIMUM TEMPERATURE (F)   50        27      2011
                                             1989


SUNRISE AND SUNSET
OCTOBER 20 2014.......SUNRISE   720 AM CDT   SUNSET   632 PM CDT
OCTOBER 21 2014.......SUNRISE   720 AM CDT   SUNSET   631 PM CDT


-  INDICATES NEGATIVE NUMBERS.
R  INDICATES RECORD WAS SET OR TIED.
MM INDICATES DATA IS MISSING.
T  INDICATES TRACE AMOUNT.




$$
