000
CDUS44 KSHV 010750
CLIELD


CLIMATE REPORT
NATIONAL WEATHER SERVICE SHREVEPORT, LA
249 AM CDT SAT AUG 1 2015


...................................

...THE EL DORADO CLIMATE SUMMARY FOR JULY 31 2015...

CLIMATE NORMAL PERIOD 1981 TO 2010
CLIMATE RECORD PERIOD 1907 TO 2015


WEATHER ITEM   OBSERVED TIME   RECORD YEAR NORMAL DEPARTURE LAST
                VALUE   (LST)  VALUE       VALUE  FROM      YEAR
                                                  NORMAL
..................................................................
TEMPERATURE (F)
 YESTERDAY
  MAXIMUM         96    352 PM 105    1998  93      3       76
  MINIMUM         67    534 AM  56    1971  71     -4       66
  AVERAGE         82                        82      0       71

PRECIPITATION (IN)
  YESTERDAY        0.00          2.33 1996   0.11  -0.11     0.06
  MONTH TO DATE    2.01                      3.56  -1.55     2.86
  SINCE DEC 1     34.48                     36.62  -2.14    34.32
  SINCE JAN 1     31.15                     31.44  -0.29    27.76

SNOWFALL (IN)
  YESTERDAY        0.0
  MONTH TO DATE    0.0
  SINCE JUN 1      0.0
  SINCE JUL 1      0.0
  SNOW DEPTH       0

DEGREE DAYS
 HEATING
  YESTERDAY        0                         0      0        0
  MONTH TO DATE    0                         0      0        0
  SINCE JUN 1      0                         0      0        0
  SINCE JUL 1      0                         0      0        0

 COOLING
  YESTERDAY       17                        17      0        6
  MONTH TO DATE  581                       516     65      391
  SINCE JUN 1   1011                       912     99      808
  SINCE JAN 1   1351                      1223    128     1060
..................................................................


WIND (MPH)
  HIGHEST WIND SPEED    20   HIGHEST WIND DIRECTION    NE (50)
  HIGHEST GUST SPEED    24   HIGHEST GUST DIRECTION    NE (50)
  AVERAGE WIND SPEED     6.3


SKY COVER
  POSSIBLE SUNSHINE  MM
  AVERAGE SKY COVER 0.0


WEATHER CONDITIONS
 THE FOLLOWING WEATHER WAS RECORDED YESTERDAY.
  LIGHT RAIN


RELATIVE HUMIDITY (PERCENT)
 HIGHEST    87           500 AM
 LOWEST     28           200 PM
 AVERAGE    58

..........................................................


THE EL DORADO CLIMATE NORMALS FOR TODAY
                         NORMAL    RECORD    YEAR
 MAXIMUM TEMPERATURE (F)   93       103      2008
 MINIMUM TEMPERATURE (F)   71        57      1936


SUNRISE AND SUNSET
AUGUST  1 2015........SUNRISE   624 AM CDT   SUNSET   811 PM CDT
AUGUST  2 2015........SUNRISE   625 AM CDT   SUNSET   810 PM CDT


-  INDICATES NEGATIVE NUMBERS.
R  INDICATES RECORD WAS SET OR TIED.
MM INDICATES DATA IS MISSING.
T  INDICATES TRACE AMOUNT.




$$
