000
CDUS44 KSHV 022135
CLIELD


CLIMATE REPORT
NATIONAL WEATHER SERVICE SHREVEPORT, LA
433 PM CDT THU JUL 2 2015


...................................

...THE EL DORADO CLIMATE SUMMARY FOR JULY 2 2015...
VALID TODAY AS OF 0400 PM LOCAL TIME.

CLIMATE NORMAL PERIOD 1981 TO 2010
CLIMATE RECORD PERIOD 1907 TO 2015


WEATHER ITEM   OBSERVED TIME   RECORD YEAR NORMAL DEPARTURE LAST
                VALUE   (LST)  VALUE       VALUE  FROM      YEAR
                                                  NORMAL
..................................................................
TEMPERATURE (F)
 TODAY
  MAXIMUM         89    249 PM 102    1969  91     -2       89
  MINIMUM         73    554 AM  57    1918  70      3       72
  AVERAGE         81                        81      0       81

PRECIPITATION (IN)
  TODAY            0.00          2.66 1968   0.14  -0.14     0.00
  MONTH TO DATE    0.00                      0.29  -0.29     0.00
  SINCE DEC 1     32.47                     33.35  -0.88    31.46
  SINCE JAN 1     29.14                     28.17   0.97    24.90

DEGREE DAYS
 HEATING
  TODAY            0                         0      0        0
  MONTH TO DATE    0                         0      0        0
  SINCE JUN 1      0                         0      0        0
  SINCE JUL 1      0                         0      0        0

 COOLING
  TODAY           16                        16      0       16
  MONTH TO DATE   31                        32     -1       33
  SINCE JUN 1    461                       428     33      450
  SINCE JAN 1    801                       739     62      702
..................................................................


WIND (MPH)
  HIGHEST WIND SPEED    17   HIGHEST WIND DIRECTION    SW (220)
  HIGHEST GUST SPEED    25   HIGHEST GUST DIRECTION     S (200)
  AVERAGE WIND SPEED    10.0


SKY COVER
  POSSIBLE SUNSHINE  MM
  AVERAGE SKY COVER 0.0


WEATHER CONDITIONS
 THE FOLLOWING WEATHER WAS RECORDED TODAY.
  NO SIGNIFICANT WEATHER WAS OBSERVED.


RELATIVE HUMIDITY (PERCENT)
 HIGHEST    87          1200 AM
 LOWEST     55          1200 PM
 AVERAGE    71

..........................................................


THE EL DORADO CLIMATE NORMALS FOR TOMORROW
                         NORMAL    RECORD    YEAR
 MAXIMUM TEMPERATURE (F)   91       105      1969
 MINIMUM TEMPERATURE (F)   71        55      1918


SUNRISE AND SUNSET
JULY  2 2015..........SUNRISE   606 AM CDT   SUNSET   824 PM CDT
JULY  3 2015..........SUNRISE   606 AM CDT   SUNSET   824 PM CDT


-  INDICATES NEGATIVE NUMBERS.
R  INDICATES RECORD WAS SET OR TIED.
MM INDICATES DATA IS MISSING.
T  INDICATES TRACE AMOUNT.




$$
