000
CDUS44 KSHV 112133
CLIELD


CLIMATE REPORT
NATIONAL WEATHER SERVICE SHREVEPORT, LA
431 PM CDT FRI JUL 11 2014


...................................

...THE EL DORADO CLIMATE SUMMARY FOR JULY 11 2014...
VALID TODAY AS OF 0400 PM LOCAL TIME.

CLIMATE NORMAL PERIOD 1981 TO 2010
CLIMATE RECORD PERIOD 1907 TO 2014


WEATHER ITEM   OBSERVED TIME   RECORD YEAR NORMAL DEPARTURE LAST
                VALUE   (LST)  VALUE       VALUE  FROM      YEAR
                                                  NORMAL
..................................................................
TEMPERATURE (F)
 TODAY
  MAXIMUM         92    237 PM 105    1930  92      0       97
  MINIMUM         68    507 AM  59    1947  71     -3       71
  AVERAGE         80                        82     -2       84

PRECIPITATION (IN)
  TODAY            0.00          1.92 1970   0.13  -0.13     0.09
  MONTH TO DATE    0.71                      1.51  -0.80     0.15
  SINCE DEC 1     32.17                     34.57  -2.40    27.47
  SINCE JAN 1     25.61                     29.39  -3.78    21.41

DEGREE DAYS
 HEATING
  TODAY            0                         0      0        0
  MONTH TO DATE    0                         0      0        0
  SINCE JUN 1      0                         0      0        0
  SINCE JUL 1      0                         0      0        0

 COOLING
  TODAY           15                        17     -2       19
  MONTH TO DATE  154                       178    -24      154
  SINCE JUN 1    571                       574     -3      568
  SINCE JAN 1    823                       885    -62      846
..................................................................


WIND (MPH)
  HIGHEST WIND SPEED    10   HIGHEST WIND DIRECTION     W (290)
  HIGHEST GUST SPEED    13   HIGHEST GUST DIRECTION     W (270)
  AVERAGE WIND SPEED     2.9


SKY COVER
  POSSIBLE SUNSHINE  MM
  AVERAGE SKY COVER 0.0


WEATHER CONDITIONS
 THE FOLLOWING WEATHER WAS RECORDED TODAY.
  FOG


RELATIVE HUMIDITY (PERCENT)
 HIGHEST   100           100 AM
 LOWEST     49           300 PM
 AVERAGE    75

..........................................................


THE EL DORADO CLIMATE NORMALS FOR TOMORROW
                         NORMAL    RECORD    YEAR
 MAXIMUM TEMPERATURE (F)   92       106      1930
 MINIMUM TEMPERATURE (F)   71        59      1947


SUNRISE AND SUNSET
JULY 11 2014..........SUNRISE   611 AM CDT   SUNSET   823 PM CDT
JULY 12 2014..........SUNRISE   611 AM CDT   SUNSET   822 PM CDT


-  INDICATES NEGATIVE NUMBERS.
R  INDICATES RECORD WAS SET OR TIED.
MM INDICATES DATA IS MISSING.
T  INDICATES TRACE AMOUNT.




$$
