000
CDUS44 KSHV 022133
CLIELD


CLIMATE REPORT
NATIONAL WEATHER SERVICE SHREVEPORT, LA
432 PM CDT WED SEP 2 2015


...................................

...THE EL DORADO CLIMATE SUMMARY FOR SEPTEMBER 2 2015...
VALID TODAY AS OF 0400 PM LOCAL TIME.

CLIMATE NORMAL PERIOD 1981 TO 2010
CLIMATE RECORD PERIOD 1907 TO 2015


WEATHER ITEM   OBSERVED TIME   RECORD YEAR NORMAL DEPARTURE LAST
                VALUE   (LST)  VALUE       VALUE  FROM      YEAR
                                                  NORMAL
..................................................................
TEMPERATURE (F)
 TODAY
  MAXIMUM         95    253 PM 109    2000  91      4       86
  MINIMUM         69    158 AM  51    1987  67      2       71
  AVERAGE         82                        79      3       79

PRECIPITATION (IN)
  TODAY            T             3.20 2008   0.10  -0.10     0.30
  MONTH TO DATE    T                         0.20  -0.20     0.33
  SINCE DEC 1     35.05                     39.93  -4.88    37.01
  SINCE JAN 1     31.72                     34.75  -3.03    30.45

DEGREE DAYS
 HEATING
  TODAY            0                         0      0        0
  MONTH TO DATE    0                         0      0        0
  SINCE SEP 1      0                         0      0        0
  SINCE JUL 1      0                         0      0        0

 COOLING
  TODAY           17                        14      3       14
  MONTH TO DATE   31                        28      3       30
  SINCE SEP 1     31                        28      3       30
  SINCE JAN 1   1904                      1755    149     1478
..................................................................


WIND (MPH)
  HIGHEST WIND SPEED    12   HIGHEST WIND DIRECTION    NW (310)
  HIGHEST GUST SPEED    14   HIGHEST GUST DIRECTION    NW (310)
  AVERAGE WIND SPEED     2.4


SKY COVER
  POSSIBLE SUNSHINE  MM
  AVERAGE SKY COVER 0.2


WEATHER CONDITIONS
 THE FOLLOWING WEATHER WAS RECORDED TODAY.
  FOG
  HAZE


RELATIVE HUMIDITY (PERCENT)
 HIGHEST    97           100 AM
 LOWEST     42           300 PM
 AVERAGE    70

..........................................................


THE EL DORADO CLIMATE NORMALS FOR TOMORROW
                         NORMAL    RECORD    YEAR
 MAXIMUM TEMPERATURE (F)   90       110      2000
 MINIMUM TEMPERATURE (F)   67        48      1952


SUNRISE AND SUNSET
SEPTEMBER  2 2015.....SUNRISE   646 AM CDT   SUNSET   735 PM CDT
SEPTEMBER  3 2015.....SUNRISE   647 AM CDT   SUNSET   734 PM CDT


-  INDICATES NEGATIVE NUMBERS.
R  INDICATES RECORD WAS SET OR TIED.
MM INDICATES DATA IS MISSING.
T  INDICATES TRACE AMOUNT.




$$
