000
CDUS44 KSHV 282153
CLIELD


CLIMATE REPORT
NATIONAL WEATHER SERVICE SHREVEPORT, LA
450 PM CDT FRI APR 28 2017


...................................

...THE EL DORADO CLIMATE SUMMARY FOR APRIL 28 2017...
VALID TODAY AS OF 0400 PM LOCAL TIME.

CLIMATE NORMAL PERIOD 1981 TO 2010
CLIMATE RECORD PERIOD 1907 TO 2017


WEATHER ITEM   OBSERVED TIME   RECORD YEAR NORMAL DEPARTURE LAST
                VALUE   (LST)  VALUE       VALUE  FROM      YEAR
                                                  NORMAL
..................................................................
TEMPERATURE (F)
 TODAY
  MAXIMUM         87    222 PM  91    1948  78      9       85
  MINIMUM         57    234 AM  40    1992  55      2       54
  AVERAGE         72                        67      5       70

PRECIPITATION (IN)
  TODAY            0.00          6.09 1991   0.14  -0.14     0.00
  MONTH TO DATE    7.44                      3.81   3.63     6.63
  SINCE DEC 1     23.85                     22.83   1.02    34.01
  SINCE JAN 1     17.56                     17.65  -0.09    25.95

SNOWFALL (IN)
  TODAY            0.0
  MONTH TO DATE    0.0
  SINCE MAR 1      0.0
  SINCE JUL 1      T
  SNOW DEPTH       0

DEGREE DAYS
 HEATING
  TODAY            0                         2     -2        0
  MONTH TO DATE   42                       114    -72       70
  SINCE MAR 1    254                       422   -168      271
  SINCE JUL 1   1706                      2650   -944     2010

 COOLING
  TODAY            7                         3      4        5
  MONTH TO DATE   83                        63     20       52
  SINCE MAR 1    136                        85     51       79
  SINCE JAN 1    163                        91     72       85
..................................................................


WIND (MPH)
  HIGHEST WIND SPEED    21   HIGHEST WIND DIRECTION     S (190)
  HIGHEST GUST SPEED    29   HIGHEST GUST DIRECTION     S (190)
  AVERAGE WIND SPEED     7.6


SKY COVER
  POSSIBLE SUNSHINE  MM
  AVERAGE SKY COVER 0.7


WEATHER CONDITIONS
 THE FOLLOWING WEATHER WAS RECORDED TODAY.
  NO SIGNIFICANT WEATHER WAS OBSERVED.


RELATIVE HUMIDITY (PERCENT)
 HIGHEST    93           100 AM
 LOWEST     61           100 PM
 AVERAGE    77

..........................................................


THE EL DORADO CLIMATE NORMALS FOR TOMORROW
                         NORMAL    RECORD    YEAR
 MAXIMUM TEMPERATURE (F)   79        93      1955
 MINIMUM TEMPERATURE (F)   55        39      1965


SUNRISE AND SUNSET
APRIL 28 2017.........SUNRISE   626 AM CDT   SUNSET   752 PM CDT
APRIL 29 2017.........SUNRISE   625 AM CDT   SUNSET   752 PM CDT


-  INDICATES NEGATIVE NUMBERS.
R  INDICATES RECORD WAS SET OR TIED.
MM INDICATES DATA IS MISSING.
T  INDICATES TRACE AMOUNT.




$$
