000
CDUS44 KEPZ 040930
CLIELP


CLIMATE REPORT
NATIONAL WEATHER SERVICE EL PASO, TX
229 AM MST SUN DEC 4 2016


...................................

...THE EL PASO CLIMATE SUMMARY FOR DECEMBER 3 2016...

CLIMATE NORMAL PERIOD 1981 TO 2010
CLIMATE RECORD PERIOD 1879 TO 2016


WEATHER ITEM   OBSERVED TIME   RECORD YEAR NORMAL DEPARTURE LAST
                VALUE   (LST)  VALUE       VALUE  FROM      YEAR
                                                  NORMAL
..................................................................
TEMPERATURE (F)
 YESTERDAY
  MAXIMUM         48   1210 AM  75    1970  59    -11       61
                                      1889
  MINIMUM         39    958 AM  17    1979  34      5       27
  AVERAGE         44                        47     -3       44

PRECIPITATION (IN)
  YESTERDAY        0.24          0.45 1947   0.03   0.21     0.00
  MONTH TO DATE    0.24                      0.07   0.17     0.00
  SINCE DEC 1      0.24                      0.07   0.17     0.00
  SINCE JAN 1      8.72                      9.00  -0.28    11.00

SNOWFALL (IN)
  YESTERDAY        0.0                                       0.0
  MONTH TO DATE    0.0                                       0.0
  SINCE DEC 1      0.0                                       0.0
  SINCE JUL 1      T                                          T
  SNOW DEPTH       0

DEGREE DAYS
 HEATING
  YESTERDAY       21                        18      3       21
  MONTH TO DATE   57                        54      3       60
  SINCE DEC 1     57                        54      3       60
  SINCE JUL 1    299                       496   -197      395

 COOLING
  YESTERDAY        0                         0      0        0
  MONTH TO DATE    0                         0      0        0
  SINCE DEC 1      0                         0      0        0
  SINCE JAN 1   2811                      2331    480     2839
..................................................................


WIND (MPH)
  HIGHEST WIND SPEED    22   HIGHEST WIND DIRECTION     N (10)
  HIGHEST GUST SPEED    26   HIGHEST GUST DIRECTION     N (10)
  AVERAGE WIND SPEED    10.4


SKY COVER
  POSSIBLE SUNSHINE  MM
  AVERAGE SKY COVER 0.9


WEATHER CONDITIONS
 THE FOLLOWING WEATHER WAS RECORDED YESTERDAY.
  RAIN
  LIGHT RAIN
  FOG


RELATIVE HUMIDITY (PERCENT)
 HIGHEST    85           900 AM
 LOWEST     70           800 PM
 AVERAGE    78

..........................................................


THE EL PASO CLIMATE NORMALS FOR TODAY
                         NORMAL    RECORD    YEAR
 MAXIMUM TEMPERATURE (F)   59        76      1958
                                             1889
 MINIMUM TEMPERATURE (F)   34        17      1898


SUNRISE AND SUNSET
DECEMBER  4 2016......SUNRISE   651 AM MST   SUNSET   501 PM MST
DECEMBER  5 2016......SUNRISE   651 AM MST   SUNSET   501 PM MST


-  INDICATES NEGATIVE NUMBERS.
R  INDICATES RECORD WAS SET OR TIED.
MM INDICATES DATA IS MISSING.
T  INDICATES TRACE AMOUNT.




$$
