000
CDUS44 KEPZ 240926
CLIELP


CLIMATE REPORT
NATIONAL WEATHER SERVICE EL PASO, TX
325 AM MDT SUN MAY 24 2015


...................................

...THE EL PASO CLIMATE SUMMARY FOR MAY 23 2015...

CLIMATE NORMAL PERIOD 1981 TO 2010
CLIMATE RECORD PERIOD 1879 TO 2015


WEATHER ITEM   OBSERVED TIME   RECORD YEAR NORMAL DEPARTURE LAST
                VALUE   (LST)  VALUE       VALUE  FROM      YEAR
                                                  NORMAL
..................................................................
TEMPERATURE (F)
 YESTERDAY
  MAXIMUM         83    438 PM 105    2005  90     -7       90
  MINIMUM         65    558 AM  45    1975  62      3       64
  AVERAGE         74                        76     -2       77

PRECIPITATION (IN)
  YESTERDAY        0.00          0.94 1941   0.02  -0.02     0.01
  MONTH TO DATE    0.81                      0.33   0.48     0.01
  SINCE MAR 1      1.66                      0.82   0.84     0.64
  SINCE JAN 1      2.54                      1.68   0.86     0.64

SNOWFALL (IN)
  YESTERDAY        0.0                                       0.0
  MONTH TO DATE    0.0                                       0.0
  SINCE MAR 1      0.0                                       0.0
  SINCE JUL 1      T                                          T
  SNOW DEPTH       0

DEGREE DAYS
 HEATING
  YESTERDAY        0                         0      0        0
  MONTH TO DATE    0                         6     -6       23
  SINCE MAR 1    241                       368   -127      261
  SINCE JUL 1   2064                      2471   -407     2049

 COOLING
  YESTERDAY        9                        11     -2       12
  MONTH TO DATE  152                       186    -34      183
  SINCE MAR 1    278                       278      0      302
  SINCE JAN 1    279                       278      1      309
..................................................................


WIND (MPH)
  HIGHEST WIND SPEED    30   HIGHEST WIND DIRECTION     W (250)
  HIGHEST GUST SPEED    38   HIGHEST GUST DIRECTION     W (250)
  AVERAGE WIND SPEED    13.7


SKY COVER
  POSSIBLE SUNSHINE  MM
  AVERAGE SKY COVER 0.4


WEATHER CONDITIONS
 THE FOLLOWING WEATHER WAS RECORDED YESTERDAY.
  NO SIGNIFICANT WEATHER WAS OBSERVED.


RELATIVE HUMIDITY (PERCENT)
 HIGHEST    22           600 AM
 LOWEST      7           700 PM
 AVERAGE    15

..........................................................


THE EL PASO CLIMATE NORMALS FOR TODAY
                         NORMAL    RECORD    YEAR
 MAXIMUM TEMPERATURE (F)   90       102      2000
 MINIMUM TEMPERATURE (F)   62        36      1939


SUNRISE AND SUNSET
MAY 24 2015...........SUNRISE   604 AM MDT   SUNSET   801 PM MDT
MAY 25 2015...........SUNRISE   603 AM MDT   SUNSET   802 PM MDT


-  INDICATES NEGATIVE NUMBERS.
R  INDICATES RECORD WAS SET OR TIED.
MM INDICATES DATA IS MISSING.
T  INDICATES TRACE AMOUNT.




$$
