000
CDUS44 KEPZ 300928
CLIELP


CLIMATE REPORT
NATIONAL WEATHER SERVICE EL PASO, TX
227 AM MST FRI JAN 30 2015


...................................

...THE EL PASO CLIMATE SUMMARY FOR JANUARY 29 2015...

CLIMATE NORMAL PERIOD 1981 TO 2010
CLIMATE RECORD PERIOD 1879 TO 2015


WEATHER ITEM   OBSERVED TIME   RECORD YEAR NORMAL DEPARTURE LAST
                VALUE   (LST)  VALUE       VALUE  FROM      YEAR
                                                  NORMAL
..................................................................
TEMPERATURE (F)
 YESTERDAY
  MAXIMUM         62    206 PM  75    1890  60      2       55
  MINIMUM         43    145 AM  -6    1948  34      9       21
  AVERAGE         53                        47      6       38

PRECIPITATION (IN)
  YESTERDAY        T             0.57 1936   0.01  -0.01     0.00
  MONTH TO DATE    0.26                      0.37  -0.11     0.00
  SINCE DEC 1      0.38                      1.15  -0.77     0.26
  SINCE JAN 1      0.26                      0.37  -0.11     0.00

SNOWFALL (IN)
  YESTERDAY        0.0                                       0.0
  MONTH TO DATE    T                                         0.0
  SINCE DEC 1      T                                          T
  SINCE JUL 1      T                                          T
  SNOW DEPTH       0

DEGREE DAYS
 HEATING
  YESTERDAY       12                        18     -6       27
  MONTH TO DATE  601                       581     20      539
  SINCE DEC 1   1096                      1207   -111     1162
  SINCE JUL 1   1459                      1649   -190     1546

 COOLING
  YESTERDAY        0                         0      0        0
  MONTH TO DATE    0                         0      0        0
  SINCE DEC 1      0                         0      0        0
  SINCE JAN 1      0                         0      0        0
..................................................................


WIND (MPH)
  HIGHEST WIND SPEED    23   HIGHEST WIND DIRECTION     E (70)
  HIGHEST GUST SPEED    28   HIGHEST GUST DIRECTION     E (70)
  AVERAGE WIND SPEED    12.2


SKY COVER
  POSSIBLE SUNSHINE  MM
  AVERAGE SKY COVER 0.7


WEATHER CONDITIONS
 THE FOLLOWING WEATHER WAS RECORDED YESTERDAY.
  LIGHT RAIN


RELATIVE HUMIDITY (PERCENT)
 HIGHEST    76           200 AM
 LOWEST     35          1200 PM
 AVERAGE    56

..........................................................


THE EL PASO CLIMATE NORMALS FOR TODAY
                         NORMAL    RECORD    YEAR
 MAXIMUM TEMPERATURE (F)   60        77      1890
 MINIMUM TEMPERATURE (F)   34         9      1949
                                             1948


SUNRISE AND SUNSET
JANUARY 30 2015.......SUNRISE   700 AM MST   SUNSET   538 PM MST
JANUARY 31 2015.......SUNRISE   700 AM MST   SUNSET   539 PM MST


-  INDICATES NEGATIVE NUMBERS.
R  INDICATES RECORD WAS SET OR TIED.
MM INDICATES DATA IS MISSING.
T  INDICATES TRACE AMOUNT.




$$
