000
CDUS44 KEPZ 170927
CLIELP


CLIMATE REPORT
NATIONAL WEATHER SERVICE EL PASO, TX
326 AM MDT THU APR 17 2014


...................................

...THE EL PASO CLIMATE SUMMARY FOR APRIL 16 2014...

CLIMATE NORMAL PERIOD 1981 TO 2010
CLIMATE RECORD PERIOD 1879 TO 2014


WEATHER ITEM   OBSERVED TIME   RECORD YEAR NORMAL DEPARTURE LAST
                VALUE   (LST)  VALUE       VALUE  FROM      YEAR
                                                  NORMAL
..................................................................
TEMPERATURE (F)
 YESTERDAY
  MAXIMUM         86    305 PM  93    1962  79      7       87
                                      1937
  MINIMUM         48    411 AM  34    1910  51     -3       63
                                      1883
                                      1882
  AVERAGE         67                        65      2       75

PRECIPITATION (IN)
  YESTERDAY        0.00          0.27 1906   0.01  -0.01     0.00
  MONTH TO DATE    T                         0.12  -0.12      T
  SINCE MAR 1      0.18                      0.38  -0.20      T
  SINCE JAN 1      0.18                      1.24  -1.06     0.71

SNOWFALL (IN)
  YESTERDAY        0.0                                       0.0
  MONTH TO DATE    0.0                                       0.0
  SINCE MAR 1      0.0                                       0.0
  SINCE JUL 1      T                                         3.1
  SNOW DEPTH       0

DEGREE DAYS
 HEATING
  YESTERDAY        0                         3     -3        0
  MONTH TO DATE   49                        66    -17       28
  SINCE MAR 1    226                       336   -110      201
  SINCE JUL 1   2014                      2439   -425     2166

 COOLING
  YESTERDAY        2                         3     -1       10
  MONTH TO DATE   42                        27     15       71
  SINCE MAR 1     60                        37     23      104
  SINCE JAN 1     67                        37     30      104
..................................................................


WIND (MPH)
  HIGHEST WIND SPEED    23   HIGHEST WIND DIRECTION     W (250)
  HIGHEST GUST SPEED    28   HIGHEST GUST DIRECTION     W (280)
  AVERAGE WIND SPEED     8.6


SKY COVER
  POSSIBLE SUNSHINE  MM
  AVERAGE SKY COVER 0.3


WEATHER CONDITIONS
 THE FOLLOWING WEATHER WAS RECORDED YESTERDAY.
  NO SIGNIFICANT WEATHER WAS OBSERVED.


RELATIVE HUMIDITY (PERCENT)
 HIGHEST    22           600 AM
 LOWEST      4           300 PM
 AVERAGE    13

..........................................................


THE EL PASO CLIMATE NORMALS FOR TODAY
                         NORMAL    RECORD    YEAR
 MAXIMUM TEMPERATURE (F)   79        94      1948
 MINIMUM TEMPERATURE (F)   51        34      1901


SUNRISE AND SUNSET
APRIL 17 2014.........SUNRISE   635 AM MDT   SUNSET   736 PM MDT
APRIL 18 2014.........SUNRISE   633 AM MDT   SUNSET   737 PM MDT


-  INDICATES NEGATIVE NUMBERS.
R  INDICATES RECORD WAS SET OR TIED.
MM INDICATES DATA IS MISSING.
T  INDICATES TRACE AMOUNT.




$$
