307
CDUS44 KEPZ 220931
CLIELP


CLIMATE REPORT
NATIONAL WEATHER SERVICE EL PASO, TX
230 AM MST WED NOV 22 2017


...................................

...THE EL PASO CLIMATE SUMMARY FOR NOVEMBER 21 2017...

CLIMATE NORMAL PERIOD 1981 TO 2010
CLIMATE RECORD PERIOD 1879 TO 2017


WEATHER ITEM   OBSERVED TIME   RECORD YEAR NORMAL DEPARTURE LAST
                VALUE   (LST)  VALUE       VALUE  FROM      YEAR
                                                  NORMAL
..................................................................
TEMPERATURE (F)
 YESTERDAY
  MAXIMUM         74    358 PM  83    1897  64     10       69
  MINIMUM         43    649 AM  20    1906  38      5       47
  AVERAGE         59                        51      8       58

PRECIPITATION (IN)
  YESTERDAY        0.00          0.52 1916   0.02  -0.02      T
  MONTH TO DATE    0.28                      0.34  -0.06     0.38
  SINCE SEP 1      1.49                      2.46  -0.97     2.50
  SINCE JAN 1      9.41                      8.78   0.63     8.47

SNOWFALL (IN)
  YESTERDAY        0.0                                       0.0
  MONTH TO DATE    0.0                                       0.0
  SINCE SEP 1      0.0                                       0.0
  SINCE JUL 1      0.0                                        T
  SNOW DEPTH       0

DEGREE DAYS
 HEATING
  YESTERDAY        6                        14     -8        7
  MONTH TO DATE   64                       214   -150      111
  SINCE SEP 1    107                       297   -190      118
  SINCE JUL 1    107                       297   -190      118

 COOLING
  YESTERDAY        0                         0      0        0
  MONTH TO DATE   14                         0     14       23
  SINCE SEP 1    630                       399    231      587
  SINCE JAN 1   2917                      2328    589     2811
..................................................................


WIND (MPH)
  HIGHEST WIND SPEED    15   HIGHEST WIND DIRECTION     E (100)
  HIGHEST GUST SPEED    18   HIGHEST GUST DIRECTION     W (290)
  AVERAGE WIND SPEED     4.7


SKY COVER
  POSSIBLE SUNSHINE  MM
  AVERAGE SKY COVER 0.5


WEATHER CONDITIONS
 THE FOLLOWING WEATHER WAS RECORDED YESTERDAY.
  NO SIGNIFICANT WEATHER WAS OBSERVED.


RELATIVE HUMIDITY (PERCENT)
 HIGHEST    37           700 AM
 LOWEST      9           300 PM
 AVERAGE    23

..........................................................


THE EL PASO CLIMATE NORMALS FOR TODAY
                         NORMAL    RECORD    YEAR
 MAXIMUM TEMPERATURE (F)   63        80      1897
 MINIMUM TEMPERATURE (F)   38        20      1979
                                             1898


SUNRISE AND SUNSET
NOVEMBER 22 2017......SUNRISE   640 AM MST   SUNSET   503 PM MST
NOVEMBER 23 2017......SUNRISE   641 AM MST   SUNSET   503 PM MST


-  INDICATES NEGATIVE NUMBERS.
R  INDICATES RECORD WAS SET OR TIED.
MM INDICATES DATA IS MISSING.
T  INDICATES TRACE AMOUNT.




$$
