000
CDUS45 KLKN 280928
CLIELY


CLIMATE REPORT
NATIONAL WEATHER SERVICE ELKO NV
228 AM PDT SAT MAY 28 2016


...................................

...THE ELY AIRPORT NV CLIMATE SUMMARY FOR MAY 27 2016...

CLIMATE NORMAL PERIOD 1981 TO 2010
CLIMATE RECORD PERIOD 1893 TO 2016


WEATHER ITEM   OBSERVED TIME   RECORD YEAR NORMAL DEPARTURE LAST
                VALUE   (LST)  VALUE       VALUE  FROM      YEAR
                                                  NORMAL
..................................................................
TEMPERATURE (F)
 YESTERDAY
  MAXIMUM         69    347 PM  88    1986  72     -3       63
  MINIMUM         33    455 AM  19    1953  36     -3       43
  AVERAGE         51                        54     -3       53

PRECIPITATION (IN)
  YESTERDAY        T             0.67 1979   0.03  -0.03     0.21
  MONTH TO DATE    0.55                      0.96  -0.41     1.78
  SINCE OCT 1     11.34                      6.58   4.76     4.50
  SINCE JAN 1      6.98                      4.29   2.69     3.33

SNOWFALL (IN)
  YESTERDAY        0.0           1.5  1956   0.0    0.0      0.0
  MONTH TO DATE    T                         2.2   -2.2       T
  SINCE MAR 1     21.1                      15.7    5.4      8.7
  SINCE JUL 1    100.4                      50.6   49.8     19.7
  SNOW DEPTH       0

DEGREE DAYS
 HEATING
  YESTERDAY       14                        11      3       12
  MONTH TO DATE  427                       400     27      423
  SINCE MAR 1   1843                      1966   -123     1778
  SINCE JUL 1   7217                      7303    -86     6022

 COOLING
  YESTERDAY        0                         0      0        0
  MONTH TO DATE    0                         0      0        0
  SINCE MAR 1      0                         0      0        0
  SINCE JAN 1      0                         0      0        0
..................................................................


WIND (MPH)
  HIGHEST WIND SPEED    24   HIGHEST WIND DIRECTION     W (250)
  HIGHEST GUST SPEED    32   HIGHEST GUST DIRECTION     W (250)
  AVERAGE WIND SPEED     7.6



WEATHER CONDITIONS
 THE FOLLOWING WEATHER WAS RECORDED YESTERDAY.
  LIGHT RAIN


RELATIVE HUMIDITY (PERCENT)
 HIGHEST    89           200 AM
 LOWEST     19           400 PM
 AVERAGE    54

..........................................................


THE ELY AIRPORT NV CLIMATE NORMALS FOR TODAY
                         NORMAL    RECORD    YEAR
 MAXIMUM TEMPERATURE (F)   72        92      2003
 MINIMUM TEMPERATURE (F)   36        23      1982
                                             1954
                                             1953


SUNRISE AND SUNSET
MAY 28 2016...........SUNRISE   516 AM PDT   SUNSET   758 PM PDT
MAY 29 2016...........SUNRISE   516 AM PDT   SUNSET   758 PM PDT


-  INDICATES NEGATIVE NUMBERS.
R  INDICATES RECORD WAS SET OR TIED.
MM INDICATES DATA IS MISSING.
T  INDICATES TRACE AMOUNT.




$$
