000
CDUS45 KLKN 050939
CLIELY


CLIMATE REPORT
NATIONAL WEATHER SERVICE ELKO NV
239 AM PDT WED AUG 5 2015


...................................

...THE ELY AIRPORT NV CLIMATE SUMMARY FOR AUGUST 4 2015...

CLIMATE NORMAL PERIOD 1981 TO 2010
CLIMATE RECORD PERIOD 1893 TO 2015


WEATHER ITEM   OBSERVED TIME   RECORD YEAR NORMAL DEPARTURE LAST
                VALUE   (LST)  VALUE       VALUE  FROM      YEAR
                                                  NORMAL
..................................................................
TEMPERATURE (F)
 YESTERDAY
  MAXIMUM         89    311 PM  95    1978  88      1       64
  MINIMUM         48    446 AM  35    1944  49     -1       56
  AVERAGE         69                        68      1       60

PRECIPITATION (IN)
  YESTERDAY        0.00          0.90 1973   0.04  -0.04     0.55
  MONTH TO DATE    T                         0.13  -0.13     0.76
  SINCE OCT 1      5.62                      8.16  -2.54     8.22
  SINCE JAN 1      4.45                      5.87  -1.42     5.54

SNOWFALL (IN)
  YESTERDAY        0.0           0.0  1893   0.0    0.0      0.0
  MONTH TO DATE    0.0                       0.0    0.0      0.0
  SINCE JUN 1      0.0                       0.1   -0.1       T
  SINCE JUL 1      0.0                       0.0    0.0      0.0
  SNOW DEPTH       0

DEGREE DAYS
 HEATING
  YESTERDAY        0                         0      0        5
  MONTH TO DATE    0                         0      0        5
  SINCE JUN 1     74                       198   -124      145
  SINCE JUL 1     19                        23     -4        5

 COOLING
  YESTERDAY        4                         4      0        0
  MONTH TO DATE   21                        16      5       12
  SINCE JUN 1    207                       150     57      237
  SINCE JAN 1    210                       151     59      239
..................................................................


WIND (MPH)
  HIGHEST WIND SPEED    23   HIGHEST WIND DIRECTION    SW (220)
  HIGHEST GUST SPEED    30   HIGHEST GUST DIRECTION    SW (230)
  AVERAGE WIND SPEED     9.8



WEATHER CONDITIONS
 THE FOLLOWING WEATHER WAS RECORDED YESTERDAY.
  NO SIGNIFICANT WEATHER WAS OBSERVED.


RELATIVE HUMIDITY (PERCENT)
 HIGHEST    66           200 AM
 LOWEST      7           200 PM
 AVERAGE    37

..........................................................


THE ELY AIRPORT NV CLIMATE NORMALS FOR TODAY
                         NORMAL    RECORD    YEAR
 MAXIMUM TEMPERATURE (F)   87        96      1986
                                             1978
 MINIMUM TEMPERATURE (F)   49        37      1976


SUNRISE AND SUNSET
AUGUST  5 2015........SUNRISE   543 AM PDT   SUNSET   747 PM PDT
AUGUST  6 2015........SUNRISE   544 AM PDT   SUNSET   746 PM PDT


-  INDICATES NEGATIVE NUMBERS.
R  INDICATES RECORD WAS SET OR TIED.
MM INDICATES DATA IS MISSING.
T  INDICATES TRACE AMOUNT.




$$
