000
CDUS45 KLKN 030929
CLIELY


CLIMATE REPORT
NATIONAL WEATHER SERVICE ELKO NV
229 AM PDT FRI JUL 3 2015


...................................

...THE ELY AIRPORT NV CLIMATE SUMMARY FOR JULY 2 2015...

CLIMATE NORMAL PERIOD 1981 TO 2010
CLIMATE RECORD PERIOD 1893 TO 2015


WEATHER ITEM   OBSERVED TIME   RECORD YEAR NORMAL DEPARTURE LAST
                VALUE   (LST)  VALUE       VALUE  FROM      YEAR
                                                  NORMAL
..................................................................
TEMPERATURE (F)
 YESTERDAY
  MAXIMUM         90    302 PM  99    2013  85      5       95
  MINIMUM         60    306 AM  30    1897  46     14       48
  AVERAGE         75                        66      9       72

PRECIPITATION (IN)
  YESTERDAY        0.00          0.50 1900   0.01  -0.01     0.00
  MONTH TO DATE    0.01                      0.02  -0.01     0.00
  SINCE OCT 1      4.97                      7.41  -2.44     7.03
  SINCE JAN 1      3.80                      5.12  -1.32     4.35

SNOWFALL (IN)
  YESTERDAY        0.0           T    1902   0.0    0.0      0.0
  MONTH TO DATE    0.0                       0.0    0.0      0.0
  SINCE JUN 1      0.0                       0.1   -0.1       T
  SINCE JUL 1      0.0                       0.0    0.0      0.0
  SNOW DEPTH       0

DEGREE DAYS
 HEATING
  YESTERDAY        0                         2     -2        0
  MONTH TO DATE    0                         4     -4        0
  SINCE JUN 1     55                       179   -124      140
  SINCE JUL 1      0                         4     -4        0

 COOLING
  YESTERDAY       10                         2      8        7
  MONTH TO DATE   20                         4     16       11
  SINCE JUN 1    127                        27    100       30
  SINCE JAN 1    130                        28    102       32
..................................................................


WIND (MPH)
  HIGHEST WIND SPEED    36   HIGHEST WIND DIRECTION     N (20)
  HIGHEST GUST SPEED    43   HIGHEST GUST DIRECTION     N (20)
  AVERAGE WIND SPEED     5.8



WEATHER CONDITIONS
 THE FOLLOWING WEATHER WAS RECORDED YESTERDAY.
  THUNDERSTORM


RELATIVE HUMIDITY (PERCENT)
 HIGHEST    78           500 AM
 LOWEST     19           200 PM
 AVERAGE    49

..........................................................


THE ELY AIRPORT NV CLIMATE NORMALS FOR TODAY
                         NORMAL    RECORD    YEAR
 MAXIMUM TEMPERATURE (F)   86        96      2013
                                             1985
 MINIMUM TEMPERATURE (F)   46        30      1897


SUNRISE AND SUNSET
JULY  3 2015..........SUNRISE   517 AM PDT   SUNSET   810 PM PDT
JULY  4 2015..........SUNRISE   518 AM PDT   SUNSET   809 PM PDT


-  INDICATES NEGATIVE NUMBERS.
R  INDICATES RECORD WAS SET OR TIED.
MM INDICATES DATA IS MISSING.
T  INDICATES TRACE AMOUNT.




$$
