000
CDUS45 KLKN 230026
CLIELY


CLIMATE REPORT
NATIONAL WEATHER SERVICE ELKO NV
426 PM PST MON DEC 22 2014


...................................

...THE ELY AIRPORT NV CLIMATE SUMMARY FOR DECEMBER 22 2014...
VALID TODAY AS OF 0400 PM LOCAL TIME.

CLIMATE NORMAL PERIOD 1981 TO 2010
CLIMATE RECORD PERIOD 1893 TO 2014


WEATHER ITEM   OBSERVED TIME   RECORD YEAR NORMAL DEPARTURE LAST
                VALUE   (LST)  VALUE       VALUE  FROM      YEAR
                                                  NORMAL
..................................................................
TEMPERATURE (F)
 TODAY
  MAXIMUM         47   1200 PM  56    1955  39      8       38
  MINIMUM         43    401 AM -29    1990  10     33       11
  AVERAGE         45                        24     21       25

PRECIPITATION (IN)
  TODAY            0.01          0.41 2010   0.02  -0.01     0.00
  MONTH TO DATE    0.47                      0.39   0.08     0.99
  SINCE OCT 1      0.91                      2.09  -1.18     2.68
  SINCE JAN 1      9.00                      9.56  -0.56     8.54

SNOWFALL (IN)
  TODAY            0.0           4.9  2010   0.4   -0.4      0.0
  MONTH TO DATE    1.9                       5.4   -3.5     12.9
  SINCE DEC 1      1.9                       5.4   -3.5     12.9
  SINCE JUL 1      2.6                      14.9  -12.3     25.8
  SNOW DEPTH       0

DEGREE DAYS
 HEATING
  TODAY           20                        40    -20       40
  MONTH TO DATE  652                       866   -214     1000
  SINCE DEC 1    652                       866   -214     1000
  SINCE JUL 1   2099                      2734   -635     2765

 COOLING
  TODAY            0                         0      0        0
  MONTH TO DATE    0                         0      0        0
  SINCE DEC 1      0                         0      0        0
  SINCE JAN 1    286                       218     68      387
..................................................................


WIND (MPH)
  HIGHEST WIND SPEED    26   HIGHEST WIND DIRECTION     N (340)
  HIGHEST GUST SPEED    36   HIGHEST GUST DIRECTION     N (360)



WEATHER CONDITIONS
 THE FOLLOWING WEATHER WAS RECORDED TODAY.
  LIGHT RAIN


RELATIVE HUMIDITY (PERCENT)
 HIGHEST    76           200 AM
 LOWEST     58           300 PM
 AVERAGE    67

..........................................................


THE ELY AIRPORT NV CLIMATE NORMALS FOR TOMORROW
                         NORMAL    RECORD    YEAR
 MAXIMUM TEMPERATURE (F)   39        58      1901
 MINIMUM TEMPERATURE (F)   10       -28      1990


SUNRISE AND SUNSET
DECEMBER 22 2014......SUNRISE   656 AM PST   SUNSET   420 PM PST
DECEMBER 23 2014......SUNRISE   656 AM PST   SUNSET   421 PM PST


-  INDICATES NEGATIVE NUMBERS.
R  INDICATES RECORD WAS SET OR TIED.
MM INDICATES DATA IS MISSING.
T  INDICATES TRACE AMOUNT.




$$
