172
CDUS45 KLKN 090931
CLIELY


CLIMATE REPORT
NATIONAL WEATHER SERVICE ELKO NV
130 AM PST TUE FEB 9 2016


...................................

...THE ELY AIRPORT NV CLIMATE SUMMARY FOR FEBRUARY 8 2016...

CLIMATE NORMAL PERIOD 1981 TO 2010
CLIMATE RECORD PERIOD 1893 TO 2016


WEATHER ITEM   OBSERVED TIME   RECORD YEAR NORMAL DEPARTURE LAST
                VALUE   (LST)  VALUE       VALUE  FROM      YEAR
                                                  NORMAL
..................................................................
TEMPERATURE (F)
 YESTERDAY
  MAXIMUM         37    115 PM  64    1963  41     -4       62
  MINIMUM          4    615 AM -22    1989  14    -10       27
  AVERAGE         21                        27     -6       45

PRECIPITATION (IN)
  YESTERDAY        0.00          0.41 1994   0.02  -0.02     0.00
  MONTH TO DATE    0.05                      0.19  -0.14      T
  SINCE OCT 1      6.52                      3.18   3.34     1.48
  SINCE JAN 1      2.16                      0.89   1.27     0.31

SNOWFALL (IN)
  YESTERDAY        0.0           7.0  2013   0.3   -0.3      0.0
  MONTH TO DATE    0.3                       2.3   -2.0      0.0
  SINCE DEC 1     57.8                      19.8   38.0      6.7
  SINCE JUL 1     75.5                      29.3   46.2      7.4
  SNOW DEPTH      16

DEGREE DAYS
 HEATING
  YESTERDAY       44                        38      6       20
  MONTH TO DATE  418                       306    112      170
  SINCE DEC 1   3090                      2767    323     2217
  SINCE JUL 1   4719                      4635     84     3664

 COOLING
  YESTERDAY        0                         0      0        0
  MONTH TO DATE    0                         0      0        0
  SINCE DEC 1      0                         0      0        0
  SINCE JAN 1      0                         0      0        0
..................................................................


WIND (MPH)
  HIGHEST WIND SPEED    17   HIGHEST WIND DIRECTION     S (170)
  HIGHEST GUST SPEED    19   HIGHEST GUST DIRECTION     S (170)
  AVERAGE WIND SPEED     9.8



WEATHER CONDITIONS
 THE FOLLOWING WEATHER WAS RECORDED YESTERDAY.
  NO SIGNIFICANT WEATHER WAS OBSERVED.


RELATIVE HUMIDITY (PERCENT)
 HIGHEST    92           900 AM
 LOWEST     59           200 PM
 AVERAGE    76

..........................................................


THE ELY AIRPORT NV CLIMATE NORMALS FOR TODAY
                         NORMAL    RECORD    YEAR
 MAXIMUM TEMPERATURE (F)   41        63      1951
 MINIMUM TEMPERATURE (F)   14       -14      1901


SUNRISE AND SUNSET
FEBRUARY  9 2016......SUNRISE   639 AM PST   SUNSET   509 PM PST
FEBRUARY 10 2016......SUNRISE   638 AM PST   SUNSET   510 PM PST


-  INDICATES NEGATIVE NUMBERS.
R  INDICATES RECORD WAS SET OR TIED.
MM INDICATES DATA IS MISSING.
T  INDICATES TRACE AMOUNT.




$$
