000
CDUS45 KLKN 170041
CLIELY


CLIMATE REPORT
NATIONAL WEATHER SERVICE ELKO NV
440 PM PST SAT DEC 16 2017


...................................

...THE ELY AIRPORT NV CLIMATE SUMMARY FOR DECEMBER 16 2017...
VALID TODAY AS OF 0400 PM LOCAL TIME.

CLIMATE NORMAL PERIOD 1981 TO 2010
CLIMATE RECORD PERIOD 1893 TO 2017


WEATHER ITEM   OBSERVED TIME   RECORD YEAR NORMAL DEPARTURE LAST
                VALUE   (LST)  VALUE       VALUE  FROM      YEAR
                                                  NORMAL
..................................................................
TEMPERATURE (F)
 TODAY
  MAXIMUM         36    610 AM  61    1958  39     -3       42
  MINIMUM         26    309 AM -11    1965  11     15       16
  AVERAGE         31                        25      6       29

PRECIPITATION (IN)
  TODAY            0.04          0.62 1970   0.02   0.02     0.42
  MONTH TO DATE    0.04                      0.27  -0.23     0.61
  SINCE OCT 1      0.44                      1.97  -1.53     1.22
  SINCE JAN 1      9.54                      9.44   0.10    10.94

SNOWFALL (IN)
  TODAY            T             8.7  1970   0.3   -0.3      1.6
  MONTH TO DATE    0.2                       3.6   -3.4      1.7
  SINCE DEC 1      0.2                       3.6   -3.4      1.7
  SINCE JUL 1      5.2                      13.1   -7.9      7.6
  SNOW DEPTH       T

DEGREE DAYS
 HEATING
  TODAY           34                        40     -6       36
  MONTH TO DATE  573                       626    -53      559
  SINCE DEC 1    573                       626    -53      559
  SINCE JUL 1   2217                      2494   -277     2112

 COOLING
  TODAY            0                         0      0        0
  MONTH TO DATE    0                         0      0        0
  SINCE DEC 1      0                         0      0        0
  SINCE JAN 1    433                       218    215      267
..................................................................


WIND (MPH)
  HIGHEST WIND SPEED    22   HIGHEST WIND DIRECTION     N (360)
  HIGHEST GUST SPEED    25   HIGHEST GUST DIRECTION     N (360)



WEATHER CONDITIONS
 THE FOLLOWING WEATHER WAS RECORDED TODAY.
  SNOW
  LIGHT SNOW


RELATIVE HUMIDITY (PERCENT)
 HIGHEST    92           800 AM
 LOWEST     34           100 AM
 AVERAGE    63

..........................................................


THE ELY AIRPORT NV CLIMATE NORMALS FOR TOMORROW
                         NORMAL    RECORD    YEAR
 MAXIMUM TEMPERATURE (F)   39        66      1979
 MINIMUM TEMPERATURE (F)   11       -15      1965


SUNRISE AND SUNSET
DECEMBER 16 2017......SUNRISE   653 AM PST   SUNSET   418 PM PST
DECEMBER 17 2017......SUNRISE   653 AM PST   SUNSET   418 PM PST


-  INDICATES NEGATIVE NUMBERS.
R  INDICATES RECORD WAS SET OR TIED.
MM INDICATES DATA IS MISSING.
T  INDICATES TRACE AMOUNT.




$$
