000
CDUS45 KLKN 200933
CLIELY


CLIMATE REPORT
NATIONAL WEATHER SERVICE ELKO NV
229 AM PDT SUN AUG 20 2017


...................................

...THE ELY AIRPORT NV CLIMATE SUMMARY FOR AUGUST 19 2017...

CLIMATE NORMAL PERIOD 1981 TO 2010
CLIMATE RECORD PERIOD 1893 TO 2017


WEATHER ITEM   OBSERVED TIME   RECORD YEAR NORMAL DEPARTURE LAST
                VALUE   (LST)  VALUE       VALUE  FROM      YEAR
                                                  NORMAL
..................................................................
TEMPERATURE (F)
 YESTERDAY
  MAXIMUM         87    255 PM  93    1992  85      2       90
  MINIMUM         52    436 AM  34    1978  47      5       43
  AVERAGE         70                        66      4       67

PRECIPITATION (IN)
  YESTERDAY        T             0.66 2014   0.03  -0.03     0.00
  MONTH TO DATE    0.09                      0.58  -0.49     0.18
  SINCE OCT 1      8.92                      8.61   0.31    13.23
  SINCE JAN 1      7.14                      6.32   0.82     8.87

SNOWFALL (IN)
  YESTERDAY        0.0           0.0  1893   0.0    0.0      0.0
  MONTH TO DATE    0.0                       0.0    0.0      0.0
  SINCE JUN 1      T                         0.1   -0.1      0.0
  SINCE JUL 1      0.0                       0.0    0.0      0.0
  SNOW DEPTH       0

DEGREE DAYS
 HEATING
  YESTERDAY        0                         1     -1        0
  MONTH TO DATE    4                        13     -9        6
  SINCE JUN 1     76                       211   -135       84
  SINCE JUL 1      4                        36    -32       23

 COOLING
  YESTERDAY        5                         2      3        2
  MONTH TO DATE   83                        59     24       59
  SINCE JUN 1    363                       193    170      243
  SINCE JAN 1    363                       194    169      243
..................................................................


WIND (MPH)
  HIGHEST WIND SPEED    23   HIGHEST WIND DIRECTION    NW (310)
  HIGHEST GUST SPEED    35   HIGHEST GUST DIRECTION    NW (310)
  AVERAGE WIND SPEED     8.9



WEATHER CONDITIONS
 THE FOLLOWING WEATHER WAS RECORDED YESTERDAY.
  THUNDERSTORM
  LIGHT RAIN


RELATIVE HUMIDITY (PERCENT)
 HIGHEST    50           300 AM
 LOWEST     15          1100 AM
 AVERAGE    33

..........................................................


THE ELY AIRPORT NV CLIMATE NORMALS FOR TODAY
                         NORMAL    RECORD    YEAR
 MAXIMUM TEMPERATURE (F)   85        93      1992
                                             1911
 MINIMUM TEMPERATURE (F)   47        29      1964


SUNRISE AND SUNSET
AUGUST 20 2017........SUNRISE   557 AM PDT   SUNSET   727 PM PDT
AUGUST 21 2017........SUNRISE   558 AM PDT   SUNSET   726 PM PDT


-  INDICATES NEGATIVE NUMBERS.
R  INDICATES RECORD WAS SET OR TIED.
MM INDICATES DATA IS MISSING.
T  INDICATES TRACE AMOUNT.




$$
