000
CDUS45 KLKN 020031
CLIELY


CLIMATE REPORT
NATIONAL WEATHER SERVICE ELKO NV
531 PM PDT WED OCT 1 2014


...................................

...THE ELY AIRPORT NV CLIMATE SUMMARY FOR OCTOBER 1 2014...
VALID TODAY AS OF 0500 PM LOCAL TIME.

CLIMATE NORMAL PERIOD 1981 TO 2010
CLIMATE RECORD PERIOD 1893 TO 2014


WEATHER ITEM   OBSERVED TIME   RECORD YEAR NORMAL DEPARTURE LAST
                VALUE   (LST)  VALUE       VALUE  FROM      YEAR
                                                  NORMAL
..................................................................
TEMPERATURE (F)
 TODAY
  MAXIMUM         57    343 PM  86    2010  69    -12       74
  MINIMUM         33    557 AM  14    2009  32      1       33
                                      1898
  AVERAGE         45                        50     -5       54

PRECIPITATION (IN)
  TODAY            0.00          1.09 1976   0.03  -0.03     0.00
  MONTH TO DATE    0.00                      0.03  -0.03     0.00
  SINCE OCT 1      0.00                      0.03  -0.03     0.00
  SINCE JAN 1      8.09                      7.50   0.59     5.86

SNOWFALL (IN)
  TODAY            0.0           8.7  2002   0.1   -0.1      0.0
  MONTH TO DATE    0.0                       0.1   -0.1      0.0
  SINCE SEP 1      0.0                       0.5   -0.5       T
  SINCE JUL 1      0.0                       0.5   -0.5       T
  SNOW DEPTH       0

DEGREE DAYS
 HEATING
  TODAY           20                        15      5       11
  MONTH TO DATE   20                        15      5       11
  SINCE SEP 1    140                       267   -127      234
  SINCE JUL 1    188                       331   -143      242

 COOLING
  TODAY            0                         0      0        0
  MONTH TO DATE    0                         0      0        0
  SINCE SEP 1     18                         6     12       17
  SINCE JAN 1    286                       218     68      387
..................................................................


WIND (MPH)
  HIGHEST WIND SPEED    18   HIGHEST WIND DIRECTION    NE (30)
  HIGHEST GUST SPEED    23   HIGHEST GUST DIRECTION    NE (40)



WEATHER CONDITIONS
 THE FOLLOWING WEATHER WAS RECORDED TODAY.
  NO SIGNIFICANT WEATHER WAS OBSERVED.


RELATIVE HUMIDITY (PERCENT)
 HIGHEST    85           300 AM
 LOWEST     17           300 PM
 AVERAGE    51

..........................................................


THE ELY AIRPORT NV CLIMATE NORMALS FOR TOMORROW
                         NORMAL    RECORD    YEAR
 MAXIMUM TEMPERATURE (F)   69        84      2010
 MINIMUM TEMPERATURE (F)   32        16      1961


SUNRISE AND SUNSET
OCTOBER  1 2014.......SUNRISE   635 AM PDT   SUNSET   622 PM PDT
OCTOBER  2 2014.......SUNRISE   636 AM PDT   SUNSET   620 PM PDT


-  INDICATES NEGATIVE NUMBERS.
R  INDICATES RECORD WAS SET OR TIED.
MM INDICATES DATA IS MISSING.
T  INDICATES TRACE AMOUNT.




$$
