113
CDUS45 KLKN 060934
CLIELY


CLIMATE REPORT
NATIONAL WEATHER SERVICE ELKO NV
129 AM PST TUE DEC 6 2016


...................................

...THE ELY AIRPORT NV CLIMATE SUMMARY FOR DECEMBER 5 2016...

CLIMATE NORMAL PERIOD 1981 TO 2010
CLIMATE RECORD PERIOD 1893 TO 2016


WEATHER ITEM   OBSERVED TIME   RECORD YEAR NORMAL DEPARTURE LAST
                VALUE   (LST)  VALUE       VALUE  FROM      YEAR
                                                  NORMAL
..................................................................
TEMPERATURE (F)
 YESTERDAY
  MAXIMUM         40    242 PM  65    1939  41     -1       43
  MINIMUM          7   1037 PM -23    2013  12     -5       11
  AVERAGE         24                        26     -2       27

PRECIPITATION (IN)
  YESTERDAY        0.00          0.84 1966   0.02  -0.02     0.00
  MONTH TO DATE    T                         0.08  -0.08     0.00
  SINCE OCT 1      0.61                      1.78  -1.17     3.15
  SINCE JAN 1     10.33                      9.25   1.08     8.65

SNOWFALL (IN)
  YESTERDAY        0.0           5.5  1980   0.2   -0.2      0.0
  MONTH TO DATE    T                         1.0   -1.0      0.0
  SINCE DEC 1      T                         1.0   -1.0      0.0
  SINCE JUL 1      5.9                      10.5   -4.6     17.7
  SNOW DEPTH       0

DEGREE DAYS
 HEATING
  YESTERDAY       41                        39      2       38
  MONTH TO DATE  202                       190     12      187
  SINCE DEC 1    202                       190     12      187
  SINCE JUL 1   1755                      2058   -303     1816

 COOLING
  YESTERDAY        0                         0      0        0
  MONTH TO DATE    0                         0      0        0
  SINCE DEC 1      0                         0      0        0
  SINCE JAN 1    267                       218     49      329
..................................................................


WIND (MPH)
  HIGHEST WIND SPEED    20   HIGHEST WIND DIRECTION    NW (310)
  HIGHEST GUST SPEED    24   HIGHEST GUST DIRECTION    NW (320)
  AVERAGE WIND SPEED     6.1



WEATHER CONDITIONS
 THE FOLLOWING WEATHER WAS RECORDED YESTERDAY.
  NO SIGNIFICANT WEATHER WAS OBSERVED.


RELATIVE HUMIDITY (PERCENT)
 HIGHEST    91          1000 PM
 LOWEST     33           300 PM
 AVERAGE    62

..........................................................


THE ELY AIRPORT NV CLIMATE NORMALS FOR TODAY
                         NORMAL    RECORD    YEAR
 MAXIMUM TEMPERATURE (F)   41        61      1991
 MINIMUM TEMPERATURE (F)   12       -19      2013


SUNRISE AND SUNSET
DECEMBER  6 2016......SUNRISE   645 AM PST   SUNSET   416 PM PST
DECEMBER  7 2016......SUNRISE   646 AM PST   SUNSET   416 PM PST


-  INDICATES NEGATIVE NUMBERS.
R  INDICATES RECORD WAS SET OR TIED.
MM INDICATES DATA IS MISSING.
T  INDICATES TRACE AMOUNT.




$$
