000
CDUS45 KLKN 300928
CLIELY


CLIMATE REPORT
NATIONAL WEATHER SERVICE ELKO NV
227 AM PDT SUN APR 30 2017


...................................

...THE ELY AIRPORT NV CLIMATE SUMMARY FOR APRIL 29 2017...

CLIMATE NORMAL PERIOD 1981 TO 2010
CLIMATE RECORD PERIOD 1893 TO 2017


WEATHER ITEM   OBSERVED TIME   RECORD YEAR NORMAL DEPARTURE LAST
                VALUE   (LST)  VALUE       VALUE  FROM      YEAR
                                                  NORMAL
..................................................................
TEMPERATURE (F)
 YESTERDAY
  MAXIMUM         55    350 PM  80    2007  62     -7       49
  MINIMUM         25    113 AM   7    1942  30     -5       31
  AVERAGE         40                        46     -6       40

PRECIPITATION (IN)
  YESTERDAY        0.00          0.90 1900   0.03  -0.03     0.18
  MONTH TO DATE    1.03                      0.91   0.12     1.69
  SINCE OCT 1      7.67                      5.58   2.09    10.79
  SINCE JAN 1      5.89                      3.29   2.60     6.43

SNOWFALL (IN)
  YESTERDAY        0.0           2.0  1967   0.2   -0.2      0.0
  MONTH TO DATE    1.4                       5.1   -3.7      4.9
  SINCE MAR 1     17.2                      13.4    3.8     21.1
  SINCE JUL 1     66.8                      48.3   18.5    100.4
  SNOW DEPTH       0

DEGREE DAYS
 HEATING
  YESTERDAY       25                        19      6       25
  MONTH TO DATE  651                       658     -7      593
  SINCE MAR 1   1391                      1548   -157     1394
  SINCE JUL 1   6352                      6885   -533     6768

 COOLING
  YESTERDAY        0                         0      0        0
  MONTH TO DATE    0                         0      0        0
  SINCE MAR 1      0                         0      0        0
  SINCE JAN 1      0                         0      0        0
..................................................................


WIND (MPH)
  HIGHEST WIND SPEED    24   HIGHEST WIND DIRECTION     N (340)
  HIGHEST GUST SPEED    30   HIGHEST GUST DIRECTION     N (350)
  AVERAGE WIND SPEED    11.2



WEATHER CONDITIONS
 THE FOLLOWING WEATHER WAS RECORDED YESTERDAY.
  NO SIGNIFICANT WEATHER WAS OBSERVED.


RELATIVE HUMIDITY (PERCENT)
 HIGHEST    69          1200 AM
 LOWEST     20           400 PM
 AVERAGE    45

..........................................................


THE ELY AIRPORT NV CLIMATE NORMALS FOR TODAY
                         NORMAL    RECORD    YEAR
 MAXIMUM TEMPERATURE (F)   62        78      1981
                                             1959
 MINIMUM TEMPERATURE (F)   30         7      1967


SUNRISE AND SUNSET
APRIL 30 2017.........SUNRISE   542 AM PDT   SUNSET   732 PM PDT
MAY  1 2017...........SUNRISE   540 AM PDT   SUNSET   733 PM PDT


-  INDICATES NEGATIVE NUMBERS.
R  INDICATES RECORD WAS SET OR TIED.
MM INDICATES DATA IS MISSING.
T  INDICATES TRACE AMOUNT.




$$
