480
CDUS43 KTOP 280635
CLIEMP


CLIMATE REPORT
NATIONAL WEATHER SERVICE TOPEKA KS
133 AM CDT THU APR 28 2016


...................................

...THE EMPORIA KS CLIMATE SUMMARY FOR APRIL 27 2016...

CLIMATE NORMAL PERIOD 1981 TO 2010
CLIMATE RECORD PERIOD 9999 TO 9999


WEATHER ITEM   OBSERVED NORMAL DEPARTURE LAST
                VALUE   VALUE  FROM      YEAR
                               NORMAL
...............................................
TEMPERATURE (F)
 YESTERDAY
  MAXIMUM         65     71     -6       65
  MINIMUM         48     48      0       44
  AVERAGE         57     60     -3       55

PRECIPITATION (IN)
  YESTERDAY        0.05   0.14  -0.09     0.00
  MONTH TO DATE    5.91   2.86   3.05     4.31
  SINCE MAR 1      7.51   5.39   2.12     4.89
  SINCE JAN 1      8.68   7.25   1.43     6.29

DEGREE DAYS
 HEATING
  YESTERDAY        8      6      2       10
  MONTH TO DATE  189    280    -91      212
  SINCE MAR 1    632    890   -258      743
  SINCE JUL 1   3745   4712   -967     4744

 COOLING
  YESTERDAY        0      1     -1        0
  MONTH TO DATE   19     21     -2        5
  SINCE MAR 1     20     23     -3        6
  SINCE JAN 1     20     23     -3        6
...............................................


WIND (MPH)
  HIGHEST WIND SPEED    37   HIGHEST WIND DIRECTION     E (70)
  HIGHEST GUST SPEED    47   HIGHEST GUST DIRECTION     E (70)
  AVERAGE WIND SPEED    13.3


SKY COVER
  AVERAGE SKY COVER 0.5


WEATHER CONDITIONS
 THE FOLLOWING WEATHER WAS RECORDED YESTERDAY.
  THUNDERSTORM
  RAIN
  LIGHT RAIN
  FOG


RELATIVE HUMIDITY (PERCENT)
 HIGHEST   100
 LOWEST     56
 AVERAGE    78

..........................................................


THE EMPORIA KS CLIMATE NORMALS FOR TODAY
                         NORMAL
 MAXIMUM TEMPERATURE (F)   71
 MINIMUM TEMPERATURE (F)   49


SUNRISE AND SUNSET
APRIL 28 2016.........SUNRISE   631 AM CDT   SUNSET   814 PM CDT
APRIL 29 2016.........SUNRISE   630 AM CDT   SUNSET   815 PM CDT


-  INDICATES NEGATIVE NUMBERS.
R  INDICATES RECORD WAS SET OR TIED.
MM INDICATES DATA IS MISSING.
T  INDICATES TRACE AMOUNT.




$$
