000
CDUS43 KTOP 230633
CLIEMP


CLIMATE REPORT
NATIONAL WEATHER SERVICE TOPEKA KS
1233 AM CST TUE JAN 23 2018


...................................

...THE EMPORIA KS CLIMATE SUMMARY FOR JANUARY 22 2018...

CLIMATE NORMAL PERIOD 1981 TO 2010
CLIMATE RECORD PERIOD 9999 TO 9999


WEATHER ITEM   OBSERVED NORMAL DEPARTURE LAST
                VALUE   VALUE  FROM      YEAR
                               NORMAL
...............................................
TEMPERATURE (F)
 YESTERDAY
  MAXIMUM         39     42     -3       51
  MINIMUM         30     21      9       29
  AVERAGE         35     31      4       40

PRECIPITATION (IN)
  YESTERDAY        0.03   0.02   0.01      T
  MONTH TO DATE    0.67   0.34   0.33     1.05
  SINCE DEC 1      0.91   1.69  -0.78     1.82
  SINCE JAN 1      0.67   0.34   0.33     1.05

DEGREE DAYS
 HEATING
  YESTERDAY       30     34     -4       25
  MONTH TO DATE  824    748     76      707
  SINCE DEC 1   1779   1741     38     1753
  SINCE JUL 1   2598   2681    -83     2303

 COOLING
  YESTERDAY        0      0      0        0
  MONTH TO DATE    0      0      0        0
  SINCE DEC 1      0      0      0        0
  SINCE JAN 1      0      0      0        0
...............................................


WIND (MPH)
  HIGHEST WIND SPEED    30   HIGHEST WIND DIRECTION     W (290)
  HIGHEST GUST SPEED    42   HIGHEST GUST DIRECTION    NW (310)
  AVERAGE WIND SPEED    16.5


SKY COVER
  AVERAGE SKY COVER 0.8


WEATHER CONDITIONS
 THE FOLLOWING WEATHER WAS RECORDED YESTERDAY.
  LIGHT SNOW
  FOG


RELATIVE HUMIDITY (PERCENT)
 HIGHEST    96
 LOWEST     69
 AVERAGE    83

..........................................................


THE EMPORIA KS CLIMATE NORMALS FOR TODAY
                         NORMAL
 MAXIMUM TEMPERATURE (F)   42
 MINIMUM TEMPERATURE (F)   21


SUNRISE AND SUNSET
JANUARY 23 2018.......SUNRISE   737 AM CST   SUNSET   537 PM CST
JANUARY 24 2018.......SUNRISE   736 AM CST   SUNSET   538 PM CST


-  INDICATES NEGATIVE NUMBERS.
R  INDICATES RECORD WAS SET OR TIED.
MM INDICATES DATA IS MISSING.
T  INDICATES TRACE AMOUNT.




$$
