000
CDUS43 KTOP 140631
CLIEMP


CLIMATE REPORT
NATIONAL WEATHER SERVICE TOPEKA KS
131 AM CDT MON JUL 14 2014


...................................

...THE EMPORIA KS CLIMATE SUMMARY FOR JULY 13 2014...

CLIMATE NORMAL PERIOD 1981 TO 2010
CLIMATE RECORD PERIOD 9999 TO 9999


WEATHER ITEM   OBSERVED NORMAL DEPARTURE LAST
                VALUE   VALUE  FROM      YEAR
                               NORMAL
...............................................
TEMPERATURE (F)
 YESTERDAY
  MAXIMUM         87     90     -3       90
  MINIMUM         65     68     -3       70
  AVERAGE         76     79     -3       80

PRECIPITATION (IN)
  YESTERDAY        T      0.18  -0.18     0.08
  MONTH TO DATE    0.50   2.22  -1.72     0.25
  SINCE JUN 1      7.39   8.06  -0.67     1.66
  SINCE JAN 1     13.00  20.74  -7.74    14.23

DEGREE DAYS
 HEATING
  YESTERDAY        0      0      0        0
  MONTH TO DATE    1      0      1        0
  SINCE JUN 1      5      8     -3       12
  SINCE JUL 1      1      0      1        0

 COOLING
  YESTERDAY       11     14     -3       15
  MONTH TO DATE  133    172    -39      174
  SINCE JUN 1    405    435    -30      473
  SINCE JAN 1    581    554     27      589
...............................................


WIND (MPH)
  HIGHEST WIND SPEED    14   HIGHEST WIND DIRECTION     N (20)
  HIGHEST GUST SPEED    19   HIGHEST GUST DIRECTION    SW (230)
  AVERAGE WIND SPEED     5.9


SKY COVER
  AVERAGE SKY COVER 0.4


WEATHER CONDITIONS
 THE FOLLOWING WEATHER WAS RECORDED YESTERDAY.
  THUNDERSTORM
  LIGHT RAIN


RELATIVE HUMIDITY (PERCENT)
 HIGHEST    90
 LOWEST     54
 AVERAGE    72

..........................................................


THE EMPORIA KS CLIMATE NORMALS FOR TODAY
                         NORMAL
 MAXIMUM TEMPERATURE (F)   90
 MINIMUM TEMPERATURE (F)   69


SUNRISE AND SUNSET
JULY 14 2014..........SUNRISE   613 AM CDT   SUNSET   848 PM CDT
JULY 15 2014..........SUNRISE   613 AM CDT   SUNSET   848 PM CDT


-  INDICATES NEGATIVE NUMBERS.
R  INDICATES RECORD WAS SET OR TIED.
MM INDICATES DATA IS MISSING.
T  INDICATES TRACE AMOUNT.




$$
