000
CDUS43 KTOP 240657
CLIEMP


CLIMATE REPORT
NATIONAL WEATHER SERVICE TOPEKA KS
157 AM CDT TUE OCT 24 2017


...................................

...THE EMPORIA KS CLIMATE SUMMARY FOR OCTOBER 23 2017...

CLIMATE NORMAL PERIOD 1981 TO 2010
CLIMATE RECORD PERIOD 9999 TO 9999


WEATHER ITEM   OBSERVED NORMAL DEPARTURE LAST
                VALUE   VALUE  FROM      YEAR
                               NORMAL
...............................................
TEMPERATURE (F)
 YESTERDAY
  MAXIMUM         69     66      3       77
  MINIMUM         44     43      1       50
  AVERAGE         57     54      3       64

PRECIPITATION (IN)
  YESTERDAY        T      0.08  -0.08     0.00
  MONTH TO DATE    3.67   2.24   1.43     1.21
  SINCE SEP 1      6.34   5.63   0.71     8.88
  SINCE JAN 1     32.79  32.24   0.55    37.47

DEGREE DAYS
 HEATING
  YESTERDAY        8     11     -3        1
  MONTH TO DATE   86    178    -92      105
  SINCE SEP 1    100    227   -127      127
  SINCE JUL 1    100    228   -128      127

 COOLING
  YESTERDAY        0      0      0        0
  MONTH TO DATE   61     29     32       41
  SINCE SEP 1    265    194     71      263
  SINCE JAN 1   1355   1402    -47     1599
...............................................


WIND (MPH)
  HIGHEST WIND SPEED    30   HIGHEST WIND DIRECTION     N (340)
  HIGHEST GUST SPEED    41   HIGHEST GUST DIRECTION    NW (320)
  AVERAGE WIND SPEED    14.4


SKY COVER
  AVERAGE SKY COVER 0.1


WEATHER CONDITIONS
 THE FOLLOWING WEATHER WAS RECORDED YESTERDAY.
  LIGHT RAIN
  HAZE


RELATIVE HUMIDITY (PERCENT)
 HIGHEST    76
 LOWEST     28
 AVERAGE    52

..........................................................


THE EMPORIA KS CLIMATE NORMALS FOR TODAY
                         NORMAL
 MAXIMUM TEMPERATURE (F)   66
 MINIMUM TEMPERATURE (F)   43


SUNRISE AND SUNSET
OCTOBER 24 2017.......SUNRISE   743 AM CDT   SUNSET   634 PM CDT
OCTOBER 25 2017.......SUNRISE   744 AM CDT   SUNSET   633 PM CDT


-  INDICATES NEGATIVE NUMBERS.
R  INDICATES RECORD WAS SET OR TIED.
MM INDICATES DATA IS MISSING.
T  INDICATES TRACE AMOUNT.




$$
