576
CDUS43 KTOP 240638
CLIEMP


CLIMATE REPORT
NATIONAL WEATHER SERVICE TOPEKA KS
1236 AM CST TUE JAN 24 2017


...................................

...THE EMPORIA KS CLIMATE SUMMARY FOR JANUARY 23 2017...

CLIMATE NORMAL PERIOD 1981 TO 2010
CLIMATE RECORD PERIOD 9999 TO 9999


WEATHER ITEM   OBSERVED NORMAL DEPARTURE LAST
                VALUE   VALUE  FROM      YEAR
                               NORMAL
...............................................
TEMPERATURE (F)
 YESTERDAY
  MAXIMUM         55     42     13       30
  MINIMUM         25     21      4       23
  AVERAGE         40     31      9       27

PRECIPITATION (IN)
  YESTERDAY        0.00   0.02  -0.02     0.00
  MONTH TO DATE    1.05   0.36   0.69     0.46
  SINCE DEC 1      1.82   1.71   0.11     3.55
  SINCE JAN 1      1.05   0.36   0.69     0.46

DEGREE DAYS
 HEATING
  YESTERDAY       25     34     -9       38
  MONTH TO DATE  732    782    -50      720
  SINCE DEC 1   1778   1775      3     1500
  SINCE JUL 1   2328   2715   -387     2219

 COOLING
  YESTERDAY        0      0      0        0
  MONTH TO DATE    0      0      0        0
  SINCE DEC 1      0      0      0        0
  SINCE JAN 1      0      0      0        0
...............................................


WIND (MPH)
  HIGHEST WIND SPEED    15   HIGHEST WIND DIRECTION    SE (150)
  HIGHEST GUST SPEED    18   HIGHEST GUST DIRECTION    SE (130)
  AVERAGE WIND SPEED     6.7


SKY COVER
  AVERAGE SKY COVER 0.0


WEATHER CONDITIONS
 THE FOLLOWING WEATHER WAS RECORDED YESTERDAY.
  FOG


RELATIVE HUMIDITY (PERCENT)
 HIGHEST   100
 LOWEST     41
 AVERAGE    71

..........................................................


THE EMPORIA KS CLIMATE NORMALS FOR TODAY
                         NORMAL
 MAXIMUM TEMPERATURE (F)   42
 MINIMUM TEMPERATURE (F)   21


SUNRISE AND SUNSET
JANUARY 24 2017.......SUNRISE   736 AM CST   SUNSET   539 PM CST
JANUARY 25 2017.......SUNRISE   735 AM CST   SUNSET   540 PM CST


-  INDICATES NEGATIVE NUMBERS.
R  INDICATES RECORD WAS SET OR TIED.
MM INDICATES DATA IS MISSING.
T  INDICATES TRACE AMOUNT.




$$
