104
CDUS43 KTOP 130633
CLIEMP


CLIMATE REPORT
NATIONAL WEATHER SERVICE TOPEKA KS
1231 AM CST SAT FEB 13 2016


...................................

...THE EMPORIA KS CLIMATE SUMMARY FOR FEBRUARY 12 2016...

CLIMATE NORMAL PERIOD 1981 TO 2010
CLIMATE RECORD PERIOD 9999 TO 9999


WEATHER ITEM   OBSERVED NORMAL DEPARTURE LAST
                VALUE   VALUE  FROM      YEAR
                               NORMAL
...............................................
TEMPERATURE (F)
 YESTERDAY
  MAXIMUM         42     45     -3       28
  MINIMUM         24     23      1       13
  AVERAGE         33     34     -1       21

PRECIPITATION (IN)
  YESTERDAY        0.00   0.04  -0.04     0.00
  MONTH TO DATE    0.62   0.54   0.08     0.19
  SINCE DEC 1      4.17   2.52   1.65     2.57
  SINCE JAN 1      1.08   1.17  -0.09     0.98

DEGREE DAYS
 HEATING
  YESTERDAY       32     31      1       44
  MONTH TO DATE  353    383    -30      371
  SINCE DEC 1   2049   2431   -382     2311
  SINCE JUL 1   2768   3371   -603     3361

 COOLING
  YESTERDAY        0      0      0        0
  MONTH TO DATE    0      0      0        0
  SINCE DEC 1      0      0      0        0
  SINCE JAN 1      0      0      0        0
...............................................


WIND (MPH)
  HIGHEST WIND SPEED    21   HIGHEST WIND DIRECTION     N (10)
  HIGHEST GUST SPEED    27   HIGHEST GUST DIRECTION     N (10)
  AVERAGE WIND SPEED    11.4


SKY COVER
  AVERAGE SKY COVER 0.5


WEATHER CONDITIONS
 THE FOLLOWING WEATHER WAS RECORDED YESTERDAY.
  FOG
  HAZE


RELATIVE HUMIDITY (PERCENT)
 HIGHEST    92
 LOWEST     46
 AVERAGE    69

..........................................................


THE EMPORIA KS CLIMATE NORMALS FOR TODAY
                         NORMAL
 MAXIMUM TEMPERATURE (F)   45
 MINIMUM TEMPERATURE (F)   24


SUNRISE AND SUNSET
FEBRUARY 13 2016......SUNRISE   718 AM CST   SUNSET   600 PM CST
FEBRUARY 14 2016......SUNRISE   717 AM CST   SUNSET   601 PM CST


-  INDICATES NEGATIVE NUMBERS.
R  INDICATES RECORD WAS SET OR TIED.
MM INDICATES DATA IS MISSING.
T  INDICATES TRACE AMOUNT.




$$
