000
CDUS43 KTOP 222233
CLIEMP


CLIMATE REPORT
NATIONAL WEATHER SERVICE TOPEKA KS
432 PM CST MON DEC 22 2014


...................................

...THE EMPORIA KS CLIMATE SUMMARY FOR DECEMBER 22 2014...
VALID TODAY AS OF 430 PM LOCAL TIME.

CLIMATE NORMAL PERIOD 1981 TO 2010
CLIMATE RECORD PERIOD 9999 TO 9999


WEATHER ITEM   OBSERVED NORMAL DEPARTURE LAST
                VALUE   VALUE  FROM      YEAR
                               NORMAL
...............................................
TEMPERATURE (F)
 TODAY
  MAXIMUM         50     41      9       26
  MINIMUM         42     21     21        6
  AVERAGE         46     31     15       16

PRECIPITATION (IN)
  TODAY            0.01   0.04  -0.03     0.01
  MONTH TO DATE    1.53   1.06   0.47     0.50
  SINCE DEC 1      1.53   1.06   0.47     0.50
  SINCE JAN 1     27.75  36.10  -8.35    33.43

DEGREE DAYS
 HEATING
  TODAY           19     34    -15       49
  MONTH TO DATE  599    687    -88      777
  SINCE DEC 1    599    687    -88      777
  SINCE JUL 1   1649   1627     22     1808

 COOLING
  TODAY            0      0      0        0
  MONTH TO DATE    0      0      0        0
  SINCE DEC 1      0      0      0        0
  SINCE JAN 1   1380   1403    -23     1375
...............................................


WIND (MPH)
  HIGHEST WIND SPEED    18   HIGHEST WIND DIRECTION    NW (300)
  HIGHEST GUST SPEED    26   HIGHEST GUST DIRECTION     W (290)
  AVERAGE WIND SPEED    12.5



WEATHER CONDITIONS
 THE FOLLOWING WEATHER WAS RECORDED TODAY.
  LIGHT RAIN
  FOG


RELATIVE HUMIDITY (PERCENT)
 HIGHEST   100
 LOWEST     76
 AVERAGE    88

..........................................................


THE EMPORIA KS CLIMATE NORMALS FOR TOMORROW
                         NORMAL
 MAXIMUM TEMPERATURE (F)   41
 MINIMUM TEMPERATURE (F)   21


SUNRISE AND SUNSET
DECEMBER 22 2014......SUNRISE   739 AM CST   SUNSET   508 PM CST
DECEMBER 23 2014......SUNRISE   739 AM CST   SUNSET   509 PM CST


-  INDICATES NEGATIVE NUMBERS.
R  INDICATES RECORD WAS SET OR TIED.
MM INDICATES DATA IS MISSING.
T  INDICATES TRACE AMOUNT.




$$
