000
CDUS43 KTOP 232137
CLIEMP


CLIMATE REPORT
NATIONAL WEATHER SERVICE TOPEKA KS
436 PM CDT WED AUG 23 2017


...................................

...THE EMPORIA KS CLIMATE SUMMARY FOR AUGUST 23 2017...
VALID TODAY AS OF 0400 PM LOCAL TIME.

CLIMATE NORMAL PERIOD 1981 TO 2010
CLIMATE RECORD PERIOD 9999 TO 9999


WEATHER ITEM   OBSERVED NORMAL DEPARTURE LAST
                VALUE   VALUE  FROM      YEAR
                               NORMAL
...............................................
TEMPERATURE (F)
 TODAY
  MAXIMUM         79     89    -10       87
  MINIMUM         54     64    -10       67
  AVERAGE         67     77    -10       77

PRECIPITATION (IN)
  TODAY            0.00   0.16  -0.16      T
  MONTH TO DATE    4.73   2.56   2.17     3.12
  SINCE JUN 1     10.69  12.67  -1.98     9.16
  SINCE JAN 1     26.18  25.35   0.83    24.89

DEGREE DAYS
 HEATING
  TODAY            0      0      0        0
  MONTH TO DATE    0      0      0        0
  SINCE JUN 1      0      8     -8        0
  SINCE JUL 1      0      0      0        0

 COOLING
  TODAY            2     12    -10       12
  MONTH TO DATE  209    305    -96      295
  SINCE JUN 1    919   1002    -83     1163
  SINCE JAN 1   1051   1121    -70     1239
...............................................


WIND (MPH)
  HIGHEST WIND SPEED    10   HIGHEST WIND DIRECTION     E (70)
  HIGHEST GUST SPEED    14   HIGHEST GUST DIRECTION     E (100)
  AVERAGE WIND SPEED     4.0



WEATHER CONDITIONS
 THE FOLLOWING WEATHER WAS RECORDED TODAY.
  NO SIGNIFICANT WEATHER WAS OBSERVED.


RELATIVE HUMIDITY (PERCENT)
 HIGHEST   100
 LOWEST     42
 AVERAGE    71

..........................................................


THE EMPORIA KS CLIMATE NORMALS FOR TOMORROW
                         NORMAL
 MAXIMUM TEMPERATURE (F)   89
 MINIMUM TEMPERATURE (F)   64


SUNRISE AND SUNSET
AUGUST 23 2017........SUNRISE   647 AM CDT   SUNSET   807 PM CDT
AUGUST 24 2017........SUNRISE   648 AM CDT   SUNSET   806 PM CDT


-  INDICATES NEGATIVE NUMBERS.
R  INDICATES RECORD WAS SET OR TIED.
MM INDICATES DATA IS MISSING.
T  INDICATES TRACE AMOUNT.




$$
