000
CDUS46 KOTX 290827
CLIEPH


CLIMATE REPORT
NATIONAL WEATHER SERVICE SPOKANE, WA
127 AM PDT FRI APR 29 2016


...................................

...THE EPHRATA WA AIRPORT CLIMATE SUMMARY FOR APRIL 28 2016...

CLIMATE NORMAL PERIOD 1981 TO 2010
CLIMATE RECORD PERIOD 9999 TO 9999


WEATHER ITEM   OBSERVED TIME   RECORD YEAR NORMAL DEPARTURE LAST
                VALUE   (LST)  VALUE       VALUE  FROM      YEAR
                                                  NORMAL
..................................................................
TEMPERATURE (F)
 YESTERDAY
  MAXIMUM         72    301 PM  88    1987  67      5       80
  MINIMUM         37    444 AM  28    1955  41     -4       46
  AVERAGE         55                        54      1       63

PRECIPITATION (IN)
  YESTERDAY        0.02          0.59 1951   0.02   0.00      T
  MONTH TO DATE    0.27                      0.46  -0.19     0.57
  SINCE OCT 1      6.61                      5.62   0.99     5.67
  SINCE JAN 1      3.89                      2.79   1.10     2.88

SNOWFALL (IN)
  YESTERDAY       MM

DEGREE DAYS
 HEATING
  YESTERDAY       10                        12     -2        2
  MONTH TO DATE  208                       417   -209      385
  SINCE MAR 1    809                      1101   -292      889
  SINCE JUL 1   4762                      5674   -912     4583

 COOLING
  YESTERDAY        0                         0      0        0
  MONTH TO DATE    5                         0      5        0
  SINCE MAR 1      5                         0      5        0
  SINCE JAN 1      5                         0      5        0
..................................................................


WIND (MPH)
  HIGHEST WIND SPEED    25   HIGHEST WIND DIRECTION     N (340)
  HIGHEST GUST SPEED    30   HIGHEST GUST DIRECTION     N (10)
  AVERAGE WIND SPEED     6.4


SKY COVER
  POSSIBLE SUNSHINE  MM
  AVERAGE SKY COVER 0.4


WEATHER CONDITIONS
 THE FOLLOWING WEATHER WAS RECORDED YESTERDAY.
  LIGHT RAIN


RELATIVE HUMIDITY (PERCENT)
 HIGHEST    86           600 AM
 LOWEST     36           200 PM
 AVERAGE    61

..........................................................


THE EPHRATA WA AIRPORT CLIMATE NORMALS FOR TODAY
                         NORMAL    RECORD    YEAR
 MAXIMUM TEMPERATURE (F)   67        89      1957
 MINIMUM TEMPERATURE (F)   41        26      1952


SUNRISE AND SUNSET
APRIL 29 2016.........SUNRISE   544 AM PDT   SUNSET   807 PM PDT
APRIL 30 2016.........SUNRISE   542 AM PDT   SUNSET   809 PM PDT


-  INDICATES NEGATIVE NUMBERS.
R  INDICATES RECORD WAS SET OR TIED.
MM INDICATES DATA IS MISSING.
T  INDICATES TRACE AMOUNT.




$$
