000
CDUS46 KOTX 220850
CLIEPH


CLIMATE REPORT
NATIONAL WEATHER SERVICE SPOKANE, WA
149 AM PDT WED MAR 22 2017


...................................

...THE EPHRATA WA AIRPORT CLIMATE SUMMARY FOR MARCH 21 2017...

CLIMATE NORMAL PERIOD 1981 TO 2010
CLIMATE RECORD PERIOD 9999 TO 9999


WEATHER ITEM   OBSERVED TIME   RECORD YEAR NORMAL DEPARTURE LAST
                VALUE   (LST)  VALUE       VALUE  FROM      YEAR
                                                  NORMAL
..................................................................
TEMPERATURE (F)
 YESTERDAY
  MAXIMUM         50    159 PM  71    1960  56     -6       58
  MINIMUM         34   1039 PM  23    2001  33      1       36
  AVERAGE         42                        45     -3       47

PRECIPITATION (IN)
  YESTERDAY        0.12          0.47 1975   0.02   0.10     0.10
  MONTH TO DATE    0.50                      0.49   0.01     1.54
  SINCE OCT 1      6.37                      4.97   1.40     6.28
  SINCE JAN 1      2.77                      2.14   0.63     3.56

SNOWFALL (IN)
  YESTERDAY       MM

DEGREE DAYS
 HEATING
  YESTERDAY       23                        20      3       18
  MONTH TO DATE  487                       494     -7      446
  SINCE MAR 1    487                       494     -7      446
  SINCE JUL 1   5265                      5067    198     4399

 COOLING
  YESTERDAY        0                         0      0        0
  MONTH TO DATE    0                         0      0        0
  SINCE MAR 1      0                         0      0        0
  SINCE JAN 1      0                         0      0        0
..................................................................


WIND (MPH)
  HIGHEST WIND SPEED    24   HIGHEST WIND DIRECTION     N (360)
  HIGHEST GUST SPEED    28   HIGHEST GUST DIRECTION     N (360)
  AVERAGE WIND SPEED     9.6


SKY COVER
  POSSIBLE SUNSHINE  MM
  AVERAGE SKY COVER 0.9


WEATHER CONDITIONS
 THE FOLLOWING WEATHER WAS RECORDED YESTERDAY.
  LIGHT RAIN
  FOG
  HAZE


RELATIVE HUMIDITY (PERCENT)
 HIGHEST    89          1100 PM
 LOWEST     61           100 PM
 AVERAGE    75

..........................................................


THE EPHRATA WA AIRPORT CLIMATE NORMALS FOR TODAY
                         NORMAL    RECORD    YEAR
 MAXIMUM TEMPERATURE (F)   56        69      2004
                                             1960
 MINIMUM TEMPERATURE (F)   34        19      1994


SUNRISE AND SUNSET
MARCH 22 2017.........SUNRISE   656 AM PDT   SUNSET   714 PM PDT
MARCH 23 2017.........SUNRISE   654 AM PDT   SUNSET   716 PM PDT


-  INDICATES NEGATIVE NUMBERS.
R  INDICATES RECORD WAS SET OR TIED.
MM INDICATES DATA IS MISSING.
T  INDICATES TRACE AMOUNT.




$$
