000
CDUS46 KOTX 280830
CLIEPH


CLIMATE REPORT
NATIONAL WEATHER SERVICE SPOKANE, WA
129 AM PDT THU JUL 28 2016


...................................

...THE EPHRATA WA AIRPORT CLIMATE SUMMARY FOR JULY 27 2016...

CLIMATE NORMAL PERIOD 1981 TO 2010
CLIMATE RECORD PERIOD 9999 TO 9999


WEATHER ITEM   OBSERVED TIME   RECORD YEAR NORMAL DEPARTURE LAST
                VALUE   (LST)  VALUE       VALUE  FROM      YEAR
                                                  NORMAL
..................................................................
TEMPERATURE (F)
 YESTERDAY
  MAXIMUM         96    353 PM 108    1998  90      6       81
  MINIMUM         72    449 AM  52    1955  62     10       58
  AVERAGE         84                        76      8       70

PRECIPITATION (IN)
  YESTERDAY        0.00          0.04 2015   0.01  -0.01     0.04
  MONTH TO DATE    0.32                      0.35  -0.03     0.05
  SINCE OCT 1      9.01                      7.25   1.76     6.90
  SINCE JAN 1      6.29                      4.42   1.87     4.11

SNOWFALL (IN)
  YESTERDAY       MM

DEGREE DAYS
 HEATING
  YESTERDAY        0                         0      0        0
  MONTH TO DATE    0                         4     -4        0
  SINCE JUN 1     70                        64      6        4
  SINCE JUL 1      0                         4     -4        0

 COOLING
  YESTERDAY       19                        11      8        5
  MONTH TO DATE  186                       250    -64      404
  SINCE JUN 1    361                       360      1      777
  SINCE JAN 1    393                       397     -4      862
..................................................................


WIND (MPH)
  HIGHEST WIND SPEED    20   HIGHEST WIND DIRECTION     N (340)
  HIGHEST GUST SPEED    26   HIGHEST GUST DIRECTION     N (340)
  AVERAGE WIND SPEED     8.6


SKY COVER
  POSSIBLE SUNSHINE  MM
  AVERAGE SKY COVER 0.0


WEATHER CONDITIONS
 THE FOLLOWING WEATHER WAS RECORDED YESTERDAY.
  NO SIGNIFICANT WEATHER WAS OBSERVED.


RELATIVE HUMIDITY (PERCENT)
 HIGHEST    53           400 AM
 LOWEST     22           400 PM
 AVERAGE    38

..........................................................


THE EPHRATA WA AIRPORT CLIMATE NORMALS FOR TODAY
                         NORMAL    RECORD    YEAR
 MAXIMUM TEMPERATURE (F)   90       106      1996
 MINIMUM TEMPERATURE (F)   62        50      1989


SUNRISE AND SUNSET
JULY 28 2016..........SUNRISE   532 AM PDT   SUNSET   836 PM PDT
JULY 29 2016..........SUNRISE   533 AM PDT   SUNSET   835 PM PDT


-  INDICATES NEGATIVE NUMBERS.
R  INDICATES RECORD WAS SET OR TIED.
MM INDICATES DATA IS MISSING.
T  INDICATES TRACE AMOUNT.




$$
