000
CDUS46 KOTX 030833
CLIEPH


CLIMATE REPORT
NATIONAL WEATHER SERVICE SPOKANE, WA
133 AM PDT WED JUN 3 2015


...................................

...THE EPHRATA WA AIRPORT CLIMATE SUMMARY FOR JUNE 2 2015...

CLIMATE NORMAL PERIOD 1981 TO 2010
CLIMATE RECORD PERIOD 9999 TO 9999


WEATHER ITEM   OBSERVED TIME   RECORD YEAR NORMAL DEPARTURE LAST
                VALUE   (LST)  VALUE       VALUE  FROM      YEAR
                                                  NORMAL
..................................................................
TEMPERATURE (F)
 YESTERDAY
  MAXIMUM         75    326 PM  99    1986  77     -2       88
  MINIMUM         58   1148 PM  38    1976  51      7       58
  AVERAGE         67                        64      3       73

PRECIPITATION (IN)
  YESTERDAY        T             0.44 1971   0.02  -0.02     0.00
  MONTH TO DATE    T                         0.05  -0.05     0.00
  SINCE OCT 1      6.85                      6.34   0.51     3.55
  SINCE JAN 1      4.06                      3.51   0.55     2.80

SNOWFALL (IN)
  YESTERDAY       MM

DEGREE DAYS
 HEATING
  YESTERDAY        0                         3     -3        0
  MONTH TO DATE    0                         7     -7        0
  SINCE JUN 1      0                         7     -7        0
  SINCE JUL 1   4678                      5916  -1238     5735

 COOLING
  YESTERDAY        2                         2      0        8
  MONTH TO DATE   11                         4      7       17
  SINCE JUN 1     11                         4      7       17
  SINCE JAN 1     96                        41     55       61
..................................................................


WIND (MPH)
  HIGHEST WIND SPEED    20   HIGHEST WIND DIRECTION    NW (310)
  HIGHEST GUST SPEED    25   HIGHEST GUST DIRECTION    NW (310)
  AVERAGE WIND SPEED     9.0


SKY COVER
  POSSIBLE SUNSHINE  MM
  AVERAGE SKY COVER 0.7


WEATHER CONDITIONS
 THE FOLLOWING WEATHER WAS RECORDED YESTERDAY.
  LIGHT RAIN


RELATIVE HUMIDITY (PERCENT)
 HIGHEST    67           200 AM
 LOWEST     29           300 PM
 AVERAGE    48

..........................................................


THE EPHRATA WA AIRPORT CLIMATE NORMALS FOR TODAY
                         NORMAL    RECORD    YEAR
 MAXIMUM TEMPERATURE (F)   77       101      1970
 MINIMUM TEMPERATURE (F)   51        40      1962


SUNRISE AND SUNSET
JUNE  3 2015..........SUNRISE   505 AM PDT   SUNSET   848 PM PDT
JUNE  4 2015..........SUNRISE   504 AM PDT   SUNSET   849 PM PDT


-  INDICATES NEGATIVE NUMBERS.
R  INDICATES RECORD WAS SET OR TIED.
MM INDICATES DATA IS MISSING.
T  INDICATES TRACE AMOUNT.




$$
