000
CDUS46 KOTX 240835
CLIEPH


CLIMATE REPORT
NATIONAL WEATHER SERVICE SPOKANE, WA
1235 AM PST FRI FEB 24 2017


...................................

...THE EPHRATA WA AIRPORT CLIMATE SUMMARY FOR FEBRUARY 23 2017...

CLIMATE NORMAL PERIOD 1981 TO 2010
CLIMATE RECORD PERIOD 9999 TO 9999


WEATHER ITEM   OBSERVED TIME   RECORD YEAR NORMAL DEPARTURE LAST
                VALUE   (LST)  VALUE       VALUE  FROM      YEAR
                                                  NORMAL
..................................................................
TEMPERATURE (F)
 YESTERDAY
  MAXIMUM         42    352 PM  62    1968  45     -3       52
  MINIMUM         23   1114 PM  16    1985  27     -4       27
  AVERAGE         33                        36     -3       40

PRECIPITATION (IN)
  YESTERDAY        0.00          0.31 1968   0.03  -0.03     0.00
                                      1968
                                      2009
  MONTH TO DATE    1.25                      0.60   0.65     0.38
  SINCE OCT 1      5.81                      4.34   1.47     4.74
  SINCE JAN 1      2.21                      1.51   0.70     2.02

SNOWFALL (IN)
  YESTERDAY       MM

DEGREE DAYS
 HEATING
  YESTERDAY       32                        29      3       25
  MONTH TO DATE  848                       724    124      603
  SINCE DEC 1   3479                      3013    466     2673
  SINCE JUL 1   4602                      4432    170     3829

 COOLING
  YESTERDAY        0                         0      0        0
  MONTH TO DATE    0                         0      0        0
  SINCE DEC 1      0                         0      0        0
  SINCE JAN 1      0                         0      0        0
..................................................................


WIND (MPH)
  HIGHEST WIND SPEED    18   HIGHEST WIND DIRECTION     N (340)
  HIGHEST GUST SPEED    24   HIGHEST GUST DIRECTION    NW (320)
  AVERAGE WIND SPEED     7.5


SKY COVER
  POSSIBLE SUNSHINE  MM
  AVERAGE SKY COVER 0.0


WEATHER CONDITIONS
 THE FOLLOWING WEATHER WAS RECORDED YESTERDAY.
  NO SIGNIFICANT WEATHER WAS OBSERVED.


RELATIVE HUMIDITY (PERCENT)
 HIGHEST    69           700 PM
 LOWEST     30           400 PM
 AVERAGE    50

..........................................................


THE EPHRATA WA AIRPORT CLIMATE NORMALS FOR TODAY
                         NORMAL    RECORD    YEAR
 MAXIMUM TEMPERATURE (F)   46        58      1968
 MINIMUM TEMPERATURE (F)   27         6      2011


SUNRISE AND SUNSET
FEBRUARY 24 2017......SUNRISE   647 AM PST   SUNSET   536 PM PST
FEBRUARY 25 2017......SUNRISE   645 AM PST   SUNSET   538 PM PST


-  INDICATES NEGATIVE NUMBERS.
R  INDICATES RECORD WAS SET OR TIED.
MM INDICATES DATA IS MISSING.
T  INDICATES TRACE AMOUNT.




$$
