000
CDUS46 KOTX 030822
CLIEPH


CLIMATE REPORT
NATIONAL WEATHER SERVICE SPOKANE, WA
122 AM PDT MON AUG 3 2015


...................................

...THE EPHRATA WA AIRPORT CLIMATE SUMMARY FOR AUGUST 2 2015...

CLIMATE NORMAL PERIOD 1981 TO 2010
CLIMATE RECORD PERIOD 9999 TO 9999


WEATHER ITEM   OBSERVED TIME   RECORD YEAR NORMAL DEPARTURE LAST
                VALUE   (LST)  VALUE       VALUE  FROM      YEAR
                                                  NORMAL
..................................................................
TEMPERATURE (F)
 YESTERDAY
  MAXIMUM        100    435 PM 102    1994  90     10      100
  MINIMUM         70    542 AM  37    2001  62      8       71
  AVERAGE         85                        76      9       86

PRECIPITATION (IN)
  YESTERDAY        0.00          0.13 1949   0.01  -0.01      T
  MONTH TO DATE    0.00                      0.02  -0.02      T
  SINCE OCT 1      6.90                      7.32  -0.42     3.81
  SINCE JAN 1      4.11                      4.49  -0.38     3.06

SNOWFALL (IN)
  YESTERDAY       MM

DEGREE DAYS
 HEATING
  YESTERDAY        0                         0      0        0
  MONTH TO DATE    0                         0      0        0
  SINCE JUN 1      4                        68    -64       24
  SINCE JUL 1      0                         8     -8        1

 COOLING
  YESTERDAY       20                        11      9       21
  MONTH TO DATE   41                        22     19       41
  SINCE JUN 1    866                       425    441      660
  SINCE JAN 1    951                       462    489      704
..................................................................


WIND (MPH)
  HIGHEST WIND SPEED    20   HIGHEST WIND DIRECTION    NW (300)
  HIGHEST GUST SPEED    23   HIGHEST GUST DIRECTION    NW (300)
  AVERAGE WIND SPEED     8.5


SKY COVER
  POSSIBLE SUNSHINE  MM
  AVERAGE SKY COVER 0.4


WEATHER CONDITIONS
 THE FOLLOWING WEATHER WAS RECORDED YESTERDAY.
  HAZE


RELATIVE HUMIDITY (PERCENT)
 HIGHEST    29           600 AM
 LOWEST     10           300 PM
 AVERAGE    20

..........................................................


THE EPHRATA WA AIRPORT CLIMATE NORMALS FOR TODAY
                         NORMAL    RECORD    YEAR
 MAXIMUM TEMPERATURE (F)   90       107      1961
 MINIMUM TEMPERATURE (F)   61        52      1956


SUNRISE AND SUNSET
AUGUST  3 2015........SUNRISE   539 AM PDT   SUNSET   829 PM PDT
AUGUST  4 2015........SUNRISE   540 AM PDT   SUNSET   827 PM PDT


-  INDICATES NEGATIVE NUMBERS.
R  INDICATES RECORD WAS SET OR TIED.
MM INDICATES DATA IS MISSING.
T  INDICATES TRACE AMOUNT.




$$
