000
CDUS46 KOTX 200826
CLIEPH


CLIMATE REPORT
NATIONAL WEATHER SERVICE SPOKANE, WA
1226 AM PST SAT DEC 20 2014


...................................

...THE EPHRATA WA AIRPORT CLIMATE SUMMARY FOR DECEMBER 19 2014...

CLIMATE NORMAL PERIOD 1981 TO 2010
CLIMATE RECORD PERIOD 9999 TO 9999


WEATHER ITEM   OBSERVED TIME   RECORD YEAR NORMAL DEPARTURE LAST
                VALUE   (LST)  VALUE       VALUE  FROM      YEAR
                                                  NORMAL
..................................................................
TEMPERATURE (F)
 YESTERDAY
  MAXIMUM         43    318 PM  48    1957  32     11       39
  MINIMUM         30    739 PM  -7    1984  20     10       21
  AVERAGE         37                        26     11       30

PRECIPITATION (IN)
  YESTERDAY        0.06          0.49 1981   0.04   0.02     0.00
  MONTH TO DATE    0.44                      0.77  -0.33      T
  SINCE OCT 1      2.48                      2.36   0.12     0.73
  SINCE JAN 1      6.66                      7.38  -0.72     5.70

SNOWFALL (IN)
  YESTERDAY       MM

DEGREE DAYS
 HEATING
  YESTERDAY       28                        39    -11       35
  MONTH TO DATE  562                       701   -139      779
  SINCE DEC 1    562                       701   -139      779
  SINCE JUL 1   1709                      2120   -411     2148

 COOLING
  YESTERDAY        0                         0      0        0
  MONTH TO DATE    0                         0      0        0
  SINCE DEC 1      0                         0      0        0
  SINCE JAN 1   1137                       772    365     1084
..................................................................


WIND (MPH)
  HIGHEST WIND SPEED    12   HIGHEST WIND DIRECTION     S (190)
  HIGHEST GUST SPEED    14   HIGHEST GUST DIRECTION     S (180)
  AVERAGE WIND SPEED     4.6


SKY COVER
  POSSIBLE SUNSHINE  MM
  AVERAGE SKY COVER 0.7


WEATHER CONDITIONS
 THE FOLLOWING WEATHER WAS RECORDED YESTERDAY.
  LIGHT RAIN
  FOG


RELATIVE HUMIDITY (PERCENT)
 HIGHEST   100           600 AM
 LOWEST     82           300 PM
 AVERAGE    91

..........................................................


THE EPHRATA WA AIRPORT CLIMATE NORMALS FOR TODAY
                         NORMAL    RECORD    YEAR
 MAXIMUM TEMPERATURE (F)   32        56      1994
 MINIMUM TEMPERATURE (F)   20        -1      1984


SUNRISE AND SUNSET
DECEMBER 20 2014......SUNRISE   742 AM PST   SUNSET   410 PM PST
DECEMBER 21 2014......SUNRISE   742 AM PST   SUNSET   410 PM PST


-  INDICATES NEGATIVE NUMBERS.
R  INDICATES RECORD WAS SET OR TIED.
MM INDICATES DATA IS MISSING.
T  INDICATES TRACE AMOUNT.




$$
