000
CDUS41 KCLE 260537
CLIERI


CLIMATE REPORT
NATIONAL WEATHER SERVICE CLEVELAND OH
126 AM EDT MON JUN 26 2017


...................................

...THE ERIE PA CLIMATE SUMMARY FOR JUNE 25 2017...

CLIMATE NORMAL PERIOD 1981 TO 2010
CLIMATE RECORD PERIOD 1873 TO 2017


WEATHER ITEM   OBSERVED TIME   RECORD YEAR NORMAL DEPARTURE LAST
                VALUE   (LST)  VALUE       VALUE  FROM      YEAR
                                                  NORMAL
..................................................................
TEMPERATURE (F)
 YESTERDAY
  MAXIMUM         73   1152 AM 100    1988  78     -5       85
  MINIMUM         58    526 AM  40    1979  61     -3       57
  AVERAGE         66                        70     -4       71

PRECIPITATION (IN)
  YESTERDAY        0.06                      0.13  -0.07     0.00
  MONTH TO DATE    7.37                      3.14   4.23     1.07
  SINCE JUN 1      7.37                      3.14   4.23     1.07
  SINCE JAN 1     27.36                     18.20   9.16    13.84

SNOWFALL (IN)
  YESTERDAY        0.0                       0.0    0.0      0.0
  MONTH TO DATE    0.0                       0.0    0.0      0.0
  SINCE JUN 1      0.0                       0.0    0.0      0.0
  SINCE JUL 1     78.6                     100.9  -22.3     71.2
  SNOW DEPTH       0

DEGREE DAYS
 HEATING
  YESTERDAY        0                         1     -1        0
  MONTH TO DATE   39                        57    -18       40
  SINCE JUN 1     39                        57    -18       40
  SINCE JUL 1   5096                      6143  -1047     5210

 COOLING
  YESTERDAY        1                         6     -5        6
  MONTH TO DATE  127                        93     34      114
  SINCE JUN 1    127                        93     34      114
  SINCE JAN 1    171                       132     39      189
..................................................................


WIND (MPH)
  HIGHEST WIND SPEED    25   HIGHEST WIND DIRECTION     W (260)
  HIGHEST GUST SPEED    37   HIGHEST GUST DIRECTION     W (260)
  AVERAGE WIND SPEED     9.7


SKY COVER
  POSSIBLE SUNSHINE  MM
  AVERAGE SKY COVER 0.4


WEATHER CONDITIONS
 THE FOLLOWING WEATHER WAS RECORDED YESTERDAY.
  THUNDERSTORM
  LIGHT RAIN


RELATIVE HUMIDITY (PERCENT)
 HIGHEST    86           400 AM
 LOWEST     41          1200 PM
 AVERAGE    64

..........................................................


THE ERIE PA CLIMATE NORMALS FOR TODAY
                         NORMAL    RECORD    YEAR
 MAXIMUM TEMPERATURE (F)   78        92      2016
                                             1952
 MINIMUM TEMPERATURE (F)   61        46      2004


SUNRISE AND SUNSET
JUNE 26 2017..........SUNRISE   547 AM EDT   SUNSET   901 PM EDT
JUNE 27 2017..........SUNRISE   547 AM EDT   SUNSET   901 PM EDT


-  INDICATES NEGATIVE NUMBERS.
R  INDICATES RECORD WAS SET OR TIED.
MM INDICATES DATA IS MISSING.
T  INDICATES TRACE AMOUNT.




$$
