000
CDUS46 KPQR 220221
CLIEUG


CLIMATE REPORT
NATIONAL WEATHER SERVICE PORTLAND OREGON
720 PM PDT TUE OCT 21 2014


...................................

...THE EUGENE OR CLIMATE SUMMARY FOR OCTOBER 21 2014...
VALID TODAY AS OF 0700 PM LOCAL TIME.

CLIMATE NORMAL PERIOD 1981 TO 2010
CLIMATE RECORD PERIOD 1892 TO 2014


WEATHER ITEM   OBSERVED TIME   RECORD YEAR NORMAL DEPARTURE LAST
                VALUE   (LST)  VALUE       VALUE  FROM      YEAR
                                                  NORMAL
..................................................................
TEMPERATURE (F)
 TODAY
  MAXIMUM         64    105 PM  79    1944  62      2       64
  MINIMUM         51    138 AM  26    1949  40     11       37
  AVERAGE         58                        51      7       51

PRECIPITATION (IN)
  TODAY            0.01          1.39 1934   0.12  -0.11     0.00
  MONTH TO DATE    1.45                      1.73  -0.28     0.50
  SINCE OCT 1      1.45                      1.73  -0.28     0.50
  SINCE JAN 1     25.70                     29.03  -3.33    17.50

SNOWFALL (IN)
  TODAY            0.0
  MONTH TO DATE    0.0
  SINCE SEP 1      0.0
  SINCE JUL 1      0.0

DEGREE DAYS
 HEATING
  TODAY            7                        14     -7       14
  MONTH TO DATE   87                       229   -142      293
  SINCE SEP 1    121                       350   -229      391
  SINCE JUL 1    128                       417   -289      409

 COOLING
  TODAY            0                         0      0        0
  MONTH TO DATE    8                         0      8        0
  SINCE SEP 1     67                        30     37       63
  SINCE JAN 1    475                       238    237      411
..................................................................


WIND (MPH)
  HIGHEST WIND SPEED    21   HIGHEST WIND DIRECTION     S (180)
  HIGHEST GUST SPEED    27   HIGHEST GUST DIRECTION     S (190)
  AVERAGE WIND SPEED    11.2


SKY COVER
  POSSIBLE SUNSHINE  MM
  AVERAGE SKY COVER 0.9


WEATHER CONDITIONS
 THE FOLLOWING WEATHER WAS RECORDED TODAY.
  LIGHT RAIN


RELATIVE HUMIDITY (PERCENT)
 HIGHEST    89          1200 AM
 LOWEST     56           100 PM
 AVERAGE    73

..........................................................


THE EUGENE OR CLIMATE NORMALS FOR TOMORROW
                         NORMAL    RECORD    YEAR
 MAXIMUM TEMPERATURE (F)   61        78      1937
 MINIMUM TEMPERATURE (F)   40        25      1980


SUNRISE AND SUNSET
OCTOBER 21 2014.......SUNRISE   735 AM PDT   SUNSET   619 PM PDT
OCTOBER 22 2014.......SUNRISE   737 AM PDT   SUNSET   617 PM PDT


-  INDICATES NEGATIVE NUMBERS.
R  INDICATES RECORD WAS SET OR TIED.
MM INDICATES DATA IS MISSING.
T  INDICATES TRACE AMOUNT.




$$
