000
CDUS46 KPQR 230221
CLIEUG


CLIMATE REPORT
NATIONAL WEATHER SERVICE PORTLAND OREGON
621 PM PST WED FEB 22 2017


...................................

...THE EUGENE OR CLIMATE SUMMARY FOR FEBRUARY 22 2017...
VALID TODAY AS OF 0600 PM LOCAL TIME.

CLIMATE NORMAL PERIOD 1981 TO 2010
CLIMATE RECORD PERIOD 1892 TO 2017


WEATHER ITEM   OBSERVED TIME   RECORD YEAR NORMAL DEPARTURE LAST
                VALUE   (LST)  VALUE       VALUE  FROM      YEAR
                                                  NORMAL
..................................................................
TEMPERATURE (F)
 TODAY
  MAXIMUM         47    205 PM  67    2002  52     -5       55
  MINIMUM         35    555 AM  24    1913  35      0       35
  AVERAGE         41                        44     -3       45

PRECIPITATION (IN)
  TODAY            0.03          2.18 1986   0.19  -0.16     0.00
  MONTH TO DATE    8.73                      4.30   4.43     2.02
  SINCE OCT 1     32.37                     29.97   2.40    28.18
  SINCE JAN 1     12.78                     11.17   1.61     9.34

SNOWFALL (IN)
  TODAY           MM
  MONTH TO DATE    0.0
  SINCE DEC 1      5.1
  SINCE JUL 1      5.1

DEGREE DAYS
 HEATING
  TODAY           24                        21      3       20
  MONTH TO DATE  449                       492    -43      385
  SINCE DEC 1   2210                      2029    181     1706
  SINCE JUL 1   3043                      3202   -159     2687

 COOLING
  TODAY            0                         0      0        0
  MONTH TO DATE    0                         0      0        0
  SINCE DEC 1      0                         0      0        0
  SINCE JAN 1      0                         0      0        0
..................................................................


WIND (MPH)
  HIGHEST WIND SPEED    18   HIGHEST WIND DIRECTION    NW (300)
  HIGHEST GUST SPEED    23   HIGHEST GUST DIRECTION     W (280)
  AVERAGE WIND SPEED     1.1


SKY COVER
  POSSIBLE SUNSHINE  MM
  AVERAGE SKY COVER 0.8


WEATHER CONDITIONS
 THE FOLLOWING WEATHER WAS RECORDED TODAY.
  LIGHT RAIN
  FOG
  FOG W/VISIBILITY <= 1/4 MILE


RELATIVE HUMIDITY (PERCENT)
 HIGHEST   100          1200 AM
 LOWEST     70           200 PM
 AVERAGE    85

..........................................................


THE EUGENE OR CLIMATE NORMALS FOR TOMORROW
                         NORMAL    RECORD    YEAR
 MAXIMUM TEMPERATURE (F)   52        71      1995
 MINIMUM TEMPERATURE (F)   35        24      1920


SUNRISE AND SUNSET
FEBRUARY 22 2017......SUNRISE   701 AM PST   SUNSET   552 PM PST
FEBRUARY 23 2017......SUNRISE   659 AM PST   SUNSET   554 PM PST


-  INDICATES NEGATIVE NUMBERS.
R  INDICATES RECORD WAS SET OR TIED.
MM INDICATES DATA IS MISSING.
T  INDICATES TRACE AMOUNT.




$$
