145
CDUS46 KPQR 271147
CLIEUG


CLIMATE REPORT
NATIONAL WEATHER SERVICE PORTLAND OREGON
446 AM PDT FRI MAY 27 2016


...................................

...THE EUGENE OR CLIMATE SUMMARY FOR MAY 26 2016...

CLIMATE NORMAL PERIOD 1981 TO 2010
CLIMATE RECORD PERIOD 1892 TO 2016


WEATHER ITEM   OBSERVED TIME   RECORD YEAR NORMAL DEPARTURE LAST
                VALUE   (LST)  VALUE       VALUE  FROM      YEAR
                                                  NORMAL
..................................................................
TEMPERATURE (F)
 YESTERDAY
  MAXIMUM         63    355 PM  87    1950  69     -6       71
  MINIMUM         48    946 PM  33    1973  45      3       44
  AVERAGE         56                        57     -1       58

PRECIPITATION (IN)
  YESTERDAY        0.00          0.80 1993   0.09  -0.09     0.00
                                      1953
  MONTH TO DATE    1.30                      2.30  -1.00     0.79
  SINCE OCT 1     38.77                     41.72  -2.95    29.03
  SINCE JAN 1     19.93                     22.92  -2.99    11.98

SNOWFALL (IN)
  YESTERDAY        0.0
  MONTH TO DATE    0.0
  SINCE MAR 1      0.0
  SINCE JUL 1      0.0

DEGREE DAYS
 HEATING
  YESTERDAY        9                         8      1        7
  MONTH TO DATE  167                       266    -99      205
  SINCE MAR 1    947                      1281   -334     1088
  SINCE JUL 1   3752                      4608   -856     3650

 COOLING
  YESTERDAY        0                         0      0        0
  MONTH TO DATE    3                         0      3        0
  SINCE MAR 1      3                         0      3        0
  SINCE JAN 1      3                         0      3        0
..................................................................


WIND (MPH)
  HIGHEST WIND SPEED    10   HIGHEST WIND DIRECTION     N (340)
  HIGHEST GUST SPEED    13   HIGHEST GUST DIRECTION     N (340)
  AVERAGE WIND SPEED     3.0


SKY COVER
  POSSIBLE SUNSHINE  MM
  AVERAGE SKY COVER 0.9


WEATHER CONDITIONS
 THE FOLLOWING WEATHER WAS RECORDED YESTERDAY.
  NO SIGNIFICANT WEATHER WAS OBSERVED.


RELATIVE HUMIDITY (PERCENT)
 HIGHEST    86          1000 PM
 LOWEST     52           200 PM
 AVERAGE    69

..........................................................


THE EUGENE OR CLIMATE NORMALS FOR TODAY
                         NORMAL    RECORD    YEAR
 MAXIMUM TEMPERATURE (F)   69        87      1952
 MINIMUM TEMPERATURE (F)   45        34      1966
                                             1955
                                             1921


SUNRISE AND SUNSET
MAY 27 2016...........SUNRISE   535 AM PDT   SUNSET   845 PM PDT
MAY 28 2016...........SUNRISE   535 AM PDT   SUNSET   846 PM PDT


-  INDICATES NEGATIVE NUMBERS.
R  INDICATES RECORD WAS SET OR TIED.
MM INDICATES DATA IS MISSING.
T  INDICATES TRACE AMOUNT.




$$
