000
CDUS46 KPQR 240233
CLIEUG


CLIMATE REPORT
NATIONAL WEATHER SERVICE PORTLAND OREGON
733 PM PDT FRI JUN 23 2017


...................................

...THE EUGENE OR CLIMATE SUMMARY FOR JUNE 23 2017...
VALID TODAY AS OF 0700 PM LOCAL TIME.

CLIMATE NORMAL PERIOD 1981 TO 2010
CLIMATE RECORD PERIOD 1892 TO 2017


WEATHER ITEM   OBSERVED TIME   RECORD YEAR NORMAL DEPARTURE LAST
                VALUE   (LST)  VALUE       VALUE  FROM      YEAR
                                                  NORMAL
..................................................................
TEMPERATURE (F)
 TODAY
  MAXIMUM         89    459 PM  97    1992  75     14       71
  MINIMUM         50    510 AM  34    2007  49      1       53
  AVERAGE         70                        62      8       62

PRECIPITATION (IN)
  TODAY            0.00          0.60 1969   0.03  -0.03     0.02
  MONTH TO DATE    1.38                      1.31   0.07     0.78
  SINCE OCT 1     45.04                     43.47   1.57    39.55
  SINCE JAN 1     25.45                     24.67   0.78    20.71

SNOWFALL (IN)
  TODAY            0.0
  MONTH TO DATE    0.0
  SINCE JUN 1      0.0
  SINCE JUL 1      5.1

DEGREE DAYS
 HEATING
  TODAY            0                         4     -4        3
  MONTH TO DATE  116                       134    -18       95
  SINCE JUN 1    116                       134    -18       95
  SINCE JUL 1   4549                      4783   -234     3880

 COOLING
  TODAY            5                         1      4        0
  MONTH TO DATE   13                         8      5       49
  SINCE JUN 1     13                         8      5       49
  SINCE JAN 1     26                        13     13       52
..................................................................


WIND (MPH)
  HIGHEST WIND SPEED    23   HIGHEST WIND DIRECTION     N (360)
  HIGHEST GUST SPEED    29   HIGHEST GUST DIRECTION     N (10)
  AVERAGE WIND SPEED    12.9


SKY COVER
  POSSIBLE SUNSHINE  MM
  AVERAGE SKY COVER 0.0


WEATHER CONDITIONS
 THE FOLLOWING WEATHER WAS RECORDED TODAY.
  NO SIGNIFICANT WEATHER WAS OBSERVED.


RELATIVE HUMIDITY (PERCENT)
 HIGHEST    74           500 AM
 LOWEST     24           500 PM
 AVERAGE    49

..........................................................


THE EUGENE OR CLIMATE NORMALS FOR TOMORROW
                         NORMAL    RECORD    YEAR
 MAXIMUM TEMPERATURE (F)   76        99      1926
                                             1925
 MINIMUM TEMPERATURE (F)   49        37      2008
                                             1985


SUNRISE AND SUNSET
JUNE 23 2017..........SUNRISE   530 AM PDT   SUNSET   900 PM PDT
JUNE 24 2017..........SUNRISE   531 AM PDT   SUNSET   900 PM PDT


-  INDICATES NEGATIVE NUMBERS.
R  INDICATES RECORD WAS SET OR TIED.
MM INDICATES DATA IS MISSING.
T  INDICATES TRACE AMOUNT.




$$
