000
CDUS46 KPQR 141148
CLIEUG


CLIMATE REPORT
NATIONAL WEATHER SERVICE PORTLAND OREGON
348 AM PST SUN FEB 14 2016


...................................

...THE EUGENE OR CLIMATE SUMMARY FOR FEBRUARY 13 2016...

CLIMATE NORMAL PERIOD 1981 TO 2010
CLIMATE RECORD PERIOD 1892 TO 2016


WEATHER ITEM   OBSERVED TIME   RECORD YEAR NORMAL DEPARTURE LAST
                VALUE   (LST)  VALUE       VALUE  FROM      YEAR
                                                  NORMAL
..................................................................
TEMPERATURE (F)
 YESTERDAY
  MAXIMUM         50    630 PM  65    1971  51     -1       56
  MINIMUM         37    634 AM  21    1929  35      2       41
  AVERAGE         44                        43      1       49

PRECIPITATION (IN)
  YESTERDAY        0.07          2.08 1982   0.20  -0.13     0.00
  MONTH TO DATE    1.07                      2.56  -1.49     3.83
  SINCE OCT 1     27.23                     28.23  -1.00    23.26
  SINCE JAN 1      8.39                      9.43  -1.04     6.21

SNOWFALL (IN)
  YESTERDAY       MM
  MONTH TO DATE    0.0
  SINCE DEC 1      0.0
  SINCE JUL 1      0.0

DEGREE DAYS
 HEATING
  YESTERDAY       21                        22     -1       16
  MONTH TO DATE  238                       296    -58      188
  SINCE DEC 1   1559                      1833   -274     1476
  SINCE JUL 1   2540                      3006   -466     2288

 COOLING
  YESTERDAY        0                         0      0        0
  MONTH TO DATE    0                         0      0        0
  SINCE DEC 1      0                         0      0        0
  SINCE JAN 1      0                         0      0        0
..................................................................


WIND (MPH)
  HIGHEST WIND SPEED    17   HIGHEST WIND DIRECTION    SW (210)
  HIGHEST GUST SPEED    27   HIGHEST GUST DIRECTION     S (190)
  AVERAGE WIND SPEED     8.6


SKY COVER
  POSSIBLE SUNSHINE  MM
  AVERAGE SKY COVER 0.7


WEATHER CONDITIONS
 THE FOLLOWING WEATHER WAS RECORDED YESTERDAY.
  LIGHT RAIN
  FOG
  FOG W/VISIBILITY <= 1/4 MILE


RELATIVE HUMIDITY (PERCENT)
 HIGHEST   100           700 AM
 LOWEST     74           300 PM
 AVERAGE    87

..........................................................


THE EUGENE OR CLIMATE NORMALS FOR TODAY
                         NORMAL    RECORD    YEAR
 MAXIMUM TEMPERATURE (F)   51        70      1916
 MINIMUM TEMPERATURE (F)   35        20      1990


SUNRISE AND SUNSET
FEBRUARY 14 2016......SUNRISE   714 AM PST   SUNSET   540 PM PST
FEBRUARY 15 2016......SUNRISE   713 AM PST   SUNSET   542 PM PST


-  INDICATES NEGATIVE NUMBERS.
R  INDICATES RECORD WAS SET OR TIED.
MM INDICATES DATA IS MISSING.
T  INDICATES TRACE AMOUNT.




$$
