000
CDUS46 KPQR 080222
CLIEUG


CLIMATE REPORT
NATIONAL WEATHER SERVICE PORTLAND OREGON
722 PM PDT TUE JUL 7 2015


...................................

...THE EUGENE OR CLIMATE SUMMARY FOR JULY 7 2015...
VALID TODAY AS OF 0700 PM LOCAL TIME.

CLIMATE NORMAL PERIOD 1981 TO 2010
CLIMATE RECORD PERIOD 1892 TO 2015


WEATHER ITEM   OBSERVED TIME   RECORD YEAR NORMAL DEPARTURE LAST
                VALUE   (LST)  VALUE       VALUE  FROM      YEAR
                                                  NORMAL
..................................................................
TEMPERATURE (F)
 TODAY
  MAXIMUM         92    359 PM  98    1945  80     12       94
  MINIMUM         53    500 AM  42    2006  51      2       58
                                      1981
                                      1961
  AVERAGE         73                        66      7       76

PRECIPITATION (IN)
  TODAY            0.00          0.67 1923   0.02  -0.02     0.00
  MONTH TO DATE    0.00                      0.16  -0.16     0.00
  SINCE OCT 1     29.41                     43.82 -14.41    26.63
  SINCE JAN 1     12.36                     25.02 -12.66    22.44

SNOWFALL (IN)
  TODAY            0.0
  MONTH TO DATE    0.0
  SINCE JUN 1      0.0
  SINCE JUL 1      0.0

DEGREE DAYS
 HEATING
  TODAY            0                         2     -2        0
  MONTH TO DATE    0                        15    -15        0
  SINCE JUN 1     41                       172   -131      107
  SINCE JUL 1      0                        15    -15        0

 COOLING
  TODAY            8                         2      6       11
  MONTH TO DATE   75                        14     61       41
  SINCE JUN 1    188                        33    155       47
  SINCE JAN 1    193                        38    155       50
..................................................................


WIND (MPH)
  HIGHEST WIND SPEED    15   HIGHEST WIND DIRECTION    NE (30)
  HIGHEST GUST SPEED    17   HIGHEST GUST DIRECTION    NE (30)
  AVERAGE WIND SPEED     6.0


SKY COVER
  POSSIBLE SUNSHINE  MM
  AVERAGE SKY COVER 0.4


WEATHER CONDITIONS
 THE FOLLOWING WEATHER WAS RECORDED TODAY.
  NO SIGNIFICANT WEATHER WAS OBSERVED.


RELATIVE HUMIDITY (PERCENT)
 HIGHEST    89           400 AM
 LOWEST     29           300 PM
 AVERAGE    59

..........................................................


THE EUGENE OR CLIMATE NORMALS FOR TOMORROW
                         NORMAL    RECORD    YEAR
 MAXIMUM TEMPERATURE (F)   81        96      1956
                                             1952
 MINIMUM TEMPERATURE (F)   51        41      1981


SUNRISE AND SUNSET
JULY  7 2015..........SUNRISE   537 AM PDT   SUNSET   858 PM PDT
JULY  8 2015..........SUNRISE   538 AM PDT   SUNSET   858 PM PDT


-  INDICATES NEGATIVE NUMBERS.
R  INDICATES RECORD WAS SET OR TIED.
MM INDICATES DATA IS MISSING.
T  INDICATES TRACE AMOUNT.




$$
