000
CDUS46 KPQR 051141
CLIEUG


CLIMATE REPORT
NATIONAL WEATHER SERVICE PORTLAND OREGON
340 AM PST THU MAR 5 2015


...................................

...THE EUGENE OR CLIMATE SUMMARY FOR MARCH 4 2015...

CLIMATE NORMAL PERIOD 1981 TO 2010
CLIMATE RECORD PERIOD 1892 TO 2015


WEATHER ITEM   OBSERVED TIME   RECORD YEAR NORMAL DEPARTURE LAST
                VALUE   (LST)  VALUE       VALUE  FROM      YEAR
                                                  NORMAL
..................................................................
TEMPERATURE (F)
 YESTERDAY
  MAXIMUM         57    403 PM  71    1929  54      3       65
  MINIMUM         26    707 AM  25    1923  36    -10       44
  AVERAGE         42                        45     -3       55

PRECIPITATION (IN)
  YESTERDAY        0.00          1.94 1916   0.18  -0.18     0.01
  MONTH TO DATE    0.04                      0.75  -0.71     0.57
  SINCE OCT 1     23.63                     31.85  -8.22    15.31
  SINCE JAN 1      6.58                     13.05  -6.47    11.12

SNOWFALL (IN)
  YESTERDAY        0.0
  MONTH TO DATE    0.0
  SINCE MAR 1      0.0
  SINCE JUL 1      0.0

DEGREE DAYS
 HEATING
  YESTERDAY       23                        20      3       10
  MONTH TO DATE   91                        80     11       49
  SINCE MAR 1     91                        80     11       49
  SINCE JUL 1   2653                      3407   -754     3616

 COOLING
  YESTERDAY        0                         0      0        0
  MONTH TO DATE    0                         0      0        0
  SINCE MAR 1      0                         0      0        0
  SINCE JAN 1      0                         0      0        0
..................................................................


WIND (MPH)
  HIGHEST WIND SPEED    13   HIGHEST WIND DIRECTION     N (20)
  HIGHEST GUST SPEED    15   HIGHEST GUST DIRECTION     N (10)
  AVERAGE WIND SPEED     3.9


SKY COVER
  POSSIBLE SUNSHINE  MM
  AVERAGE SKY COVER 0.1


WEATHER CONDITIONS
 THE FOLLOWING WEATHER WAS RECORDED YESTERDAY.
  FOG


RELATIVE HUMIDITY (PERCENT)
 HIGHEST    92           100 AM
 LOWEST     43           400 PM
 AVERAGE    68

..........................................................


THE EUGENE OR CLIMATE NORMALS FOR TODAY
                         NORMAL    RECORD    YEAR
 MAXIMUM TEMPERATURE (F)   54        70      1986
 MINIMUM TEMPERATURE (F)   36        23      1956
                                             1955


SUNRISE AND SUNSET
MARCH  5 2015.........SUNRISE   643 AM PST   SUNSET   606 PM PST
MARCH  6 2015.........SUNRISE   641 AM PST   SUNSET   607 PM PST


-  INDICATES NEGATIVE NUMBERS.
R  INDICATES RECORD WAS SET OR TIED.
MM INDICATES DATA IS MISSING.
T  INDICATES TRACE AMOUNT.




$$
