000
CDUS46 KPQR 231141
CLIEUG


CLIMATE REPORT
NATIONAL WEATHER SERVICE PORTLAND OREGON
440 AM PDT SAT JUL 23 2016


...................................

...THE EUGENE OR CLIMATE SUMMARY FOR JULY 22 2016...

CLIMATE NORMAL PERIOD 1981 TO 2010
CLIMATE RECORD PERIOD 1892 TO 2016


WEATHER ITEM   OBSERVED TIME   RECORD YEAR NORMAL DEPARTURE LAST
                VALUE   (LST)  VALUE       VALUE  FROM      YEAR
                                                  NORMAL
..................................................................
TEMPERATURE (F)
 YESTERDAY
  MAXIMUM         81    434 PM 101    2006  84     -3       78
  MINIMUM         57   1155 PM  43    1982  52      5       47
                                      1934
                                      1933
  AVERAGE         69                        68      1       63

PRECIPITATION (IN)
  YESTERDAY        0.00          0.20 1934   0.01  -0.01     0.00
  MONTH TO DATE    0.25                      0.43  -0.18     0.04
  SINCE OCT 1     39.80                     44.09  -4.29    29.45
  SINCE JAN 1     20.96                     25.29  -4.33    12.40

SNOWFALL (IN)
  YESTERDAY        0.0
  MONTH TO DATE    0.0
  SINCE JUN 1      0.0
  SINCE JUL 1      0.0

DEGREE DAYS
 HEATING
  YESTERDAY        0                         1     -1        2
  MONTH TO DATE   10                        31    -21        2
  SINCE JUN 1    110                       188    -78       43
  SINCE JUL 1     10                        31    -21        2

 COOLING
  YESTERDAY        4                         4      0        0
  MONTH TO DATE   31                        61    -30      155
  SINCE JUN 1     96                        80     16      268
  SINCE JAN 1     99                        85     14      273
..................................................................


WIND (MPH)
  HIGHEST WIND SPEED    17   HIGHEST WIND DIRECTION     N (360)
  HIGHEST GUST SPEED    22   HIGHEST GUST DIRECTION     N (10)
  AVERAGE WIND SPEED     5.4


SKY COVER
  POSSIBLE SUNSHINE  MM
  AVERAGE SKY COVER 0.6


WEATHER CONDITIONS
 THE FOLLOWING WEATHER WAS RECORDED YESTERDAY.
  NO SIGNIFICANT WEATHER WAS OBSERVED.


RELATIVE HUMIDITY (PERCENT)
 HIGHEST    75           500 AM
 LOWEST     33           300 PM
 AVERAGE    54

..........................................................


THE EUGENE OR CLIMATE NORMALS FOR TODAY
                         NORMAL    RECORD    YEAR
 MAXIMUM TEMPERATURE (F)   84       105      2006
 MINIMUM TEMPERATURE (F)   52        44      2008


SUNRISE AND SUNSET
JULY 23 2016..........SUNRISE   552 AM PDT   SUNSET   846 PM PDT
JULY 24 2016..........SUNRISE   553 AM PDT   SUNSET   845 PM PDT


-  INDICATES NEGATIVE NUMBERS.
R  INDICATES RECORD WAS SET OR TIED.
MM INDICATES DATA IS MISSING.
T  INDICATES TRACE AMOUNT.




$$
