402
CDUS46 KPQR 201141
CLIEUG


CLIMATE REPORT
NATIONAL WEATHER SERVICE PORTLAND OREGON
441 AM PDT FRI OCT 20 2017


...................................

...THE EUGENE OR CLIMATE SUMMARY FOR OCTOBER 19 2017...

CLIMATE NORMAL PERIOD 1981 TO 2010
CLIMATE RECORD PERIOD 1892 TO 2017


WEATHER ITEM   OBSERVED TIME   RECORD YEAR NORMAL DEPARTURE LAST
                VALUE   (LST)  VALUE       VALUE  FROM      YEAR
                                                  NORMAL
..................................................................
TEMPERATURE (F)
 YESTERDAY
  MAXIMUM         56   1242 PM  86    1940  63     -7       58
  MINIMUM         46   1117 PM  25    1949  41      5       38
  AVERAGE         51                        52     -1       48

PRECIPITATION (IN)
  YESTERDAY        0.79          1.75 1947   0.12   0.67     0.02
  MONTH TO DATE    1.84                      1.49   0.35     7.06
  SINCE OCT 1      1.84                      1.49   0.35     7.06
  SINCE JAN 1     28.50                     28.79  -0.29    28.80

SNOWFALL (IN)
  YESTERDAY       MM
  MONTH TO DATE    0.0
  SINCE SEP 1      0.0
  SINCE JUL 1      0.0

DEGREE DAYS
 HEATING
  YESTERDAY       14                        13      1       17
  MONTH TO DATE  262                       201     61      168
  SINCE SEP 1    377                       322     55      273
  SINCE JUL 1    393                       389      4      296

 COOLING
  YESTERDAY        0                         0      0        0
  MONTH TO DATE    0                         0      0        2
  SINCE SEP 1     74                        30     44       12
  SINCE JAN 1    376                       238    138      325
..................................................................


WIND (MPH)
  HIGHEST WIND SPEED    22   HIGHEST WIND DIRECTION     S (180)
  HIGHEST GUST SPEED    25   HIGHEST GUST DIRECTION     S (180)
  AVERAGE WIND SPEED    10.0


SKY COVER
  POSSIBLE SUNSHINE  MM
  AVERAGE SKY COVER 0.9


WEATHER CONDITIONS
 THE FOLLOWING WEATHER WAS RECORDED YESTERDAY.
  HEAVY RAIN
  RAIN
  LIGHT RAIN
  FOG


RELATIVE HUMIDITY (PERCENT)
 HIGHEST   100           800 AM
 LOWEST     77          1200 AM
 AVERAGE    89

..........................................................


THE EUGENE OR CLIMATE NORMALS FOR TODAY
                         NORMAL    RECORD    YEAR
 MAXIMUM TEMPERATURE (F)   62        80      2003
 MINIMUM TEMPERATURE (F)   41        24      1949


SUNRISE AND SUNSET
OCTOBER 20 2017.......SUNRISE   734 AM PDT   SUNSET   620 PM PDT
OCTOBER 21 2017.......SUNRISE   736 AM PDT   SUNSET   618 PM PDT


-  INDICATES NEGATIVE NUMBERS.
R  INDICATES RECORD WAS SET OR TIED.
MM INDICATES DATA IS MISSING.
T  INDICATES TRACE AMOUNT.




$$
