000
CDUS46 KPQR 241141
CLIEUG


CLIMATE REPORT
NATIONAL WEATHER SERVICE PORTLAND OREGON
440 AM PDT THU JUL 24 2014


...................................

...THE EUGENE OR CLIMATE SUMMARY FOR JULY 23 2014...

CLIMATE NORMAL PERIOD 1981 TO 2010
CLIMATE RECORD PERIOD 1892 TO 2014


WEATHER ITEM   OBSERVED TIME   RECORD YEAR NORMAL DEPARTURE LAST
                VALUE   (LST)  VALUE       VALUE  FROM      YEAR
                                                  NORMAL
..................................................................
TEMPERATURE (F)
 YESTERDAY
  MAXIMUM         68    446 PM 105    2006  84    -16       96
  MINIMUM         52   1157 PM  44    2008  52      0       52
  AVERAGE         60                        68     -8       74

PRECIPITATION (IN)
  YESTERDAY        0.21R         0.17 1918   0.01   0.20     0.00
  MONTH TO DATE    0.33                      0.44  -0.11     0.00
  SINCE OCT 1     26.96                     44.10 -17.14    29.01
  SINCE JAN 1     22.77                     25.30  -2.53     9.67

SNOWFALL (IN)
  YESTERDAY        0.0
  MONTH TO DATE    0.0
  SINCE JUN 1      0.0
  SINCE JUL 1      0.0

DEGREE DAYS
 HEATING
  YESTERDAY        5                         1      4        0
  MONTH TO DATE    5                        32    -27        4
  SINCE JUN 1    112                       189    -77       96
  SINCE JUL 1      5                        32    -27        4

 COOLING
  YESTERDAY        0                         4     -4        9
  MONTH TO DATE  145                        65     80      106
  SINCE JUN 1    151                        84     67      154
  SINCE JAN 1    154                        89     65      159
..................................................................


WIND (MPH)
  HIGHEST WIND SPEED    17   HIGHEST WIND DIRECTION     W (260)
  HIGHEST GUST SPEED    21   HIGHEST GUST DIRECTION     W (260)
  AVERAGE WIND SPEED     8.9


SKY COVER
  POSSIBLE SUNSHINE  MM
  AVERAGE SKY COVER 0.7


WEATHER CONDITIONS
 THE FOLLOWING WEATHER WAS RECORDED YESTERDAY.
  LIGHT RAIN
  FOG


RELATIVE HUMIDITY (PERCENT)
 HIGHEST    87           900 AM
 LOWEST     56           500 PM
 AVERAGE    72

..........................................................


THE EUGENE OR CLIMATE NORMALS FOR TODAY
                         NORMAL    RECORD    YEAR
 MAXIMUM TEMPERATURE (F)   84       102      1928
 MINIMUM TEMPERATURE (F)   52        43      1973
                                             1917


SUNRISE AND SUNSET
JULY 24 2014..........SUNRISE   552 AM PDT   SUNSET   846 PM PDT
JULY 25 2014..........SUNRISE   553 AM PDT   SUNSET   845 PM PDT


-  INDICATES NEGATIVE NUMBERS.
R  INDICATES RECORD WAS SET OR TIED.
MM INDICATES DATA IS MISSING.
T  INDICATES TRACE AMOUNT.




$$
