000
CDUS46 KPQR 310221
CLIEUG


CLIMATE REPORT
NATIONAL WEATHER SERVICE PORTLAND OREGON
721 PM PDT THU JUL 30 2015


...................................

...THE EUGENE OR CLIMATE SUMMARY FOR JULY 30 2015...
VALID TODAY AS OF 0700 PM LOCAL TIME.

CLIMATE NORMAL PERIOD 1981 TO 2010
CLIMATE RECORD PERIOD 1892 TO 2015


WEATHER ITEM   OBSERVED TIME   RECORD YEAR NORMAL DEPARTURE LAST
                VALUE   (LST)  VALUE       VALUE  FROM      YEAR
                                                  NORMAL
..................................................................
TEMPERATURE (F)
 TODAY
  MAXIMUM        105R   437 PM  99    2003  84     21       94
                                      1992
  MINIMUM         56    516 AM  42    1956  52      4       53
                                      1917
  AVERAGE         81                        68     13       74

PRECIPITATION (IN)
  TODAY            0.00          0.58 1985   0.01  -0.01     0.00
  MONTH TO DATE    0.05                      0.53  -0.48     0.33
  SINCE OCT 1     29.46                     44.19 -14.73    26.96
  SINCE JAN 1     12.41                     25.39 -12.98    22.77

SNOWFALL (IN)
  TODAY            0.0
  MONTH TO DATE    0.0
  SINCE JUN 1      0.0
  SINCE JUL 1      0.0

DEGREE DAYS
 HEATING
  TODAY            0                         1     -1        0
  MONTH TO DATE    5                        39    -34        6
  SINCE JUN 1     46                       196   -150      113
  SINCE JUL 1      5                        39    -34        6

 COOLING
  TODAY           16                         4     12        9
  MONTH TO DATE  198                        93    105      183
  SINCE JUN 1    311                       112    199      189
  SINCE JAN 1    316                       117    199      192
..................................................................


WIND (MPH)
  HIGHEST WIND SPEED    13   HIGHEST WIND DIRECTION    NE (30)
  HIGHEST GUST SPEED    18   HIGHEST GUST DIRECTION     N (10)
  AVERAGE WIND SPEED     5.1


SKY COVER
  POSSIBLE SUNSHINE  MM
  AVERAGE SKY COVER 0.1


WEATHER CONDITIONS
 THE FOLLOWING WEATHER WAS RECORDED TODAY.
  NO SIGNIFICANT WEATHER WAS OBSERVED.


RELATIVE HUMIDITY (PERCENT)
 HIGHEST    64           500 AM
 LOWEST      9           500 PM
 AVERAGE    37

..........................................................


THE EUGENE OR CLIMATE NORMALS FOR TOMORROW
                         NORMAL    RECORD    YEAR
 MAXIMUM TEMPERATURE (F)   84        99      1974
                                             1968
                                             1965
 MINIMUM TEMPERATURE (F)   52        42      1944


SUNRISE AND SUNSET
JULY 30 2015..........SUNRISE   558 AM PDT   SUNSET   840 PM PDT
JULY 31 2015..........SUNRISE   559 AM PDT   SUNSET   838 PM PDT


-  INDICATES NEGATIVE NUMBERS.
R  INDICATES RECORD WAS SET OR TIED.
MM INDICATES DATA IS MISSING.
T  INDICATES TRACE AMOUNT.




$$
