000
CDUS46 KPQR 171141
CLIEUG


CLIMATE REPORT
NATIONAL WEATHER SERVICE PORTLAND OREGON
441 AM PDT WED SEP 17 2014


...................................

...THE EUGENE OR CLIMATE SUMMARY FOR SEPTEMBER 16 2014...

CLIMATE NORMAL PERIOD 1981 TO 2010
CLIMATE RECORD PERIOD 1892 TO 2014


WEATHER ITEM   OBSERVED TIME   RECORD YEAR NORMAL DEPARTURE LAST
                VALUE   (LST)  VALUE       VALUE  FROM      YEAR
                                                  NORMAL
..................................................................
TEMPERATURE (F)
 YESTERDAY
  MAXIMUM         82    336 PM  91    1994  77      5       74
  MINIMUM         55    616 AM  35    1936  47      8       57
  AVERAGE         69                        62      7       66

PRECIPITATION (IN)
  YESTERDAY        0.00          1.01 1946   0.05  -0.05     0.00
  MONTH TO DATE    0.00                      0.59  -0.59     0.90
  SINCE OCT 1     27.19                     45.40 -18.21    30.16
  SINCE JAN 1     23.00                     26.60  -3.60    10.82

SNOWFALL (IN)
  YESTERDAY        0.0
  MONTH TO DATE    0.0
  SINCE SEP 1      0.0
  SINCE JUL 1      0.0

DEGREE DAYS
 HEATING
  YESTERDAY        0                         4     -4        0
  MONTH TO DATE    6                        43    -37        2
  SINCE SEP 1      6                        43    -37        2
  SINCE JUL 1     13                       110    -97       20

 COOLING
  YESTERDAY        4                         1      3        1
  MONTH TO DATE   43                        23     20       63
  SINCE SEP 1     43                        23     20       63
  SINCE JAN 1    451                       231    220      411
..................................................................


WIND (MPH)
  HIGHEST WIND SPEED    12   HIGHEST WIND DIRECTION     N (20)
  HIGHEST GUST SPEED    15   HIGHEST GUST DIRECTION    NE (30)
  AVERAGE WIND SPEED     4.6


SKY COVER
  POSSIBLE SUNSHINE  MM
  AVERAGE SKY COVER 0.7


WEATHER CONDITIONS
 THE FOLLOWING WEATHER WAS RECORDED YESTERDAY.
  NO SIGNIFICANT WEATHER WAS OBSERVED.


RELATIVE HUMIDITY (PERCENT)
 HIGHEST    77          1200 AM
 LOWEST     33           300 PM
 AVERAGE    55

..........................................................


THE EUGENE OR CLIMATE NORMALS FOR TODAY
                         NORMAL    RECORD    YEAR
 MAXIMUM TEMPERATURE (F)   77        93      1991
                                             1951
 MINIMUM TEMPERATURE (F)   47        34      1965


SUNRISE AND SUNSET
SEPTEMBER 17 2014.....SUNRISE   654 AM PDT   SUNSET   719 PM PDT
SEPTEMBER 18 2014.....SUNRISE   655 AM PDT   SUNSET   717 PM PDT


-  INDICATES NEGATIVE NUMBERS.
R  INDICATES RECORD WAS SET OR TIED.
MM INDICATES DATA IS MISSING.
T  INDICATES TRACE AMOUNT.




$$
