000
CDUS46 KPQR 050224
CLIEUG


CLIMATE REPORT
NATIONAL WEATHER SERVICE PORTLAND OREGON
724 PM PDT WED MAY 4 2016


...................................

...THE EUGENE OR CLIMATE SUMMARY FOR MAY 4 2016...
VALID TODAY AS OF 0700 PM LOCAL TIME.

CLIMATE NORMAL PERIOD 1981 TO 2010
CLIMATE RECORD PERIOD 1892 TO 2016


WEATHER ITEM   OBSERVED TIME   RECORD YEAR NORMAL DEPARTURE LAST
                VALUE   (LST)  VALUE       VALUE  FROM      YEAR
                                                  NORMAL
..................................................................
TEMPERATURE (F)
 TODAY
  MAXIMUM         65    400 PM  83    2013  65      0       67
                                      1992
                                      1990
  MINIMUM         52    150 AM  31    1996  42     10       42
  AVERAGE         59                        53      6       55

PRECIPITATION (IN)
  TODAY            0.03          1.01 1926   0.09  -0.06     0.00
  MONTH TO DATE    0.03                      0.36  -0.33     0.00
  SINCE OCT 1     37.50                     39.78  -2.28    28.24
  SINCE JAN 1     18.66                     20.98  -2.32    11.19

SNOWFALL (IN)
  TODAY            0.0
  MONTH TO DATE    0.0
  SINCE MAR 1      0.0
  SINCE JUL 1      0.0

DEGREE DAYS
 HEATING
  TODAY            6                        12     -6       10
  MONTH TO DATE   17                        48    -31       41
  SINCE MAR 1    797                      1063   -266      924
  SINCE JUL 1   3602                      4390   -788     3486

 COOLING
  TODAY            0                         0      0        0
  MONTH TO DATE    1                         0      1        0
  SINCE MAR 1      1                         0      1        0
  SINCE JAN 1      1                         0      1        0
..................................................................


WIND (MPH)
  HIGHEST WIND SPEED    17   HIGHEST WIND DIRECTION    NE (30)
  HIGHEST GUST SPEED    21   HIGHEST GUST DIRECTION    NE (40)
  AVERAGE WIND SPEED    10.1


SKY COVER
  POSSIBLE SUNSHINE  MM
  AVERAGE SKY COVER 0.9


WEATHER CONDITIONS
 THE FOLLOWING WEATHER WAS RECORDED TODAY.
  LIGHT RAIN
  FOG


RELATIVE HUMIDITY (PERCENT)
 HIGHEST    93           100 AM
 LOWEST     67           300 PM
 AVERAGE    80

..........................................................


THE EUGENE OR CLIMATE NORMALS FOR TOMORROW
                         NORMAL    RECORD    YEAR
 MAXIMUM TEMPERATURE (F)   65        86      2013
                                             1953
                                             1931
 MINIMUM TEMPERATURE (F)   42        31      1978


SUNRISE AND SUNSET
MAY  4 2016...........SUNRISE   559 AM PDT   SUNSET   821 PM PDT
MAY  5 2016...........SUNRISE   558 AM PDT   SUNSET   822 PM PDT


-  INDICATES NEGATIVE NUMBERS.
R  INDICATES RECORD WAS SET OR TIED.
MM INDICATES DATA IS MISSING.
T  INDICATES TRACE AMOUNT.




$$
