997
CDUS46 KPQR 201144
CLIEUG


CLIMATE REPORT
NATIONAL WEATHER SERVICE PORTLAND OREGON
343 AM PST FRI JAN 20 2017


...................................

...THE EUGENE OR CLIMATE SUMMARY FOR JANUARY 19 2017...

CLIMATE NORMAL PERIOD 1981 TO 2010
CLIMATE RECORD PERIOD 1892 TO 2017


WEATHER ITEM   OBSERVED TIME   RECORD YEAR NORMAL DEPARTURE LAST
                VALUE   (LST)  VALUE       VALUE  FROM      YEAR
                                                  NORMAL
..................................................................
TEMPERATURE (F)
 YESTERDAY
  MAXIMUM         52    309 PM  66    2005  48      4       48
  MINIMUM         40    912 PM  14    1916  34      6       42
  AVERAGE         46                        41      5       45

PRECIPITATION (IN)
  YESTERDAY        0.04          3.77 1964   0.22  -0.18     1.38
  MONTH TO DATE    3.60                      4.45  -0.85     4.96
  SINCE OCT 1     23.19                     23.25  -0.06    23.80
  SINCE JAN 1      3.60                      4.45  -0.85     4.96

SNOWFALL (IN)
  YESTERDAY        0.0
  MONTH TO DATE    5.1
  SINCE DEC 1      5.1
  SINCE JUL 1      5.1

DEGREE DAYS
 HEATING
  YESTERDAY       19                        24     -5       20
  MONTH TO DATE  604                       469    135      469
  SINCE DEC 1   1475                      1253    222     1117
  SINCE JUL 1   2308                      2426   -118     2098

 COOLING
  YESTERDAY        0                         0      0        0
  MONTH TO DATE    0                         0      0        0
  SINCE DEC 1      0                         0      0        0
  SINCE JAN 1      0                         0      0        0
..................................................................


WIND (MPH)
  HIGHEST WIND SPEED    21   HIGHEST WIND DIRECTION     S (200)
  HIGHEST GUST SPEED    27   HIGHEST GUST DIRECTION    SW (220)
  AVERAGE WIND SPEED    10.6


SKY COVER
  POSSIBLE SUNSHINE  MM
  AVERAGE SKY COVER 0.8


WEATHER CONDITIONS
 THE FOLLOWING WEATHER WAS RECORDED YESTERDAY.
  LIGHT RAIN


RELATIVE HUMIDITY (PERCENT)
 HIGHEST   100           800 PM
 LOWEST     71           100 PM
 AVERAGE    86

..........................................................


THE EUGENE OR CLIMATE NORMALS FOR TODAY
                         NORMAL    RECORD    YEAR
 MAXIMUM TEMPERATURE (F)   48        64      2005
                                             1968
 MINIMUM TEMPERATURE (F)   34        12      1962
                                             1930


SUNRISE AND SUNSET
JANUARY 20 2017.......SUNRISE   741 AM PST   SUNSET   507 PM PST
JANUARY 21 2017.......SUNRISE   741 AM PST   SUNSET   509 PM PST


-  INDICATES NEGATIVE NUMBERS.
R  INDICATES RECORD WAS SET OR TIED.
MM INDICATES DATA IS MISSING.
T  INDICATES TRACE AMOUNT.




$$
