000
CDUS43 KPAH 210627
CLIEVV


CLIMATE REPORT
NATIONAL WEATHER SERVICE PADUCAH KY
126 AM CDT SAT OCT 21 2017


...................................

...THE EVANSVILLE IN CLIMATE SUMMARY FOR OCTOBER 20 2017...

CLIMATE NORMAL PERIOD 1981 TO 2010
CLIMATE RECORD PERIOD 1896 TO 2017


WEATHER ITEM   OBSERVED TIME   RECORD YEAR NORMAL DEPARTURE LAST
                VALUE   (LST)  VALUE       VALUE  FROM      YEAR
                                                  NORMAL
..................................................................
TEMPERATURE (F)
 YESTERDAY
  MAXIMUM         77    257 PM  89    1963  68      9       67
  MINIMUM         46    636 AM  24    1972  44      2       54
  AVERAGE         62                        56      6       61

PRECIPITATION (IN)
  YESTERDAY        0.00          0.95 1993   0.10  -0.10     0.12
  MONTH TO DATE    1.55                      2.04  -0.49     0.49
  SINCE SEP 1      4.79                      5.09  -0.30     4.50
  SINCE JAN 1     37.20                     36.01   1.19    42.96

SNOWFALL (IN)
  YESTERDAY        0.0           T    1989   0.0    0.0      0.0
  MONTH TO DATE    0.0                       0.1   -0.1      0.0
  SINCE SEP 1      0.0                       0.1   -0.1      0.0
  SINCE JUL 1      0.0                       0.1   -0.1      0.0
  SNOW DEPTH       0

DEGREE DAYS
 HEATING
  YESTERDAY        3                         9     -6        4
  MONTH TO DATE   54                       138    -84       37
  SINCE SEP 1     69                       184   -115       46
  SINCE JUL 1     69                       185   -116       46

 COOLING
  YESTERDAY        0                         1     -1        0
  MONTH TO DATE   73                        27     46       86
  SINCE SEP 1    271                       194     77      367
  SINCE JAN 1   1561                      1393    168     1753
..................................................................


WIND (MPH)
  HIGHEST WIND SPEED    10   HIGHEST WIND DIRECTION    SE (140)
  HIGHEST GUST SPEED    16   HIGHEST GUST DIRECTION    SE (140)
  AVERAGE WIND SPEED     2.6


SKY COVER
  AVERAGE SKY COVER 0.0


WEATHER CONDITIONS
 THE FOLLOWING WEATHER WAS RECORDED YESTERDAY.
  FOG


RELATIVE HUMIDITY (PERCENT)
 HIGHEST   100
 LOWEST     33
 AVERAGE    67

..........................................................


THE EVANSVILLE IN CLIMATE NORMALS FOR TODAY
                         NORMAL    RECORD    YEAR
 MAXIMUM TEMPERATURE (F)   68        90      1963
 MINIMUM TEMPERATURE (F)   44        26      1952


SUNRISE AND SUNSET
OCTOBER 21 2017.......SUNRISE   705 AM CDT   SUNSET   604 PM CDT
OCTOBER 22 2017.......SUNRISE   706 AM CDT   SUNSET   603 PM CDT


-  INDICATES NEGATIVE NUMBERS.
R  INDICATES RECORD WAS SET OR TIED.
MM INDICATES DATA IS MISSING.
T  INDICATES TRACE AMOUNT.




$$
