000
CDUS43 KPAH 220630
CLIEVV


CLIMATE REPORT
NATIONAL WEATHER SERVICE PADUCAH KY
1228 AM CST SUN JAN 22 2017


...................................

...THE EVANSVILLE IN CLIMATE SUMMARY FOR JANUARY 21 2017...

CLIMATE NORMAL PERIOD 1981 TO 2010
CLIMATE RECORD PERIOD 1896 TO 2017


WEATHER ITEM   OBSERVED TIME   RECORD YEAR NORMAL DEPARTURE LAST
                VALUE   (LST)  VALUE       VALUE  FROM      YEAR
                                                  NORMAL
..................................................................
TEMPERATURE (F)
 YESTERDAY
  MAXIMUM         69    324 PM  71    1986  41     28       33
  MINIMUM         44    142 AM -15    1984  24     20       21
  AVERAGE         57                        32     25       27

PRECIPITATION (IN)
  YESTERDAY        0.00          2.62 1959   0.10  -0.10     0.00
  MONTH TO DATE    2.26                      2.06   0.20     1.78
  SINCE DEC 1      6.18                      5.82   0.36     6.98
  SINCE JAN 1      2.26                      2.06   0.20     1.78

SNOWFALL (IN)
  YESTERDAY        0.0           0.8  1979   0.1   -0.1      0.0
  MONTH TO DATE    0.4                       2.2   -1.8      5.8
  SINCE DEC 1      0.4                       5.4   -5.0      5.8
  SINCE JUL 1      0.4                       5.7   -5.3      5.8
  SNOW DEPTH       0

DEGREE DAYS
 HEATING
  YESTERDAY        8                        33    -25       38
  MONTH TO DATE  528                       688   -160      695
  SINCE DEC 1   1428                      1599   -171     1224
  SINCE JUL 1   1958                      2460   -502     1833

 COOLING
  YESTERDAY        0                         0      0        0
  MONTH TO DATE    0                         0      0        0
  SINCE DEC 1      0                         0      0        3
  SINCE JAN 1      0                         0      0        0
..................................................................


WIND (MPH)
  HIGHEST WIND SPEED    21   HIGHEST WIND DIRECTION    SW (210)
  HIGHEST GUST SPEED    27   HIGHEST GUST DIRECTION    SW (220)
  AVERAGE WIND SPEED     4.9


SKY COVER
  AVERAGE SKY COVER 0.2


WEATHER CONDITIONS
 THE FOLLOWING WEATHER WAS RECORDED YESTERDAY.
  FOG
  FOG W/VISIBILITY <= 1/4 MILE


RELATIVE HUMIDITY (PERCENT)
 HIGHEST   100
 LOWEST     52
 AVERAGE    76

..........................................................


THE EVANSVILLE IN CLIMATE NORMALS FOR TODAY
                         NORMAL    RECORD    YEAR
 MAXIMUM TEMPERATURE (F)   41        70      1964
 MINIMUM TEMPERATURE (F)   24        -6      1977
                                             1936


SUNRISE AND SUNSET
JANUARY 22 2017.......SUNRISE   702 AM CST   SUNSET   502 PM CST
JANUARY 23 2017.......SUNRISE   701 AM CST   SUNSET   503 PM CST


-  INDICATES NEGATIVE NUMBERS.
R  INDICATES RECORD WAS SET OR TIED.
MM INDICATES DATA IS MISSING.
T  INDICATES TRACE AMOUNT.




$$
