000
CDUS43 KPAH 280633
CLIEVV


CLIMATE REPORT
NATIONAL WEATHER SERVICE PADUCAH KY
1232 AM CST TUE FEB 28 2017


...................................

...THE EVANSVILLE IN CLIMATE SUMMARY FOR FEBRUARY 27 2017...

CLIMATE NORMAL PERIOD 1981 TO 2010
CLIMATE RECORD PERIOD 1896 TO 2017


WEATHER ITEM   OBSERVED TIME   RECORD YEAR NORMAL DEPARTURE LAST
                VALUE   (LST)  VALUE       VALUE  FROM      YEAR
                                                  NORMAL
..................................................................
TEMPERATURE (F)
 YESTERDAY
  MAXIMUM         59    444 PM  77    1996  50      9       58
  MINIMUM         44    730 AM  -1    1934  30     14       26
  AVERAGE         52                        40     12       42

PRECIPITATION (IN)
  YESTERDAY        0.03          1.24 1996   0.11  -0.08     0.00
  MONTH TO DATE    0.84                      3.06  -2.22     4.07
  SINCE DEC 1      7.03                      9.92  -2.89    11.27
  SINCE JAN 1      3.11                      6.16  -3.05     6.07

SNOWFALL (IN)
  YESTERDAY        0.0           6.9  1984   0.1   -0.1      0.0
  MONTH TO DATE    T                         3.7   -3.7      3.3
  SINCE DEC 1      0.4                      10.3   -9.9     14.2
  SINCE JUL 1      0.4                      10.6  -10.2     14.2
  SNOW DEPTH       0

DEGREE DAYS
 HEATING
  YESTERDAY       13                        25    -12       23
  MONTH TO DATE  502                       771   -269      699
  SINCE DEC 1   2165                      2689   -524     2180
  SINCE JUL 1   2695                      3550   -855     2789

 COOLING
  YESTERDAY        0                         0      0        0
  MONTH TO DATE    0                         0      0        0
  SINCE DEC 1      0                         0      0        3
  SINCE JAN 1      0                         0      0        0
..................................................................


WIND (MPH)
  HIGHEST WIND SPEED    13   HIGHEST WIND DIRECTION     S (180)
  HIGHEST GUST SPEED    18   HIGHEST GUST DIRECTION     S (190)
  AVERAGE WIND SPEED     4.8


SKY COVER
  AVERAGE SKY COVER 0.7


WEATHER CONDITIONS
 THE FOLLOWING WEATHER WAS RECORDED YESTERDAY.
  LIGHT RAIN


RELATIVE HUMIDITY (PERCENT)
 HIGHEST    86
 LOWEST     42
 AVERAGE    64

..........................................................


THE EVANSVILLE IN CLIMATE NORMALS FOR TODAY
                         NORMAL    RECORD    YEAR
 MAXIMUM TEMPERATURE (F)   51        75      1918
 MINIMUM TEMPERATURE (F)   31         4      1993


SUNRISE AND SUNSET
FEBRUARY 28 2017......SUNRISE   623 AM CST   SUNSET   543 PM CST
MARCH  1 2017.........SUNRISE   621 AM CST   SUNSET   544 PM CST


-  INDICATES NEGATIVE NUMBERS.
R  INDICATES RECORD WAS SET OR TIED.
MM INDICATES DATA IS MISSING.
T  INDICATES TRACE AMOUNT.




$$
