000
CDUS45 KSLC 290122
CLIEVW


CLIMATE REPORT
NATIONAL WEATHER SERVICE SALT LAKE CITY UT
622 PM MST SUN DEC 28 2014


...................................

...THE EVANSTON WY CLIMATE SUMMARY FOR DECEMBER 28 2014...
VALID TODAY AS OF 0500 PM LOCAL TIME.

CLIMATE NORMAL PERIOD 1981 TO 2010
CLIMATE RECORD PERIOD 9999 TO 9999


WEATHER ITEM   OBSERVED TIME   RECORD YEAR NORMAL DEPARTURE LAST
                VALUE   (LST)  VALUE       VALUE  FROM      YEAR
                                                  NORMAL
..................................................................
TEMPERATURE (F)
 TODAY
  MAXIMUM         MM        MM  MM      MM  28     MM       34
  MINIMUM         MM        MM  MM      MM  13     MM       15
  AVERAGE         MM                        20     MM       25

PRECIPITATION (IN)
  TODAY            T            MM      MM   0.01  -0.01     0.00
  MONTH TO DATE    0.18                      0.52  -0.34     0.06
  SINCE OCT 1      0.88                      2.73  -1.85     1.20
  SINCE JAN 1     10.01                     12.07  -2.06     5.26

DEGREE DAYS
 HEATING
  TODAY           MM                        44     MM       40
  MONTH TO DATE  914                      1239   -325     1293
  SINCE DEC 1    914                      1239   -325     1293
  SINCE JUL 1   2710                      3348   -638     3188

 COOLING
  TODAY           MM                         0     MM        0
  MONTH TO DATE    0                         0      0        0
  SINCE DEC 1      0                         0      0        0
  SINCE JAN 1    219                       162     57      348
..................................................................


WIND (MPH)
  RESULTANT WIND SPEED  16   RESULTANT WIND DIRECTION  SW (230)
  HIGHEST WIND SPEED    23   HIGHEST WIND DIRECTION    SW (240)
  HIGHEST GUST SPEED    30   HIGHEST GUST DIRECTION    SW (230)
  AVERAGE WIND SPEED    16.4


SKY COVER
  POSSIBLE SUNSHINE  MM
  AVERAGE SKY COVER 1.0


WEATHER CONDITIONS
 THE FOLLOWING WEATHER WAS RECORDED TODAY.
  LIGHT SNOW
  FOG


RELATIVE HUMIDITY (PERCENT)
 HIGHEST    92           900 AM
 LOWEST     59           300 AM
 AVERAGE    76

..........................................................


THE EVANSTON WY CLIMATE NORMALS FOR TOMORROW
                         NORMAL    RECORD    YEAR
 MAXIMUM TEMPERATURE (F)   28        MM        MM
 MINIMUM TEMPERATURE (F)   14        MM        MM


SUNRISE AND SUNSET
DECEMBER 28 2014......SUNRISE   749 AM MST   SUNSET   502 PM MST
DECEMBER 29 2014......SUNRISE   749 AM MST   SUNSET   503 PM MST


-  INDICATES NEGATIVE NUMBERS.
R  INDICATES RECORD WAS SET OR TIED.
MM INDICATES DATA IS MISSING.
T  INDICATES TRACE AMOUNT.




$$
