000
CDUS45 KSLC 271233
CLIEVW


CLIMATE REPORT
NATIONAL WEATHER SERVICE SALT LAKE CITY UT
532 AM MST FRI FEB 27 2015


...................................

...THE EVANSTON WY CLIMATE SUMMARY FOR FEBRUARY 26 2015...

CLIMATE NORMAL PERIOD 1981 TO 2010
CLIMATE RECORD PERIOD 9999 TO 9999


WEATHER ITEM   OBSERVED TIME   RECORD YEAR NORMAL DEPARTURE LAST
                VALUE   (LST)  VALUE       VALUE  FROM      YEAR
                                                  NORMAL
..................................................................
TEMPERATURE (F)
 YESTERDAY
  MAXIMUM         28    215 PM  MM      MM  34     -6       45
  MINIMUM         16   1159 PM  MM      MM  17     -1       27
  AVERAGE         22                        25     -3       36

PRECIPITATION (IN)
  YESTERDAY        0.08         MM      MM   0.03   0.05     0.00
  MONTH TO DATE    0.35                      0.57  -0.22      T
  SINCE OCT 1      1.87                      3.90  -2.03     1.23
  SINCE JAN 1      0.99                      1.11  -0.12     0.03

DEGREE DAYS
 HEATING
  YESTERDAY       43                        40      3       29
  MONTH TO DATE  798                      1098   -300     1010
  SINCE DEC 1   3089                      3818   -729     3695
  SINCE JUL 1   4885                      5927  -1042     5590

 COOLING
  YESTERDAY        0                         0      0        0
  MONTH TO DATE    0                         0      0        0
  SINCE DEC 1      0                         0      0        0
  SINCE JAN 1      0                         0      0        0
..................................................................


WIND (MPH)
  RESULTANT WIND SPEED   6   RESULTANT WIND DIRECTION   E (100)
  HIGHEST WIND SPEED    14   HIGHEST WIND DIRECTION     E (100)
  HIGHEST GUST SPEED    16   HIGHEST GUST DIRECTION     E (90)
  AVERAGE WIND SPEED     7.0


SKY COVER
  POSSIBLE SUNSHINE  MM
  AVERAGE SKY COVER 0.8


WEATHER CONDITIONS
 THE FOLLOWING WEATHER WAS RECORDED YESTERDAY.
  HEAVY SNOW
  SNOW
  LIGHT SNOW
  FOG
  FOG W/VISIBILITY <= 1/4 MILE


RELATIVE HUMIDITY (PERCENT)
 HIGHEST    96           800 PM
 LOWEST     68          1100 AM
 AVERAGE    82

..........................................................


THE EVANSTON WY CLIMATE NORMALS FOR TODAY
                         NORMAL    RECORD    YEAR
 MAXIMUM TEMPERATURE (F)   34        MM        MM
 MINIMUM TEMPERATURE (F)   17        MM        MM


SUNRISE AND SUNSET
FEBRUARY 27 2015......SUNRISE   702 AM MST   SUNSET   612 PM MST
FEBRUARY 28 2015......SUNRISE   700 AM MST   SUNSET   614 PM MST


-  INDICATES NEGATIVE NUMBERS.
R  INDICATES RECORD WAS SET OR TIED.
MM INDICATES DATA IS MISSING.
T  INDICATES TRACE AMOUNT.




$$
