000
CDUS45 KSLC 231239
CLIEVW


CLIMATE REPORT
NATIONAL WEATHER SERVICE SALT LAKE CITY UT
639 AM MDT TUE MAY 23 2017


...................................

...THE EVANSTON WY CLIMATE SUMMARY FOR MAY 22 2017...

CLIMATE NORMAL PERIOD 1981 TO 2010
CLIMATE RECORD PERIOD 9999 TO 9999


WEATHER ITEM   OBSERVED TIME   RECORD YEAR NORMAL DEPARTURE LAST
                VALUE   (LST)  VALUE       VALUE  FROM      YEAR
                                                  NORMAL
..................................................................
TEMPERATURE (F)
 YESTERDAY
  MAXIMUM         65    235 PM  MM      MM  63      2       45
  MINIMUM         36    530 AM  MM      MM  38     -2       33
  AVERAGE         51                        51      0       39

PRECIPITATION (IN)
  YESTERDAY        T            MM      MM   0.05  -0.05     0.07
  MONTH TO DATE    0.14                      1.29  -1.15     1.91
  SINCE OCT 1      5.06                      7.24  -2.18     4.23
  SINCE JAN 1      3.48                      4.45  -0.97     3.24

DEGREE DAYS
 HEATING
  YESTERDAY       14                        14      0       26
  MONTH TO DATE  361                       387    -26      375
  SINCE MAR 1   1988                      2216   -228     1950
  SINCE JUL 1   7565                      8224   -659     7477

 COOLING
  YESTERDAY        0                         0      0        0
  MONTH TO DATE    0                         0      0        0
  SINCE MAR 1      0                         0      0        0
  SINCE JAN 1      0                         0      0        0
..................................................................


WIND (MPH)
  RESULTANT WIND SPEED   5   RESULTANT WIND DIRECTION  NW (310)
  HIGHEST WIND SPEED    24   HIGHEST WIND DIRECTION    NW (320)
  HIGHEST GUST SPEED    31   HIGHEST GUST DIRECTION    NW (300)
  AVERAGE WIND SPEED    10.0


SKY COVER
  POSSIBLE SUNSHINE  MM
  AVERAGE SKY COVER 0.4


WEATHER CONDITIONS
 THE FOLLOWING WEATHER WAS RECORDED YESTERDAY.
  THUNDERSTORM
  LIGHT RAIN


RELATIVE HUMIDITY (PERCENT)
 HIGHEST   100           400 AM
 LOWEST     34           300 PM
 AVERAGE    67

..........................................................


THE EVANSTON WY CLIMATE NORMALS FOR TODAY
                         NORMAL    RECORD    YEAR
 MAXIMUM TEMPERATURE (F)   63        MM        MM
 MINIMUM TEMPERATURE (F)   38        MM        MM


SUNRISE AND SUNSET
MAY 23 2017...........SUNRISE   559 AM MDT   SUNSET   844 PM MDT
MAY 24 2017...........SUNRISE   558 AM MDT   SUNSET   845 PM MDT


-  INDICATES NEGATIVE NUMBERS.
R  INDICATES RECORD WAS SET OR TIED.
MM INDICATES DATA IS MISSING.
T  INDICATES TRACE AMOUNT.




$$
