000
CDUS45 KSLC 261226
CLIEVW


CLIMATE REPORT
NATIONAL WEATHER SERVICE SALT LAKE CITY UT
626 AM MDT THU MAY 26 2016


...................................

...THE EVANSTON WY CLIMATE SUMMARY FOR MAY 25 2016...

CLIMATE NORMAL PERIOD 1981 TO 2010
CLIMATE RECORD PERIOD 9999 TO 9999


WEATHER ITEM   OBSERVED TIME   RECORD YEAR NORMAL DEPARTURE LAST
                VALUE   (LST)  VALUE       VALUE  FROM      YEAR
                                                  NORMAL
..................................................................
TEMPERATURE (F)
 YESTERDAY
  MAXIMUM         56    528 PM  MM      MM  64     -8       55
  MINIMUM         34    219 AM  MM      MM  39     -5       41
  AVERAGE         45                        51     -6       48

PRECIPITATION (IN)
  YESTERDAY        T            MM      MM   0.04  -0.04     0.18
  MONTH TO DATE    1.92                      1.45   0.47     3.93
  SINCE OCT 1      4.24                      7.40  -3.16     6.83
  SINCE JAN 1      3.25                      4.61  -1.36     5.95

DEGREE DAYS
 HEATING
  YESTERDAY       20                        14      6       17
  MONTH TO DATE  434                       429      5      443
  SINCE MAR 1   2009                      2258   -249     1896
  SINCE JUL 1   7536                      8266   -730     6868

 COOLING
  YESTERDAY        0                         0      0        0
  MONTH TO DATE    0                         0      0        0
  SINCE MAR 1      0                         0      0        0
  SINCE JAN 1      0                         0      0        0
..................................................................


WIND (MPH)
  RESULTANT WIND SPEED   7   RESULTANT WIND DIRECTION  SW (240)
  HIGHEST WIND SPEED    22   HIGHEST WIND DIRECTION     S (200)
  HIGHEST GUST SPEED    28   HIGHEST GUST DIRECTION     S (200)
  AVERAGE WIND SPEED     9.9


SKY COVER
  POSSIBLE SUNSHINE  MM
  AVERAGE SKY COVER 0.6


WEATHER CONDITIONS
 THE FOLLOWING WEATHER WAS RECORDED YESTERDAY.
  THUNDERSTORM
  LIGHT RAIN


RELATIVE HUMIDITY (PERCENT)
 HIGHEST    89           100 AM
 LOWEST     43           300 PM
 AVERAGE    66

..........................................................


THE EVANSTON WY CLIMATE NORMALS FOR TODAY
                         NORMAL    RECORD    YEAR
 MAXIMUM TEMPERATURE (F)   64        MM        MM
 MINIMUM TEMPERATURE (F)   39        MM        MM


SUNRISE AND SUNSET
MAY 26 2016...........SUNRISE   556 AM MDT   SUNSET   847 PM MDT
MAY 27 2016...........SUNRISE   556 AM MDT   SUNSET   847 PM MDT


-  INDICATES NEGATIVE NUMBERS.
R  INDICATES RECORD WAS SET OR TIED.
MM INDICATES DATA IS MISSING.
T  INDICATES TRACE AMOUNT.




$$
