886
CDUS45 KSLC 100032
CLIEVW


CLIMATE REPORT
NATIONAL WEATHER SERVICE SALT LAKE CITY UT
531 PM MST TUE FEB 9 2016


...................................

...THE EVANSTON WY CLIMATE SUMMARY FOR FEBRUARY 9 2016...
VALID TODAY AS OF 0500 PM LOCAL TIME.

CLIMATE NORMAL PERIOD 1981 TO 2010
CLIMATE RECORD PERIOD 9999 TO 9999


WEATHER ITEM   OBSERVED TIME   RECORD YEAR NORMAL DEPARTURE LAST
                VALUE   (LST)  VALUE       VALUE  FROM      YEAR
                                                  NORMAL
..................................................................
TEMPERATURE (F)
 TODAY
  MAXIMUM         38        MM  MM      MM  30      8       49
  MINIMUM         20    500 AM  MM      MM  14      6       32
  AVERAGE         29                        22      7       41

PRECIPITATION (IN)
  TODAY            0.00         MM      MM   0.03  -0.03     0.04
  MONTH TO DATE    0.01                      0.17  -0.16     0.21
  SINCE OCT 1      1.30                      3.50  -2.20     1.73
  SINCE JAN 1      0.31                      0.71  -0.40     0.85

DEGREE DAYS
 HEATING
  TODAY           36                        43     -7       24
  MONTH TO DATE  420                       389     31      225
  SINCE DEC 1   3179                      3109     70     2516
  SINCE JUL 1   4868                      5218   -350     4312

 COOLING
  TODAY            0                         0      0        0
  MONTH TO DATE    0                         0      0        0
  SINCE DEC 1      0                         0      0        0
  SINCE JAN 1      0                         0      0        0
..................................................................


WIND (MPH)
  RESULTANT WIND SPEED   6   RESULTANT WIND DIRECTION   S (200)
  HIGHEST WIND SPEED    12   HIGHEST WIND DIRECTION    SW (210)
  HIGHEST GUST SPEED    MM   HIGHEST GUST DIRECTION    MM
  AVERAGE WIND SPEED     6.6


SKY COVER
  POSSIBLE SUNSHINE  MM
  AVERAGE SKY COVER 0.0


WEATHER CONDITIONS
 THE FOLLOWING WEATHER WAS RECORDED TODAY.
  NO SIGNIFICANT WEATHER WAS OBSERVED.


RELATIVE HUMIDITY (PERCENT)
 HIGHEST    81           700 AM
 LOWEST     54           400 PM
 AVERAGE    68

..........................................................


THE EVANSTON WY CLIMATE NORMALS FOR TOMORROW
                         NORMAL    RECORD    YEAR
 MAXIMUM TEMPERATURE (F)   30        MM        MM
 MINIMUM TEMPERATURE (F)   14        MM        MM


SUNRISE AND SUNSET
FEBRUARY  9 2016......SUNRISE   727 AM MST   SUNSET   550 PM MST
FEBRUARY 10 2016......SUNRISE   726 AM MST   SUNSET   551 PM MST


-  INDICATES NEGATIVE NUMBERS.
R  INDICATES RECORD WAS SET OR TIED.
MM INDICATES DATA IS MISSING.
T  INDICATES TRACE AMOUNT.




$$
