000
CDUS45 KSLC 211245
CLIEVW


CLIMATE REPORT
NATIONAL WEATHER SERVICE SALT LAKE CITY UT
644 AM MDT SUN SEP 21 2014


...................................

...THE EVANSTON WY CLIMATE SUMMARY FOR SEPTEMBER 20 2014...

CLIMATE NORMAL PERIOD 1981 TO 2010
CLIMATE RECORD PERIOD 9999 TO 9999


WEATHER ITEM   OBSERVED TIME   RECORD YEAR NORMAL DEPARTURE LAST
                VALUE   (LST)  VALUE       VALUE  FROM      YEAR
                                                  NORMAL
..................................................................
TEMPERATURE (F)
 YESTERDAY
  MAXIMUM         78    429 PM  MM      MM  67     11       74
  MINIMUM         46    657 AM  MM      MM  41      5       36
  AVERAGE         62                        54      8       55

PRECIPITATION (IN)
  YESTERDAY        0.00         MM      MM   0.05  -0.05     0.00
  MONTH TO DATE    0.88                      0.83   0.05     1.33
  SINCE OCT 1      7.69                     11.65  -3.96     6.14
  SINCE JAN 1      6.49                      8.86  -2.37     3.91

DEGREE DAYS
 HEATING
  YESTERDAY        3                        11     -8       10
  MONTH TO DATE   96                       162    -66       99
  SINCE SEP 1     96                       162    -66       99
  SINCE JUL 1    216                       265    -49      113

 COOLING
  YESTERDAY        0                         0      0        0
  MONTH TO DATE    8                         0      8       26
  SINCE SEP 1      8                         0      8       26
  SINCE JAN 1    214                       157     57      348
..................................................................


WIND (MPH)
  RESULTANT WIND SPEED   3   RESULTANT WIND DIRECTION   E (70)
  HIGHEST WIND SPEED    14   HIGHEST WIND DIRECTION     N (10)
  HIGHEST GUST SPEED    18   HIGHEST GUST DIRECTION     N (360)
  AVERAGE WIND SPEED     5.4


SKY COVER
  POSSIBLE SUNSHINE  MM
  AVERAGE SKY COVER 0.0


WEATHER CONDITIONS
 THE FOLLOWING WEATHER WAS RECORDED YESTERDAY.
  NO SIGNIFICANT WEATHER WAS OBSERVED.


RELATIVE HUMIDITY (PERCENT)
 HIGHEST    66           500 AM
 LOWEST     12           300 PM
 AVERAGE    39

..........................................................


THE EVANSTON WY CLIMATE NORMALS FOR TODAY
                         NORMAL    RECORD    YEAR
 MAXIMUM TEMPERATURE (F)   67        MM        MM
 MINIMUM TEMPERATURE (F)   40        MM        MM


SUNRISE AND SUNSET
SEPTEMBER 21 2014.....SUNRISE   711 AM MDT   SUNSET   723 PM MDT
SEPTEMBER 22 2014.....SUNRISE   712 AM MDT   SUNSET   721 PM MDT


-  INDICATES NEGATIVE NUMBERS.
R  INDICATES RECORD WAS SET OR TIED.
MM INDICATES DATA IS MISSING.
T  INDICATES TRACE AMOUNT.




$$
