000
CDUS42 KMHX 230525
CLIEWN


CLIMATE REPORT
NATIONAL WEATHER SERVICE NEWPORT/MOREHEAD CITY NC
125 AM EDT THU MAR 23 2017


...................................

...THE NEW BERN NC CLIMATE SUMMARY FOR MARCH 22 2017...

CLIMATE NORMAL PERIOD 1981 TO 2010
CLIMATE RECORD PERIOD 1948 TO 2017


WEATHER ITEM   OBSERVED TIME   RECORD YEAR NORMAL DEPARTURE LAST
                VALUE   (LST)  VALUE       VALUE  FROM      YEAR
                                                  NORMAL
..................................................................
TEMPERATURE (F)
 YESTERDAY
  MAXIMUM         61    311 PM  86    2011  67     -6       67
  MINIMUM         41   1159 PM  23    1965  44     -3       33
  AVERAGE         51                        55     -4       50

PRECIPITATION (IN)
  YESTERDAY        0.22          1.61 1985   0.13   0.09     0.00
  MONTH TO DATE    3.19                      3.17   0.02     2.04
  SINCE MAR 1      3.19                      3.17   0.02     2.04
  SINCE JAN 1      9.41                     10.85  -1.44    13.06

SNOWFALL (IN)
  YESTERDAY       MM
  MONTH TO DATE    0.0
  SINCE NOV 1      T
  SINCE JUL 1      T
  SNOW DEPTH       0

DEGREE DAYS
 HEATING
  YESTERDAY       14                        10      4       15
  MONTH TO DATE  361                       289     72      192
  SINCE MAR 1    361                       289     72      192
  SINCE JUL 1   2101                      2435   -334     1880

 COOLING
  YESTERDAY        0                         0      0        0
  MONTH TO DATE    8                         0      8       36
  SINCE MAR 1      8                         0      8       36
  SINCE JAN 1     14                         3     11       36
..................................................................


WIND (MPH)
  HIGHEST WIND SPEED    22   HIGHEST WIND DIRECTION    NE (40)
  HIGHEST GUST SPEED    27   HIGHEST GUST DIRECTION    NE (40)
  AVERAGE WIND SPEED     9.6


SKY COVER
  POSSIBLE SUNSHINE  MM
  AVERAGE SKY COVER 0.6


WEATHER CONDITIONS
 THE FOLLOWING WEATHER WAS RECORDED YESTERDAY.
  THUNDERSTORM
  HEAVY RAIN
  RAIN
  LIGHT RAIN
  FOG


RELATIVE HUMIDITY (PERCENT)
 HIGHEST   100           700 AM
 LOWEST     26           500 PM
 AVERAGE    63

..........................................................


THE NEW BERN NC CLIMATE NORMALS FOR TODAY
                         NORMAL    RECORD    YEAR
 MAXIMUM TEMPERATURE (F)   67        87      2011
 MINIMUM TEMPERATURE (F)   44        26      2002


SUNRISE AND SUNSET
MARCH 23 2017.........SUNRISE   707 AM EDT   SUNSET   723 PM EDT
MARCH 24 2017.........SUNRISE   706 AM EDT   SUNSET   723 PM EDT


-  INDICATES NEGATIVE NUMBERS.
R  INDICATES RECORD WAS SET OR TIED.
MM INDICATES DATA IS MISSING.
T  INDICATES TRACE AMOUNT.




$$
