000
CDUS42 KMHX 230528
CLIEWN


CLIMATE REPORT
NATIONAL WEATHER SERVICE NEWPORT/MOREHEAD CITY NC
127 AM EDT WED APR 23 2014


...................................

...THE NEW BERN NC CLIMATE SUMMARY FOR APRIL 22 2014...

CLIMATE NORMAL PERIOD 1981 TO 2010
CLIMATE RECORD PERIOD 1948 TO 2014


WEATHER ITEM   OBSERVED TIME   RECORD YEAR NORMAL DEPARTURE LAST
                VALUE   (LST)  VALUE       VALUE  FROM      YEAR
                                                  NORMAL
..................................................................
TEMPERATURE (F)
 YESTERDAY
  MAXIMUM         84    258 PM  92    1985  75      9       59
  MINIMUM         45    549 AM  36    1983  52     -7       45
  AVERAGE         65                        64      1       52

PRECIPITATION (IN)
  YESTERDAY        0.00          1.79 1972   0.11  -0.11     0.02
  MONTH TO DATE    3.55                      2.30   1.25     1.74
  SINCE MAR 1      8.15                      6.69   1.46     2.91
  SINCE JAN 1     14.68                     14.37   0.31     9.05

SNOWFALL (IN)
  YESTERDAY        0.0
  MONTH TO DATE    0.0
  SINCE NOV 1     14.0
  SINCE JUL 1     14.0
  SNOW DEPTH       0

DEGREE DAYS
 HEATING
  YESTERDAY        0                         4     -4       13
  MONTH TO DATE   91                       127    -36      123
  SINCE MAR 1    549                       496     53      605
  SINCE JUL 1   2623                      2642    -19     2531

 COOLING
  YESTERDAY        0                         2     -2        0
  MONTH TO DATE   43                        34      9       59
  SINCE MAR 1     46                        45      1       60
  SINCE JAN 1     51                        48      3       67
..................................................................


WIND (MPH)
  HIGHEST WIND SPEED    16   HIGHEST WIND DIRECTION     S (180)
  HIGHEST GUST SPEED    21   HIGHEST GUST DIRECTION     S (170)
  AVERAGE WIND SPEED     5.8


SKY COVER
  POSSIBLE SUNSHINE  MM
  AVERAGE SKY COVER 0.2


WEATHER CONDITIONS
 THE FOLLOWING WEATHER WAS RECORDED YESTERDAY.
  FOG
  FOG W/VISIBILITY <= 1/4 MILE


RELATIVE HUMIDITY (PERCENT)
 HIGHEST    93           200 AM
 LOWEST     28           200 PM
 AVERAGE    61

..........................................................


THE NEW BERN NC CLIMATE NORMALS FOR TODAY
                         NORMAL    RECORD    YEAR
 MAXIMUM TEMPERATURE (F)   75        92      1980
 MINIMUM TEMPERATURE (F)   52        38      1986


SUNRISE AND SUNSET
APRIL 23 2014.........SUNRISE   626 AM EDT   SUNSET   747 PM EDT
APRIL 24 2014.........SUNRISE   625 AM EDT   SUNSET   748 PM EDT


-  INDICATES NEGATIVE NUMBERS.
R  INDICATES RECORD WAS SET OR TIED.
MM INDICATES DATA IS MISSING.
T  INDICATES TRACE AMOUNT.




$$
