000
CDUS42 KMHX 180534
CLIEWN


CLIMATE REPORT
NATIONAL WEATHER SERVICE NEWPORT/MOREHEAD CITY NC
1233 AM EST THU JAN 18 2018


...................................

...THE NEW BERN NC CLIMATE SUMMARY FOR JANUARY 17 2018...

CLIMATE NORMAL PERIOD 1981 TO 2010
CLIMATE RECORD PERIOD 1948 TO 2018


WEATHER ITEM   OBSERVED TIME   RECORD YEAR NORMAL DEPARTURE LAST
                VALUE   (LST)  VALUE       VALUE  FROM      YEAR
                                                  NORMAL
..................................................................
TEMPERATURE (F)
 YESTERDAY
  MAXIMUM         51   1221 PM  78    1949  54     -3       72
  MINIMUM         25   1159 PM  10    1977  34     -9       42
  AVERAGE         38                        44     -6       57

PRECIPITATION (IN)
  YESTERDAY        0.01          1.21 2011   0.14  -0.13     0.00
  MONTH TO DATE    1.38                      2.26  -0.88     2.86
  SINCE DEC 1      5.61                      5.66  -0.05     6.36
  SINCE JAN 1      1.38                      2.26  -0.88     2.86

SNOWFALL (IN)
  YESTERDAY       MM
  MONTH TO DATE    5.0
  SINCE NOV 1      5.0
  SINCE JUL 1      5.0
  SNOW DEPTH       0

DEGREE DAYS
 HEATING
  YESTERDAY       27                        21      6        8
  MONTH TO DATE  534                       357    177      295
  SINCE DEC 1   1155                       924    231      833
  SINCE JUL 1   1594                      1351    243     1228

 COOLING
  YESTERDAY        0                         0      0        0
  MONTH TO DATE    3                         0      3        0
  SINCE DEC 1      3                         3      0        0
  SINCE JAN 1      3                         0      3        0
..................................................................


WIND (MPH)
  HIGHEST WIND SPEED    24   HIGHEST WIND DIRECTION     N (10)
  HIGHEST GUST SPEED    28   HIGHEST GUST DIRECTION     N (350)
  AVERAGE WIND SPEED     9.1


SKY COVER
  POSSIBLE SUNSHINE  MM
  AVERAGE SKY COVER 0.3


WEATHER CONDITIONS
 THE FOLLOWING WEATHER WAS RECORDED YESTERDAY.
  LIGHT SNOW
  FOG
  HAZE


RELATIVE HUMIDITY (PERCENT)
 HIGHEST   100           300 AM
 LOWEST     46          1200 PM
 AVERAGE    73

..........................................................


THE NEW BERN NC CLIMATE NORMALS FOR TODAY
                         NORMAL    RECORD    YEAR
 MAXIMUM TEMPERATURE (F)   54        74      1990
 MINIMUM TEMPERATURE (F)   34        14      1959


SUNRISE AND SUNSET
JANUARY 18 2018.......SUNRISE   715 AM EST   SUNSET   523 PM EST
JANUARY 19 2018.......SUNRISE   715 AM EST   SUNSET   524 PM EST


-  INDICATES NEGATIVE NUMBERS.
R  INDICATES RECORD WAS SET OR TIED.
MM INDICATES DATA IS MISSING.
T  INDICATES TRACE AMOUNT.




$$
