000
CDUS42 KMHX 220530
CLIEWN


CLIMATE REPORT
NATIONAL WEATHER SERVICE NEWPORT/MOREHEAD CITY NC
129 AM EDT TUE AUG 22 2017


...................................

...THE NEW BERN NC CLIMATE SUMMARY FOR AUGUST 21 2017...

CLIMATE NORMAL PERIOD 1981 TO 2010
CLIMATE RECORD PERIOD 1948 TO 2017


WEATHER ITEM   OBSERVED TIME   RECORD YEAR NORMAL DEPARTURE LAST
                VALUE   (LST)  VALUE       VALUE  FROM      YEAR
                                                  NORMAL
..................................................................
TEMPERATURE (F)
 YESTERDAY
  MAXIMUM         88   1245 PM 101    2007  88      0       93
  MINIMUM         72    454 AM  58    1998  70      2       74
  AVERAGE         80                        79      1       84

PRECIPITATION (IN)
  YESTERDAY        0.00          1.15 1979   0.21  -0.21     0.00
                                      1979
                                      2010
  MONTH TO DATE    5.62                      4.61   1.01     3.83
  SINCE JUN 1     16.52                     15.37   1.15    19.35
  SINCE JAN 1     36.03                     34.76   1.27    42.06

SNOWFALL (IN)
  YESTERDAY        0.0
  MONTH TO DATE    0.0
  SINCE NOV 1      T
  SINCE JUL 1      0.0
  SNOW DEPTH       0

DEGREE DAYS
 HEATING
  YESTERDAY        0                         0      0        0
  MONTH TO DATE    0                         0      0        0
  SINCE JUN 1      2                         1      1        0
  SINCE JUL 1      0                         0      0        0

 COOLING
  YESTERDAY       15                        14      1       19
  MONTH TO DATE  310                       307      3      381
  SINCE JUN 1   1189                      1154     35     1339
  SINCE JAN 1   1561                      1397    164     1609
..................................................................


WIND (MPH)
  HIGHEST WIND SPEED    12   HIGHEST WIND DIRECTION     E (110)
  HIGHEST GUST SPEED    16   HIGHEST GUST DIRECTION    NE (60)
  AVERAGE WIND SPEED     3.7


SKY COVER
  POSSIBLE SUNSHINE  MM
  AVERAGE SKY COVER 0.3


WEATHER CONDITIONS
 THE FOLLOWING WEATHER WAS RECORDED YESTERDAY.
  FOG
  FOG W/VISIBILITY <= 1/4 MILE


RELATIVE HUMIDITY (PERCENT)
 HIGHEST   100          1200 AM
 LOWEST     68           100 PM
 AVERAGE    84

..........................................................


THE NEW BERN NC CLIMATE NORMALS FOR TODAY
                         NORMAL    RECORD    YEAR
 MAXIMUM TEMPERATURE (F)   87       100      1983
 MINIMUM TEMPERATURE (F)   70        60      1969


SUNRISE AND SUNSET
AUGUST 22 2017........SUNRISE   634 AM EDT   SUNSET   748 PM EDT
AUGUST 23 2017........SUNRISE   634 AM EDT   SUNSET   747 PM EDT


-  INDICATES NEGATIVE NUMBERS.
R  INDICATES RECORD WAS SET OR TIED.
MM INDICATES DATA IS MISSING.
T  INDICATES TRACE AMOUNT.




$$
