000
CDUS42 KMHX 230525
CLIEWN


CLIMATE REPORT
NATIONAL WEATHER SERVICE NEWPORT/MOREHEAD CITY NC
125 AM EDT SUN APR 23 2017


...................................

...THE NEW BERN NC CLIMATE SUMMARY FOR APRIL 22 2017...

CLIMATE NORMAL PERIOD 1981 TO 2010
CLIMATE RECORD PERIOD 1948 TO 2017


WEATHER ITEM   OBSERVED TIME   RECORD YEAR NORMAL DEPARTURE LAST
                VALUE   (LST)  VALUE       VALUE  FROM      YEAR
                                                  NORMAL
..................................................................
TEMPERATURE (F)
 YESTERDAY
  MAXIMUM         87    302 PM  92    1985  75     12       81
  MINIMUM         61   1159 PM  36    1983  52      9       63
  AVERAGE         74                        64     10       72

PRECIPITATION (IN)
  YESTERDAY        0.00          1.79 1972   0.11  -0.11     0.14
  MONTH TO DATE    2.07                      2.30  -0.23     1.02
  SINCE MAR 1      6.10                      6.69  -0.59     4.35
  SINCE JAN 1     12.32                     14.37  -2.05    15.37

SNOWFALL (IN)
  YESTERDAY        0.0
  MONTH TO DATE    0.0
  SINCE NOV 1      T
  SINCE JUL 1      T
  SNOW DEPTH       0

DEGREE DAYS
 HEATING
  YESTERDAY        0                         4     -4        0
  MONTH TO DATE   48                       127    -79      163
  SINCE MAR 1    459                       496    -37      380
  SINCE JUL 1   2199                      2642   -443     2068

 COOLING
  YESTERDAY        9                         2      7        7
  MONTH TO DATE   74                        34     40       23
  SINCE MAR 1     85                        45     40       71
  SINCE JAN 1     91                        48     43       71
..................................................................


WIND (MPH)
  HIGHEST WIND SPEED    23   HIGHEST WIND DIRECTION     N (360)
  HIGHEST GUST SPEED    27   HIGHEST GUST DIRECTION    SW (210)
  AVERAGE WIND SPEED    10.9


SKY COVER
  POSSIBLE SUNSHINE  MM
  AVERAGE SKY COVER 0.3


WEATHER CONDITIONS
 THE FOLLOWING WEATHER WAS RECORDED YESTERDAY.
  NO SIGNIFICANT WEATHER WAS OBSERVED.


RELATIVE HUMIDITY (PERCENT)
 HIGHEST    93           500 AM
 LOWEST     43           200 PM
 AVERAGE    68

..........................................................


THE NEW BERN NC CLIMATE NORMALS FOR TODAY
                         NORMAL    RECORD    YEAR
 MAXIMUM TEMPERATURE (F)   75        92      1980
 MINIMUM TEMPERATURE (F)   52        38      1986


SUNRISE AND SUNSET
APRIL 23 2017.........SUNRISE   626 AM EDT   SUNSET   747 PM EDT
APRIL 24 2017.........SUNRISE   625 AM EDT   SUNSET   748 PM EDT


-  INDICATES NEGATIVE NUMBERS.
R  INDICATES RECORD WAS SET OR TIED.
MM INDICATES DATA IS MISSING.
T  INDICATES TRACE AMOUNT.




$$
