000
CDUS42 KMHX 222126
CLIEWN


CLIMATE REPORT
NATIONAL WEATHER SERVICE NEWPORT/MOREHEAD CITY NC
526 PM EDT SUN OCT 22 2017


...................................

...THE NEW BERN NC CLIMATE SUMMARY FOR OCTOBER 22 2017...
VALID TODAY AS OF 0500 PM LOCAL TIME.

CLIMATE NORMAL PERIOD 1981 TO 2010
CLIMATE RECORD PERIOD 1948 TO 2017


WEATHER ITEM   OBSERVED TIME   RECORD YEAR NORMAL DEPARTURE LAST
                VALUE   (LST)  VALUE       VALUE  FROM      YEAR
                                                  NORMAL
..................................................................
TEMPERATURE (F)
 TODAY
  MAXIMUM         80    149 PM  85    1984  73      7       67
  MINIMUM         53    517 AM  30    1952  51      2       48
  AVERAGE         67                        62      5       58

PRECIPITATION (IN)
  TODAY            0.00          2.93 1971   0.10  -0.10     0.00
  MONTH TO DATE    1.23                      2.43  -1.20     6.60
  SINCE SEP 1      4.48                      8.32  -3.84    17.70
  SINCE JAN 1     43.12                     45.12  -2.00    61.07

SNOWFALL (IN)
  TODAY            0.0
  MONTH TO DATE    0.0
  SINCE NOV 1      T
  SINCE JUL 1      0.0
  SNOW DEPTH       0

DEGREE DAYS
 HEATING
  TODAY            0                         5     -5        7
  MONTH TO DATE   13                        59    -46       20
  SINCE SEP 1     13                        66    -53       20
  SINCE JUL 1     13                        66    -53       20

 COOLING
  TODAY            2                         2      0        0
  MONTH TO DATE  141                        70     71      116
  SINCE SEP 1    451                       344    107      486
  SINCE JAN 1   2134                      1873    261     2241
..................................................................


WIND (MPH)
  HIGHEST WIND SPEED    12   HIGHEST WIND DIRECTION    SE (140)
  HIGHEST GUST SPEED    15   HIGHEST GUST DIRECTION    SE (150)
  AVERAGE WIND SPEED     3.3


SKY COVER
  POSSIBLE SUNSHINE  MM
  AVERAGE SKY COVER 0.3


WEATHER CONDITIONS
 THE FOLLOWING WEATHER WAS RECORDED TODAY.
  FOG
  FOG W/VISIBILITY <= 1/4 MILE


RELATIVE HUMIDITY (PERCENT)
 HIGHEST   100          1200 AM
 LOWEST     54          1100 AM
 AVERAGE    77

..........................................................


THE NEW BERN NC CLIMATE NORMALS FOR TOMORROW
                         NORMAL    RECORD    YEAR
 MAXIMUM TEMPERATURE (F)   73        86      2007
 MINIMUM TEMPERATURE (F)   51        35      1987


SUNRISE AND SUNSET
OCTOBER 22 2017.......SUNRISE   720 AM EDT   SUNSET   624 PM EDT
OCTOBER 23 2017.......SUNRISE   721 AM EDT   SUNSET   623 PM EDT


-  INDICATES NEGATIVE NUMBERS.
R  INDICATES RECORD WAS SET OR TIED.
MM INDICATES DATA IS MISSING.
T  INDICATES TRACE AMOUNT.




$$
