000
CDUS42 KMHX 222155
CLIEWN


CLIMATE REPORT
NATIONAL WEATHER SERVICE NEWPORT/MOREHEAD CITY NC
554 PM EDT TUE JUL 22 2014


...................................

...THE NEW BERN NC CLIMATE SUMMARY FOR JULY 22 2014...
VALID TODAY AS OF 0500 PM LOCAL TIME.

CLIMATE NORMAL PERIOD 1981 TO 2010
CLIMATE RECORD PERIOD 1948 TO 2014


WEATHER ITEM   OBSERVED TIME   RECORD YEAR NORMAL DEPARTURE LAST
                VALUE   (LST)  VALUE       VALUE  FROM      YEAR
                                                  NORMAL
..................................................................
TEMPERATURE (F)
 TODAY
  MAXIMUM         87    350 PM 106    1952  90     -3       92
  MINIMUM         75    257 AM  60    1965  72      3       76
  AVERAGE         81                        81      0       84

PRECIPITATION (IN)
  TODAY            0.09          1.94 1988   0.20  -0.11     0.14
  MONTH TO DATE    3.21                      4.22  -1.01     2.98
  SINCE JUN 1      6.70                      8.81  -2.11    11.19
  SINCE JAN 1     24.58                     28.20  -3.62    22.54

SNOWFALL (IN)
  TODAY           MM
  MONTH TO DATE    0.0
  SINCE NOV 1     14.0
  SINCE JUL 1      0.0
  SNOW DEPTH       0

DEGREE DAYS
 HEATING
  TODAY            0                         0      0        0
  MONTH TO DATE    0                         0      0        0
  SINCE JUN 1      0                         1     -1        0
  SINCE JUL 1      0                         0      0        0

 COOLING
  TODAY           16                        16      0       19
  MONTH TO DATE  345                       345      0      375
  SINCE JUN 1    766                       710     56      784
  SINCE JAN 1   1127                       953    174     1040
..................................................................


WIND (MPH)
  HIGHEST WIND SPEED    16   HIGHEST WIND DIRECTION     S (170)
  HIGHEST GUST SPEED    22   HIGHEST GUST DIRECTION     S (170)
  AVERAGE WIND SPEED    MM


SKY COVER
  POSSIBLE SUNSHINE  MM
  AVERAGE SKY COVER 0.8


WEATHER CONDITIONS
 THE FOLLOWING WEATHER WAS RECORDED TODAY.
  RAIN
  LIGHT RAIN
  FOG


RELATIVE HUMIDITY (PERCENT)
 HIGHEST    94          1200 AM
 LOWEST     65          1100 AM
 AVERAGE    80

..........................................................


THE NEW BERN NC CLIMATE NORMALS FOR TOMORROW
                         NORMAL    RECORD    YEAR
 MAXIMUM TEMPERATURE (F)   90       100      1952
 MINIMUM TEMPERATURE (F)   72        57      1965


SUNRISE AND SUNSET
JULY 22 2014..........SUNRISE   610 AM EDT   SUNSET   819 PM EDT
JULY 23 2014..........SUNRISE   611 AM EDT   SUNSET   818 PM EDT


-  INDICATES NEGATIVE NUMBERS.
R  INDICATES RECORD WAS SET OR TIED.
MM INDICATES DATA IS MISSING.
T  INDICATES TRACE AMOUNT.




$$
