000
CDUS42 KMHX 220527
CLIEWN


CLIMATE REPORT
NATIONAL WEATHER SERVICE NEWPORT/MOREHEAD CITY NC
126 AM EDT FRI AUG 22 2014


...................................

...THE NEW BERN NC CLIMATE SUMMARY FOR AUGUST 21 2014...

CLIMATE NORMAL PERIOD 1981 TO 2010
CLIMATE RECORD PERIOD 1948 TO 2014


WEATHER ITEM   OBSERVED TIME   RECORD YEAR NORMAL DEPARTURE LAST
                VALUE   (LST)  VALUE       VALUE  FROM      YEAR
                                                  NORMAL
..................................................................
TEMPERATURE (F)
 YESTERDAY
  MAXIMUM         94    345 PM 101    2007  88      6       91
  MINIMUM         74    428 AM  58    1998  70      4       71
  AVERAGE         84                        79      5       81

PRECIPITATION (IN)
  YESTERDAY        T             1.15 1979   0.21  -0.21     0.00
                                      1979
                                      2010
  MONTH TO DATE    9.01                      4.61   4.40     5.86
  SINCE JUN 1     19.01                     15.37   3.64    17.80
  SINCE JAN 1     36.89                     34.76   2.13    29.15

SNOWFALL (IN)
  YESTERDAY        0.0
  MONTH TO DATE    0.0
  SINCE NOV 1     14.0
  SINCE JUL 1      0.0
  SNOW DEPTH       0

DEGREE DAYS
 HEATING
  YESTERDAY        0                         0      0        0
  MONTH TO DATE    0                         0      0        0
  SINCE JUN 1      0                         1     -1        0
  SINCE JUL 1      0                         0      0        0

 COOLING
  YESTERDAY       19                        14      5       16
  MONTH TO DATE  303                       307     -4      302
  SINCE JUN 1   1207                      1154     53     1228
  SINCE JAN 1   1568                      1397    171     1484
..................................................................


WIND (MPH)
  HIGHEST WIND SPEED    12   HIGHEST WIND DIRECTION     S (200)
  HIGHEST GUST SPEED    14   HIGHEST GUST DIRECTION    SW (210)
  AVERAGE WIND SPEED     2.3


SKY COVER
  POSSIBLE SUNSHINE  MM
  AVERAGE SKY COVER 0.1


WEATHER CONDITIONS
 THE FOLLOWING WEATHER WAS RECORDED YESTERDAY.
  LIGHT RAIN
  FOG
  FOG W/VISIBILITY <= 1/4 MILE


RELATIVE HUMIDITY (PERCENT)
 HIGHEST    94           500 AM
 LOWEST     46           300 PM
 AVERAGE    70

..........................................................


THE NEW BERN NC CLIMATE NORMALS FOR TODAY
                         NORMAL    RECORD    YEAR
 MAXIMUM TEMPERATURE (F)   87       100      1983
 MINIMUM TEMPERATURE (F)   70        60      1969


SUNRISE AND SUNSET
AUGUST 22 2014........SUNRISE   633 AM EDT   SUNSET   748 PM EDT
AUGUST 23 2014........SUNRISE   634 AM EDT   SUNSET   747 PM EDT


-  INDICATES NEGATIVE NUMBERS.
R  INDICATES RECORD WAS SET OR TIED.
MM INDICATES DATA IS MISSING.
T  INDICATES TRACE AMOUNT.




$$
