000
CDUS41 KOKX 230617
CLIEWR


CLIMATE REPORT
NATIONAL WEATHER SERVICE NEW YORK NY
217 AM EDT SUN APR 23 2017


...................................

...THE NEWARK NJ CLIMATE SUMMARY FOR APRIL 22 2017...

CLIMATE NORMAL PERIOD 1981 TO 2010
CLIMATE RECORD PERIOD 1929 TO 2017


WEATHER ITEM   OBSERVED TIME   RECORD YEAR NORMAL DEPARTURE LAST
                VALUE   (LST)  VALUE       VALUE  FROM      YEAR
                                                  NORMAL
..................................................................
TEMPERATURE (F)
 YESTERDAY
  MAXIMUM         57   1121 AM  87    1985  65     -8       83
  MINIMUM         50   1159 PM  32    1947  46      4       61
  AVERAGE         54                        55     -1       72

PRECIPITATION (IN)
  YESTERDAY        0.04          2.64 2012   0.13  -0.09      T
  MONTH TO DATE    2.35                      3.14  -0.79     0.95
  SINCE MAR 1      7.42                      7.32   0.10     2.33
  SINCE JAN 1     14.16                     13.74   0.42    10.38

SNOWFALL (IN)
  YESTERDAY        0.0           T    1972   0.1   -0.1      0.0
  MONTH TO DATE    0.0                       0.9   -0.9       T
  SINCE OCT 1     30.0                      28.5    1.5     32.8
  SINCE JUL 1     30.0                      28.5    1.5     32.8
  SNOW DEPTH       0

DEGREE DAYS
 HEATING
  YESTERDAY       11                        10      1        0
  MONTH TO DATE  217                       305    -88      296
  SINCE MAR 1    989                      1014    -25      790
  SINCE JUL 1   3998                      4649   -651     3663

 COOLING
  YESTERDAY        0                         1     -1        7
  MONTH TO DATE   19                         1     18       13
  SINCE MAR 1     19                         2     17       18
  SINCE JAN 1     19                         2     17       18
..................................................................


WIND (MPH)
  HIGHEST WIND SPEED    21   HIGHEST WIND DIRECTION     N (340)
  HIGHEST GUST SPEED    28   HIGHEST GUST DIRECTION     N (340)
  AVERAGE WIND SPEED     9.2


SKY COVER
  AVERAGE SKY COVER 1.0


WEATHER CONDITIONS
 THE FOLLOWING WEATHER WAS RECORDED YESTERDAY.
  LIGHT RAIN
  FOG


RELATIVE HUMIDITY (PERCENT)
 HIGHEST    93          1200 AM
 LOWEST     54           900 PM
 AVERAGE    74

..........................................................


THE NEWARK NJ CLIMATE NORMALS FOR TODAY
                         NORMAL    RECORD    YEAR
 MAXIMUM TEMPERATURE (F)   65        88      1996
 MINIMUM TEMPERATURE (F)   46        32      1933


SUNRISE AND SUNSET
APRIL 23 2017.........SUNRISE   606 AM EDT   SUNSET   745 PM EDT
APRIL 24 2017.........SUNRISE   604 AM EDT   SUNSET   746 PM EDT


-  INDICATES NEGATIVE NUMBERS.
R  INDICATES RECORD WAS SET OR TIED.
MM INDICATES DATA IS MISSING.
T  INDICATES TRACE AMOUNT.




$$
