000
CDUS41 KOKX 020618
CLIEWR


CLIMATE REPORT
NATIONAL WEATHER SERVICE NEW YORK NY
218 AM EDT TUE JUN 2 2015


...................................

...THE NEWARK NJ CLIMATE SUMMARY FOR JUNE 1 2015...

CLIMATE NORMAL PERIOD 1981 TO 2010
CLIMATE RECORD PERIOD 1929 TO 2015


WEATHER ITEM   OBSERVED TIME   RECORD YEAR NORMAL DEPARTURE LAST
                VALUE   (LST)  VALUE       VALUE  FROM      YEAR
                                                  NORMAL
..................................................................
TEMPERATURE (F)
 YESTERDAY
  MAXIMUM         61   1200 AM  95    2011  77    -16       77
  MINIMUM         52   1159 PM  41    1938  59     -7       54
  AVERAGE         57                        68    -11       66

PRECIPITATION (IN)
  YESTERDAY        1.66          2.19 1952   0.15   1.51     0.00
  MONTH TO DATE    1.66                      0.15   1.51     0.00
  SINCE JUN 1      1.66                      0.15   1.51     0.00
  SINCE JAN 1     19.27                     19.04   0.23    23.35

SNOWFALL (IN)
  YESTERDAY        0.0           0.0  2002   0.0    0.0      0.0
                                      2001
  MONTH TO DATE    0.0                       0.0    0.0      0.0
  SINCE OCT 1     46.4                      28.5   17.9     61.1
  SINCE JUL 1     46.4                      28.5   17.9     61.1
  SNOW DEPTH       0

DEGREE DAYS
 HEATING
  YESTERDAY        8                         2      6        0
  MONTH TO DATE    8                         2      6        0
  SINCE JUN 1      8                         2      6        0
  SINCE JUL 1   5122                      4857    265     5166

 COOLING
  YESTERDAY        0                         4     -4        1
  MONTH TO DATE    0                         4     -4        1
  SINCE JUN 1      0                         4     -4        1
  SINCE JAN 1    160                        80     80       63
..................................................................


WIND (MPH)
  HIGHEST WIND SPEED    15   HIGHEST WIND DIRECTION     E (70)
  HIGHEST GUST SPEED    23   HIGHEST GUST DIRECTION     E (70)
  AVERAGE WIND SPEED    11.0


SKY COVER
  AVERAGE SKY COVER 1.0


WEATHER CONDITIONS
 THE FOLLOWING WEATHER WAS RECORDED YESTERDAY.
  THUNDERSTORM
  HEAVY RAIN
  RAIN
  LIGHT RAIN
  FOG
  FOG W/VISIBILITY <= 1/4 MILE


RELATIVE HUMIDITY (PERCENT)
 HIGHEST   100           800 AM
 LOWEST     86           300 PM
 AVERAGE    93

..........................................................


THE NEWARK NJ CLIMATE NORMALS FOR TODAY
                         NORMAL    RECORD    YEAR
 MAXIMUM TEMPERATURE (F)   77        93      2000
                                             1989
 MINIMUM TEMPERATURE (F)   59        48      1946
                                             1945


SUNRISE AND SUNSET
JUNE  2 2015..........SUNRISE   527 AM EDT   SUNSET   822 PM EDT
JUNE  3 2015..........SUNRISE   527 AM EDT   SUNSET   823 PM EDT


-  INDICATES NEGATIVE NUMBERS.
R  INDICATES RECORD WAS SET OR TIED.
MM INDICATES DATA IS MISSING.
T  INDICATES TRACE AMOUNT.




$$
