000
CDUS41 KOKX 160625
CLIEWR


CLIMATE REPORT
NATIONAL WEATHER SERVICE NEW YORK NY
218 AM EDT WED APR 16 2014


...................................

...THE NEWARK NJ CLIMATE SUMMARY FOR APRIL 15 2014...

CLIMATE NORMAL PERIOD 1981 TO 2010
CLIMATE RECORD PERIOD 1929 TO 2014


WEATHER ITEM   OBSERVED TIME   RECORD YEAR NORMAL DEPARTURE LAST
                VALUE   (LST)  VALUE       VALUE  FROM      YEAR
                                                  NORMAL
..................................................................
TEMPERATURE (F)
 YESTERDAY
  MAXIMUM         67    329 PM  88    1960  62      5       55
  MINIMUM         33   1138 PM  25    1943  44    -11       47
  AVERAGE         50                        53     -3       51

PRECIPITATION (IN)
  YESTERDAY        0.78          6.18 2007   0.14   0.64      T
  MONTH TO DATE    1.95                      2.20  -0.25     1.16
  SINCE MAR 1      5.60                      6.38  -0.78     4.16
  SINCE JAN 1     13.32                     12.80   0.52    10.50

SNOWFALL (IN)
  YESTERDAY        0.3 R         0.0  2002   0.1    0.2      0.0
                                      2001
  MONTH TO DATE    0.3                       0.7   -0.4      0.0
  SINCE OCT 1     61.0                      28.3   32.7     29.5
  SINCE JUL 1     61.0                      28.3   32.7     29.5
  SNOW DEPTH       0

DEGREE DAYS
 HEATING
  YESTERDAY       15                        13      2       14
  MONTH TO DATE  169                       226    -57      209
  SINCE MAR 1   1003                       935     68      968
  SINCE JUL 1   4878                      4570    308     4348

 COOLING
  YESTERDAY        0                         0      0        0
  MONTH TO DATE    8                         0      8        3
  SINCE MAR 1      8                         1      7        3
  SINCE JAN 1      8                         1      7        3
..................................................................


WIND (MPH)
  HIGHEST WIND SPEED    26   HIGHEST WIND DIRECTION    NW (330)
  HIGHEST GUST SPEED    33   HIGHEST GUST DIRECTION    NW (310)
  AVERAGE WIND SPEED    15.0


SKY COVER
  AVERAGE SKY COVER 1.0


WEATHER CONDITIONS
 THE FOLLOWING WEATHER WAS RECORDED YESTERDAY.
  HEAVY RAIN
  RAIN
  LIGHT RAIN
  SNOW
  LIGHT SNOW
  SLEET
  FOG


RELATIVE HUMIDITY (PERCENT)
 HIGHEST    93           500 AM
 LOWEST     73          1200 AM
 AVERAGE    83

..........................................................


THE NEWARK NJ CLIMATE NORMALS FOR TODAY
                         NORMAL    RECORD    YEAR
 MAXIMUM TEMPERATURE (F)   62        92      2002
 MINIMUM TEMPERATURE (F)   44        26      1943


SUNRISE AND SUNSET
APRIL 16 2014.........SUNRISE   617 AM EDT   SUNSET   737 PM EDT
APRIL 17 2014.........SUNRISE   615 AM EDT   SUNSET   738 PM EDT


-  INDICATES NEGATIVE NUMBERS.
R  INDICATES RECORD WAS SET OR TIED.
MM INDICATES DATA IS MISSING.
T  INDICATES TRACE AMOUNT.




$$
