000
CDUS41 KOKX 260617
CLIEWR


CLIMATE REPORT
NATIONAL WEATHER SERVICE NEW YORK NY
117 AM EST WED NOV 26 2014


...................................

...THE NEWARK NJ CLIMATE SUMMARY FOR NOVEMBER 25 2014...

CLIMATE NORMAL PERIOD 1981 TO 2010
CLIMATE RECORD PERIOD 1929 TO 2014


WEATHER ITEM   OBSERVED TIME   RECORD YEAR NORMAL DEPARTURE LAST
                VALUE   (LST)  VALUE       VALUE  FROM      YEAR
                                                  NORMAL
..................................................................
TEMPERATURE (F)
 YESTERDAY
  MAXIMUM         67    119 AM  73    1979  51     16       37
  MINIMUM         46   1143 PM  19    1938  36     10       21
  AVERAGE         57                        44     13       29

PRECIPITATION (IN)
  YESTERDAY        0.00          2.74 1950   0.12  -0.12     0.00
  MONTH TO DATE    3.02                      3.00   0.02     0.49
  SINCE SEP 1      8.69                     10.42  -1.73     2.54
  SINCE JAN 1     43.31                     41.79   1.52    35.84

SNOWFALL (IN)
  YESTERDAY        0.0           1.2  1983   0.0    0.0      0.0
  MONTH TO DATE    T                         0.2   -0.2       T
  SINCE OCT 1      T                         0.2   -0.2       T
  SINCE JUL 1      T                         0.2   -0.2       T
  SNOW DEPTH       0

DEGREE DAYS
 HEATING
  YESTERDAY        8                        21    -13       36
  MONTH TO DATE  487                       434     53      477
  SINCE SEP 1    695                       754    -59      734
  SINCE JUL 1    695                       755    -60      734

 COOLING
  YESTERDAY        0                         0      0        0
  MONTH TO DATE    0                         0      0        0
  SINCE SEP 1    190                       157     33      166
  SINCE JAN 1   1175                      1191    -16     1337
..................................................................


WIND (MPH)
  HIGHEST WIND SPEED    20   HIGHEST WIND DIRECTION     W (270)
  HIGHEST GUST SPEED    25   HIGHEST GUST DIRECTION     W (270)
  AVERAGE WIND SPEED    10.4


SKY COVER
  AVERAGE SKY COVER 0.9


WEATHER CONDITIONS
 THE FOLLOWING WEATHER WAS RECORDED YESTERDAY.
  NO SIGNIFICANT WEATHER WAS OBSERVED.


RELATIVE HUMIDITY (PERCENT)
 HIGHEST    73           300 AM
 LOWEST     32          1100 AM
 AVERAGE    53

..........................................................


THE NEWARK NJ CLIMATE NORMALS FOR TODAY
                         NORMAL    RECORD    YEAR
 MAXIMUM TEMPERATURE (F)   51        68      2011
                                             1979
 MINIMUM TEMPERATURE (F)   36        15      1938


SUNRISE AND SUNSET
NOVEMBER 26 2014......SUNRISE   656 AM EST   SUNSET   432 PM EST
NOVEMBER 27 2014......SUNRISE   657 AM EST   SUNSET   431 PM EST


-  INDICATES NEGATIVE NUMBERS.
R  INDICATES RECORD WAS SET OR TIED.
MM INDICATES DATA IS MISSING.
T  INDICATES TRACE AMOUNT.




$$
