000
CDUS43 KIND 200537
CLIEYE


CLIMATE REPORT
NATIONAL WEATHER SERVICE INDIANAPOLIS IN
135 AM EDT SAT SEP 20 2014


...................................

...THE INDIANAPOLIS EAGLE CREEK IN CLIMATE SUMMARY FOR SEPTEMBER 19 2014...

CLIMATE NORMAL PERIOD 1981 TO 2010
CLIMATE RECORD PERIOD 9999 TO 9999


WEATHER ITEM   OBSERVED TIME   NORMAL DEPARTURE LAST
                VALUE   (LST)  VALUE  FROM      YEAR
                                      NORMAL
......................................................
TEMPERATURE (F)
 YESTERDAY
  MAXIMUM         73    523 PM  76     -3       81
  MINIMUM         50    631 AM  56     -6       65
  AVERAGE         62            66     -4       73

PRECIPITATION (IN)
  YESTERDAY        0.00          0.06  -0.06     1.01
  MONTH TO DATE    3.30          1.41   1.89     1.18
  SINCE SEP 1      3.30          1.41   1.89     1.18
  SINCE JAN 1     32.12         30.06   2.06    28.67

DEGREE DAYS
 HEATING
  YESTERDAY        3             2      1        0
  MONTH TO DATE   53            14     39       22
  SINCE SEP 1     53            14     39       22
  SINCE JUL 1     61            17     44       33

 COOLING
  YESTERDAY        0             3     -3        8
  MONTH TO DATE   75           100    -25      131
  SINCE SEP 1     75           100    -25      131
  SINCE JAN 1    868          1020   -152      966
......................................................


WIND (MPH)
  HIGHEST WIND SPEED    16   HIGHEST WIND DIRECTION    SE (130)
  HIGHEST GUST SPEED    21   HIGHEST GUST DIRECTION    SE (120)
  AVERAGE WIND SPEED     4.4


SKY COVER
  AVERAGE SKY COVER 0.0


WEATHER CONDITIONS
 THE FOLLOWING WEATHER WAS RECORDED YESTERDAY.
  NO SIGNIFICANT WEATHER WAS OBSERVED.


RELATIVE HUMIDITY (PERCENT)
 HIGHEST    86          1100 PM
 LOWEST     35           300 PM
 AVERAGE    61

..........................................................


THE INDIANAPOLIS EAGLE CREEK IN CLIMATE NORMALS FOR TODAY
                         NORMAL
 MAXIMUM TEMPERATURE (F)   76
 MINIMUM TEMPERATURE (F)   55


SUNRISE AND SUNSET
SEPTEMBER 20 2014.....SUNRISE   731 AM EDT   SUNSET   746 PM EDT
SEPTEMBER 21 2014.....SUNRISE   732 AM EDT   SUNSET   744 PM EDT


-  INDICATES NEGATIVE NUMBERS.
R  INDICATES RECORD WAS SET OR TIED.
MM INDICATES DATA IS MISSING.
T  INDICATES TRACE AMOUNT.




$$
