000
CDUS43 KIND 300536
CLIEYE


CLIMATE REPORT
NATIONAL WEATHER SERVICE INDIANAPOLIS IN
135 AM EDT TUE MAY 30 2017


...................................

...THE INDIANAPOLIS EAGLE CREEK IN CLIMATE SUMMARY FOR MAY 29 2017...

CLIMATE NORMAL PERIOD 1981 TO 2010
CLIMATE RECORD PERIOD 9999 TO 9999


WEATHER ITEM   OBSERVED TIME   NORMAL DEPARTURE LAST
                VALUE   (LST)  VALUE  FROM      YEAR
                                      NORMAL
......................................................
TEMPERATURE (F)
 YESTERDAY
  MAXIMUM         82    330 PM  77      5       85
  MINIMUM         56    503 AM  58     -2       68
  AVERAGE         69            67      2       77

PRECIPITATION (IN)
  YESTERDAY        0.05          0.13  -0.08     0.00
  MONTH TO DATE    7.13          4.99   2.14     3.25
  SINCE MAR 1     16.67         12.19   4.48     9.55
  SINCE JAN 1     21.83         16.53   5.30    11.51

DEGREE DAYS
 HEATING
  YESTERDAY        0             2     -2        0
  MONTH TO DATE  138           135      3      153
  SINCE MAR 1    982          1205   -223      992
  SINCE JUL 1   4242          5330  -1088     4505

 COOLING
  YESTERDAY        4             4      0       12
  MONTH TO DATE   66            62      4       66
  SINCE MAR 1     99            77     22       79
  SINCE JAN 1     99            77     22       79
......................................................


WIND (MPH)
  HIGHEST WIND SPEED    22   HIGHEST WIND DIRECTION     W (290)
  HIGHEST GUST SPEED    26   HIGHEST GUST DIRECTION     W (290)
  AVERAGE WIND SPEED     6.0


SKY COVER
  AVERAGE SKY COVER 0.2


WEATHER CONDITIONS
 THE FOLLOWING WEATHER WAS RECORDED YESTERDAY.
  THUNDERSTORM
  RAIN
  LIGHT RAIN


RELATIVE HUMIDITY (PERCENT)
 HIGHEST    93           500 AM
 LOWEST     30           400 PM
 AVERAGE    62

..........................................................


THE INDIANAPOLIS EAGLE CREEK IN CLIMATE NORMALS FOR TODAY
                         NORMAL
 MAXIMUM TEMPERATURE (F)   77
 MINIMUM TEMPERATURE (F)   58


SUNRISE AND SUNSET
MAY 30 2017...........SUNRISE   620 AM EDT   SUNSET   906 PM EDT
MAY 31 2017...........SUNRISE   619 AM EDT   SUNSET   907 PM EDT


-  INDICATES NEGATIVE NUMBERS.
R  INDICATES RECORD WAS SET OR TIED.
MM INDICATES DATA IS MISSING.
T  INDICATES TRACE AMOUNT.




$$
