000
CDUS42 KKEY 280557
CLIEYW

CLIMATE REPORT
NATIONAL WEATHER SERVICE KEY WEST, FL
154 AM EDT SUN AUG 28 2016


...................................

...THE KEY WEST CLIMATE SUMMARY FOR AUGUST 27 2016...

CLIMATE NORMAL PERIOD 1981 TO 2010
CLIMATE RECORD PERIOD 1871 TO 2016


WEATHER ITEM   OBSERVED TIME   RECORD YEAR NORMAL DEPARTURE LAST
                VALUE   (LST)  VALUE       VALUE  FROM      YEAR
                                                  NORMAL
..................................................................
TEMPERATURE (F)
 YESTERDAY
  MAXIMUM         86    220 PM  95    1956  89     -3       88
  MINIMUM         73    306 PM  71    1891  79     -6       77
                                      1888
  AVERAGE         80                        84     -4       83

PRECIPITATION (IN)
  YESTERDAY        1.09          3.15 1875   0.20   0.89     0.29
  MONTH TO DATE    8.50                      4.57   3.93     5.19
  SINCE JUN 1     13.38                     12.23   1.15     8.50
  SINCE JAN 1     25.03                     22.86   2.17    20.93

SNOWFALL (IN)
  YESTERDAY        0.0
  MONTH TO DATE    0.0
  SINCE JUN 1      0.0
  SINCE JUL 1      0.0
  SNOW DEPTH       0

DEGREE DAYS
 HEATING
  YESTERDAY        0                         0      0        0
  MONTH TO DATE    0                         0      0        0
  SINCE JUN 1      0                         0      0        0
  SINCE JUL 1      0                         0      0        0

 COOLING
  YESTERDAY       15                        19     -4       18
  MONTH TO DATE  540                       530     10      577
  SINCE JUN 1   1744                      1685     59     1800
  SINCE JAN 1   3235                      3115    120     3517
..................................................................


WIND (MPH)
  HIGHEST WIND SPEED    25   HIGHEST WIND DIRECTION     N (10)
  HIGHEST GUST SPEED    33   HIGHEST GUST DIRECTION     N (10)
  AVERAGE WIND SPEED     6.2


SKY COVER
  POSSIBLE SUNSHINE  MM
  AVERAGE SKY COVER 0.3


WEATHER CONDITIONS
 THE FOLLOWING WEATHER WAS RECORDED YESTERDAY.
  THUNDERSTORM
  HEAVY RAIN
  RAIN
  LIGHT RAIN
  FOG


RELATIVE HUMIDITY (PERCENT)
 HIGHEST   100
 LOWEST     88
 AVERAGE    94

..........................................................


THE KEY WEST CLIMATE NORMALS FOR TODAY
                         NORMAL    RECORD    YEAR
 MAXIMUM TEMPERATURE (F)   89        95      1881
 MINIMUM TEMPERATURE (F)   79        71      1908


SUNRISE AND SUNSET
AUGUST 28 2016........SUNRISE   707 AM EDT   SUNSET   749 PM EDT
AUGUST 29 2016........SUNRISE   707 AM EDT   SUNSET   748 PM EDT


-  INDICATES NEGATIVE NUMBERS.
R  INDICATES RECORD WAS SET OR TIED.
MM INDICATES DATA IS MISSING.
T  INDICATES TRACE AMOUNT.




$$
