000
CDUS42 KKEY 280536
CLIEYW

CLIMATE REPORT
NATIONAL WEATHER SERVICE KEY WEST, FL
1233 AM EST SAT FEB 28 2015


...................................

...THE KEY WEST CLIMATE SUMMARY FOR FEBRUARY 27 2015...

CLIMATE NORMAL PERIOD 1981 TO 2010
CLIMATE RECORD PERIOD 1871 TO 2015


WEATHER ITEM   OBSERVED TIME   RECORD YEAR NORMAL DEPARTURE LAST
                VALUE   (LST)  VALUE       VALUE  FROM      YEAR
                                                  NORMAL
..................................................................
TEMPERATURE (F)
 YESTERDAY
  MAXIMUM         75    314 PM  84    1997  77     -2       77
                                      1874
  MINIMUM         67    824 AM  46    1989  67      0       68
  AVERAGE         71                        72     -1       73

PRECIPITATION (IN)
  YESTERDAY        0.00          2.90 1878   0.06  -0.06     0.07
  MONTH TO DATE    2.20                      1.43   0.77     0.82
  SINCE DEC 1      5.48                      5.69  -0.21     8.59
  SINCE JAN 1      3.23                      3.47  -0.24     7.50

SNOWFALL (IN)
  YESTERDAY        0.0
  MONTH TO DATE    0.0
  SINCE DEC 1      0.0
  SINCE JUL 1      0.0
  SNOW DEPTH       0

DEGREE DAYS
 HEATING
  YESTERDAY        0                         0      0        0
  MONTH TO DATE   21                        19      2        0
  SINCE DEC 1     26                        69    -43       22
  SINCE JUL 1     27                        70    -43       22

 COOLING
  YESTERDAY        6                         7     -1        8
  MONTH TO DATE  116                       176    -60      263
  SINCE DEC 1    600                       558     42      760
  SINCE JAN 1    347                       341      6      420
..................................................................


WIND (MPH)
  HIGHEST WIND SPEED    20   HIGHEST WIND DIRECTION     N (20)
  HIGHEST GUST SPEED    27   HIGHEST GUST DIRECTION    NE (30)
  AVERAGE WIND SPEED    11.7


SKY COVER
  POSSIBLE SUNSHINE  MM
  AVERAGE SKY COVER 0.9


WEATHER CONDITIONS
 THE FOLLOWING WEATHER WAS RECORDED YESTERDAY.
  FOG


RELATIVE HUMIDITY (PERCENT)
 HIGHEST   100
 LOWEST     79
 AVERAGE    90

..........................................................


THE KEY WEST CLIMATE NORMALS FOR TODAY
                         NORMAL    RECORD    YEAR
 MAXIMUM TEMPERATURE (F)   77        85      1958
                                             1956
                                             1874
 MINIMUM TEMPERATURE (F)   67        50      1935


SUNRISE AND SUNSET
FEBRUARY 28 2015......SUNRISE   651 AM EST   SUNSET   629 PM EST
MARCH  1 2015.........SUNRISE   650 AM EST   SUNSET   629 PM EST


-  INDICATES NEGATIVE NUMBERS.
R  INDICATES RECORD WAS SET OR TIED.
MM INDICATES DATA IS MISSING.
T  INDICATES TRACE AMOUNT.




$$
