687
CDUS42 KKEY 220531
CLIEYW

CLIMATE REPORT
NATIONAL WEATHER SERVICE KEY WEST, FL
130 AM EDT FRI MAY 22 2015

...................................

...THE KEY WEST CLIMATE SUMMARY FOR MAY 21 2015...

CLIMATE NORMAL PERIOD 1981 TO 2010
CLIMATE RECORD PERIOD 1871 TO 2015

WEATHER ITEM   OBSERVED TIME   RECORD YEAR NORMAL DEPARTURE LAST
               VALUE    (LST)  VALUE       VALUE  FROM      YEAR
                                                  NORMAL
..................................................................
TEMPERATURE (F)
 YESTERDAY
  MAXIMUM         89    236 PM  91    1935  86      3       85
  MINIMUM         77    629 AM  68    1901  76      1       76
  AVERAGE         83                        81      2       81

PRECIPITATION (IN)
  YESTERDAY        0.00          3.54 1929   0.12  -0.12     0.00
  MONTH TO DATE    1.07                      1.68  -0.61     0.91
  SINCE MAR 1      9.15                      5.78   3.37     5.25
  SINCE JAN 1     12.38                      9.31   3.07    12.85

SNOWFALL (IN)
  YESTERDAY        0.0
  MONTH TO DATE    0.0
  SINCE MAR 1      0.0
  SINCE JUL 1      0.0
  SNOW DEPTH       0

DEGREE DAYS
 HEATING
  YESTERDAY        0                         0      0        0
  MONTH TO DATE    0                         0      0        0
  SINCE MAR 1      0                         7     -7        0
  SINCE JUL 1     27                        73    -46       22

 COOLING
  YESTERDAY       18                        16      2       16
  MONTH TO DATE  333                       310     23      347
  SINCE MAR 1   1177                       916    261     1015
  SINCE JAN 1   1535                      1264    271     1441
..................................................................

WIND (MPH)
  HIGHEST WIND SPEED    13   HIGHEST WIND DIRECTION     N (350)
  HIGHEST GUST SPEED    16   HIGHEST GUST DIRECTION    NW (330)
  AVERAGE WIND SPEED     5.0

SKY COVER
  POSSIBLE SUNSHINE  MM
  AVERAGE SKY COVER 0.2


WEATHER CONDITIONS
 THE FOLLOWING WEATHER WAS RECORDED YESTERDAY.
  NO SIGNIFICANT WEATHER WAS OBSERVED.


RELATIVE HUMIDITY (PERCENT)
 HIGHEST    85
 LOWEST     63
 AVERAGE    74

..........................................................

THE KEY WEST CLIMATE NORMALS FOR TODAY
                         NORMAL    RECORD    YEAR
 MAXIMUM TEMPERATURE (F)   86        92      1935
 MINIMUM TEMPERATURE (F)   77        68      1940
                                             1926

SUNRISE AND SUNSET
MAY 22 2015...........SUNRISE   641 AM EDT   SUNSET   807 PM EDT
MAY 23 2015...........SUNRISE   640 AM EDT   SUNSET   807 PM EDT

-  INDICATES NEGATIVE NUMBERS.
R  INDICATES RECORD WAS SET OR TIED.
MM INDICATES DATA IS MISSING.
T  INDICATES TRACE AMOUNT.

$$
