183
CDUS42 KKEY 130548
CLIEYW

CLIMATE REPORT
NATIONAL WEATHER SERVICE KEY WEST, FL
1242 AM EST SAT FEB 13 2016

...................................

...THE KEY WEST CLIMATE SUMMARY FOR FEBRUARY 12 2016...

CLIMATE NORMAL PERIOD 1981 TO 2010
CLIMATE RECORD PERIOD 1871 TO 2016


WEATHER ITEM   OBSERVED TIME   RECORD YEAR NORMAL DEPARTURE LAST
                VALUE   (LST)  VALUE       VALUE  FROM      YEAR
                                                  NORMAL
..................................................................
TEMPERATURE (F)
 YESTERDAY
  MAXIMUM         73    201 PM  85    1982  76     -3       71
  MINIMUM         58    122 AM  51    1973  66     -8       57
                                      1955
                                      1926
  AVERAGE         66                        71     -5       64

PRECIPITATION (IN)
  YESTERDAY        0.00          1.05 1937   0.05  -0.05     0.00
  MONTH TO DATE    2.84                      0.61   2.23     1.00
  SINCE DEC 1     10.78                      4.87   5.91     4.28
  SINCE JAN 1      6.20                      2.65   3.55     2.03

SNOWFALL (IN)
  YESTERDAY        0.0
  MONTH TO DATE    0.0
  SINCE DEC 1      0.0
  SINCE JUL 1      0.0
  SNOW DEPTH       0

DEGREE DAYS
 HEATING
  YESTERDAY        0                         1     -1        1
  MONTH TO DATE    9                        12     -3        1
  SINCE DEC 1     22                        62    -40        6
  SINCE JUL 1     22                        63    -41        7

 COOLING
  YESTERDAY        1                         6     -5        0
  MONTH TO DATE   61                        72    -11       51
  SINCE DEC 1    636                       454    182      535
  SINCE JAN 1    237                       237      0      282
..................................................................


WIND (MPH)
  HIGHEST WIND SPEED    17   HIGHEST WIND DIRECTION    NE (30)
  HIGHEST GUST SPEED    23   HIGHEST GUST DIRECTION    NE (30)
  AVERAGE WIND SPEED     9.0


SKY COVER
  POSSIBLE SUNSHINE  MM
  AVERAGE SKY COVER 0.1


WEATHER CONDITIONS
 THE FOLLOWING WEATHER WAS RECORDED YESTERDAY.
  NO SIGNIFICANT WEATHER WAS OBSERVED.


RELATIVE HUMIDITY (PERCENT)
 HIGHEST    97
 LOWEST     61
 AVERAGE    79

..........................................................


THE KEY WEST CLIMATE NORMALS FOR TODAY
                         NORMAL    RECORD    YEAR
 MAXIMUM TEMPERATURE (F)   76        84      1994
                                             1937
                                             1875
 MINIMUM TEMPERATURE (F)   66        48      1955
                                             1899


SUNRISE AND SUNSET
FEBRUARY 13 2016......SUNRISE   702 AM EST   SUNSET   620 PM EST
FEBRUARY 14 2016......SUNRISE   702 AM EST   SUNSET   621 PM EST


-  INDICATES NEGATIVE NUMBERS.
R  INDICATES RECORD WAS SET OR TIED.
MM INDICATES DATA IS MISSING.
T  INDICATES TRACE AMOUNT.

$$

APA
