000
CDUS42 KKEY 212124
CLIEYW

CLIMATE REPORT
NATIONAL WEATHER SERVICE KEY WEST, FL
422 PM EST TUE NOV 21 2017

...................................

...THE KEY WEST CLIMATE SUMMARY FOR NOVEMBER 21 2017...
VALID TODAY AS OF 0400 PM LOCAL TIME.

CLIMATE NORMAL PERIOD 1981 TO 2010
CLIMATE RECORD PERIOD 1871 TO 2017

WEATHER ITEM   OBSERVED TIME   RECORD YEAR NORMAL DEPARTURE LAST
                VALUE   (LST)  VALUE       VALUE  FROM      YEAR
                                                  NORMAL
..................................................................

TEMPERATURE (F)
 TODAY
  MAXIMUM         81    109 PM  88    1964  79      2       74
  MINIMUM         73    715 AM  52    1873  71      2       65
  AVERAGE         77                        75      2       70

PRECIPITATION (IN)
  TODAY            T             0.76 2015   0.06  -0.06     0.00
  MONTH TO DATE    0.44                      1.64  -1.20     0.03
  SINCE SEP 1     15.53                     13.28   2.25    10.19
  SINCE JAN 1     35.77                     36.95  -1.18    35.53

SNOWFALL (IN)
  TODAY            0.0
  MONTH TO DATE    0.0
  SINCE SEP 1      0.0
  SINCE JUL 1      0.0
  SNOW DEPTH       0

DEGREE DAYS
 HEATING
  TODAY            0                         0      0        0
  MONTH TO DATE    0                         0      0        0
  SINCE SEP 1      0                         0      0        0
  SINCE JUL 1      0                         0      0        0

 COOLING
  TODAY           12                        10      2        5
  MONTH TO DATE  274                       240     34      249
  SINCE SEP 1   1366                      1259    107     1343
  SINCE JAN 1   4997                      4448    549     4650

..................................................................

WIND (MPH)
  HIGHEST WIND SPEED    13   HIGHEST WIND DIRECTION     S (160)
  HIGHEST GUST SPEED    16   HIGHEST GUST DIRECTION     S (160)
  AVERAGE WIND SPEED     5.4

SKY COVER
  POSSIBLE SUNSHINE  MM
  AVERAGE SKY COVER 0.3

WEATHER CONDITIONS
 THE FOLLOWING WEATHER WAS RECORDED TODAY.
  LIGHT RAIN

RELATIVE HUMIDITY (PERCENT)
 HIGHEST    93
 LOWEST     69
 AVERAGE    81

..........................................................

THE KEY WEST CLIMATE NORMALS FOR TOMORROW
                         NORMAL    RECORD    YEAR
 MAXIMUM TEMPERATURE (F)   79        88      1880
 MINIMUM TEMPERATURE (F)   71        55      2006


SUNRISE AND SUNSET

NOVEMBER 21 2017......SUNRISE   647 AM EST   SUNSET   538 PM EST
NOVEMBER 22 2017......SUNRISE   648 AM EST   SUNSET   538 PM EST

-  INDICATES NEGATIVE NUMBERS.
R  INDICATES RECORD WAS SET OR TIED.
MM INDICATES DATA IS MISSING.
T  INDICATES TRACE AMOUNT.

$$

SC
