000
CDAK49 PAFG 300935
CLIFAI

CLIMATE REPORT
NATIONAL WEATHER SERVICE FAIRBANKS AK
135 AM AKDT TUE SEP 30 2014

...................................

...THE FAIRBANKS AK CLIMATE SUMMARY FOR SEPTEMBER 29 2014...

CLIMATE NORMAL PERIOD 1981 TO 2010
CLIMATE RECORD PERIOD 1904 TO 2014


WEATHER ITEM   OBSERVED TIME   RECORD YEAR NORMAL DEPARTURE LAST
                VALUE   (LST)  VALUE       VALUE  FROM      YEAR
                                                  NORMAL
..................................................................
TEMPERATURE (F)
 YESTERDAY
  MAXIMUM         45    317 PM  68    1942  46     -1       43
  MINIMUM         33    828 AM  12    1992  29      4       36
  AVERAGE         39                        38      1       40

PRECIPITATION (IN)
  YESTERDAY        T             0.50 1954   0.03  -0.03      T
  MONTH TO DATE    2.80                      1.07   1.73     1.74
  SINCE SEP 1      2.80                      1.07   1.73     1.74
  SINCE JAN 1     15.52                      8.64   6.88     7.54

SNOWFALL (IN)
  YESTERDAY        T             7.0  1972   0.2   -0.2      0.0
  MONTH TO DATE    T                         1.7   -1.7      0.7
  SINCE SEP 1      T                         1.7   -1.7      0.7
  SINCE JUL 1      T                         1.7   -1.7      0.7
  SNOW DEPTH       0

DEGREE DAYS
 HEATING
  YESTERDAY       26                        27     -1       25
  MONTH TO DATE  520                       578    -58      603
  SINCE SEP 1    520                       578    -58      603
  SINCE JUL 1    841                       967   -126      862

 COOLING
  YESTERDAY        0                         0      0        0
  MONTH TO DATE    0                         0      0        0
  SINCE SEP 1      0                         0      0        0
  SINCE JAN 1     27                        61    -34      226
..................................................................


WIND (MPH)
  HIGHEST GUST SPEED    28   HIGHEST GUST DIRECTION     W (250)


SKY COVER
  AVERAGE SKY COVER 0.8


WEATHER CONDITIONS
 THE FOLLOWING WEATHER WAS RECORDED YESTERDAY.
  LIGHT SNOW
  FOG


RELATIVE HUMIDITY (PERCENT)
 HIGHEST    89
 LOWEST     49
 AVERAGE    69

..........................................................


THE FAIRBANKS AK CLIMATE NORMALS FOR TODAY
                         NORMAL    RECORD    YEAR
 MAXIMUM TEMPERATURE (F)   46        71      2003
 MINIMUM TEMPERATURE (F)   28         3      1992


SUNRISE AND SUNSET
SEPTEMBER 30 2014..........SUNRISE  759 AM AKDT   SUNSET  723 PM AKDT
OCTOBER 01 2014..........SUNRISE  802 AM AKDT   SUNSET  719 PM AKDT


-  INDICATES NEGATIVE NUMBERS.
R  INDICATES RECORD WAS SET OR TIED.
MM INDICATES DATA IS MISSING.
T  INDICATES TRACE AMOUNT.

&&

SNOW DEPTH IS MEASURED AT 3AM AKST/4AM AKDT

----------------------------
AVAILABLE DAYLIGHT

AMOUNT OF DAYLIGHT TODAY  (HOUR:MIN)........11:24
LOSS SINCE YESTERDAY........................6 MINUTES
----------------------------

$$
JL SEP 14
