720
CDAK49 PAFG 290031
CLIFAI

CLIMATE REPORT
NATIONAL WEATHER SERVICE FAIRBANKS AK
431 PM AKDT SUN AUG 28 2016

...................................

...THE FAIRBANKS AK CLIMATE SUMMARY FOR AUGUST 28 2016...
VALID TODAY AS OF 0400 PM LOCAL TIME.

CLIMATE NORMAL PERIOD 1981 TO 2010
CLIMATE RECORD PERIOD 1904 TO 2016


WEATHER ITEM   OBSERVED TIME   RECORD YEAR NORMAL DEPARTURE LAST
                VALUE   (LST)  VALUE       VALUE  FROM      YEAR
                                                  NORMAL
..................................................................
TEMPERATURE (F)
 TODAY
  MAXIMUM         70    251 PM  82    1949  63      7       47
  MINIMUM         49    534 AM  26    1913  43      6       38
  AVERAGE         60                        53      7       43

PRECIPITATION (IN)
  TODAY            0.00          1.36 1930   0.05  -0.05      T
  MONTH TO DATE    1.56                      1.72  -0.16     2.44
  SINCE JUN 1      9.82                      5.25   4.57     6.25
  SINCE JAN 1     11.71                      7.41   4.30     7.82

SNOWFALL (IN)
  TODAY            0.0           T    1913   0.0    0.0      0.0
  MONTH TO DATE    0.0                       0.0    0.0      0.0
  SINCE JUN 1      0.0                       0.0    0.0      0.0
  SINCE JUL 1      0.0                       0.0    0.0      0.0
  SNOW DEPTH       0

DEGREE DAYS
 HEATING
  TODAY            5                        12     -7       22
  MONTH TO DATE   94                       240   -146      253
  SINCE JUN 1    339                       508   -169      538
  SINCE JUL 1    178                       348   -170      357

 COOLING
  TODAY            0                         0      0        0
  MONTH TO DATE    8                         0      8        5
  SINCE JUN 1     70                        54     16       60
  SINCE JAN 1     76                        55     21       62
..................................................................


WIND (MPH)
  HIGHEST GUST SPEED    22   HIGHEST GUST DIRECTION    NE (50)


SKY COVER
  AVERAGE SKY COVER 0.3


WEATHER CONDITIONS
 THE FOLLOWING WEATHER WAS RECORDED TODAY.
  NO SIGNIFICANT WEATHER WAS OBSERVED.


RELATIVE HUMIDITY (PERCENT)
 HIGHEST   100
 LOWEST     32
 AVERAGE    66

..........................................................


THE FAIRBANKS AK CLIMATE NORMALS FOR TOMORROW
                         NORMAL    RECORD    YEAR
 MAXIMUM TEMPERATURE (F)   63        84      1949
 MINIMUM TEMPERATURE (F)   42        24      1922


SUNRISE AND SUNSET
AUGUST 28 2016..........SUNRISE  622 AM AKDT   SUNSET  922 PM AKDT
AUGUST 29 2016..........SUNRISE  625 AM AKDT   SUNSET  918 PM AKDT


-  INDICATES NEGATIVE NUMBERS.
R  INDICATES RECORD WAS SET OR TIED.
MM INDICATES DATA IS MISSING.
T  INDICATES TRACE AMOUNT.

&&

SNOW DEPTH IS MEASURED AT 3AM AKST/4AM AKDT

----------------------------
AVAILABLE DAYLIGHT

AMOUNT OF DAYLIGHT TODAY  (HOUR:MIN)........15:00
LOSS SINCE YESTERDAY........................7 MINUTES
----------------------------

$$
HFL AUG 16
