000
CDAK49 PAFG 170039
CLIFAI

CLIMATE REPORT
NATIONAL WEATHER SERVICE FAIRBANKS AK
439 PM AKDT MON OCT 16 2017

...................................

...THE FAIRBANKS AK CLIMATE SUMMARY FOR OCTOBER 16 2017...
VALID TODAY AS OF 0400 PM LOCAL TIME.

CLIMATE NORMAL PERIOD 1981 TO 2010
CLIMATE RECORD PERIOD 1904 TO 2017


WEATHER ITEM   OBSERVED TIME   RECORD YEAR NORMAL DEPARTURE LAST
                VALUE   (LST)  VALUE       VALUE  FROM      YEAR
                                                  NORMAL
..................................................................
TEMPERATURE (F)
 TODAY
  MAXIMUM         31    259 PM  56    1925  32     -1       28
  MINIMUM         26    852 AM -14    1965  17      9       16
  AVERAGE         29                        24      5       22

PRECIPITATION (IN)
  TODAY            T             0.44 1936   0.03  -0.03     0.00
  MONTH TO DATE    1.96                      0.45   1.51     0.00
  SINCE SEP 1      3.38                      1.55   1.83     2.08
  SINCE JAN 1     12.25                      9.12   3.13    13.79

SNOWFALL (IN)
  TODAY            T             5.0  1921   0.4   -0.4      0.0
  MONTH TO DATE    2.9                       4.6   -1.7      0.0
  SINCE SEP 1      2.9                       6.4   -3.5       T
  SINCE JUL 1      2.9                       6.4   -3.5       T
  SNOW DEPTH       0

DEGREE DAYS
 HEATING
  TODAY           36                        41     -5       43
  MONTH TO DATE  420                       551   -131      486
  SINCE SEP 1    924                      1156   -232     1041
  SINCE JUL 1   1147                      1545   -398     1243

 COOLING
  TODAY            0                         0      0        0
  MONTH TO DATE    0                         0      0        0
  SINCE SEP 1      0                         0      0        0
  SINCE JAN 1    104                        61     43       76
..................................................................


WIND (MPH)
  HIGHEST GUST SPEED    12   HIGHEST GUST DIRECTION     N (10)


SKY COVER
  AVERAGE SKY COVER 0.8


WEATHER CONDITIONS
 THE FOLLOWING WEATHER WAS RECORDED TODAY.
  LIGHT SNOW
  HAZE


RELATIVE HUMIDITY (PERCENT)
 HIGHEST   100
 LOWEST     78
 AVERAGE    89

..........................................................


THE FAIRBANKS AK CLIMATE NORMALS FOR TOMORROW
                         NORMAL    RECORD    YEAR
 MAXIMUM TEMPERATURE (F)   31        54      1925
 MINIMUM TEMPERATURE (F)   16       -10      1907


SUNRISE AND SUNSET
OCTOBER 16 2017.......SUNRISE   848 AM AKDT  SUNSET   624 PM AKDT
OCTOBER 17 2017.......SUNRISE   852 AM AKDT  SUNSET   621 PM AKDT


-  INDICATES NEGATIVE NUMBERS.
R  INDICATES RECORD WAS SET OR TIED.
MM INDICATES DATA IS MISSING.
T  INDICATES TRACE AMOUNT.

&&

SNOW DEPTH IS MEASURED AT 3AM AKST/4AM AKDT

----------------------------
AVAILABLE DAYLIGHT

AMOUNT OF DAYLIGHT TODAY  (HOUR:MIN)........09:28
LOSS SINCE YESTERDAY........................7 MINUTES
----------------------------

$$
HFL OCT 17
