000
CDAK49 PAFG 280933
CLIFAI

CLIMATE REPORT
NATIONAL WEATHER SERVICE FAIRBANKS AK
133 AM AKDT MON JUL 28 2014

...................................

...THE FAIRBANKS AK CLIMATE SUMMARY FOR JULY 27 2014...

CLIMATE NORMAL PERIOD 1981 TO 2010
CLIMATE RECORD PERIOD 1904 TO 2014


WEATHER ITEM   OBSERVED TIME   RECORD YEAR NORMAL DEPARTURE LAST
                VALUE   (LST)  VALUE       VALUE  FROM      YEAR
                                                  NORMAL
..................................................................
TEMPERATURE (F)
 YESTERDAY
  MAXIMUM         64   1224 PM  91    1919  71     -7       81
  MINIMUM         45    353 AM  35    1957  51     -6       54
  AVERAGE         55                        61     -6       68

PRECIPITATION (IN)
  YESTERDAY        0.00          2.27 2003   0.07  -0.07     0.00
  MONTH TO DATE    5.78                      1.87   3.91     1.01
  SINCE JUN 1      9.34                      3.24   6.10     1.44
  SINCE JAN 1     10.43                      5.40   5.03     3.78

SNOWFALL (IN)
  YESTERDAY        0.0           0.0  2002   0.0    0.0      0.0
                                      2001
                                      2000
  MONTH TO DATE    0.0                       0.0    0.0      0.0
  SINCE JUN 1      0.0                       0.0    0.0      0.0
  SINCE JUL 1      0.0                       0.0    0.0      0.0
  SNOW DEPTH       0

DEGREE DAYS
 HEATING
  YESTERDAY       10                         5      5        0
  MONTH TO DATE  125                        90     35       69
  SINCE JUN 1    317                       250     67      140
  SINCE JUL 1    125                        90     35       69

 COOLING
  YESTERDAY        0                         0      0        3
  MONTH TO DATE   19                        29    -10       36
  SINCE JUN 1     20                        52    -32      171
  SINCE JAN 1     20                        53    -33      184
..................................................................


WIND (MPH)
  HIGHEST GUST SPEED    10   HIGHEST GUST DIRECTION    NW (330)


SKY COVER
  AVERAGE SKY COVER 0.7


WEATHER CONDITIONS
 THE FOLLOWING WEATHER WAS RECORDED YESTERDAY.
  NO SIGNIFICANT WEATHER WAS OBSERVED.


RELATIVE HUMIDITY (PERCENT)
 HIGHEST    77
 LOWEST     43
 AVERAGE    60

..........................................................


THE FAIRBANKS AK CLIMATE NORMALS FOR TODAY
                         NORMAL    RECORD    YEAR
 MAXIMUM TEMPERATURE (F)   70        99      1919
 MINIMUM TEMPERATURE (F)   51        34      1943


SUNRISE AND SUNSET
JULY 28 2014..........SUNRISE  439 AM AKDT   SUNSET  1116 PM AKDT
JULY 29 2014..........SUNRISE  442 AM AKDT   SUNSET  1112 PM AKDT


-  INDICATES NEGATIVE NUMBERS.
R  INDICATES RECORD WAS SET OR TIED.
MM INDICATES DATA IS MISSING.
T  INDICATES TRACE AMOUNT.

&&

SNOW DEPTH IS MEASURED AT 3AM AKST/4AM AKDT

----------------------------
AVAILABLE DAYLIGHT

AMOUNT OF DAYLIGHT TODAY  (HOUR:MIN)........18:37
LOSS SINCE YESTERDAY........................7 MINUTES
----------------------------

$$
JL JUL 14
