000
CDAK49 PAFG 190931
CLIFAI

CLIMATE REPORT
NATIONAL WEATHER SERVICE FAIRBANKS AK
131 AM AKDT SAT APR 19 2014

...................................

...THE FAIRBANKS AK CLIMATE SUMMARY FOR APRIL 18 2014...

CLIMATE NORMAL PERIOD 1981 TO 2010
CLIMATE RECORD PERIOD 1904 TO 2014


WEATHER ITEM   OBSERVED TIME   RECORD YEAR NORMAL DEPARTURE LAST
                VALUE   (LST)  VALUE       VALUE  FROM      YEAR
                                                  NORMAL
..................................................................
TEMPERATURE (F)
 YESTERDAY
  MAXIMUM         54    340 PM  68    1999  46      8       32
  MINIMUM         31    438 AM -18    1948  23      8       12
  AVERAGE         43                        35      8       22

PRECIPITATION (IN)
  YESTERDAY        T             0.20 1966   0.01  -0.01     0.00
  MONTH TO DATE    0.20                      0.15   0.05     0.31
  SINCE MAR 1      0.41                      0.40   0.01     0.57
  SINCE JAN 1      1.03                      1.40  -0.37     1.84

SNOWFALL (IN)
  YESTERDAY        0.0           3.0  2005   0.1   -0.1      0.0
  MONTH TO DATE    2.9                       2.0    0.9      5.4
  SINCE MAR 1      6.0                       6.9   -0.9     11.6
  SINCE JUL 1     48.9                      63.2  -14.3     62.1
  SNOW DEPTH       9

DEGREE DAYS
 HEATING
  YESTERDAY       22                        30     -8       43
  MONTH TO DATE  686                       662     24      937
  SINCE MAR 1   2262                      2322    -60     2723
  SINCE JUL 1  11654                     12712  -1058    13692

 COOLING
  YESTERDAY        0                         0      0        0
  MONTH TO DATE    0                         0      0        0
  SINCE MAR 1      0                         0      0        0
  SINCE JAN 1      0                         0      0        0
..................................................................


WIND (MPH)
  HIGHEST GUST SPEED    14   HIGHEST GUST DIRECTION     N (360)


SKY COVER
  AVERAGE SKY COVER 0.7


WEATHER CONDITIONS
 THE FOLLOWING WEATHER WAS RECORDED YESTERDAY.
  NO SIGNIFICANT WEATHER WAS OBSERVED.


RELATIVE HUMIDITY (PERCENT)
 HIGHEST    78
 LOWEST     30
 AVERAGE    54

..........................................................


THE FAIRBANKS AK CLIMATE NORMALS FOR TODAY
                         NORMAL    RECORD    YEAR
 MAXIMUM TEMPERATURE (F)   47        66      2010
                                             1999
 MINIMUM TEMPERATURE (F)   24        -7      1959


SUNRISE AND SUNSET
APRIL 19 2014..........SUNRISE  602 AM AKDT   SUNSET  943 PM AKDT
APRIL 20 2014..........SUNRISE  558 AM AKDT   SUNSET  946 PM AKDT


-  INDICATES NEGATIVE NUMBERS.
R  INDICATES RECORD WAS SET OR TIED.
MM INDICATES DATA IS MISSING.
T  INDICATES TRACE AMOUNT.

&&

SNOW DEPTH IS MEASURED AT 3AM AKST/4AM AKDT

----------------------------
AVAILABLE DAYLIGHT

AMOUNT OF DAYLIGHT TODAY  (HOUR:MIN)........15:41
GAIN SINCE YESTERDAY........................7 MINUTES
----------------------------

$$
APR 14
