000
CDAK49 PAFG 180938
CLIFAI

CLIMATE REPORT
NATIONAL WEATHER SERVICE FAIRBANKS AK
138 AM AKDT FRI AUG 18 2017

...................................

...THE FAIRBANKS AK CLIMATE SUMMARY FOR AUGUST 17 2017...

CLIMATE NORMAL PERIOD 1981 TO 2010
CLIMATE RECORD PERIOD 1904 TO 2017


WEATHER ITEM   OBSERVED TIME   RECORD YEAR NORMAL DEPARTURE LAST
                VALUE   (LST)  VALUE       VALUE  FROM      YEAR
                                                  NORMAL
..................................................................
TEMPERATURE (F)
 YESTERDAY
  MAXIMUM         56    538 PM  82    2007  66    -10       75
  MINIMUM         46   1127 PM  28    1943  46      0       49
  AVERAGE         51                        56     -5       62

PRECIPITATION (IN)
  YESTERDAY        0.07          0.45 1937   0.06   0.01     0.00
  MONTH TO DATE    1.38                      1.10   0.28     0.77
  SINCE JUN 1      5.05                      4.63   0.42     9.03
  SINCE JAN 1      8.10                      6.79   1.31    10.92

SNOWFALL (IN)
  YESTERDAY       MM             0.0  2002   0.0   MM        0.0
                                      2001
                                      2000
  MONTH TO DATE    0.0                       0.0    0.0      0.0
  SINCE JUN 1      0.0                       0.0    0.0      0.0
  SINCE JUL 1      0.0                       0.0    0.0      0.0
  SNOW DEPTH       0

DEGREE DAYS
 HEATING
  YESTERDAY       14                         9      5        3
  MONTH TO DATE   63                       122    -59       41
  SINCE JUN 1    181                       390   -209      286
  SINCE JUL 1     87                       230   -143      125

 COOLING
  YESTERDAY        0                         0      0        0
  MONTH TO DATE   14                         0     14        8
  SINCE JUN 1    104                        54     50       70
  SINCE JAN 1    104                        55     49       76
..................................................................


WIND (MPH)
  HIGHEST GUST SPEED    14   HIGHEST GUST DIRECTION    SW (210)


SKY COVER
  AVERAGE SKY COVER 0.8


WEATHER CONDITIONS
 THE FOLLOWING WEATHER WAS RECORDED YESTERDAY.
  LIGHT RAIN
  FOG


RELATIVE HUMIDITY (PERCENT)
 HIGHEST   100
 LOWEST     66
 AVERAGE    83

..........................................................


THE FAIRBANKS AK CLIMATE NORMALS FOR TODAY
                         NORMAL    RECORD    YEAR
 MAXIMUM TEMPERATURE (F)   66        82      1905
 MINIMUM TEMPERATURE (F)   46        28      1947


SUNRISE AND SUNSET
AUGUST 18 2017........SUNRISE   549 AM AKDT  SUNSET   959 PM AKDT
AUGUST 19 2017........SUNRISE   552 AM AKDT  SUNSET   955 PM AKDT


-  INDICATES NEGATIVE NUMBERS.
R  INDICATES RECORD WAS SET OR TIED.
MM INDICATES DATA IS MISSING.
T  INDICATES TRACE AMOUNT.

&&

SNOW DEPTH IS MEASURED AT 3AM AKST/4AM AKDT

----------------------------
AVAILABLE DAYLIGHT

AMOUNT OF DAYLIGHT TODAY  (HOUR:MIN)........16:10
LOSS SINCE YESTERDAY........................7 MINUTES
----------------------------

$$
AUG 17
