000
CDAK49 PAFG 100932
CLIFAI

CLIMATE REPORT
NATIONAL WEATHER SERVICE FAIRBANKS AK
1232 AM AKST WED FEB 10 2016

...................................

...THE FAIRBANKS AK CLIMATE SUMMARY FOR FEBRUARY 9 2016...

CLIMATE NORMAL PERIOD 1981 TO 2010
CLIMATE RECORD PERIOD 1904 TO 2016


WEATHER ITEM   OBSERVED TIME   RECORD YEAR NORMAL DEPARTURE LAST
                VALUE   (LST)  VALUE       VALUE  FROM      YEAR
                                                  NORMAL
..................................................................
TEMPERATURE (F)
 YESTERDAY
  MAXIMUM          5    342 PM  39    1980   7     -2      -11
  MINIMUM        -16    850 AM -50    1936 -14     -2      -36
  AVERAGE         -5                        -4     -1      -23

PRECIPITATION (IN)
  YESTERDAY        0.00          0.21 1935   0.01  -0.01     0.00
  MONTH TO DATE    0.05                      0.14  -0.09      T
  SINCE DEC 1      0.13                      1.36  -1.23     1.08
  SINCE JAN 1      0.06                      0.72  -0.66     0.15

SNOWFALL (IN)
  YESTERDAY        0.0           6.9  1962   0.3   -0.3      0.0
  MONTH TO DATE    0.6                       2.7   -2.1       T
  SINCE DEC 1      2.5                      25.1  -22.6     19.8
  SINCE JUL 1     52.6                      50.9    1.7     29.6
  SNOW DEPTH      13

DEGREE DAYS
 HEATING
  YESTERDAY       70                        68      2       88
  MONTH TO DATE  583                       629    -46      784
  SINCE DEC 1   4554                      5030   -476     4748
  SINCE JUL 1   8342                      9161   -819     8466

 COOLING
  YESTERDAY        0                         0      0        0
  MONTH TO DATE    0                         0      0        0
  SINCE DEC 1      0                         0      0        0
  SINCE JAN 1      0                         0      0        0
..................................................................


WIND (MPH)
  HIGHEST GUST SPEED     7   HIGHEST GUST DIRECTION    SE (140)


SKY COVER
  AVERAGE SKY COVER 0.1


WEATHER CONDITIONS
 THE FOLLOWING WEATHER WAS RECORDED YESTERDAY.
  NO SIGNIFICANT WEATHER WAS OBSERVED.


RELATIVE HUMIDITY (PERCENT)
 HIGHEST    92
 LOWEST     74
 AVERAGE    83

..........................................................


THE FAIRBANKS AK CLIMATE NORMALS FOR TODAY
                         NORMAL    RECORD    YEAR
 MAXIMUM TEMPERATURE (F)    8        44      2004
 MINIMUM TEMPERATURE (F)  -14       -52      1932


SUNRISE AND SUNSET
FEBRUARY 10 2016..........SUNRISE  909 AM AKST   SUNSET  505 PM AKST
FEBRUARY 11 2016..........SUNRISE  905 AM AKST   SUNSET  508 PM AKST


-  INDICATES NEGATIVE NUMBERS.
R  INDICATES RECORD WAS SET OR TIED.
MM INDICATES DATA IS MISSING.
T  INDICATES TRACE AMOUNT.

&&

SNOW DEPTH IS MEASURED AT 3AM AKST/4AM AKDT

----------------------------
AVAILABLE DAYLIGHT

AMOUNT OF DAYLIGHT TODAY  (HOUR:MIN)........7:56
GAIN SINCE YESTERDAY........................7 MINUTES
----------------------------

$$
SDB FEB 16
