000
CDAK49 PAFG 280942
CLIFAI

CLIMATE REPORT
NATIONAL WEATHER SERVICE FAIRBANKS AK
142 AM AKDT WED JUN 28 2017

...................................

...THE FAIRBANKS AK CLIMATE SUMMARY FOR JUNE 27 2017...

CLIMATE NORMAL PERIOD 1981 TO 2010
CLIMATE RECORD PERIOD 1904 TO 2017


WEATHER ITEM   OBSERVED TIME   RECORD YEAR NORMAL DEPARTURE LAST
                VALUE   (LST)  VALUE       VALUE  FROM      YEAR
                                                  NORMAL
..................................................................
TEMPERATURE (F)
 YESTERDAY
  MAXIMUM         77    510 PM  89    1938  74      3       64
  MINIMUM         56    202 AM  34    1923  52      4       55
  AVERAGE         67                        63      4       60

PRECIPITATION (IN)
  YESTERDAY        T             1.27 1981   0.06  -0.06     0.39
  MONTH TO DATE    1.73                      1.19   0.54     3.21
  SINCE JUN 1      1.73                      1.19   0.54     3.21
  SINCE JAN 1      4.78                      3.35   1.43     5.10

SNOWFALL (IN)
  YESTERDAY        0.0           0.0  2002   0.0    0.0      0.0
                                      2001
                                      2000
  MONTH TO DATE    0.0                       0.0    0.0      0.0
  SINCE JUN 1      0.0                       0.0    0.0      0.0
  SINCE JUL 1     83.1                      65.0   18.1     60.0
  SNOW DEPTH       0

DEGREE DAYS
 HEATING
  YESTERDAY        0                         3     -3        5
  MONTH TO DATE   94                       150    -56      160
  SINCE JUN 1     94                       150    -56      160
  SINCE JUL 1  13648                     13659    -11    11988

 COOLING
  YESTERDAY        2                         2      0        0
  MONTH TO DATE   30                        15     15       17
  SINCE JUN 1     30                        15     15       17
  SINCE JAN 1     30                        16     14       23
..................................................................


WIND (MPH)
  HIGHEST GUST SPEED    26   HIGHEST GUST DIRECTION    SE (150)


SKY COVER
  AVERAGE SKY COVER 0.7


WEATHER CONDITIONS
 THE FOLLOWING WEATHER WAS RECORDED YESTERDAY.
  NO SIGNIFICANT WEATHER WAS OBSERVED.


RELATIVE HUMIDITY (PERCENT)
 HIGHEST    80
 LOWEST     33
 AVERAGE    57

..........................................................


THE FAIRBANKS AK CLIMATE NORMALS FOR TODAY
                         NORMAL    RECORD    YEAR
 MAXIMUM TEMPERATURE (F)   74        88      1992
 MINIMUM TEMPERATURE (F)   53        32      1918


SUNRISE AND SUNSET
JUNE 28 2017..........SUNRISE  307 AM AKDT   SUNSET  1241 AM AKDT
JUNE 29 2017..........SUNRISE  309 AM AKDT   SUNSET  1239 AM AKDT


-  INDICATES NEGATIVE NUMBERS.
R  INDICATES RECORD WAS SET OR TIED.
MM INDICATES DATA IS MISSING.
T  INDICATES TRACE AMOUNT.

&&

SNOW DEPTH IS MEASURED AT 3AM AKST/4AM AKDT

----------------------------
AVAILABLE DAYLIGHT

AMOUNT OF DAYLIGHT TODAY  (HOUR:MIN)........21:34
LOSS SINCE YESTERDAY........................3 MINUTES
----------------------------

$$
JUN 17
