000
CDAK49 PAFG 230933
CLIFAI

CLIMATE REPORT
NATIONAL WEATHER SERVICE FAIRBANKS AK
133 AM AKDT TUE SEP 23 2014

...................................

...THE FAIRBANKS AK CLIMATE SUMMARY FOR SEPTEMBER 22 2014...

CLIMATE NORMAL PERIOD 1981 TO 2010
CLIMATE RECORD PERIOD 1904 TO 2014


WEATHER ITEM   OBSERVED TIME   RECORD YEAR NORMAL DEPARTURE LAST
                VALUE   (LST)  VALUE       VALUE  FROM      YEAR
                                                  NORMAL
..................................................................
TEMPERATURE (F)
 YESTERDAY
  MAXIMUM         46    439 PM  73    1995  51     -5       34
  MINIMUM         30   1159 PM  12    1992  33     -3       30
  AVERAGE         38                        42     -4       32

PRECIPITATION (IN)
  YESTERDAY        0.00          0.37 1942   0.03  -0.03     0.04
  MONTH TO DATE    2.67                      0.86   1.81     1.70
  SINCE SEP 1      2.67                      0.86   1.81     1.70
  SINCE JAN 1     15.39                      8.43   6.96     7.50

SNOWFALL (IN)
  YESTERDAY        0.0           2.2  1923   0.1   -0.1      0.1
  MONTH TO DATE    0.0                       0.9   -0.9      0.7
  SINCE SEP 1      0.0                       0.9   -0.9      0.7
  SINCE JUL 1      0.0                       0.9   -0.9      0.7
  SNOW DEPTH       0

DEGREE DAYS
 HEATING
  YESTERDAY       27                        23      4       33
  MONTH TO DATE  327                       400    -73      430
  SINCE SEP 1    327                       400    -73      430
  SINCE JUL 1    648                       789   -141      689

 COOLING
  YESTERDAY        0                         0      0        0
  MONTH TO DATE    0                         0      0        0
  SINCE SEP 1      0                         0      0        0
  SINCE JAN 1     27                        61    -34      226
..................................................................


WIND (MPH)
  HIGHEST GUST SPEED    13   HIGHEST GUST DIRECTION    SW (240)


SKY COVER
  AVERAGE SKY COVER 0.8


WEATHER CONDITIONS
 THE FOLLOWING WEATHER WAS RECORDED YESTERDAY.
  NO SIGNIFICANT WEATHER WAS OBSERVED.


RELATIVE HUMIDITY (PERCENT)
 HIGHEST    82
 LOWEST     45
 AVERAGE    64

..........................................................


THE FAIRBANKS AK CLIMATE NORMALS FOR TODAY
                         NORMAL    RECORD    YEAR
 MAXIMUM TEMPERATURE (F)   51        72      1940
 MINIMUM TEMPERATURE (F)   32         7      1992


SUNRISE AND SUNSET
SEPTEMBER 23 2014..........SUNRISE  738 AM AKDT   SUNSET  748 PM AKDT
SEPTEMBER 24 2014..........SUNRISE  741 AM AKDT   SUNSET  745 PM AKDT


-  INDICATES NEGATIVE NUMBERS.
R  INDICATES RECORD WAS SET OR TIED.
MM INDICATES DATA IS MISSING.
T  INDICATES TRACE AMOUNT.

&&

SNOW DEPTH IS MEASURED AT 3AM AKST/4AM AKDT

----------------------------
AVAILABLE DAYLIGHT

AMOUNT OF DAYLIGHT TODAY  (HOUR:MIN)........12:10
LOSS SINCE YESTERDAY........................7 MINUTES
----------------------------

$$
CCC SEP 14
