000
CDAK49 PAFG 270935
CLIFAI

CLIMATE REPORT
NATIONAL WEATHER SERVICE FAIRBANKS AK
135 AM AKDT FRI MAR 27 2015

...................................

...THE FAIRBANKS AK CLIMATE SUMMARY FOR MARCH 26 2015...

CLIMATE NORMAL PERIOD 1981 TO 2010
CLIMATE RECORD PERIOD 1904 TO 2015


WEATHER ITEM   OBSERVED TIME   RECORD YEAR NORMAL DEPARTURE LAST
                VALUE   (LST)  VALUE       VALUE  FROM      YEAR
                                                  NORMAL
..................................................................
TEMPERATURE (F)
 YESTERDAY
  MAXIMUM         52R   443 PM  48    1970  31     21       43
  MINIMUM         11    720 AM -35    1925   3      8        9
  AVERAGE         32                        17     15       26

PRECIPITATION (IN)
  YESTERDAY        0.00          0.18 1986   0.00   0.00     0.00
  MONTH TO DATE    0.49                      0.21   0.28     0.21
  SINCE MAR 1      0.49                      0.21   0.28     0.21
  SINCE JAN 1      1.12                      1.21  -0.09     0.83

SNOWFALL (IN)
  YESTERDAY        0.0           2.0  1986   0.1   -0.1      0.0
  MONTH TO DATE    8.1                       4.2    3.9      3.1
  SINCE MAR 1      8.1                       4.2    3.9      3.1
  SINCE JUL 1     41.7                      60.5  -18.8     46.0
  SNOW DEPTH      16

DEGREE DAYS
 HEATING
  YESTERDAY       33                        48    -15       39
  MONTH TO DATE 1368                      1432    -64     1351
  SINCE MAR 1   1368                      1432    -64     1351
  SINCE JUL 1  10835                     11822   -987    10743

 COOLING
  YESTERDAY        0                         0      0        0
  MONTH TO DATE    0                         0      0        0
  SINCE MAR 1      0                         0      0        0
  SINCE JAN 1      0                         0      0        0
..................................................................


WIND (MPH)
  HIGHEST GUST SPEED    10   HIGHEST GUST DIRECTION    SE (150)


SKY COVER
  AVERAGE SKY COVER 0.4


WEATHER CONDITIONS
 THE FOLLOWING WEATHER WAS RECORDED YESTERDAY.
  NO SIGNIFICANT WEATHER WAS OBSERVED.


RELATIVE HUMIDITY (PERCENT)
 HIGHEST    84
 LOWEST     23
 AVERAGE    54

..........................................................


THE FAIRBANKS AK CLIMATE NORMALS FOR TODAY
                         NORMAL    RECORD    YEAR
 MAXIMUM TEMPERATURE (F)   31        53      1940
 MINIMUM TEMPERATURE (F)    4       -37      1925


SUNRISE AND SUNSET
MARCH 27 2015..........SUNRISE  727 AM AKDT   SUNSET  829 PM AKDT
MARCH 28 2015..........SUNRISE  723 AM AKDT   SUNSET  833 PM AKDT


-  INDICATES NEGATIVE NUMBERS.
R  INDICATES RECORD WAS SET OR TIED.
MM INDICATES DATA IS MISSING.
T  INDICATES TRACE AMOUNT.

&&

SNOW DEPTH IS MEASURED AT 3AM AKST/4AM AKDT

----------------------------
AVAILABLE DAYLIGHT

AMOUNT OF DAYLIGHT TODAY  (HOUR:MIN)........13:02
GAIN SINCE YESTERDAY........................6 MINUTES
----------------------------

$$
CCC MAR 15
