000
CDAK49 PAFG 251731
CLIFAI

CLIMATE REPORT
NATIONAL WEATHER SERVICE FAIRBANKS AK
931 AM AKDT FRI JUL 25 2014

...................................

...THE FAIRBANKS AK CLIMATE SUMMARY FOR JULY 24 2014...

CLIMATE NORMAL PERIOD 1981 TO 2010
CLIMATE RECORD PERIOD 1904 TO 2014


WEATHER ITEM   OBSERVED TIME   RECORD YEAR NORMAL DEPARTURE LAST
                VALUE   (LST)  VALUE       VALUE  FROM      YEAR
                                                  NORMAL
..................................................................
TEMPERATURE (F)
 YESTERDAY
  MAXIMUM         56    406 PM  89    1968  71    -15       75
  MINIMUM         51   1118 PM  35    1917  52     -1       58
  AVERAGE         54                        62     -8       67

PRECIPITATION (IN)
  YESTERDAY        0.23          1.27 1967   0.08   0.15     0.01
  MONTH TO DATE    5.68                      1.65   4.03     1.01
  SINCE JUN 1      9.24                      3.02   6.22     1.44
  SINCE JAN 1     10.33                      5.18   5.15     3.78

SNOWFALL (IN)
  YESTERDAY        0.0           0.0  2002   0.0    0.0      0.0
                                      2001
                                      2000
  MONTH TO DATE    0.0                       0.0    0.0      0.0
  SINCE JUN 1      0.0                       0.0    0.0      0.0
  SINCE JUL 1      0.0                       0.0    0.0      0.0
  SNOW DEPTH       0

DEGREE DAYS
 HEATING
  YESTERDAY       11                         4      7        0
  MONTH TO DATE   91                        77     14       67
  SINCE JUN 1    283                       237     46      138
  SINCE JUL 1     91                        77     14       67

 COOLING
  YESTERDAY        0                         1     -1        2
  MONTH TO DATE   19                        28     -9       31
  SINCE JUN 1     20                        51    -31      166
  SINCE JAN 1     20                        52    -32      179
..................................................................


WIND (MPH)
  HIGHEST GUST SPEED    12   HIGHEST GUST DIRECTION     W (260)


SKY COVER
  AVERAGE SKY COVER 1.0


WEATHER CONDITIONS
 THE FOLLOWING WEATHER WAS RECORDED YESTERDAY.
  LIGHT RAIN
  FOG


RELATIVE HUMIDITY (PERCENT)
 HIGHEST    93
 LOWEST     83
 AVERAGE    88

..........................................................


THE FAIRBANKS AK CLIMATE NORMALS FOR TODAY
                         NORMAL    RECORD    YEAR
 MAXIMUM TEMPERATURE (F)   71        93      1955
 MINIMUM TEMPERATURE (F)   52        40      1958


SUNRISE AND SUNSET
JULY 25 2014..........SUNRISE  428 AM AKDT   SUNSET  1126 PM AKDT
JULY 26 2014..........SUNRISE  432 AM AKDT   SUNSET  1123 PM AKDT


-  INDICATES NEGATIVE NUMBERS.
R  INDICATES RECORD WAS SET OR TIED.
MM INDICATES DATA IS MISSING.
T  INDICATES TRACE AMOUNT.

&&

SNOW DEPTH IS MEASURED AT 3AM AKST/4AM AKDT

----------------------------
AVAILABLE DAYLIGHT

AMOUNT OF DAYLIGHT TODAY  (HOUR:MIN)........18:58
LOSS SINCE YESTERDAY........................6 MINUTES
----------------------------

$$
APW JUL 14
