000
CDUS43 KFGF 142254
CLIFAR


CLIMATE REPORT
NATIONAL WEATHER SERVICE EASTERN NORTH DAKOTA/GRAND FORKS
453 PM CST THU DEC 14 2017


...................................

...THE FARGO HECTOR INTL AP ND CLIMATE SUMMARY FOR DECEMBER 14 2017...
VALID TODAY AS OF 0400 PM LOCAL TIME.

CLIMATE NORMAL PERIOD 1981 TO 2010
CLIMATE RECORD PERIOD 1881 TO 2017


WEATHER ITEM   OBSERVED TIME   RECORD YEAR NORMAL DEPARTURE LAST
                VALUE   (LST)  VALUE       VALUE  FROM      YEAR
                                                  NORMAL
..................................................................
TEMPERATURE (F)
 TODAY
  MAXIMUM         25   1229 PM  48    1998  22      3        8
  MINIMUM         18    123 AM -32    1901   6     12      -11
  AVERAGE         22                        14      8       -1

PRECIPITATION (IN)
  TODAY            T             1.23 1927   0.03  -0.03     0.00
  MONTH TO DATE    0.34                      0.37  -0.03     0.43
  SINCE DEC 1      0.34                      0.37  -0.03     0.43
  SINCE JAN 1     14.80                     22.15  -7.35    22.69

SNOWFALL (IN)
  TODAY            T            14.3  1927   0.4   -0.4      0.0
  MONTH TO DATE    2.0                       4.8   -2.8      6.0
  SINCE DEC 1      2.0                       4.8   -2.8      6.0
  SINCE JUL 1      5.7                      13.4   -7.7      9.7
  SNOW DEPTH       T

DEGREE DAYS
 HEATING
  TODAY           43                        51     -8       66
  MONTH TO DATE  576                       674    -98      701
  SINCE DEC 1    576                       674    -98      701
  SINCE JUL 1   2374                      2636   -262     2006

 COOLING
  TODAY            0                         0      0        0
  MONTH TO DATE    0                         0      0        0
  SINCE DEC 1      0                         0      0        0
  SINCE JAN 1    518                       551    -33      661
..................................................................


WIND (MPH)
  HIGHEST WIND SPEED    17   HIGHEST WIND DIRECTION     N (340)
  HIGHEST GUST SPEED    21   HIGHEST GUST DIRECTION     N (350)
  AVERAGE WIND SPEED     6.7


SKY COVER
  POSSIBLE SUNSHINE  MM
  AVERAGE SKY COVER 0.9


WEATHER CONDITIONS
 THE FOLLOWING WEATHER WAS RECORDED TODAY.
  LIGHT SNOW
  FOG


RELATIVE HUMIDITY (PERCENT)
 HIGHEST    88          1000 AM
 LOWEST     77           100 AM
 AVERAGE    83

..........................................................


THE FARGO HECTOR INTL AP ND CLIMATE NORMALS FOR TOMORROW
                         NORMAL    RECORD    YEAR
 MAXIMUM TEMPERATURE (F)   22        53      1939
 MINIMUM TEMPERATURE (F)    6       -29      1901


SUNRISE AND SUNSET
DECEMBER 14 2017......SUNRISE   805 AM CST   SUNSET   439 PM CST
DECEMBER 15 2017......SUNRISE   806 AM CST   SUNSET   439 PM CST


-  INDICATES NEGATIVE NUMBERS.
R  INDICATES RECORD WAS SET OR TIED.
MM INDICATES DATA IS MISSING.
T  INDICATES TRACE AMOUNT.




$$
