000
CDUS43 KFGF 300637
CLIFAR


CLIMATE REPORT
NATIONAL WEATHER SERVICE EASTERN NORTH DAKOTA/GRAND FORKS
132 AM CDT TUE JUN 30 2015


...................................

...THE FARGO HECTOR INTL AP ND CLIMATE SUMMARY FOR JUNE 29 2015...

CLIMATE NORMAL PERIOD 1981 TO 2010
CLIMATE RECORD PERIOD 1881 TO 2015


WEATHER ITEM   OBSERVED TIME   RECORD YEAR NORMAL DEPARTURE LAST
                VALUE   (LST)  VALUE       VALUE  FROM      YEAR
                                                  NORMAL
..................................................................
TEMPERATURE (F)
 YESTERDAY
  MAXIMUM         78    137 PM 100    1931  81     -3       82
  MINIMUM         61    431 AM  42    1992  58      3       64
                                      1943
                                      1900
  AVERAGE         70                        69      1       73

PRECIPITATION (IN)
  YESTERDAY        0.00          1.36 1887   0.13  -0.13      T
  MONTH TO DATE    2.75                      3.78  -1.03     5.55
  SINCE JUN 1      2.75                      3.78  -1.03     5.55
  SINCE JAN 1     12.85                     10.59   2.26    12.57

SNOWFALL (IN)
  YESTERDAY        0.0           0.0    MM   0.0    0.0      0.0
  MONTH TO DATE    0.0                       0.0    0.0      0.0
  SINCE JUN 1      0.0                       0.0    0.0      0.0
  SINCE JUL 1     16.0                      50.4  -34.4     34.9
  SNOW DEPTH       0

DEGREE DAYS
 HEATING
  YESTERDAY        0                         1     -1        0
  MONTH TO DATE   23                        70    -47       30
  SINCE JUN 1     23                        70    -47       30
  SINCE JUL 1   8255                      8799   -544     9679

 COOLING
  YESTERDAY        5                         6     -1        8
  MONTH TO DATE   95                       102     -7       97
  SINCE JUN 1     95                       102     -7       97
  SINCE JAN 1    110                       133    -23      176
..................................................................


WIND (MPH)
  HIGHEST WIND SPEED    17   HIGHEST WIND DIRECTION    NW (330)
  HIGHEST GUST SPEED    20   HIGHEST GUST DIRECTION    NW (330)
  AVERAGE WIND SPEED     8.1


SKY COVER
  POSSIBLE SUNSHINE  MM
  AVERAGE SKY COVER 0.0


WEATHER CONDITIONS
 THE FOLLOWING WEATHER WAS RECORDED YESTERDAY.
  FOG
  HAZE


RELATIVE HUMIDITY (PERCENT)
 HIGHEST    93           300 AM
 LOWEST     58           100 PM
 AVERAGE    76

..........................................................


THE FARGO HECTOR INTL AP ND CLIMATE NORMALS FOR TODAY
                         NORMAL    RECORD    YEAR
 MAXIMUM TEMPERATURE (F)   81       102      1931
 MINIMUM TEMPERATURE (F)   58        42      1918


SUNRISE AND SUNSET
JUNE 30 2015..........SUNRISE   536 AM CDT   SUNSET   926 PM CDT
JULY  1 2015..........SUNRISE   536 AM CDT   SUNSET   925 PM CDT


-  INDICATES NEGATIVE NUMBERS.
R  INDICATES RECORD WAS SET OR TIED.
MM INDICATES DATA IS MISSING.
T  INDICATES TRACE AMOUNT.




$$
