000
CDUS43 KFGF 280707
CLIFAR


CLIMATE REPORT
NATIONAL WEATHER SERVICE EASTERN NORTH DAKOTA/GRAND FORKS
137 AM CDT MON JUL 28 2014


...................................

...THE FARGO HECTOR INTL AP ND CLIMATE SUMMARY FOR JULY 27 2014...

CLIMATE NORMAL PERIOD 1981 TO 2010
CLIMATE RECORD PERIOD 1881 TO 2014


WEATHER ITEM   OBSERVED TIME   RECORD YEAR NORMAL DEPARTURE LAST
                VALUE   (LST)  VALUE       VALUE  FROM      YEAR
                                                  NORMAL
..................................................................
TEMPERATURE (F)
 YESTERDAY
  MAXIMUM         69    310 PM 105    1988  83    -14       73
  MINIMUM         59   1159 PM  46    1971  60     -1       47
                                      1925
  AVERAGE         64                        71     -7       60

PRECIPITATION (IN)
  YESTERDAY        T             1.82 2010   0.07  -0.07     0.00
  MONTH TO DATE    1.64                      2.50  -0.86     0.83
  SINCE JUN 1      7.33                      6.40   0.93     8.56
  SINCE JAN 1     14.35                     13.21   1.14    21.46

SNOWFALL (IN)
  YESTERDAY        0.0           0.0    MM   0.0    0.0      0.0
  MONTH TO DATE    0.0                       0.0    0.0      0.0
  SINCE JUN 1      0.0                       0.0    0.0      0.0
  SINCE JUL 1      0.0                       0.0    0.0      0.0
  SNOW DEPTH       0

DEGREE DAYS
 HEATING
  YESTERDAY        1                         0      1        5
  MONTH TO DATE   20                        12      8       11
  SINCE JUN 1     50                        85    -35       73
  SINCE JUL 1     20                        12      8       11

 COOLING
  YESTERDAY        0                         7     -7        0
  MONTH TO DATE  152                       179    -27      227
  SINCE JUN 1    254                       286    -32      373
  SINCE JAN 1    333                       317     16      402
..................................................................


WIND (MPH)
  HIGHEST WIND SPEED    30   HIGHEST WIND DIRECTION     N (340)
  HIGHEST GUST SPEED    37   HIGHEST GUST DIRECTION    NW (320)
  AVERAGE WIND SPEED    16.2


SKY COVER
  POSSIBLE SUNSHINE  MM
  AVERAGE SKY COVER 0.9


WEATHER CONDITIONS
 THE FOLLOWING WEATHER WAS RECORDED YESTERDAY.
  LIGHT RAIN
  FOG


RELATIVE HUMIDITY (PERCENT)
 HIGHEST    90          1100 PM
 LOWEST     63           300 PM
 AVERAGE    77

..........................................................


THE FARGO HECTOR INTL AP ND CLIMATE NORMALS FOR TODAY
                         NORMAL    RECORD    YEAR
 MAXIMUM TEMPERATURE (F)   83       110      1917
 MINIMUM TEMPERATURE (F)   60        44      2013
                                             1973
                                             1904


SUNRISE AND SUNSET
JULY 28 2014..........SUNRISE   602 AM CDT   SUNSET   905 PM CDT
JULY 29 2014..........SUNRISE   603 AM CDT   SUNSET   903 PM CDT


-  INDICATES NEGATIVE NUMBERS.
R  INDICATES RECORD WAS SET OR TIED.
MM INDICATES DATA IS MISSING.
T  INDICATES TRACE AMOUNT.




$$
