043
CDUS43 KFGF 050634
CLIFAR


CLIMATE REPORT
NATIONAL WEATHER SERVICE EASTERN NORTH DAKOTA/GRAND FORKS
133 AM CDT THU MAY 5 2016


...................................

...THE FARGO HECTOR INTL AP ND CLIMATE SUMMARY FOR MAY 4 2016...

CLIMATE NORMAL PERIOD 1981 TO 2010
CLIMATE RECORD PERIOD 1881 TO 2016


WEATHER ITEM   OBSERVED TIME   RECORD YEAR NORMAL DEPARTURE LAST
                VALUE   (LST)  VALUE       VALUE  FROM      YEAR
                                                  NORMAL
..................................................................
TEMPERATURE (F)
 YESTERDAY
  MAXIMUM         72    417 PM  93    1926  66      6       70
  MINIMUM         35    511 AM  22    1967  40     -5       35
                                      1891
  AVERAGE         54                        53      1       53

PRECIPITATION (IN)
  YESTERDAY        0.00          4.02 1977   0.08  -0.08     0.00
  MONTH TO DATE    0.00                      0.30  -0.30     0.07
  SINCE MAR 1      3.07                      2.99   0.08     1.35
  SINCE JAN 1      4.06                      4.30  -0.24     2.32

SNOWFALL (IN)
  YESTERDAY        0.0           0.3  1944   0.0    0.0      0.0
  MONTH TO DATE    0.0                       0.0    0.0      0.0
  SINCE MAR 1      3.1                      12.4   -9.3      0.4
  SINCE JUL 1     27.4                      50.4  -23.0     16.0
  SNOW DEPTH       0

DEGREE DAYS
 HEATING
  YESTERDAY       11                        12     -1       12
  MONTH TO DATE   41                        51    -10       20
  SINCE MAR 1   1487                      1829   -342     1517
  SINCE JUL 1   7010                      8507  -1497     7933

 COOLING
  YESTERDAY        0                         0      0        0
  MONTH TO DATE    0                         0      0        4
  SINCE MAR 1      0                         3     -3        4
  SINCE JAN 1      0                         3     -3        4
..................................................................


WIND (MPH)
  HIGHEST WIND SPEED    17   HIGHEST WIND DIRECTION     N (20)
  HIGHEST GUST SPEED    21   HIGHEST GUST DIRECTION     N (10)
  AVERAGE WIND SPEED     7.2


SKY COVER
  POSSIBLE SUNSHINE  MM
  AVERAGE SKY COVER 0.0


WEATHER CONDITIONS
 THE FOLLOWING WEATHER WAS RECORDED YESTERDAY.
  NO SIGNIFICANT WEATHER WAS OBSERVED.


RELATIVE HUMIDITY (PERCENT)
 HIGHEST    70           400 AM
 LOWEST     18           600 PM
 AVERAGE    44

..........................................................


THE FARGO HECTOR INTL AP ND CLIMATE NORMALS FOR TODAY
                         NORMAL    RECORD    YEAR
 MAXIMUM TEMPERATURE (F)   66        96      2000
 MINIMUM TEMPERATURE (F)   41        22      1891


SUNRISE AND SUNSET
MAY  5 2016...........SUNRISE   605 AM CDT   SUNSET   844 PM CDT
MAY  6 2016...........SUNRISE   603 AM CDT   SUNSET   845 PM CDT


-  INDICATES NEGATIVE NUMBERS.
R  INDICATES RECORD WAS SET OR TIED.
MM INDICATES DATA IS MISSING.
T  INDICATES TRACE AMOUNT.




$$
