000
CDUS43 KFGF 032254
CLIFAR


CLIMATE REPORT
NATIONAL WEATHER SERVICE EASTERN NORTH DAKOTA/GRAND FORKS
452 PM CST TUE MAR 3 2015


...................................

...THE FARGO HECTOR INTL AP ND CLIMATE SUMMARY FOR MARCH 3 2015...
VALID TODAY AS OF 0400 PM LOCAL TIME.

CLIMATE NORMAL PERIOD 1981 TO 2010
CLIMATE RECORD PERIOD 1881 TO 2015


WEATHER ITEM   OBSERVED TIME   RECORD YEAR NORMAL DEPARTURE LAST
                VALUE   (LST)  VALUE       VALUE  FROM      YEAR
                                                  NORMAL
..................................................................
TEMPERATURE (F)
 TODAY
  MAXIMUM         28    222 AM  61    2000  29     -1        9
  MINIMUM         12    357 PM -23    1884  13     -1      -11
  AVERAGE         20                        21     -1       -1

PRECIPITATION (IN)
  TODAY            0.02          0.85 1997   0.03  -0.01     0.06
                                      1970
  MONTH TO DATE    0.02                      0.11  -0.09     0.06
  SINCE MAR 1      0.02                      0.11  -0.09     0.06
  SINCE JAN 1      0.99                      1.42  -0.43     0.94

SNOWFALL (IN)
  TODAY            0.2          12.0  1997   0.4   -0.2      1.5
  MONTH TO DATE    0.2                       1.1   -0.9      1.5
  SINCE MAR 1      0.2                       1.1   -0.9      1.5
  SINCE JUL 1     15.8                      39.1  -23.3     29.1
  SNOW DEPTH       3

DEGREE DAYS
 HEATING
  TODAY           45                        44      1       66
  MONTH TO DATE  147                       133     14      216
  SINCE MAR 1    147                       133     14      216
  SINCE JUL 1   6563                      6811   -248     7493

 COOLING
  TODAY            0                         0      0        0
  MONTH TO DATE    0                         0      0        0
  SINCE MAR 1      0                         0      0        0
  SINCE JAN 1      0                         0      0        0
..................................................................


WIND (MPH)
  HIGHEST WIND SPEED    33   HIGHEST WIND DIRECTION    NW (320)
  HIGHEST GUST SPEED    40   HIGHEST GUST DIRECTION    NW (320)
  AVERAGE WIND SPEED    23.1


SKY COVER
  POSSIBLE SUNSHINE  MM
  AVERAGE SKY COVER 0.8


WEATHER CONDITIONS
 THE FOLLOWING WEATHER WAS RECORDED TODAY.
  LIGHT SNOW
  FOG


RELATIVE HUMIDITY (PERCENT)
 HIGHEST    81           300 AM
 LOWEST     53           400 PM
 AVERAGE    67

..........................................................


THE FARGO HECTOR INTL AP ND CLIMATE NORMALS FOR TOMORROW
                         NORMAL    RECORD    YEAR
 MAXIMUM TEMPERATURE (F)   30        55      2000
 MINIMUM TEMPERATURE (F)   14       -27      1917


SUNRISE AND SUNSET
MARCH  3 2015.........SUNRISE   704 AM CST   SUNSET   615 PM CST
MARCH  4 2015.........SUNRISE   702 AM CST   SUNSET   617 PM CST


-  INDICATES NEGATIVE NUMBERS.
R  INDICATES RECORD WAS SET OR TIED.
MM INDICATES DATA IS MISSING.
T  INDICATES TRACE AMOUNT.




$$
