000
CDUS43 KFGF 250644
CLIFAR


CLIMATE REPORT
NATIONAL WEATHER SERVICE EASTERN NORTH DAKOTA/GRAND FORKS
143 AM CDT FRI JUL 25 2014


...................................

...THE FARGO HECTOR INTL AP ND CLIMATE SUMMARY FOR JULY 24 2014...

CLIMATE NORMAL PERIOD 1981 TO 2010
CLIMATE RECORD PERIOD 1881 TO 2014


WEATHER ITEM   OBSERVED TIME   RECORD YEAR NORMAL DEPARTURE LAST
                VALUE   (LST)  VALUE       VALUE  FROM      YEAR
                                                  NORMAL
..................................................................
TEMPERATURE (F)
 YESTERDAY
  MAXIMUM         78    527 PM  99    1940  83     -5       84
  MINIMUM         62    428 AM  44    1891  60      2       53
  AVERAGE         70                        72     -2       69

PRECIPITATION (IN)
  YESTERDAY        0.05          2.35 2012   0.07  -0.02     0.00
  MONTH TO DATE    1.64                      2.28  -0.64     0.82
  SINCE JUN 1      7.33                      6.18   1.15     8.55
  SINCE JAN 1     14.35                     12.99   1.36    21.45

SNOWFALL (IN)
  YESTERDAY        0.0           0.0    MM   0.0    0.0      0.0
  MONTH TO DATE    0.0                       0.0    0.0      0.0
  SINCE JUN 1      0.0                       0.0    0.0      0.0
  SINCE JUL 1      0.0                       0.0    0.0      0.0
  SNOW DEPTH       0

DEGREE DAYS
 HEATING
  YESTERDAY        0                         0      0        0
  MONTH TO DATE   19                        12      7        2
  SINCE JUN 1     49                        85    -36       64
  SINCE JUL 1     19                        12      7        2

 COOLING
  YESTERDAY        5                         7     -2        4
  MONTH TO DATE  140                       158    -18      222
  SINCE JUN 1    242                       265    -23      368
  SINCE JAN 1    321                       296     25      397
..................................................................


WIND (MPH)
  HIGHEST WIND SPEED    31   HIGHEST WIND DIRECTION    SE (120)
  HIGHEST GUST SPEED    41   HIGHEST GUST DIRECTION    SE (130)
  AVERAGE WIND SPEED    11.5


SKY COVER
  POSSIBLE SUNSHINE  MM
  AVERAGE SKY COVER 0.3


WEATHER CONDITIONS
 THE FOLLOWING WEATHER WAS RECORDED YESTERDAY.
  RAIN
  LIGHT RAIN


RELATIVE HUMIDITY (PERCENT)
 HIGHEST    84          1200 AM
 LOWEST     54          1000 AM
 AVERAGE    69

..........................................................


THE FARGO HECTOR INTL AP ND CLIMATE NORMALS FOR TODAY
                         NORMAL    RECORD    YEAR
 MAXIMUM TEMPERATURE (F)   83       105      1931
 MINIMUM TEMPERATURE (F)   60        46      1900


SUNRISE AND SUNSET
JULY 25 2014..........SUNRISE   559 AM CDT   SUNSET   908 PM CDT
JULY 26 2014..........SUNRISE   600 AM CDT   SUNSET   907 PM CDT


-  INDICATES NEGATIVE NUMBERS.
R  INDICATES RECORD WAS SET OR TIED.
MM INDICATES DATA IS MISSING.
T  INDICATES TRACE AMOUNT.




$$
