000
CDUS43 KFGF 210646
CLIFAR


CLIMATE REPORT
NATIONAL WEATHER SERVICE EASTERN NORTH DAKOTA/GRAND FORKS
144 AM CDT SAT OCT 21 2017


...................................

...THE FARGO HECTOR INTL AP ND CLIMATE SUMMARY FOR OCTOBER 20 2017...

CLIMATE NORMAL PERIOD 1981 TO 2010
CLIMATE RECORD PERIOD 1881 TO 2017


WEATHER ITEM   OBSERVED TIME   RECORD YEAR NORMAL DEPARTURE LAST
                VALUE   (LST)  VALUE       VALUE  FROM      YEAR
                                                  NORMAL
..................................................................
TEMPERATURE (F)
 YESTERDAY
  MAXIMUM         78    407 PM  82    1953  54     24       48
  MINIMUM         56    246 AM  13    1913  34     22       29
  AVERAGE         67                        44     23       39

PRECIPITATION (IN)
  YESTERDAY        0.00          0.44 1949   0.07  -0.07     0.00
  MONTH TO DATE    0.70                      1.54  -0.84     1.19
  SINCE SEP 1      3.53                      4.11  -0.58     3.79
  SINCE JAN 1     14.03                     20.17  -6.14    19.26

SNOWFALL (IN)
  YESTERDAY        0.0           1.1  1917   0.0    0.0      0.0
  MONTH TO DATE    0.0                       0.2   -0.2      0.0
  SINCE SEP 1      0.0                       0.2   -0.2      0.0
  SINCE JUL 1      0.0                       0.2   -0.2      0.0
  SNOW DEPTH       0

DEGREE DAYS
 HEATING
  YESTERDAY        0                        21    -21       26
  MONTH TO DATE  262                       340    -78      291
  SINCE SEP 1    414                       560   -146      403
  SINCE JUL 1    430                       610   -180      420

 COOLING
  YESTERDAY        2                         0      2        0
  MONTH TO DATE    2                         0      2        8
  SINCE SEP 1     71                        43     28       58
  SINCE JAN 1    518                       548    -30      661
..................................................................


WIND (MPH)
  HIGHEST WIND SPEED    32   HIGHEST WIND DIRECTION     S (160)
  HIGHEST GUST SPEED    46   HIGHEST GUST DIRECTION    SE (150)
  AVERAGE WIND SPEED    18.8


SKY COVER
  POSSIBLE SUNSHINE  MM
  AVERAGE SKY COVER 0.0


WEATHER CONDITIONS
 THE FOLLOWING WEATHER WAS RECORDED YESTERDAY.
  NO SIGNIFICANT WEATHER WAS OBSERVED.


RELATIVE HUMIDITY (PERCENT)
 HIGHEST    72          1200 AM
 LOWEST     43           100 PM
 AVERAGE    58

..........................................................


THE FARGO HECTOR INTL AP ND CLIMATE NORMALS FOR TODAY
                         NORMAL    RECORD    YEAR
 MAXIMUM TEMPERATURE (F)   54        87      1947
 MINIMUM TEMPERATURE (F)   33        11      1913


SUNRISE AND SUNSET
OCTOBER 21 2017.......SUNRISE   754 AM CDT   SUNSET   629 PM CDT
OCTOBER 22 2017.......SUNRISE   756 AM CDT   SUNSET   627 PM CDT


-  INDICATES NEGATIVE NUMBERS.
R  INDICATES RECORD WAS SET OR TIED.
MM INDICATES DATA IS MISSING.
T  INDICATES TRACE AMOUNT.




$$
