000
CDUS46 KHNX 240022
CLIFAT


CLIMATE REPORT
NATIONAL WEATHER SERVICE SAN JOAQUIN VALLEY, CA
522 PM PDT TUE SEP 23 2014


...................................

...THE FRESNO CA CLIMATE SUMMARY FOR SEPTEMBER 23 2014...
VALID AS OF 0500 PM LOCAL TIME.

CLIMATE NORMAL PERIOD 1981 TO 2010
CLIMATE RECORD PERIOD 1887 TO 2014


WEATHER ITEM   OBSERVED TIME   RECORD YEAR NORMAL DEPARTURE LAST
                VALUE   (LST)  VALUE       VALUE  FROM      YEAR
                                                  NORMAL
..................................................................
TEMPERATURE (F)
 TODAY
  MAXIMUM         95    338 PM 105    1949  89      6       85
  MINIMUM         67    510 AM  47    1968  60      7       57
                                      1945
  AVERAGE         81                        74      7       71

PRECIPITATION (IN)
  TODAY            0.00          0.46 1881   0.00   0.00     0.00
  MONTH TO DATE    T                         0.10  -0.10     0.01
  SINCE JUL 1      0.01                      0.12  -0.11     0.01
  SINCE JAN 1      4.09                      7.96  -3.87     2.29

SNOWFALL (IN)
  TODAY            0.0
  MONTH TO DATE    0.0
  SINCE SEP 1      0.0
  SINCE JUL 1      0.0
  SNOW DEPTH       0

DEGREE DAYS
 HEATING
  TODAY            0                         0      0        0
  MONTH TO DATE    0                         0      0        0
  SINCE SEP 1      0                         0      0        0
  SINCE JUL 1      0                         0      0        0

 COOLING
  TODAY           16                        10      6        6
  MONTH TO DATE  422                       280    142      357
  SINCE SEP 1    422                       280    142      357
  SINCE JAN 1   2643                      1964    679     2503
..................................................................


WIND (MPH)
  HIGHEST WIND SPEED     9   HIGHEST WIND DIRECTION     W (270)
  HIGHEST GUST SPEED    21   HIGHEST GUST DIRECTION     W (280)
  AVERAGE WIND SPEED     3.9




RELATIVE HUMIDITY (PERCENT)
 HIGHEST    68
 LOWEST     22
 AVERAGE    45

..........................................................


THE FRESNO CA CLIMATE NORMALS FOR TOMORROW
                         NORMAL    RECORD    YEAR
 MAXIMUM TEMPERATURE (F)   89       102      1899
 MINIMUM TEMPERATURE (F)   60        46      1945


SUNRISE AND SUNSET
SEPTEMBER 23 2014.....SUNRISE   648 AM PDT   SUNSET   654 PM PDT
SEPTEMBER 24 2014.....SUNRISE   648 AM PDT   SUNSET   653 PM PDT


-  INDICATES NEGATIVE NUMBERS.
R  INDICATES RECORD WAS SET OR TIED.
MM INDICATES DATA IS MISSING.
T  INDICATES TRACE AMOUNT.




$$
