000
CDUS46 KHNX 190826
CLIFAT


CLIMATE REPORT
NATIONAL WEATHER SERVICE SAN JOAQUIN VALLEY, CA
1226 AM PST FRI DEC 19 2014


...................................

...THE FRESNO CA CLIMATE SUMMARY FOR DECEMBER 18 2014...

CLIMATE NORMAL PERIOD 1981 TO 2010
CLIMATE RECORD PERIOD 1887 TO 2014


WEATHER ITEM   OBSERVED TIME   RECORD YEAR NORMAL DEPARTURE
                VALUE   (LST)  VALUE       VALUE  FROM
                                                  NORMAL
...............................................................
TEMPERATURE (F)
 YESTERDAY
  MAXIMUM         62    320 PM  71    1979  54      8
  MINIMUM         44    728 AM  26    1965  38      6
  AVERAGE         53                        46      7

PRECIPITATION (IN)
  YESTERDAY        0.00          1.64 2007   0.06  -0.06
  MONTH TO DATE    2.29                      0.89   1.40
  SINCE JUL 1      3.38                      2.78   0.60
  SINCE JAN 1      7.46                     10.62  -3.16

SNOWFALL (IN)
  YESTERDAY        0.0
  MONTH TO DATE    0.0
  SINCE DEC 1      0.0
  SINCE JUL 1      0.0
  SNOW DEPTH       0

DEGREE DAYS
 HEATING
  YESTERDAY       12                               -7
  MONTH TO DATE  178                             -143
  SINCE DEC 1    178                             -143
  SINCE JUL 1    399                             -310

 COOLING
  YESTERDAY        0                                0
  MONTH TO DATE    0                                0
  SINCE DEC 1      0                                0
  SINCE JAN 1   2932                              808
...............................................................


WIND (MPH)
  HIGHEST WIND SPEED     9   HIGHEST WIND DIRECTION     E (110)
  HIGHEST GUST SPEED    11   HIGHEST GUST DIRECTION     E (90)
  AVERAGE WIND SPEED     3.0




RELATIVE HUMIDITY (PERCENT)
 HIGHEST    93
 LOWEST     51
 AVERAGE    72

..........................................................


THE FRESNO CA CLIMATE NORMALS FOR TODAY
                         NORMAL    RECORD    YEAR
 MAXIMUM TEMPERATURE (F)   54        74      1981
 MINIMUM TEMPERATURE (F)   38        25      1965


SUNRISE AND SUNSET
DECEMBER 19 2014......SUNRISE   707 AM PST   SUNSET   445 PM PST
DECEMBER 20 2014......SUNRISE   707 AM PST   SUNSET   446 PM PST


-  INDICATES NEGATIVE NUMBERS.
R  INDICATES RECORD WAS SET OR TIED.
MM INDICATES DATA IS MISSING.
T  INDICATES TRACE AMOUNT.




$$
