000
CDUS46 KHNX 250023
CLIFAT


CLIMATE REPORT
NATIONAL WEATHER SERVICE SAN JOAQUIN VALLEY, CA
422 PM PST SAT FEB 24 2018


...................................

...THE FRESNO CA CLIMATE SUMMARY FOR FEBRUARY 24 2018...
VALID AS OF 0400 PM LOCAL TIME.

CLIMATE NORMAL PERIOD 1981 TO 2010
CLIMATE RECORD PERIOD 1887 TO 2018


WEATHER ITEM   OBSERVED TIME   RECORD YEAR NORMAL DEPARTURE LAST
                VALUE   (LST)  VALUE       VALUE  FROM      YEAR
                                                  NORMAL
..................................................................
TEMPERATURE (F)
 TODAY
  MAXIMUM         60    354 PM  79    2014  64     -4       57
  MINIMUM         31    625 AM  30    1953  43    -12       31
  AVERAGE         46                        54     -8       44

PRECIPITATION (IN)
  TODAY            0.00          1.83 1969   0.07  -0.07     0.00
  MONTH TO DATE    0.01                      1.75  -1.74     2.52
  SINCE OCT 1      1.65                      7.41  -5.76    12.58
  SINCE JAN 1      1.24                      3.94  -2.70     8.02

SNOWFALL (IN)
  TODAY            0.0
  MONTH TO DATE    0.0
  SINCE DEC 1      0.0
  SINCE JUL 1      0.0
  SNOW DEPTH       0

DEGREE DAYS
 HEATING
  TODAY           19                        11      8       21
  MONTH TO DATE  253                       332    -79      234
  SINCE DEC 1   1152                      1479   -327     1292
  SINCE JUL 1   1410                      1867   -457     1543

 COOLING
  TODAY            0                         0      0        0
  MONTH TO DATE    0                         0      0        0
  SINCE DEC 1      0                         0      0        0
  SINCE JAN 1      0                         0      0        0
..................................................................


WIND (MPH)
  HIGHEST WIND SPEED    12   HIGHEST WIND DIRECTION    NW (300)
  HIGHEST GUST SPEED    14   HIGHEST GUST DIRECTION    SE (130)
  AVERAGE WIND SPEED     4.5




RELATIVE HUMIDITY (PERCENT)
 HIGHEST    72
 LOWEST     19
 AVERAGE    46

..........................................................


THE FRESNO CA CLIMATE NORMALS FOR TOMORROW
                         NORMAL    RECORD    YEAR
 MAXIMUM TEMPERATURE (F)   64        80      2014
 MINIMUM TEMPERATURE (F)   43        30      1912


SUNRISE AND SUNSET
FEBRUARY 24 2018......SUNRISE   636 AM PST   SUNSET   548 PM PST
FEBRUARY 25 2018......SUNRISE   635 AM PST   SUNSET   549 PM PST


-  INDICATES NEGATIVE NUMBERS.
R  INDICATES RECORD WAS SET OR TIED.
MM INDICATES DATA IS MISSING.
T  INDICATES TRACE AMOUNT.




$$
