000
CDUS46 KHNX 290824
CLIFAT


CLIMATE REPORT
NATIONAL WEATHER SERVICE SAN JOAQUIN VALLEY, CA
123 AM PDT SAT APR 29 2017


...................................

...THE FRESNO CA CLIMATE SUMMARY FOR APRIL 28 2017...

CLIMATE NORMAL PERIOD 1981 TO 2010
CLIMATE RECORD PERIOD 1887 TO 2017


WEATHER ITEM   OBSERVED TIME   RECORD YEAR NORMAL DEPARTURE
                VALUE   (LST)  VALUE       VALUE  FROM
                                                  NORMAL
...............................................................
TEMPERATURE (F)
 YESTERDAY
  MAXIMUM         76    341 PM  98    2007  79     -3
  MINIMUM         51    548 AM  36    1970  52     -1
  AVERAGE         64                        65     -1

PRECIPITATION (IN)
  YESTERDAY        0.00          0.94 1951   0.02  -0.02
  MONTH TO DATE    3.42                      0.90   2.52
  SINCE OCT 1     17.08                     10.62   6.46
  SINCE JAN 1     12.52                      7.15   5.37

SNOWFALL (IN)
  YESTERDAY        0.0
  MONTH TO DATE    0.0
  SINCE MAR 1      0.0
  SINCE JUL 1      0.0
  SNOW DEPTH       0

DEGREE DAYS
 HEATING
  YESTERDAY        1                               -1
  MONTH TO DATE   94                              -38
  SINCE MAR 1    296                             -101
  SINCE JUL 1   1910                             -399

 COOLING
  YESTERDAY        0                               -3
  MONTH TO DATE    9                              -32
  SINCE MAR 1     26                              -20
  SINCE JAN 1     26                              -20
...............................................................


WIND (MPH)
  HIGHEST WIND SPEED    29   HIGHEST WIND DIRECTION    NW (310)
  HIGHEST GUST SPEED    37   HIGHEST GUST DIRECTION    NW (310)
  AVERAGE WIND SPEED    13.3




RELATIVE HUMIDITY (PERCENT)
 HIGHEST    77
 LOWEST     13
 AVERAGE    45

..........................................................


THE FRESNO CA CLIMATE NORMALS FOR TODAY
                         NORMAL    RECORD    YEAR
 MAXIMUM TEMPERATURE (F)   79        96      1981
 MINIMUM TEMPERATURE (F)   52        35      1970


SUNRISE AND SUNSET
APRIL 29 2017.........SUNRISE   607 AM PDT   SUNSET   746 PM PDT
APRIL 30 2017.........SUNRISE   606 AM PDT   SUNSET   747 PM PDT


-  INDICATES NEGATIVE NUMBERS.
R  INDICATES RECORD WAS SET OR TIED.
MM INDICATES DATA IS MISSING.
T  INDICATES TRACE AMOUNT.




$$
