000
CDUS46 KHNX 290023
CLIFAT


CLIMATE REPORT
NATIONAL WEATHER SERVICE SAN JOAQUIN VALLEY, CA
522 PM PDT WED JUN 28 2017


...................................

...THE FRESNO CA CLIMATE SUMMARY FOR JUNE 28 2017...
VALID AS OF 0400 PM LOCAL TIME.

CLIMATE NORMAL PERIOD 1981 TO 2010
CLIMATE RECORD PERIOD 1887 TO 2017


WEATHER ITEM   OBSERVED TIME   RECORD YEAR NORMAL DEPARTURE LAST
                VALUE   (LST)  VALUE       VALUE  FROM      YEAR
                                                  NORMAL
..................................................................
TEMPERATURE (F)
 TODAY
  MAXIMUM         95        MM 108    2010  95      0      107
                                      2009
                                      1973
  MINIMUM         64        MM  51    1906  65     -1       74
  AVERAGE         80                        80      0       91

PRECIPITATION (IN)
  TODAY            0.00          0.01 1920   0.00   0.00     0.00
  MONTH TO DATE    0.00                      0.21  -0.21     0.06
  SINCE OCT 1     17.20                     11.31   5.89    14.29
  SINCE JAN 1     12.64                      7.84   4.80     9.09

SNOWFALL (IN)
  TODAY            0.0
  MONTH TO DATE    0.0
  SINCE JUN 1      0.0
  SINCE JUL 1      0.0
  SNOW DEPTH       0

DEGREE DAYS
 HEATING
  TODAY            0                         0      0        0
  MONTH TO DATE    4                         0      4        0
  SINCE JUN 1      4                         0      4        0
  SINCE JUL 1   1940                      2343   -403     1947

 COOLING
  TODAY           15                        15      0       26
  MONTH TO DATE  444                       337    107      441
  SINCE JUN 1    444                       337    107      441
  SINCE JAN 1    695                       578    117      719
..................................................................


WIND (MPH)
  HIGHEST WIND SPEED    13   HIGHEST WIND DIRECTION    NW (310)
  HIGHEST GUST SPEED    MM   HIGHEST GUST DIRECTION    MM
  AVERAGE WIND SPEED     8.1




RELATIVE HUMIDITY (PERCENT)
 HIGHEST    68
 LOWEST     20
 AVERAGE    44

..........................................................


THE FRESNO CA CLIMATE NORMALS FOR TOMORROW
                         NORMAL    RECORD    YEAR
 MAXIMUM TEMPERATURE (F)   96       110      1891
 MINIMUM TEMPERATURE (F)   66        49      1963


SUNRISE AND SUNSET
JUNE 28 2017..........SUNRISE   542 AM PDT   SUNSET   822 PM PDT
JUNE 29 2017..........SUNRISE   543 AM PDT   SUNSET   822 PM PDT


-  INDICATES NEGATIVE NUMBERS.
R  INDICATES RECORD WAS SET OR TIED.
MM INDICATES DATA IS MISSING.
T  INDICATES TRACE AMOUNT.




$$
