000
CDUS46 KHNX 030822
CLIFAT


CLIMATE REPORT
NATIONAL WEATHER SERVICE SAN JOAQUIN VALLEY, CA
1221 AM PST TUE MAR 3 2015


...................................

...THE FRESNO CA CLIMATE SUMMARY FOR MARCH 2 2015...

CLIMATE NORMAL PERIOD 1981 TO 2010
CLIMATE RECORD PERIOD 1887 TO 2015


WEATHER ITEM   OBSERVED TIME   RECORD YEAR NORMAL DEPARTURE
                VALUE   (LST)  VALUE       VALUE  FROM
                                                  NORMAL
...............................................................
TEMPERATURE (F)
 YESTERDAY
  MAXIMUM         59    443 PM  82    1921  65     -6
  MINIMUM         46   1159 PM  26    1953  44      2
  AVERAGE         53                        55     -2

PRECIPITATION (IN)
  YESTERDAY        0.05          2.05 1938   0.07  -0.02
  MONTH TO DATE    0.05                      0.14  -0.09
  SINCE OCT 1      4.58                      7.83  -3.25
  SINCE JAN 1      1.39                      4.36  -2.97

SNOWFALL (IN)
  YESTERDAY        0.0
  MONTH TO DATE    0.0
  SINCE MAR 1      0.0
  SINCE JUL 1      0.0
  SNOW DEPTH       0

DEGREE DAYS
 HEATING
  YESTERDAY       12                                2
  MONTH TO DATE   24                                4
  SINCE MAR 1     24                                4
  SINCE JUL 1   1350                             -582

 COOLING
  YESTERDAY        0                                0
  MONTH TO DATE    0                                0
  SINCE MAR 1      0                                0
  SINCE JAN 1      0                                0
...............................................................


WIND (MPH)
  HIGHEST WIND SPEED    14   HIGHEST WIND DIRECTION    SE (130)
  HIGHEST GUST SPEED    18   HIGHEST GUST DIRECTION    SE (120)
  AVERAGE WIND SPEED     6.6




RELATIVE HUMIDITY (PERCENT)
 HIGHEST    86
 LOWEST     51
 AVERAGE    69

..........................................................


THE FRESNO CA CLIMATE NORMALS FOR TODAY
                         NORMAL    RECORD    YEAR
 MAXIMUM TEMPERATURE (F)   65        80      1994
                                             1905
 MINIMUM TEMPERATURE (F)   44        26      1966


SUNRISE AND SUNSET
MARCH  3 2015.........SUNRISE   627 AM PST   SUNSET   555 PM PST
MARCH  4 2015.........SUNRISE   626 AM PST   SUNSET   556 PM PST


-  INDICATES NEGATIVE NUMBERS.
R  INDICATES RECORD WAS SET OR TIED.
MM INDICATES DATA IS MISSING.
T  INDICATES TRACE AMOUNT.




$$
