000
CDUS46 KHNX 210027
CLIFAT


CLIMATE REPORT
NATIONAL WEATHER SERVICE SAN JOAQUIN VALLEY, CA
526 PM PDT WED AUG 20 2014


...................................

...THE FRESNO CA CLIMATE SUMMARY FOR AUGUST 20 2014...
VALID AS OF 0500 PM LOCAL TIME.

CLIMATE NORMAL PERIOD 1981 TO 2010
CLIMATE RECORD PERIOD 1887 TO 2014


WEATHER ITEM   OBSERVED TIME   RECORD YEAR NORMAL DEPARTURE LAST
                VALUE   (LST)  VALUE       VALUE  FROM      YEAR
                                                  NORMAL
..................................................................
TEMPERATURE (F)
 TODAY
  MAXIMUM         94    344 PM 108    1919  97     -3      104
                                      1897
  MINIMUM         66    555 AM  54    1974  66      0       77
                                      1901
  AVERAGE         80                        81     -1       91

PRECIPITATION (IN)
  TODAY            0.00          T    1939   0.00   0.00     0.00
  MONTH TO DATE    T                         0.00   0.00      T
  SINCE JUL 1      0.01                      0.01   0.00      T
  SINCE JAN 1      4.09                      7.85  -3.76     2.28

SNOWFALL (IN)
  TODAY            0.0
  MONTH TO DATE    0.0
  SINCE JUN 1      0.0
  SINCE JUL 1      0.0
  SNOW DEPTH       0

DEGREE DAYS
 HEATING
  TODAY            0                         0      0        0
  MONTH TO DATE    0                         0      0        0
  SINCE JUN 1      0                         3     -3        0
  SINCE JUL 1      0                         0      0        0

 COOLING
  TODAY           15                        16     -1       26
  MONTH TO DATE  404                       346     58      357
  SINCE JUN 1   1576                      1273    303     1531
  SINCE JAN 1   2019                      1514    505     1938
..................................................................


WIND (MPH)
  HIGHEST WIND SPEED    14   HIGHEST WIND DIRECTION    NW (300)
  HIGHEST GUST SPEED    15   HIGHEST GUST DIRECTION    NW (310)
  AVERAGE WIND SPEED     5.5




RELATIVE HUMIDITY (PERCENT)
 HIGHEST    73
 LOWEST     22
 AVERAGE    48

..........................................................


THE FRESNO CA CLIMATE NORMALS FOR TOMORROW
                         NORMAL    RECORD    YEAR
 MAXIMUM TEMPERATURE (F)   96       108      1919
                                             1897
 MINIMUM TEMPERATURE (F)   66        51      1959


SUNRISE AND SUNSET
AUGUST 20 2014........SUNRISE   620 AM PDT   SUNSET   744 PM PDT
AUGUST 21 2014........SUNRISE   621 AM PDT   SUNSET   742 PM PDT


-  INDICATES NEGATIVE NUMBERS.
R  INDICATES RECORD WAS SET OR TIED.
MM INDICATES DATA IS MISSING.
T  INDICATES TRACE AMOUNT.




$$
