000
CDUS46 KHNX 030822
CLIFAT


CLIMATE REPORT
NATIONAL WEATHER SERVICE SAN JOAQUIN VALLEY, CA
122 AM PDT THU SEP 3 2015


...................................

...THE FRESNO CA CLIMATE SUMMARY FOR SEPTEMBER 2 2015...

CLIMATE NORMAL PERIOD 1981 TO 2010
CLIMATE RECORD PERIOD 1887 TO 2015


WEATHER ITEM   OBSERVED TIME   RECORD YEAR NORMAL DEPARTURE
                VALUE   (LST)  VALUE       VALUE  FROM
                                                  NORMAL
...............................................................
TEMPERATURE (F)
 YESTERDAY
  MAXIMUM         92    410 PM 108    1955  94     -2
  MINIMUM         64    613 AM  48    1964  64      0
  AVERAGE         78                        79     -1

PRECIPITATION (IN)
  YESTERDAY        0.00          0.07 1997   0.00   0.00
  MONTH TO DATE    0.00                      0.00   0.00
  SINCE OCT 1      6.85                     11.33  -4.48
  SINCE JAN 1      3.66                      7.86  -4.20

SNOWFALL (IN)
  YESTERDAY        0.0
  MONTH TO DATE    0.0
  SINCE SEP 1      0.0
  SINCE JUL 1      0.0
  SNOW DEPTH       0

DEGREE DAYS
 HEATING
  YESTERDAY        0                                0
  MONTH TO DATE    0                                0
  SINCE SEP 1      0                                0
  SINCE JUL 1      0                                0

 COOLING
  YESTERDAY       13                               -1
  MONTH TO DATE   29                                1
  SINCE SEP 1     29                                1
  SINCE JAN 1   1928                              216
...............................................................


WIND (MPH)
  HIGHEST WIND SPEED    20   HIGHEST WIND DIRECTION    NW (310)
  HIGHEST GUST SPEED    24   HIGHEST GUST DIRECTION    NW (310)
  AVERAGE WIND SPEED     8.7




RELATIVE HUMIDITY (PERCENT)
 HIGHEST    67
 LOWEST     23
 AVERAGE    45

..........................................................


THE FRESNO CA CLIMATE NORMALS FOR TODAY
                         NORMAL    RECORD    YEAR
 MAXIMUM TEMPERATURE (F)   94       111      1955
 MINIMUM TEMPERATURE (F)   64        52      1964
                                             1899
                                             1898


SUNRISE AND SUNSET
SEPTEMBER  3 2015.....SUNRISE   631 AM PDT   SUNSET   724 PM PDT
SEPTEMBER  4 2015.....SUNRISE   632 AM PDT   SUNSET   723 PM PDT


-  INDICATES NEGATIVE NUMBERS.
R  INDICATES RECORD WAS SET OR TIED.
MM INDICATES DATA IS MISSING.
T  INDICATES TRACE AMOUNT.




$$
