000
CDUS46 KHNX 240823
CLIFAT


CLIMATE REPORT
NATIONAL WEATHER SERVICE SAN JOAQUIN VALLEY, CA
1222 AM PST FRI FEB 24 2017


...................................

...THE FRESNO CA CLIMATE SUMMARY FOR FEBRUARY 23 2017...

CLIMATE NORMAL PERIOD 1981 TO 2010
CLIMATE RECORD PERIOD 1887 TO 2017


WEATHER ITEM   OBSERVED TIME   RECORD YEAR NORMAL DEPARTURE
                VALUE   (LST)  VALUE       VALUE  FROM
                                                  NORMAL
...............................................................
TEMPERATURE (F)
 YESTERDAY
  MAXIMUM         55    327 PM  79    1981  64     -9
  MINIMUM         36    651 AM  30    1942  43     -7
  AVERAGE         46                        53     -7

PRECIPITATION (IN)
  YESTERDAY        0.00          0.81 1969   0.08  -0.08
  MONTH TO DATE    2.52                      1.68   0.84
  SINCE OCT 1     12.58                      7.34   5.24
  SINCE JAN 1      8.02                      3.87   4.15

SNOWFALL (IN)
  YESTERDAY        0.0
  MONTH TO DATE    0.0
  SINCE DEC 1      0.0
  SINCE JUL 1      0.0
  SNOW DEPTH       0

DEGREE DAYS
 HEATING
  YESTERDAY       19                                7
  MONTH TO DATE  213                             -108
  SINCE DEC 1   1271                             -197
  SINCE JUL 1   1522                             -334

 COOLING
  YESTERDAY        0                                0
  MONTH TO DATE    0                                0
  SINCE DEC 1      0                                0
  SINCE JAN 1      0                                0
...............................................................


WIND (MPH)
  HIGHEST WIND SPEED    18   HIGHEST WIND DIRECTION    NW (310)
  HIGHEST GUST SPEED    24   HIGHEST GUST DIRECTION     W (270)
  AVERAGE WIND SPEED     8.0




RELATIVE HUMIDITY (PERCENT)
 HIGHEST    85
 LOWEST     41
 AVERAGE    63

..........................................................


THE FRESNO CA CLIMATE NORMALS FOR TODAY
                         NORMAL    RECORD    YEAR
 MAXIMUM TEMPERATURE (F)   64        79      2014
 MINIMUM TEMPERATURE (F)   43        30      1953


SUNRISE AND SUNSET
FEBRUARY 24 2017......SUNRISE   636 AM PST   SUNSET   549 PM PST
FEBRUARY 25 2017......SUNRISE   634 AM PST   SUNSET   550 PM PST


-  INDICATES NEGATIVE NUMBERS.
R  INDICATES RECORD WAS SET OR TIED.
MM INDICATES DATA IS MISSING.
T  INDICATES TRACE AMOUNT.




$$
