000
CDUS46 KHNX 100030
CLIFAT


CLIMATE REPORT
NATIONAL WEATHER SERVICE SAN JOAQUIN VALLEY, CA
528 PM PDT WED JUL 9 2014


...................................

...THE FRESNO CA CLIMATE SUMMARY FOR JULY 9 2014...
VALID AS OF 0500 PM LOCAL TIME.

CLIMATE NORMAL PERIOD 1981 TO 2010
CLIMATE RECORD PERIOD 1887 TO 2014


WEATHER ITEM   OBSERVED TIME   RECORD YEAR NORMAL DEPARTURE LAST
                VALUE   (LST)  VALUE       VALUE  FROM      YEAR
                                                  NORMAL
..................................................................
TEMPERATURE (F)
 TODAY
  MAXIMUM        104    357 PM 113    1905  98      6      109
  MINIMUM         73    553 AM  55    1983  67      6       70
                                      1944
                                      1904
  AVERAGE         89                        83      6       90

PRECIPITATION (IN)
  TODAY            0.00          0.01 1950   0.00   0.00     0.00
  MONTH TO DATE    0.00                      0.00   0.00     0.00
  SINCE JUL 1      0.00                      0.00   0.00     0.00
  SINCE JAN 1      4.08                      7.84  -3.76     2.28

SNOWFALL (IN)
  TODAY            0.0
  MONTH TO DATE    0.0
  SINCE JUN 1      0.0
  SINCE JUL 1      0.0
  SNOW DEPTH       0

DEGREE DAYS
 HEATING
  TODAY            0                         0      0        0
  MONTH TO DATE    0                         0      0        0
  SINCE JUN 1      0                         3     -3        0
  SINCE JUL 1      0                         0      0        0

 COOLING
  TODAY           24                        18      6       25
  MONTH TO DATE  217                       151     66      229
  SINCE JUN 1    702                       520    182      712
  SINCE JAN 1   1145                       761    384     1119
..................................................................


WIND (MPH)
  HIGHEST WIND SPEED    12   HIGHEST WIND DIRECTION    NW (310)
  HIGHEST GUST SPEED    14   HIGHEST GUST DIRECTION     W (290)
  AVERAGE WIND SPEED     5.3




RELATIVE HUMIDITY (PERCENT)
 HIGHEST    57
 LOWEST     12
 AVERAGE    35

..........................................................


THE FRESNO CA CLIMATE NORMALS FOR TOMORROW
                         NORMAL    RECORD    YEAR
 MAXIMUM TEMPERATURE (F)   98       112      2008
 MINIMUM TEMPERATURE (F)   68        54      1904


SUNRISE AND SUNSET
JULY  9 2014..........SUNRISE   548 AM PDT   SUNSET   820 PM PDT
JULY 10 2014..........SUNRISE   548 AM PDT   SUNSET   820 PM PDT


-  INDICATES NEGATIVE NUMBERS.
R  INDICATES RECORD WAS SET OR TIED.
MM INDICATES DATA IS MISSING.
T  INDICATES TRACE AMOUNT.




$$
