000
CDUS46 KHNX 160823
CLIFAT


CLIMATE REPORT
NATIONAL WEATHER SERVICE SAN JOAQUIN VALLEY, CA
1222 AM PST MON JAN 16 2017


...................................

...THE FRESNO CA CLIMATE SUMMARY FOR JANUARY 15 2017...

CLIMATE NORMAL PERIOD 1981 TO 2010
CLIMATE RECORD PERIOD 1887 TO 2017


WEATHER ITEM   OBSERVED TIME   RECORD YEAR NORMAL DEPARTURE
                VALUE   (LST)  VALUE       VALUE  FROM
                                                  NORMAL
...............................................................
TEMPERATURE (F)
 YESTERDAY
  MAXIMUM         47    436 PM  75    1974  54     -7
  MINIMUM         44    820 AM  21    1888  38      6
  AVERAGE         46                        46      0

PRECIPITATION (IN)
  YESTERDAY        0.00          1.05 1894   0.07  -0.07
  MONTH TO DATE    3.86                      1.09   2.77
  SINCE OCT 1      8.42                      4.56   3.86
  SINCE JAN 1      3.86                      1.09   2.77

SNOWFALL (IN)
  YESTERDAY        0.0
  MONTH TO DATE    0.0
  SINCE DEC 1      0.0
  SINCE JUL 1      0.0
  SNOW DEPTH       0

DEGREE DAYS
 HEATING
  YESTERDAY       19                                0
  MONTH TO DATE  231                              -58
  SINCE DEC 1    775                              -89
  SINCE JUL 1   1026                             -226

 COOLING
  YESTERDAY        0                                0
  MONTH TO DATE    0                                0
  SINCE DEC 1      0                                0
  SINCE JAN 1      0                                0
...............................................................


WIND (MPH)
  HIGHEST WIND SPEED     8   HIGHEST WIND DIRECTION    NW (320)
  HIGHEST GUST SPEED    10   HIGHEST GUST DIRECTION     W (290)
  AVERAGE WIND SPEED     1.8




RELATIVE HUMIDITY (PERCENT)
 HIGHEST    83
 LOWEST     70
 AVERAGE    77

..........................................................


THE FRESNO CA CLIMATE NORMALS FOR TODAY
                         NORMAL    RECORD    YEAR
 MAXIMUM TEMPERATURE (F)   55        71      2014
                                             1909
 MINIMUM TEMPERATURE (F)   38        20      1888


SUNRISE AND SUNSET
JANUARY 16 2017.......SUNRISE   710 AM PST   SUNSET   508 PM PST
JANUARY 17 2017.......SUNRISE   710 AM PST   SUNSET   509 PM PST


-  INDICATES NEGATIVE NUMBERS.
R  INDICATES RECORD WAS SET OR TIED.
MM INDICATES DATA IS MISSING.
T  INDICATES TRACE AMOUNT.




$$
