000
CDUS42 KRAH 300042
CLIFAY


CLIMATE REPORT
NATIONAL WEATHER SERVICE RALEIGH NC
841 PM EDT MON AUG 29 2016


...................................

...THE FAYETTEVILLE REGL AIRPORT NC CLIMATE SUMMARY FOR AUGUST 29 2016...
VALID AS OF 0830 PM LOCAL TIME.

CLIMATE NORMAL PERIOD 1981 TO 2010
CLIMATE RECORD PERIOD 1910 TO 2016


WEATHER ITEM   OBSERVED TIME   RECORD YEAR NORMAL DEPARTURE LAST
                VALUE   (LST)  VALUE       VALUE  FROM      YEAR
                                                  NORMAL
..................................................................
TEMPERATURE (F)
 TODAY
  MAXIMUM         91    344 PM 100    1932  88      3       87
  MINIMUM         74    644 AM  55    1942  68      6       61
  AVERAGE         83                        78      5       74

PRECIPITATION (IN)
  TODAY            0.00          3.20 1949   0.15  -0.15     0.00
  MONTH TO DATE    1.33                      5.21  -3.88     1.75
  SINCE JUN 1      9.09                     15.48  -6.39    14.27
  SINCE JAN 1     26.66                     31.15  -4.49    29.54

DEGREE DAYS
 HEATING
  TODAY            0                         0      0        0
  MONTH TO DATE    0                         0      0        0
  SINCE JUN 1      0                         0      0        0
  SINCE JUL 1      0                         0      0        0

 COOLING
  TODAY           18                        13      5        9
  MONTH TO DATE  552                       427    125      439
  SINCE JUN 1   1623                      1330    293     1483
  SINCE JAN 1   1959                      1614    345     1813
..................................................................


WIND (MPH)
  HIGHEST WIND SPEED    15   HIGHEST WIND DIRECTION     N (20)
  HIGHEST GUST SPEED    19   HIGHEST GUST DIRECTION    NE (40)
  AVERAGE WIND SPEED     7.2


SKY COVER
  POSSIBLE SUNSHINE  MM
  AVERAGE SKY COVER 0.4


WEATHER CONDITIONS
 THE FOLLOWING WEATHER WAS RECORDED TODAY.
  FOG


RELATIVE HUMIDITY (PERCENT)
 HIGHEST    94          1200 AM
 LOWEST     47           300 PM
 AVERAGE    71

..........................................................




SUNRISE AND SUNSET
AUGUST 29 2016........SUNRISE   646 AM EDT   SUNSET   746 PM EDT
AUGUST 30 2016........SUNRISE   647 AM EDT   SUNSET   744 PM EDT


-  INDICATES NEGATIVE NUMBERS.
R  INDICATES RECORD WAS SET OR TIED.
MM INDICATES DATA IS MISSING.
T  INDICATES TRACE AMOUNT.




$$
