000
CDUS42 KRAH 040140
CLIFAY


CLIMATE REPORT
NATIONAL WEATHER SERVICE RALEIGH NC
936 PM EDT TUE MAY 3 2016


...................................

...THE FAYETTEVILLE REGL AIRPORT NC CLIMATE SUMMARY FOR MAY 3 2016...
VALID AS OF 0800 PM LOCAL TIME.

CLIMATE NORMAL PERIOD 1981 TO 2010
CLIMATE RECORD PERIOD 1910 TO 2016


WEATHER ITEM   OBSERVED TIME   RECORD YEAR NORMAL DEPARTURE LAST
                VALUE   (LST)  VALUE       VALUE  FROM      YEAR
                                                  NORMAL
..................................................................
TEMPERATURE (F)
 TODAY
  MAXIMUM         81    320 PM  95    1913  79      2       81
  MINIMUM         65    643 AM  38    1981  55     10       48
  AVERAGE         73                        67      6       65

PRECIPITATION (IN)
  TODAY            0.65          0.93 1953   0.06   0.59     0.00
  MONTH TO DATE    1.65                      0.17   1.48     0.13
  SINCE MAR 1      6.19                      6.54  -0.35     5.49
  SINCE JAN 1     14.03                     12.60   1.43    13.14

DEGREE DAYS
 HEATING
  TODAY            0                         2     -2        0
  MONTH TO DATE    0                         6     -6       10
  SINCE MAR 1    329                       488   -159      446
  SINCE JUL 1   2142                      2713   -571     2942

 COOLING
  TODAY            8                         4      4        0
  MONTH TO DATE   23                        12     11        0
  SINCE MAR 1    158                        91     67       92
  SINCE JAN 1    158                        95     63       92
..................................................................


WIND (MPH)
  HIGHEST WIND SPEED    21   HIGHEST WIND DIRECTION     S (160)
  HIGHEST GUST SPEED    25   HIGHEST GUST DIRECTION     S (170)
  AVERAGE WIND SPEED     7.4


SKY COVER
  POSSIBLE SUNSHINE  MM
  AVERAGE SKY COVER 0.6


WEATHER CONDITIONS
 THE FOLLOWING WEATHER WAS RECORDED TODAY.
  THUNDERSTORM
  HEAVY RAIN
  RAIN
  LIGHT RAIN
  FOG


RELATIVE HUMIDITY (PERCENT)
 HIGHEST   100           600 AM
 LOWEST     62           300 PM
 AVERAGE    81

..........................................................




SUNRISE AND SUNSET
MAY  3 2016...........SUNRISE   622 AM EDT   SUNSET   803 PM EDT
MAY  4 2016...........SUNRISE   621 AM EDT   SUNSET   804 PM EDT


-  INDICATES NEGATIVE NUMBERS.
R  INDICATES RECORD WAS SET OR TIED.
MM INDICATES DATA IS MISSING.
T  INDICATES TRACE AMOUNT.




$$
