000
CDUS42 KRAH 182044
CLIFAY

CLIMATE REPORT
NATIONAL WEATHER SERVICE RALEIGH NC
444 PM EDT FRI APR 18 2014

...................................

...THE FAYETTEVILLE REGL AIRPORT NC CLIMATE SUMMARY FOR APRIL 18 2014...
VALID TODAY AS OF 0430 PM LOCAL TIME.

CLIMATE NORMAL PERIOD 1981 TO 2010
CLIMATE RECORD PERIOD 1910 TO 2014


WEATHER ITEM   OBSERVED TIME   RECORD YEAR NORMAL DEPARTURE LAST
                VALUE   (LST)  VALUE       VALUE  FROM      YEAR
                                                  NORMAL
..................................................................
TEMPERATURE (F)
 TODAY
  MAXIMUM         66    252 PM  93    1941  76    -10       82
  MINIMUM         42    613 AM  33    2001  51     -9       57
  AVERAGE         54                        63     -9       70

PRECIPITATION (IN)
  TODAY            0.00          3.13 1939   0.09  -0.09     0.00
  MONTH TO DATE    1.35                      1.85  -0.50     1.46
  SINCE MAR 1      4.99                      5.40  -0.41     3.13
  SINCE JAN 1     11.71                     11.46   0.25     8.77

DEGREE DAYS
 HEATING
  TODAY           11                         4      7        0
  MONTH TO DATE   79                       101    -22       75
  SINCE MAR 1    576                       445    131      581
  SINCE JUL 1   2901                      2670    231     2677

 COOLING
  TODAY            0                         2     -2        5
  MONTH TO DATE   35                        30      5       48
  SINCE MAR 1     36                        42     -6       51
  SINCE JAN 1     39                        46     -7       56
..................................................................


WIND (MPH)
  HIGHEST WIND SPEED    17   HIGHEST WIND DIRECTION    NE (30)
  HIGHEST GUST SPEED    21   HIGHEST GUST DIRECTION     N (20)
  AVERAGE WIND SPEED    10.7


SKY COVER
  POSSIBLE SUNSHINE  MM
  AVERAGE SKY COVER 0.4


WEATHER CONDITIONS
 THE FOLLOWING WEATHER WAS RECORDED TODAY.
  NO SIGNIFICANT WEATHER WAS OBSERVED.


RELATIVE HUMIDITY (PERCENT)
 HIGHEST    83           400 AM
 LOWEST     39           100 PM
 AVERAGE    61

..........................................................


THE FAYETTEVILLE REGL AIRPORT NC CLIMATE NORMALS FOR TOMORROW
                         NORMAL    RECORD    YEAR
 MAXIMUM TEMPERATURE (F)   76        94      1941
 MINIMUM TEMPERATURE (F)   51        30      2001


SUNRISE AND SUNSET
APRIL 18 2014.........SUNRISE   640 AM EDT   SUNSET   750 PM EDT
APRIL 19 2014.........SUNRISE   639 AM EDT   SUNSET   751 PM EDT


-  INDICATES NEGATIVE NUMBERS.
R  INDICATES RECORD WAS SET OR TIED.
MM INDICATES DATA IS MISSING.
T  INDICATES TRACE AMOUNT.

$$

DJF
