941
CDUS42 KRAH 250601
CLIFAY


CLIMATE REPORT
NATIONAL WEATHER SERVICE RALEIGH NC
200 AM EDT MON SEP 25 2017


...................................

...THE FAYETTEVILLE REGL AIRPORT NC CLIMATE SUMMARY FOR SEPTEMBER 24 2017...

CLIMATE NORMAL PERIOD 1981 TO 2010
CLIMATE RECORD PERIOD 1910 TO 2017


WEATHER ITEM   OBSERVED TIME   RECORD YEAR NORMAL DEPARTURE LAST
                VALUE   (LST)  VALUE       VALUE  FROM      YEAR
                                                  NORMAL
..................................................................
TEMPERATURE (F)
 YESTERDAY
  MAXIMUM         87    241 PM 100    1931  81      6       91
  MINIMUM         66    518 AM  42    1983  61      5       67
  AVERAGE         77                        71      6       79

PRECIPITATION (IN)
  YESTERDAY        0.00          3.66 1912   0.14  -0.14     0.00
  MONTH TO DATE    3.73                      3.55   0.18     5.45
  SINCE SEP 1      3.73                      3.55   0.18     5.45
  SINCE JAN 1     35.53                     34.98   0.55    32.11

DEGREE DAYS
 HEATING
  YESTERDAY        0                         1     -1        0
  MONTH TO DATE    2                         2      0        0
  SINCE SEP 1      2                         2      0        0
  SINCE JUL 1      2                         2      0        0

 COOLING
  YESTERDAY       12                         7      5       14
  MONTH TO DATE  250                       235     15      337
  SINCE SEP 1    250                       235     15      337
  SINCE JAN 1   2229                      1875    354     2331
..................................................................


WIND (MPH)
  HIGHEST WIND SPEED    15   HIGHEST WIND DIRECTION    NE (30)
  HIGHEST GUST SPEED    22   HIGHEST GUST DIRECTION     N (20)
  AVERAGE WIND SPEED     7.0


SKY COVER
  POSSIBLE SUNSHINE  MM
  AVERAGE SKY COVER 0.0


WEATHER CONDITIONS
 THE FOLLOWING WEATHER WAS RECORDED YESTERDAY.
  NO SIGNIFICANT WEATHER WAS OBSERVED.


RELATIVE HUMIDITY (PERCENT)
 HIGHEST   100           400 AM
 LOWEST     50           200 PM
 AVERAGE    75

..........................................................


THE FAYETTEVILLE REGL AIRPORT NC CLIMATE NORMALS FOR TODAY
                         NORMAL    RECORD    YEAR
 MAXIMUM TEMPERATURE (F)   81        98      1933
 MINIMUM TEMPERATURE (F)   61        40      1950


SUNRISE AND SUNSET
SEPTEMBER 25 2017.....SUNRISE   706 AM EDT   SUNSET   708 PM EDT
SEPTEMBER 26 2017.....SUNRISE   707 AM EDT   SUNSET   706 PM EDT


-  INDICATES NEGATIVE NUMBERS.
R  INDICATES RECORD WAS SET OR TIED.
MM INDICATES DATA IS MISSING.
T  INDICATES TRACE AMOUNT.




$$
