000
CDUS42 KRAH 210722
CLIFAY


CLIMATE REPORT
NATIONAL WEATHER SERVICE RALEIGH NC
219 AM EST SAT JAN 21 2017


...................................

...THE FAYETTEVILLE REGL AIRPORT NC CLIMATE SUMMARY FOR JANUARY 20 2017...

CLIMATE NORMAL PERIOD 1981 TO 2010
CLIMATE RECORD PERIOD 1910 TO 2017


WEATHER ITEM   OBSERVED TIME   RECORD YEAR NORMAL DEPARTURE LAST
                VALUE   (LST)  VALUE       VALUE  FROM      YEAR
                                                  NORMAL
..................................................................
TEMPERATURE (F)
 YESTERDAY
  MAXIMUM         72    314 PM  77    1929  54     18       39
  MINIMUM         45    108 AM   7    1994  33     12       20
  AVERAGE         59                        44     15       30

PRECIPITATION (IN)
  YESTERDAY        0.00          1.79 1978   0.10  -0.10     0.01
  MONTH TO DATE    1.99                      1.93   0.06     0.90
  SINCE DEC 1      4.63                      4.58   0.05     7.41
  SINCE JAN 1      1.99                      1.93   0.06     0.90

DEGREE DAYS
 HEATING
  YESTERDAY        6                        21    -15       35
  MONTH TO DATE  318                       437   -119      470
  SINCE DEC 1    875                      1048   -173      703
  SINCE JUL 1   1226                      1496   -270     1022

 COOLING
  YESTERDAY        0                         0      0        0
  MONTH TO DATE    1                         0      1        0
  SINCE DEC 1      1                         2     -1       47
  SINCE JAN 1      1                         0      1        0
..................................................................


WIND (MPH)
  HIGHEST WIND SPEED    14   HIGHEST WIND DIRECTION    SW (240)
  HIGHEST GUST SPEED    18   HIGHEST GUST DIRECTION    SW (220)
  AVERAGE WIND SPEED     4.6


SKY COVER
  POSSIBLE SUNSHINE  MM
  AVERAGE SKY COVER 0.4


WEATHER CONDITIONS
 THE FOLLOWING WEATHER WAS RECORDED YESTERDAY.
  FOG
  FOG W/VISIBILITY <= 1/4 MILE


RELATIVE HUMIDITY (PERCENT)
 HIGHEST   100           900 PM
 LOWEST     61           100 PM
 AVERAGE    81

..........................................................


THE FAYETTEVILLE REGL AIRPORT NC CLIMATE NORMALS FOR TODAY
                         NORMAL    RECORD    YEAR
 MAXIMUM TEMPERATURE (F)   55        79      1922
 MINIMUM TEMPERATURE (F)   33        -1      1985


SUNRISE AND SUNSET
JANUARY 21 2017.......SUNRISE   721 AM EST   SUNSET   533 PM EST
JANUARY 22 2017.......SUNRISE   720 AM EST   SUNSET   534 PM EST


-  INDICATES NEGATIVE NUMBERS.
R  INDICATES RECORD WAS SET OR TIED.
MM INDICATES DATA IS MISSING.
T  INDICATES TRACE AMOUNT.




$$
