000
CDUS42 KRAH 232151
CLIFAY


CLIMATE REPORT
NATIONAL WEATHER SERVICE RALEIGH NC
444 PM EST THU NOV 23 2017


...................................

...THE FAYETTEVILLE REGL AIRPORT NC CLIMATE SUMMARY FOR NOVEMBER 23 2017...
VALID TODAY AS OF 0440 PM LOCAL TIME.

CLIMATE NORMAL PERIOD 1981 TO 2010
CLIMATE RECORD PERIOD 1910 TO 2017


WEATHER ITEM   OBSERVED TIME   RECORD YEAR NORMAL DEPARTURE LAST
                VALUE   (LST)  VALUE       VALUE  FROM      YEAR
                                                  NORMAL
..................................................................
TEMPERATURE (F)
 TODAY
  MAXIMUM         49    332 PM  81    1931  64    -15       61
  MINIMUM         37    717 AM  16    1937  41     -4       28
  AVERAGE         43                        53    -10       45

PRECIPITATION (IN)
  TODAY            0.00          1.52 1957   0.10  -0.10     0.00
  MONTH TO DATE    0.54                      2.09  -1.55     0.49
  SINCE SEP 1      7.03                      9.70  -2.67    26.63
  SINCE JAN 1     38.83                     41.13  -2.30    53.29

DEGREE DAYS
 HEATING
  TODAY           22                        13      9       20
  MONTH TO DATE  251                       223     28      243
  SINCE SEP 1    332                       350    -18      292
  SINCE JUL 1    332                       350    -18      292

 COOLING
  TODAY            0                         0      0        0
  MONTH TO DATE   12                        11      1        7
  SINCE SEP 1    476                       349    127      524
  SINCE JAN 1   2455                      1989    466     2518
..................................................................


WIND (MPH)
  HIGHEST WIND SPEED    14   HIGHEST WIND DIRECTION    NE (30)
  HIGHEST GUST SPEED    16   HIGHEST GUST DIRECTION     N (20)
  AVERAGE WIND SPEED     8.1


SKY COVER
  POSSIBLE SUNSHINE  MM
  AVERAGE SKY COVER 0.0


WEATHER CONDITIONS
 THE FOLLOWING WEATHER WAS RECORDED TODAY.
  NO SIGNIFICANT WEATHER WAS OBSERVED.


RELATIVE HUMIDITY (PERCENT)
 HIGHEST    76           700 AM
 LOWEST     50          1200 PM
 AVERAGE    63

..........................................................


THE FAYETTEVILLE REGL AIRPORT NC CLIMATE NORMALS FOR TOMORROW
                         NORMAL    RECORD    YEAR
 MAXIMUM TEMPERATURE (F)   64        84      1931
 MINIMUM TEMPERATURE (F)   41        18      1970


SUNRISE AND SUNSET
NOVEMBER 23 2017......SUNRISE   658 AM EST   SUNSET   506 PM EST
NOVEMBER 24 2017......SUNRISE   659 AM EST   SUNSET   505 PM EST


-  INDICATES NEGATIVE NUMBERS.
R  INDICATES RECORD WAS SET OR TIED.
MM INDICATES DATA IS MISSING.
T  INDICATES TRACE AMOUNT.

$$
