000
CDUS42 KRAH 250530
CLIFAY


CLIMATE REPORT
NATIONAL WEATHER SERVICE RALEIGH NC
1229 AM EST SUN FEB 25 2018


...................................

...THE FAYETTEVILLE REGL AIRPORT NC CLIMATE SUMMARY FOR FEBRUARY 24 2018...

CLIMATE NORMAL PERIOD 1981 TO 2010
CLIMATE RECORD PERIOD 1910 TO 2018


WEATHER ITEM   OBSERVED TIME   RECORD YEAR NORMAL DEPARTURE LAST
                VALUE   (LST)  VALUE       VALUE  FROM      YEAR
                                                  NORMAL
..................................................................
TEMPERATURE (F)
 YESTERDAY
  MAXIMUM         80    431 PM  83    1930  61     19       81
  MINIMUM         61    314 AM  18    1963  37     24       51
  AVERAGE         71                        49     22       66

PRECIPITATION (IN)
  YESTERDAY        0.00          1.58 2016   0.10  -0.10     0.00
  MONTH TO DATE    1.42                      2.38  -0.96     0.99
  SINCE DEC 1      7.47                      8.33  -0.86     6.06
  SINCE JAN 1      4.50                      5.68  -1.18     3.42

DEGREE DAYS
 HEATING
  YESTERDAY        0                        16    -16        0
  MONTH TO DATE  242                       437   -195      225
  SINCE DEC 1   1596                      1715   -119     1239
  SINCE JUL 1   2029                      2163   -134     1590

 COOLING
  YESTERDAY        6                         0      6        1
  MONTH TO DATE   40                         0     40       11
  SINCE DEC 1     40                         4     36       12
  SINCE JAN 1     40                         2     38       12
..................................................................


WIND (MPH)
  HIGHEST WIND SPEED    20   HIGHEST WIND DIRECTION    SW (210)
  HIGHEST GUST SPEED    24   HIGHEST GUST DIRECTION     S (200)
  AVERAGE WIND SPEED    10.2


SKY COVER
  POSSIBLE SUNSHINE  MM
  AVERAGE SKY COVER 0.5


WEATHER CONDITIONS
 THE FOLLOWING WEATHER WAS RECORDED YESTERDAY.
  FOG


RELATIVE HUMIDITY (PERCENT)
 HIGHEST   100          1200 AM
 LOWEST     48           500 PM
 AVERAGE    74

..........................................................


THE FAYETTEVILLE REGL AIRPORT NC CLIMATE NORMALS FOR TODAY
                         NORMAL    RECORD    YEAR
 MAXIMUM TEMPERATURE (F)   61        85      1930
 MINIMUM TEMPERATURE (F)   37        11      1967


SUNRISE AND SUNSET
FEBRUARY 25 2018......SUNRISE   650 AM EST   SUNSET   608 PM EST
FEBRUARY 26 2018......SUNRISE   649 AM EST   SUNSET   609 PM EST


-  INDICATES NEGATIVE NUMBERS.
R  INDICATES RECORD WAS SET OR TIED.
MM INDICATES DATA IS MISSING.
T  INDICATES TRACE AMOUNT.




$$
