000
CDUS42 KRAH 220655
CLIFAY


CLIMATE REPORT
NATIONAL WEATHER SERVICE RALEIGH NC
253 AM EDT TUE JUL 22 2014


...................................

...THE FAYETTEVILLE REGL AIRPORT NC CLIMATE SUMMARY FOR JULY 21 2014...

CLIMATE NORMAL PERIOD 1981 TO 2010
CLIMATE RECORD PERIOD 1910 TO 2014


WEATHER ITEM   OBSERVED TIME   RECORD YEAR NORMAL DEPARTURE LAST
                VALUE   (LST)  VALUE       VALUE  FROM      YEAR
                                                  NORMAL
..................................................................
TEMPERATURE (F)
 YESTERDAY
  MAXIMUM         78    837 AM 105    1932  91    -13       91
  MINIMUM         72    932 PM  61    1978  72      0       75
  AVERAGE         75                        82     -7       83

PRECIPITATION (IN)
  YESTERDAY        0.30          2.93 1939   0.22   0.08     0.00
  MONTH TO DATE    1.78                      3.90  -2.12     6.24
  SINCE JUN 1      4.47                      8.25  -3.78    14.82
  SINCE JAN 1     22.92                     23.92  -1.00    28.16

DEGREE DAYS
 HEATING
  YESTERDAY        0                         0      0        0
  MONTH TO DATE    0                         0      0        0
  SINCE JUN 1      0                         0      0        0
  SINCE JUL 1      0                         0      0        0

 COOLING
  YESTERDAY       10                        17     -7       18
  MONTH TO DATE  322                       346    -24      342
  SINCE JUN 1    779                       742     37      737
  SINCE JAN 1   1145                      1026    119      986
..................................................................


WIND (MPH)
  HIGHEST WIND SPEED    14   HIGHEST WIND DIRECTION     E (80)
  HIGHEST GUST SPEED    17   HIGHEST GUST DIRECTION     E (90)
  AVERAGE WIND SPEED     4.6


SKY COVER
  POSSIBLE SUNSHINE  MM
  AVERAGE SKY COVER 0.6


WEATHER CONDITIONS
 THE FOLLOWING WEATHER WAS RECORDED YESTERDAY.
  THUNDERSTORM
  RAIN
  LIGHT RAIN
  FOG


RELATIVE HUMIDITY (PERCENT)
 HIGHEST   100           200 AM
 LOWEST     87          1200 PM
 AVERAGE    94

..........................................................


THE FAYETTEVILLE REGL AIRPORT NC CLIMATE NORMALS FOR TODAY
                         NORMAL    RECORD    YEAR
 MAXIMUM TEMPERATURE (F)   91       107      1932
 MINIMUM TEMPERATURE (F)   72        57      1966


SUNRISE AND SUNSET
JULY 22 2014..........SUNRISE   618 AM EDT   SUNSET   826 PM EDT
JULY 23 2014..........SUNRISE   618 AM EDT   SUNSET   825 PM EDT


-  INDICATES NEGATIVE NUMBERS.
R  INDICATES RECORD WAS SET OR TIED.
MM INDICATES DATA IS MISSING.
T  INDICATES TRACE AMOUNT.




$$
