000
CDUS43 KLMK 290629
CLIFFT


CLIMATE REPORT
NATIONAL WEATHER SERVICE LOUISVILLE KY
228 AM EDT SUN MAR 29 2015


...................................

...THE FRANKFORT KY CLIMATE SUMMARY FOR MARCH 28 2015...

CLIMATE NORMAL PERIOD 1981 TO 2010
CLIMATE RECORD PERIOD 1895 TO 2015


WEATHER ITEM   OBSERVED TIME   RECORD YEAR NORMAL DEPARTURE LAST
                VALUE   (LST)  VALUE       VALUE  FROM      YEAR
                                                  NORMAL
..................................................................
TEMPERATURE (F)
 YESTERDAY
  MAXIMUM         41    436 PM  84    1910  61    -20       65
                                      1907
  MINIMUM         20    635 AM   9    1947  37    -17       49
  AVERAGE         31                        49    -18       57

PRECIPITATION (IN)
  YESTERDAY        0.00          1.80 1921   0.15  -0.15     0.22
  MONTH TO DATE    7.68                      3.89   3.79     1.49
  SINCE MAR 1      7.68                      3.89   3.79     1.49
  SINCE JAN 1     11.24                     10.44   0.80     7.69

SNOWFALL (IN)
  YESTERDAY       MM            MM      MM  MM     MM       MM
  MONTH TO DATE   MM                        MM     MM       MM
  SINCE MAR 1     MM                        MM     MM       MM
  SINCE JUL 1     MM                        MM     MM       MM
  SNOW DEPTH      MM

DEGREE DAYS
 HEATING
  YESTERDAY       34                        16     18        8
  MONTH TO DATE  620                       581     39      693
  SINCE MAR 1    620                       581     39      693
  SINCE JUL 1   4740                      4220    520     4805

 COOLING
  YESTERDAY        0                         0      0        0
  MONTH TO DATE    0                         0      0        0
  SINCE MAR 1      0                         0      0        0
  SINCE JAN 1      0                         0      0        0
..................................................................


WIND (MPH)
  HIGHEST WIND SPEED    12   HIGHEST WIND DIRECTION     N (340)
  HIGHEST GUST SPEED    17   HIGHEST GUST DIRECTION    NW (320)
  AVERAGE WIND SPEED     5.4


SKY COVER
  POSSIBLE SUNSHINE  MM
  AVERAGE SKY COVER 0.0


WEATHER CONDITIONS
 THE FOLLOWING WEATHER WAS RECORDED YESTERDAY.
  NO SIGNIFICANT WEATHER WAS OBSERVED.


RELATIVE HUMIDITY (PERCENT)
 HIGHEST    68           700 AM
 LOWEST     27           300 PM
 AVERAGE    48

..........................................................


THE FRANKFORT KY CLIMATE NORMALS FOR TODAY
                         NORMAL    RECORD    YEAR
 MAXIMUM TEMPERATURE (F)   61        86      1910
 MINIMUM TEMPERATURE (F)   38        18      1982


SUNRISE AND SUNSET
MARCH 29 2015.........SUNRISE   730 AM EDT   SUNSET   800 PM EDT
MARCH 30 2015.........SUNRISE   728 AM EDT   SUNSET   801 PM EDT


-  INDICATES NEGATIVE NUMBERS.
R  INDICATES RECORD WAS SET OR TIED.
MM INDICATES DATA IS MISSING.
T  INDICATES TRACE AMOUNT.




$$
