000
CDUS43 KLMK 022029 RRB
CLIFFT

CLIMATE REPORT
NATIONAL WEATHER SERVICE LOUISVILLE KY
427 PM EDT WED SEP 2 2015


...................................

...THE FRANKFORT KY CLIMATE SUMMARY FOR SEPTEMBER 2 2015...
VALID TODAY AS OF 0400 PM LOCAL TIME.

CLIMATE NORMAL PERIOD 1981 TO 2010
CLIMATE RECORD PERIOD 1895 TO 2015


WEATHER ITEM   OBSERVED TIME   RECORD YEAR NORMAL DEPARTURE LAST
                VALUE   (LST)  VALUE       VALUE  FROM      YEAR
                                                  NORMAL
..................................................................
TEMPERATURE (F)
 TODAY
  MAXIMUM         89    259 PM 106    1953  84      5       85
  MINIMUM         64    615 AM  42    1896  61      3       68
  AVERAGE         77                        73      4       77

PRECIPITATION (IN)
  TODAY            0.00          1.97 1916   0.11  -0.11     0.06
  MONTH TO DATE    0.00                      0.22  -0.22     0.06
  SINCE SEP 1      0.00                      0.22  -0.22     0.06
  SINCE JAN 1     43.64                     31.53  12.11    33.35

SNOWFALL (IN)
  TODAY            0.0          MM      MM  MM     MM       MM
  MONTH TO DATE    0.0                      MM     MM       MM
  SINCE SEP 1      0.0                      MM     MM       MM
  SINCE JUL 1      0.0                      MM     MM       MM
  SNOW DEPTH       0

DEGREE DAYS
 HEATING
  TODAY            0                         0      0        0
  MONTH TO DATE    0                         0      0        0
  SINCE SEP 1      0                         0      0        0
  SINCE JUL 1      1                         1      0        3

 COOLING
  TODAY           12                         8      4       12
  MONTH TO DATE   24                        16      8       26
  SINCE SEP 1     24                        16      8       26
  SINCE JAN 1   1063                      1018     45      952
..................................................................


WIND (MPH)
  HIGHEST WIND SPEED     8   HIGHEST WIND DIRECTION     N (340)
  HIGHEST GUST SPEED    12   HIGHEST GUST DIRECTION     N (350)
  AVERAGE WIND SPEED     1.9


SKY COVER
  POSSIBLE SUNSHINE  MM
  AVERAGE SKY COVER 0.1


WEATHER CONDITIONS
 THE FOLLOWING WEATHER WAS RECORDED TODAY.
  FOG


RELATIVE HUMIDITY (PERCENT)
 HIGHEST    93           100 AM
 LOWEST     46           200 PM
 AVERAGE    70

..........................................................


THE FRANKFORT KY CLIMATE NORMALS FOR TOMORROW
                         NORMAL    RECORD    YEAR
 MAXIMUM TEMPERATURE (F)   84       102      1953
 MINIMUM TEMPERATURE (F)   61        40      1896


SUNRISE AND SUNSET
SEPTEMBER  2 2015.....SUNRISE   710 AM EDT   SUNSET   808 PM EDT
SEPTEMBER  3 2015.....SUNRISE   711 AM EDT   SUNSET   807 PM EDT


-  INDICATES NEGATIVE NUMBERS.
R  INDICATES RECORD WAS SET OR TIED.
MM INDICATES DATA IS MISSING.
T  INDICATES TRACE AMOUNT.




$$
