000
CSUS97 KFGF 260645
CLIFGF


CLIMATE REPORT
NATIONAL WEATHER SERVICE EASTERN NORTH DAKOTA/GRAND FORKS
145 AM CDT SAT JUL 26 2014


...................................

...THE GRAND FORKS UNIV. (NWS) ND CLIMATE SUMMARY FOR JULY 25 2014...

CLIMATE NORMAL PERIOD 1981 TO 2010
CLIMATE RECORD PERIOD 1890 TO 2014


WEATHER ITEM   OBSERVED TIME   RECORD YEAR NORMAL DEPARTURE LAST
                VALUE   (LST)  VALUE       VALUE  FROM      YEAR
                                                  NORMAL
..................................................................
TEMPERATURE (F)
 YESTERDAY
  MAXIMUM         82        MM 103    1931  82      0       78
  MINIMUM         62        MM  41    1905  59      3       56
  AVERAGE         72                        70      2       67

PRECIPITATION (IN)
  YESTERDAY        0.00          2.40   MM   0.09  -0.09     0.01
  MONTH TO DATE    3.42                      2.63   0.79     1.40
  SINCE JUN 1     10.17                      6.37   3.80     4.18
  SINCE JAN 1     17.16                     12.42   4.74    12.39

SNOWFALL (IN)
  YESTERDAY        0.0           0.0    MM   0.0    0.0      0.0
  MONTH TO DATE    0.0                       0.0    0.0      0.0
  SINCE JUN 1      0.0                       0.0    0.0      0.0
  SINCE JUL 1      0.0                       0.0    0.0      0.0
  SNOW DEPTH       0

DEGREE DAYS
 HEATING
  YESTERDAY        0                         0      0        0
  MONTH TO DATE   30                        19     11        8
  SINCE JUN 1     82                       102    -20       83
  SINCE JUL 1     30                        19     11        8

 COOLING
  YESTERDAY        7                         6      1        2
  MONTH TO DATE  112                       140    -28      178
  SINCE JUN 1    175                       231    -56      293
  SINCE JAN 1    230                       257    -27      302
..................................................................


WIND (MPH)
  RESULTANT WIND SPEED  MM   RESULTANT WIND DIRECTION  MM
  HIGHEST WIND SPEED    MM   HIGHEST WIND DIRECTION    MM
  HIGHEST GUST SPEED    MM   HIGHEST GUST DIRECTION    MM
  AVERAGE WIND SPEED    MM


SKY COVER
  POSSIBLE SUNSHINE  MM
  AVERAGE SKY COVER  MM


WEATHER CONDITIONS
 THE FOLLOWING WEATHER WAS RECORDED YESTERDAY.
  NO SIGNIFICANT WEATHER WAS OBSERVED.


RELATIVE HUMIDITY (PERCENT)
 HIGHEST    MM
 LOWEST     MM
 AVERAGE    MM

..........................................................


THE GRAND FORKS UNIV. (NWS) ND CLIMATE NORMALS FOR TODAY
                         NORMAL    RECORD    YEAR
 MAXIMUM TEMPERATURE (F)   82       103      1941
 MINIMUM TEMPERATURE (F)   59        42      1907
                                             1905


SUNRISE AND SUNSET
JULY 26 2014..........SUNRISE   557 AM CDT   SUNSET   912 PM CDT
JULY 27 2014..........SUNRISE   559 AM CDT   SUNSET   910 PM CDT


-  INDICATES NEGATIVE NUMBERS.
R  INDICATES RECORD WAS SET OR TIED.
MM INDICATES DATA IS MISSING.
T  INDICATES TRACE AMOUNT.




$$
