658
CDUS43 KFGF 010641
CLIFGF


CLIMATE REPORT
NATIONAL WEATHER SERVICE EASTERN NORTH DAKOTA/GRAND FORKS
138 AM CDT WED JUN 1 2016


...................................

...THE GRAND FORKS UNIV. (NWS) ND CLIMATE SUMMARY FOR MAY 31 2016...

CLIMATE NORMAL PERIOD 1981 TO 2010
CLIMATE RECORD PERIOD 1890 TO 2016


WEATHER ITEM   OBSERVED TIME   RECORD YEAR NORMAL DEPARTURE LAST
                VALUE   (LST)  VALUE       VALUE  FROM      YEAR
                                                  NORMAL
..................................................................
TEMPERATURE (F)
 YESTERDAY
  MAXIMUM         69        MM  97    1986  73     -4       67
                                      1939
  MINIMUM         53        MM  32    1964  49      4       45
  AVERAGE         61                        61      0       56

PRECIPITATION (IN)
  YESTERDAY        0.69          3.70 1918   0.11   0.58     0.00
  MONTH TO DATE    3.66                      2.75   0.91     4.35
  SINCE MAR 1      6.45                      4.75   1.70     5.37
  SINCE JAN 1      7.10                      6.05   1.05     5.90

SNOWFALL (IN)
  YESTERDAY        0.0           T    1949   0.0    0.0      0.0
  MONTH TO DATE    T                         0.1   -0.1       T
  SINCE MAR 1      2.3                       8.1   -5.8      3.0
  SINCE JUL 1     29.6                      43.4  -13.8     19.3
  SNOW DEPTH       0

DEGREE DAYS
 HEATING
  YESTERDAY        4                         6     -2        9
  MONTH TO DATE  193                       310   -117      346
  SINCE MAR 1   1800                      2165   -365     1950
  SINCE JUL 1   7732                      9125  -1393     8799

 COOLING
  YESTERDAY        0                         1     -1        0
  MONTH TO DATE   24                        23      1       11
  SINCE MAR 1     24                        26     -2       11
  SINCE JAN 1     24                        26     -2       11
..................................................................


WIND (MPH)
  RESULTANT WIND SPEED  MM   RESULTANT WIND DIRECTION  MM
  HIGHEST WIND SPEED    MM   HIGHEST WIND DIRECTION    MM
  HIGHEST GUST SPEED    MM   HIGHEST GUST DIRECTION    MM
  AVERAGE WIND SPEED    MM


SKY COVER
  POSSIBLE SUNSHINE  MM
  AVERAGE SKY COVER  MM


WEATHER CONDITIONS
 THE FOLLOWING WEATHER WAS RECORDED YESTERDAY.
  HEAVY RAIN
  RAIN
  LIGHT RAIN


RELATIVE HUMIDITY (PERCENT)
 HIGHEST    MM
 LOWEST     MM
 AVERAGE    MM

..........................................................


THE GRAND FORKS UNIV. (NWS) ND CLIMATE NORMALS FOR TODAY
                         NORMAL    RECORD    YEAR
 MAXIMUM TEMPERATURE (F)   73        93      1933
 MINIMUM TEMPERATURE (F)   49        28      1917


SUNRISE AND SUNSET
JUNE  1 2016..........SUNRISE   533 AM CDT   SUNSET   920 PM CDT
JUNE  2 2016..........SUNRISE   533 AM CDT   SUNSET   921 PM CDT


-  INDICATES NEGATIVE NUMBERS.
R  INDICATES RECORD WAS SET OR TIED.
MM INDICATES DATA IS MISSING.
T  INDICATES TRACE AMOUNT.




$$
