000
CSUS97 KFGF 250637
CLIFGF


CLIMATE REPORT
NATIONAL WEATHER SERVICE EASTERN NORTH DAKOTA/GRAND FORKS
136 AM CDT FRI APR 25 2014


...................................

...THE GRAND FORKS UNIV. (NWS) ND CLIMATE SUMMARY FOR APRIL 24 2014...

CLIMATE NORMAL PERIOD 1981 TO 2010
CLIMATE RECORD PERIOD 1890 TO 2014


WEATHER ITEM   OBSERVED TIME   RECORD YEAR NORMAL DEPARTURE LAST
                VALUE   (LST)  VALUE       VALUE  FROM      YEAR
                                                  NORMAL
..................................................................
TEMPERATURE (F)
 YESTERDAY
  MAXIMUM         44        MM  85    1990  60    -16       42
                                      1982
  MINIMUM         37        MM  15    1909  35      2       26
  AVERAGE         41                        48     -7       34

PRECIPITATION (IN)
  YESTERDAY        0.09          1.16   MM   0.04   0.05      T
  MONTH TO DATE    0.87                      0.71   0.16     0.72
  SINCE MAR 1      1.98                      1.73   0.25     1.44
  SINCE JAN 1      2.71                      3.03  -0.32     2.26

SNOWFALL (IN)
  YESTERDAY        0.0           3.9    MM   0.0    0.0      0.0
  MONTH TO DATE    1.1                       0.9    0.2      6.7
  SINCE MAR 1     14.6                       7.3    7.3     25.9
  SINCE JUL 1     60.3                      42.6   17.7     59.5
  SNOW DEPTH       0

DEGREE DAYS
 HEATING
  YESTERDAY       24                        18      6       31
  MONTH TO DATE  675                       566    109      861
  SINCE MAR 1   2111                      1772    339     2367
  SINCE JUL 1   9857                      8732   1125     9384

 COOLING
  YESTERDAY        0                         0      0        0
  MONTH TO DATE    0                         0      0        0
  SINCE MAR 1      0                         0      0        0
  SINCE JAN 1      0                         0      0        0
..................................................................


WIND (MPH)
  RESULTANT WIND SPEED  MM   RESULTANT WIND DIRECTION  MM
  HIGHEST WIND SPEED    MM   HIGHEST WIND DIRECTION    MM
  HIGHEST GUST SPEED    MM   HIGHEST GUST DIRECTION    MM
  AVERAGE WIND SPEED    MM


SKY COVER
  POSSIBLE SUNSHINE  MM
  AVERAGE SKY COVER  MM


WEATHER CONDITIONS
 THE FOLLOWING WEATHER WAS RECORDED YESTERDAY.
  NO SIGNIFICANT WEATHER WAS OBSERVED.


RELATIVE HUMIDITY (PERCENT)
 HIGHEST    MM
 LOWEST     MM
 AVERAGE    MM

..........................................................


THE GRAND FORKS UNIV. (NWS) ND CLIMATE NORMALS FOR TODAY
                         NORMAL    RECORD    YEAR
 MAXIMUM TEMPERATURE (F)   60        80      1906
 MINIMUM TEMPERATURE (F)   36        17      1958


SUNRISE AND SUNSET
APRIL 25 2014.........SUNRISE   621 AM CDT   SUNSET   833 PM CDT
APRIL 26 2014.........SUNRISE   619 AM CDT   SUNSET   834 PM CDT


-  INDICATES NEGATIVE NUMBERS.
R  INDICATES RECORD WAS SET OR TIED.
MM INDICATES DATA IS MISSING.
T  INDICATES TRACE AMOUNT.




$$
