066
CDUS43 KFGF 240641
CLIFGF


CLIMATE REPORT
NATIONAL WEATHER SERVICE EASTERN NORTH DAKOTA/GRAND FORKS
1240 AM CST FRI NOV 24 2017


...................................

...THE GRAND FORKS UNIV. (NWS) ND CLIMATE SUMMARY FOR NOVEMBER 23 2017...

CLIMATE NORMAL PERIOD 1981 TO 2010
CLIMATE RECORD PERIOD 1893 TO 2017


WEATHER ITEM   OBSERVED TIME   RECORD YEAR NORMAL DEPARTURE LAST
                VALUE   (LST)  VALUE       VALUE  FROM      YEAR
                                                  NORMAL
..................................................................
TEMPERATURE (F)
 YESTERDAY
  MAXIMUM         47        MM  56    2011  30     17       34
  MINIMUM         20        MM -14    1938  15      5       32
  AVERAGE         34                        22     12       33

PRECIPITATION (IN)
  YESTERDAY        0.00          1.75 1905   0.02  -0.02     0.02
  MONTH TO DATE    0.53                      0.74  -0.21     0.36
  SINCE SEP 1      5.76                      4.71   1.05     6.71
  SINCE JAN 1     18.25                     20.81  -2.56    28.44

SNOWFALL (IN)
  YESTERDAY        0.0           2.5  1961   0.3   -0.3      0.0
  MONTH TO DATE    7.6                       4.3    3.3      0.6
  SINCE SEP 1      8.4                       5.3    3.1      0.6
  SINCE JUL 1      8.4                       5.3    3.1      0.6
  SNOW DEPTH       1

DEGREE DAYS
 HEATING
  YESTERDAY       31                        43    -12       32
  MONTH TO DATE  971                       827    144      519
  SINCE SEP 1   1715                      1717     -2     1232
  SINCE JUL 1   1733                      1781    -48     1250

 COOLING
  YESTERDAY        0                         0      0        0
  MONTH TO DATE    0                         0      0        0
  SINCE SEP 1     43                        31     12       27
  SINCE JAN 1    440                       463    -23      461
..................................................................


WIND (MPH)
  RESULTANT WIND SPEED  MM   RESULTANT WIND DIRECTION  MM
  HIGHEST WIND SPEED    MM   HIGHEST WIND DIRECTION    MM
  HIGHEST GUST SPEED    MM   HIGHEST GUST DIRECTION    MM
  AVERAGE WIND SPEED    MM


SKY COVER
  POSSIBLE SUNSHINE  MM
  AVERAGE SKY COVER  MM


WEATHER CONDITIONS
 THE FOLLOWING WEATHER WAS RECORDED YESTERDAY.
  NO SIGNIFICANT WEATHER WAS OBSERVED.


RELATIVE HUMIDITY (PERCENT)
 HIGHEST    MM
 LOWEST     MM
 AVERAGE    MM

..........................................................


THE GRAND FORKS UNIV. (NWS) ND CLIMATE NORMALS FOR TODAY
                         NORMAL    RECORD    YEAR
 MAXIMUM TEMPERATURE (F)   30        55      2011
 MINIMUM TEMPERATURE (F)   14       -20      1985


SUNRISE AND SUNSET
NOVEMBER 24 2017......SUNRISE   748 AM CST   SUNSET   442 PM CST
NOVEMBER 25 2017......SUNRISE   749 AM CST   SUNSET   441 PM CST


-  INDICATES NEGATIVE NUMBERS.
R  INDICATES RECORD WAS SET OR TIED.
MM INDICATES DATA IS MISSING.
T  INDICATES TRACE AMOUNT.




$$
