000
CSUS97 KFGF 310642
CLIFGF


CLIMATE REPORT
NATIONAL WEATHER SERVICE EASTERN NORTH DAKOTA/GRAND FORKS
139 AM CDT THU JUL 31 2014


...................................

...THE GRAND FORKS UNIV. (NWS) ND CLIMATE SUMMARY FOR JULY 30 2014...

CLIMATE NORMAL PERIOD 1981 TO 2010
CLIMATE RECORD PERIOD 1890 TO 2014


WEATHER ITEM   OBSERVED TIME   RECORD YEAR NORMAL DEPARTURE LAST
                VALUE   (LST)  VALUE       VALUE  FROM      YEAR
                                                  NORMAL
..................................................................
TEMPERATURE (F)
 YESTERDAY
  MAXIMUM         80        MM 102    1929  82     -2       75
  MINIMUM         54        MM  43    1952  58     -4       60
                                      1907
  AVERAGE         67                        70     -3       68

PRECIPITATION (IN)
  YESTERDAY        0.00          1.44 2001   0.09  -0.09     0.03
  MONTH TO DATE    3.44                      3.08   0.36     1.55
  SINCE JUN 1     10.19                      6.82   3.37     4.33
  SINCE JAN 1     17.18                     12.87   4.31    12.54

SNOWFALL (IN)
  YESTERDAY        0.0           0.0  2002   0.0    0.0      0.0
                                      2001
  MONTH TO DATE    0.0                       0.0    0.0      0.0
  SINCE JUN 1      0.0                       0.0    0.0      0.0
  SINCE JUL 1      0.0                       0.0    0.0      0.0
  SNOW DEPTH       0

DEGREE DAYS
 HEATING
  YESTERDAY        0                         1     -1        0
  MONTH TO DATE   32                        22     10       24
  SINCE JUN 1     84                       105    -21       99
  SINCE JUL 1     32                        22     10       24

 COOLING
  YESTERDAY        2                         6     -4        3
  MONTH TO DATE  118                       170    -52      181
  SINCE JUN 1    181                       261    -80      296
  SINCE JAN 1    236                       287    -51      305
..................................................................


WIND (MPH)
  RESULTANT WIND SPEED  MM   RESULTANT WIND DIRECTION  MM
  HIGHEST WIND SPEED    MM   HIGHEST WIND DIRECTION    MM
  HIGHEST GUST SPEED    MM   HIGHEST GUST DIRECTION    MM
  AVERAGE WIND SPEED    MM


SKY COVER
  POSSIBLE SUNSHINE  MM
  AVERAGE SKY COVER  MM


WEATHER CONDITIONS
 THE FOLLOWING WEATHER WAS RECORDED YESTERDAY.
  NO SIGNIFICANT WEATHER WAS OBSERVED.


RELATIVE HUMIDITY (PERCENT)
 HIGHEST    MM
 LOWEST     MM
 AVERAGE    MM

..........................................................


THE GRAND FORKS UNIV. (NWS) ND CLIMATE NORMALS FOR TODAY
                         NORMAL    RECORD    YEAR
 MAXIMUM TEMPERATURE (F)   82        97      1936
 MINIMUM TEMPERATURE (F)   58        40      1920


SUNRISE AND SUNSET
JULY 31 2014..........SUNRISE   604 AM CDT   SUNSET   905 PM CDT
AUGUST  1 2014........SUNRISE   605 AM CDT   SUNSET   904 PM CDT


-  INDICATES NEGATIVE NUMBERS.
R  INDICATES RECORD WAS SET OR TIED.
MM INDICATES DATA IS MISSING.
T  INDICATES TRACE AMOUNT.




$$
