654
CDUS43 KFGF 270633
CLIFGF


CLIMATE REPORT
NATIONAL WEATHER SERVICE EASTERN NORTH DAKOTA/GRAND FORKS
131 AM CDT MON MAR 27 2017


...................................

...THE GRAND FORKS UNIV. (NWS) ND CLIMATE SUMMARY FOR MARCH 26 2017...

CLIMATE NORMAL PERIOD 1981 TO 2010
CLIMATE RECORD PERIOD 1890 TO 2017


WEATHER ITEM   OBSERVED TIME   RECORD YEAR NORMAL DEPARTURE LAST
                VALUE   (LST)  VALUE       VALUE  FROM      YEAR
                                                  NORMAL
..................................................................
TEMPERATURE (F)
 YESTERDAY
  MAXIMUM         46        MM  72    1946  40      6       40
  MINIMUM         31        MM -12    1964  22      9       20
  AVERAGE         39                        31      8       30

PRECIPITATION (IN)
  YESTERDAY        0.00          0.90 1942   0.03  -0.03     0.00
  MONTH TO DATE    0.76                      0.85  -0.09     0.66
  SINCE MAR 1      0.76                      0.85  -0.09     0.66
  SINCE JAN 1      1.86                      2.15  -0.29     1.31

SNOWFALL (IN)
  YESTERDAY        0.0           6.5  1942   0.1   -0.1      0.0
  MONTH TO DATE    0.1                       5.8   -5.7      1.7
  SINCE MAR 1      0.1                       5.8   -5.7      1.7
  SINCE JUL 1     43.0                      41.1    1.9     29.0
  SNOW DEPTH       0

DEGREE DAYS
 HEATING
  YESTERDAY       26                        34     -8       35
  MONTH TO DATE 1077                      1047     30      773
  SINCE MAR 1   1077                      1047     30      773
  SINCE JUL 1   7025                      8007   -982     6705

 COOLING
  YESTERDAY        0                         0      0        0
  MONTH TO DATE    0                         0      0        0
  SINCE MAR 1      0                         0      0        0
  SINCE JAN 1      0                         0      0        0
..................................................................


WIND (MPH)
  RESULTANT WIND SPEED  MM   RESULTANT WIND DIRECTION  MM
  HIGHEST WIND SPEED    MM   HIGHEST WIND DIRECTION    MM
  HIGHEST GUST SPEED    MM   HIGHEST GUST DIRECTION    MM
  AVERAGE WIND SPEED    MM


SKY COVER
  POSSIBLE SUNSHINE  MM
  AVERAGE SKY COVER  MM


WEATHER CONDITIONS
 THE FOLLOWING WEATHER WAS RECORDED YESTERDAY.
  NO SIGNIFICANT WEATHER WAS OBSERVED.


RELATIVE HUMIDITY (PERCENT)
 HIGHEST    MM
 LOWEST     MM
 AVERAGE    MM

..........................................................


THE GRAND FORKS UNIV. (NWS) ND CLIMATE NORMALS FOR TODAY
                         NORMAL    RECORD    YEAR
 MAXIMUM TEMPERATURE (F)   41        82      1946
 MINIMUM TEMPERATURE (F)   23        -9      1955


SUNRISE AND SUNSET
MARCH 27 2017.........SUNRISE   716 AM CDT   SUNSET   752 PM CDT
MARCH 28 2017.........SUNRISE   714 AM CDT   SUNSET   753 PM CDT


-  INDICATES NEGATIVE NUMBERS.
R  INDICATES RECORD WAS SET OR TIED.
MM INDICATES DATA IS MISSING.
T  INDICATES TRACE AMOUNT.




$$
