000
CDUS43 KFGF 220647
CLIFGF


CLIMATE REPORT
NATIONAL WEATHER SERVICE EASTERN NORTH DAKOTA/GRAND FORKS
1245 AM CST WED FEB 22 2017


...................................

...THE GRAND FORKS UNIV. (NWS) ND CLIMATE SUMMARY FOR FEBRUARY 21 2017...

CLIMATE NORMAL PERIOD 1981 TO 2010
CLIMATE RECORD PERIOD 1890 TO 2017


WEATHER ITEM   OBSERVED TIME   RECORD YEAR NORMAL DEPARTURE LAST
                VALUE   (LST)  VALUE       VALUE  FROM      YEAR
                                                  NORMAL
..................................................................
TEMPERATURE (F)
 YESTERDAY
  MAXIMUM         44        MM  48    1981  24     20       21
  MINIMUM         29        MM -28    1956   7     22       13
  AVERAGE         37                        16     21       17

PRECIPITATION (IN)
  YESTERDAY        T             0.35 1922   0.02  -0.02      T
                                      2001
  MONTH TO DATE    0.41                      0.40   0.01     0.32
  SINCE DEC 1      2.85                      1.76   1.09     1.74
  SINCE JAN 1      1.01                      1.11  -0.10     0.62

SNOWFALL (IN)
  YESTERDAY        0.0           3.5  1922   0.3   -0.3       T
  MONTH TO DATE    4.0                       5.0   -1.0      4.1
  SINCE DEC 1     40.8                      26.3   14.5     23.6
  SINCE JUL 1     41.7                      33.4    8.3     27.0
  SNOW DEPTH       T

DEGREE DAYS
 HEATING
  YESTERDAY       28                        49    -21       48
  MONTH TO DATE  942                      1107   -165      974
  SINCE DEC 1   4178                      4531   -353     4011
  SINCE JUL 1   5632                      6625   -993     5620

 COOLING
  YESTERDAY        0                         0      0        0
  MONTH TO DATE    0                         0      0        0
  SINCE DEC 1      0                         0      0        0
  SINCE JAN 1      0                         0      0        0
..................................................................


WIND (MPH)
  RESULTANT WIND SPEED  MM   RESULTANT WIND DIRECTION  MM
  HIGHEST WIND SPEED    MM   HIGHEST WIND DIRECTION    MM
  HIGHEST GUST SPEED    MM   HIGHEST GUST DIRECTION    MM
  AVERAGE WIND SPEED    MM


SKY COVER
  POSSIBLE SUNSHINE  MM
  AVERAGE SKY COVER  MM


WEATHER CONDITIONS
 THE FOLLOWING WEATHER WAS RECORDED YESTERDAY.
  NO SIGNIFICANT WEATHER WAS OBSERVED.


RELATIVE HUMIDITY (PERCENT)
 HIGHEST    MM
 LOWEST     MM
 AVERAGE    MM

..........................................................


THE GRAND FORKS UNIV. (NWS) ND CLIMATE NORMALS FOR TODAY
                         NORMAL    RECORD    YEAR
 MAXIMUM TEMPERATURE (F)   25        67      2000
 MINIMUM TEMPERATURE (F)    7       -34      1914


SUNRISE AND SUNSET
FEBRUARY 22 2017......SUNRISE   722 AM CST   SUNSET   603 PM CST
FEBRUARY 23 2017......SUNRISE   720 AM CST   SUNSET   604 PM CST


-  INDICATES NEGATIVE NUMBERS.
R  INDICATES RECORD WAS SET OR TIED.
MM INDICATES DATA IS MISSING.
T  INDICATES TRACE AMOUNT.




$$
