000
CDUS45 KFGZ 270059
CLIFLG
CLIMATE REPORT
NATIONAL WEATHER SERVICE FLAGSTAFF, AZ
558 PM MST THU FEB 26 2015


...................................

...THE FLAGSTAFF AZ AIRPORT CLIMATE SUMMARY FOR FEBRUARY 26 2015...
VALID TODAY AS OF 0500 PM LOCAL TIME.

CLIMATE NORMAL PERIOD 1981 TO 2010
CLIMATE RECORD PERIOD 1898 TO 2015


WEATHER ITEM   OBSERVED TIME   RECORD YEAR NORMAL DEPARTURE LAST
                VALUE   (LST)  VALUE       VALUE  FROM      YEAR
                                                  NORMAL
..................................................................
TEMPERATURE (F)
 TODAY
  MAXIMUM         44    127 PM  71    1986  47     -3       56
  MINIMUM         23    714 AM  -7    1977  21      2       25
  AVERAGE         34                        34      0       41

PRECIPITATION (IN)
  TODAY            T             1.17 1902   0.08  -0.08     0.00
  MONTH TO DATE    1.64                      2.00  -0.36     0.12
  SINCE SEP 1     11.66                     11.72  -0.06     7.40
  SINCE JAN 1      3.83                      4.05  -0.22     0.29

SNOWFALL (IN)
  TODAY            T             6.1  1962   0.7   -0.7      0.0
  MONTH TO DATE    8.6                      19.5  -10.9      2.1
  SINCE SEP 1     38.3                      71.8  -33.5     33.5
  SNOW DEPTH       3

DEGREE DAYS
 HEATING
  TODAY           31                        31      0       24
  MONTH TO DATE  636                       859   -223      734
  SINCE JUL 1   3985                      4775   -790     4553

 COOLING
  TODAY            0                         0      0        0
  MONTH TO DATE    0                         0      0        0
  SINCE JAN 1      0                         0      0        0
..................................................................


WIND (MPH)
  HIGHEST WIND SPEED    26   HIGHEST WIND DIRECTION    SW (230)
  HIGHEST GUST SPEED    36   HIGHEST GUST DIRECTION    SW (210)
  AVERAGE WIND SPEED     6.0


SKY COVER
  POSSIBLE SUNSHINE  MM
  AVERAGE SKY COVER 0.6


WEATHER CONDITIONS
 THE FOLLOWING WEATHER WAS RECORDED TODAY.
  LIGHT SNOW
  HAZE


RELATIVE HUMIDITY (PERCENT)
 HIGHEST    81           200 AM
 LOWEST     30          1000 AM
 AVERAGE    56

..........................................................


THE FLAGSTAFF AZ AIRPORT CLIMATE NORMALS FOR TOMORROW
                         NORMAL    RECORD    YEAR
 MAXIMUM TEMPERATURE (F)   47        64      1921
 MINIMUM TEMPERATURE (F)   21       -12      1962


SUNRISE AND SUNSET
FEBRUARY 26 2015......SUNRISE   700 AM MST   SUNSET   619 PM MST
FEBRUARY 27 2015......SUNRISE   659 AM MST   SUNSET   620 PM MST


-  INDICATES NEGATIVE NUMBERS.
R  INDICATES RECORD WAS SET OR TIED.
MM INDICATES DATA IS MISSING.
T  INDICATES TRACE AMOUNT.




$$


&&

-------------------------------------------------------------------
SNOW DEPTH DATA FOR FLAGSTAFF AIRPORT IS REPORTED AT 5 AM MST


-------------------------------------------------------------------
SUPPLEMENTARY CLIMATE DATA FOR NWS BELLEMONT, ARIZONA

SNOW DEPTH (IN) AT 11 AM........................................4
WATER EQUIVALENT OF SNOW PACK (IN) AT 11 AM*..................1.0
* ONLY MEASURED IF SNOW DEPTH IS 2.0 INCHES OR GREATER
-------------------------------------------------------------------
