000
CDUS45 KFGZ 260738
CLIFLG
CLIMATE REPORT
NATIONAL WEATHER SERVICE FLAGSTAFF, AZ
1238 AM MST SUN FEB 26 2017


...................................

...THE FLAGSTAFF AZ AIRPORT CLIMATE SUMMARY FOR FEBRUARY 25 2017...

CLIMATE NORMAL PERIOD 1981 TO 2010
CLIMATE RECORD PERIOD 1898 TO 2017


WEATHER ITEM   OBSERVED TIME   RECORD YEAR NORMAL DEPARTURE LAST
                VALUE   (LST)  VALUE       VALUE  FROM      YEAR
                                                  NORMAL
..................................................................
TEMPERATURE (F)
 YESTERDAY
  MAXIMUM         42    348 PM  70    1986  46     -4       61
  MINIMUM         13    722 AM -10    1919  21     -8       18
  AVERAGE         28                        34     -6

PRECIPITATION (IN)
  YESTERDAY        T             0.84 1958   0.08  -0.08     0.00
  MONTH TO DATE    0.72                      1.92  -1.20     0.37
  SINCE SEP 1     13.89                     11.64   2.25    12.61
  SINCE JAN 1      5.28                      3.97   1.31     3.78

SNOWFALL (IN)
  YESTERDAY        T            12.4  1998   0.6             0.0
  MONTH TO DATE    1.9                      18.8             7.8
  SINCE JUL 1     66.0                      71.1            71.7
  SNOW DEPTH       0

DEGREE DAYS
 HEATING
  YESTERDAY       37                        31      6       25
  MONTH TO DATE  708                       828   -120      745
  SINCE JUL 1   4361                      4744   -383     4604

 COOLING
  YESTERDAY        0                         0      0        0
  MONTH TO DATE    0                         0      0        0
  SINCE JAN 1      0                         0      0        0
..................................................................


WIND (MPH)
  HIGHEST WIND SPEED    26   HIGHEST WIND DIRECTION    SW (210)
  HIGHEST GUST SPEED    33   HIGHEST GUST DIRECTION    SW (220)
  AVERAGE WIND SPEED     9.3


SKY COVER
  POSSIBLE SUNSHINE  MM
  AVERAGE SKY COVER 0.3


WEATHER CONDITIONS
 THE FOLLOWING WEATHER WAS RECORDED YESTERDAY.
  LIGHT SNOW
  HAZE


RELATIVE HUMIDITY (PERCENT)
 HIGHEST    84           600 AM
 LOWEST     22           300 PM
 AVERAGE    53

..........................................................


THE FLAGSTAFF AZ AIRPORT CLIMATE NORMALS FOR TODAY
                         NORMAL    RECORD    YEAR
 MAXIMUM TEMPERATURE (F)   47        71      1986
 MINIMUM TEMPERATURE (F)   21        -7      1977


SUNRISE AND SUNSET
FEBRUARY 26 2017......SUNRISE   700 AM MST   SUNSET   620 PM MST
FEBRUARY 27 2017......SUNRISE   658 AM MST   SUNSET   621 PM MST


-  INDICATES NEGATIVE NUMBERS.
R  INDICATES RECORD WAS SET OR TIED.
MM INDICATES DATA IS MISSING.
T  INDICATES TRACE AMOUNT.




$$
&&

-------------------------------------------------------------------
SNOW DEPTH DATA FOR FLAGSTAFF AIRPORT IS REPORTED AT 5 AM MST


-------------------------------------------------------------------
SUPPLEMENTARY CLIMATE DATA FOR NWS BELLEMONT, ARIZONA

SNOW DEPTH (IN) AT 11 AM..........................................0
WATER EQUIVALENT OF SNOW PACK (IN) AT 11 AM*......................
* ONLY MEASURED IF SNOW DEPTH IS 2.0 INCHES OR GREATER
-------------------------------------------------------------------
