000
CDUS45 KFGZ 170103
CLIFLG
CLIMATE REPORT
NATIONAL WEATHER SERVICE FLAGSTAFF, AZ
601 PM MST TUE JAN 16 2018


...................................

...THE FLAGSTAFF AZ AIRPORT CLIMATE SUMMARY FOR JANUARY 16 2018...
VALID TODAY AS OF 0500 PM LOCAL TIME.

CLIMATE NORMAL PERIOD 1981 TO 2010
CLIMATE RECORD PERIOD 1898 TO 2018


WEATHER ITEM   OBSERVED TIME   RECORD YEAR NORMAL DEPARTURE LAST
                VALUE   (LST)  VALUE       VALUE  FROM      YEAR
                                                  NORMAL
..................................................................
TEMPERATURE (F)
 TODAY
  MAXIMUM         47    226 PM  60    1974  43      4       40
                                      1971
  MINIMUM         23    750 AM  -8    1915  17      6       27
  AVERAGE         35                        30      5       34

PRECIPITATION (IN)
  TODAY            0.00          0.84 1917   0.07  -0.07     0.01
  MONTH TO DATE    1.19                      1.12   0.07     2.15
  SINCE SEP 1      1.62                      8.79  -7.17    10.76
  SINCE JAN 1      1.19                      1.12   0.07     2.15

SNOWFALL (IN)
  TODAY            0.0          13.0  1928   0.8   -0.8      0.1
  MONTH TO DATE    4.7                      11.6   -6.9      6.6
  SINCE SEP 1      4.7                      40.7  -36.0     27.1
  SNOW DEPTH       0

DEGREE DAYS
 HEATING
  TODAY           30                        35     -5       31
  MONTH TO DATE  440                       566   -126      512
  SINCE JUL 1   2737                      3394   -657     3075

 COOLING
  TODAY            0                         0      0        0
  MONTH TO DATE    0                         0      0        0
  SINCE JAN 1      0                         0      0        0
..................................................................


WIND (MPH)
  HIGHEST WIND SPEED    12   HIGHEST WIND DIRECTION     E (80)
  HIGHEST GUST SPEED    15   HIGHEST GUST DIRECTION     E (80)
  AVERAGE WIND SPEED     3.3


SKY COVER
  POSSIBLE SUNSHINE  MM
  AVERAGE SKY COVER 0.1


WEATHER CONDITIONS
 THE FOLLOWING WEATHER WAS RECORDED TODAY.
  NO SIGNIFICANT WEATHER WAS OBSERVED.


RELATIVE HUMIDITY (PERCENT)
 HIGHEST    88           300 AM
 LOWEST     37           100 PM
 AVERAGE    63

..........................................................


THE FLAGSTAFF AZ AIRPORT CLIMATE NORMALS FOR TOMORROW
                         NORMAL    RECORD    YEAR
 MAXIMUM TEMPERATURE (F)   43        62      1971
 MINIMUM TEMPERATURE (F)   17       -13      1987


SUNRISE AND SUNSET
JANUARY 16 2018.......SUNRISE   734 AM MST   SUNSET   539 PM MST
JANUARY 17 2018.......SUNRISE   734 AM MST   SUNSET   540 PM MST


-  INDICATES NEGATIVE NUMBERS.
R  INDICATES RECORD WAS SET OR TIED.
MM INDICATES DATA IS MISSING.
T  INDICATES TRACE AMOUNT.




$$
&&

-------------------------------------------------------------------
SNOW DEPTH DATA FOR FLAGSTAFF AIRPORT IS REPORTED AT 5 AM MST


-------------------------------------------------------------------
SUPPLEMENTARY CLIMATE DATA FOR NWS BELLEMONT, ARIZONA

SNOW DEPTH (IN) AT 11 AM...................................0.0
WATER EQUIVALENT OF SNOW PACK (IN) AT 11 AM*...............NA
* ONLY MEASURED IF SNOW DEPTH IS 2.0 INCHES OR GREATER
-------------------------------------------------------------------
