719
CDUS45 KFGZ 200809
CLIFLG
CLIMATE REPORT
NATIONAL WEATHER SERVICE FLAGSTAFF, AZ
108 AM MST MON NOV 20 2017


...................................

...THE FLAGSTAFF AZ AIRPORT CLIMATE SUMMARY FOR NOVEMBER 19 2017...

CLIMATE NORMAL PERIOD 1981 TO 2010
CLIMATE RECORD PERIOD 1898 TO 2017


WEATHER ITEM   OBSERVED TIME   RECORD YEAR NORMAL DEPARTURE LAST
                VALUE   (LST)  VALUE       VALUE  FROM      YEAR
                                                  NORMAL
..................................................................
TEMPERATURE (F)
 YESTERDAY
  MAXIMUM         55    308 PM  69    1949  49      6       61
  MINIMUM         10    723 AM  -6    1985  22    -12       19
  AVERAGE         33                        35     -2

PRECIPITATION (IN)
  YESTERDAY        0.00          0.49 1940   0.05  -0.05     0.00
  MONTH TO DATE    0.01                      1.07  -1.06     0.13
  SINCE SEP 1      0.43                      5.11  -4.68     2.34
  SINCE JAN 1     18.01                     19.30  -1.29    19.53

SNOWFALL (IN)
  YESTERDAY        0.0           5.5  1979   0.4             0.0
  MONTH TO DATE    0.0                       5.3              T
  SINCE JUL 1      0.0                       6.8              T
  SNOW DEPTH       0

DEGREE DAYS
 HEATING
  YESTERDAY       32                        30      2       25
  MONTH TO DATE  405                       502    -97      419
  SINCE JUL 1   1169                      1385   -216     1196

 COOLING
  YESTERDAY        0                         0      0        0
  MONTH TO DATE    0                         0      0        0
  SINCE JAN 1    184                       117     67      131
..................................................................


WIND (MPH)
  HIGHEST WIND SPEED    10   HIGHEST WIND DIRECTION     N (20)
  HIGHEST GUST SPEED    14   HIGHEST GUST DIRECTION    NE (40)
  AVERAGE WIND SPEED     2.4


SKY COVER
  POSSIBLE SUNSHINE  MM
  AVERAGE SKY COVER 0.0


WEATHER CONDITIONS
 THE FOLLOWING WEATHER WAS RECORDED YESTERDAY.
  NO SIGNIFICANT WEATHER WAS OBSERVED.


RELATIVE HUMIDITY (PERCENT)
 HIGHEST    63           500 AM
 LOWEST     11           300 PM
 AVERAGE    37

..........................................................


THE FLAGSTAFF AZ AIRPORT CLIMATE NORMALS FOR TODAY
                         NORMAL    RECORD    YEAR
 MAXIMUM TEMPERATURE (F)   49        71      1976
 MINIMUM TEMPERATURE (F)   22        -5      1964


SUNRISE AND SUNSET
NOVEMBER 20 2017......SUNRISE   707 AM MST   SUNSET   518 PM MST
NOVEMBER 21 2017......SUNRISE   708 AM MST   SUNSET   517 PM MST


-  INDICATES NEGATIVE NUMBERS.
R  INDICATES RECORD WAS SET OR TIED.
MM INDICATES DATA IS MISSING.
T  INDICATES TRACE AMOUNT.




$$
&&

-------------------------------------------------------------------
SNOW DEPTH DATA FOR FLAGSTAFF AIRPORT IS REPORTED AT 5 AM MST


-------------------------------------------------------------------
SUPPLEMENTARY CLIMATE DATA FOR NWS BELLEMONT, ARIZONA

SNOW DEPTH (IN) AT 11 AM...................................0.0
WATER EQUIVALENT OF SNOW PACK (IN) AT 11 AM*...............
* ONLY MEASURED IF SNOW DEPTH IS 2.0 INCHES OR GREATER
-------------------------------------------------------------------
