000
CDUS42 KMFL 262124
CLIFLL


CLIMATE REPORT
NATIONAL WEATHER SERVICE MIAMI, FL
424 PM EST THU FEB 26 2015


...................................

...THE FORT LAUDERDALE CLIMATE SUMMARY FOR FEBRUARY 26 2015...
VALID TODAY AS OF 0400 PM LOCAL TIME.

CLIMATE NORMAL PERIOD 1981 TO 2010
CLIMATE RECORD PERIOD 1839 TO 2015


WEATHER ITEM   OBSERVED TIME   RECORD YEAR NORMAL DEPARTURE LAST
                VALUE   (LST)  VALUE       VALUE  FROM      YEAR
                                                  NORMAL
..................................................................
TEMPERATURE (F)
 TODAY
  MAXIMUM         84    252 PM  89    1926  78      6       88
  MINIMUM         73    734 AM  37    1967  65      8       68
  AVERAGE         79                        72      7       78

PRECIPITATION (IN)
  TODAY            T             1.32 1976   0.10  -0.10     0.00
  MONTH TO DATE    1.72                      2.78  -1.06     1.24
  SINCE NOV 1     10.22                     12.11  -1.89    17.52
  SINCE JAN 1      5.11                      6.41  -1.30     5.40

SNOWFALL (IN)
  TODAY            0.0
  MONTH TO DATE    0.0
  SINCE DEC 1      0.0
  SINCE JUL 1      0.0
  SNOW DEPTH       0

DEGREE DAYS
 HEATING
  TODAY            0                         1     -1        0
  MONTH TO DATE   48                        26     22        5
  SINCE DEC 1     87                       104    -17       76
  SINCE JUL 1     97                       106     -9       80

 COOLING
  TODAY           14                         7      7       13
  MONTH TO DATE  103                       173    -70      249
  SINCE DEC 1    480                       559    -79      661
  SINCE JAN 1    268                       343    -75      374
..................................................................


WIND (MPH)
  HIGHEST WIND SPEED    26   HIGHEST WIND DIRECTION     W (260)
  HIGHEST GUST SPEED    34   HIGHEST GUST DIRECTION     W (260)
  AVERAGE WIND SPEED    14.9


SKY COVER
  AVERAGE SKY COVER 0.8


WEATHER CONDITIONS
 THE FOLLOWING WEATHER WAS RECORDED TODAY.
  NO SIGNIFICANT WEATHER WAS OBSERVED.


RELATIVE HUMIDITY (PERCENT)
 HIGHEST    93
 LOWEST     58
 AVERAGE    76

..........................................................


THE FORT LAUDERDALE CLIMATE NORMALS FOR TOMORROW
                         NORMAL    RECORD    YEAR
 MAXIMUM TEMPERATURE (F)   78        88      1959
 MINIMUM TEMPERATURE (F)   65        38      1967


SUNRISE AND SUNSET
FEBRUARY 26 2015......SUNRISE   647 AM EST   SUNSET   620 PM EST
FEBRUARY 27 2015......SUNRISE   646 AM EST   SUNSET   621 PM EST


-  INDICATES NEGATIVE NUMBERS.
R  INDICATES RECORD WAS SET OR TIED.
MM INDICATES DATA IS MISSING.
T  INDICATES TRACE AMOUNT.




$$
