000
CDUS42 KMFL 290840
CLIFLL


CLIMATE REPORT
NATIONAL WEATHER SERVICE MIAMI, FL
439 AM EDT TUE JUL 29 2014


...................................

...THE FORT LAUDERDALE CLIMATE SUMMARY FOR JULY 28 2014...

CLIMATE NORMAL PERIOD 1981 TO 2010
CLIMATE RECORD PERIOD 1839 TO 2014


WEATHER ITEM   OBSERVED TIME   RECORD YEAR NORMAL DEPARTURE LAST
                VALUE   (LST)  VALUE       VALUE  FROM      YEAR
                                                  NORMAL
..................................................................
TEMPERATURE (F)
 YESTERDAY
  MAXIMUM         93    352 PM  96    1980  91      2       89
  MINIMUM         83    653 AM  69    1946  79      4       77
                                      1928
                                      1924
  AVERAGE         88                        85      3       83

PRECIPITATION (IN)
  YESTERDAY        0.00          1.55 1936   0.18  -0.18     0.37
  MONTH TO DATE    8.73                      5.45   3.28    15.28
  SINCE JUN 1     17.37                     15.61   1.76    30.00
  SINCE JAN 1     37.97                     33.10   4.87    54.78

SNOWFALL (IN)
  YESTERDAY        0.0
  MONTH TO DATE    0.0
  SINCE JUN 1      0.0
  SINCE JUL 1      0.0
  SNOW DEPTH       0

DEGREE DAYS
 HEATING
  YESTERDAY        0                         0      0        0
  MONTH TO DATE    0                         0      0        0
  SINCE JUN 1      0                         0      0        0
  SINCE JUL 1      0                         0      0        0

 COOLING
  YESTERDAY       23                        20      3       18
  MONTH TO DATE  553                       541     12      468
  SINCE JUN 1   1069                      1084    -15     1012
  SINCE JAN 1   2604                      2502    102     2408
..................................................................


WIND (MPH)
  HIGHEST WIND SPEED    16   HIGHEST WIND DIRECTION     S (160)
  HIGHEST GUST SPEED    16   HIGHEST GUST DIRECTION     S (160)
  AVERAGE WIND SPEED     6.8


SKY COVER
  AVERAGE SKY COVER 0.7


WEATHER CONDITIONS
 THE FOLLOWING WEATHER WAS RECORDED YESTERDAY.
  NO SIGNIFICANT WEATHER WAS OBSERVED.


RELATIVE HUMIDITY (PERCENT)
 HIGHEST    79
 LOWEST     52
 AVERAGE    66

..........................................................


THE FORT LAUDERDALE CLIMATE NORMALS FOR TODAY
                         NORMAL    RECORD    YEAR
 MAXIMUM TEMPERATURE (F)   91        96      1990
 MINIMUM TEMPERATURE (F)   79        68      1924


SUNRISE AND SUNSET
JULY 29 2014..........SUNRISE   645 AM EDT   SUNSET   809 PM EDT
JULY 30 2014..........SUNRISE   645 AM EDT   SUNSET   808 PM EDT


-  INDICATES NEGATIVE NUMBERS.
R  INDICATES RECORD WAS SET OR TIED.
MM INDICATES DATA IS MISSING.
T  INDICATES TRACE AMOUNT.




$$
