000
CDUS42 KMFL 230822
CLIFLL


CLIMATE REPORT
NATIONAL WEATHER SERVICE MIAMI, FL
422 AM EDT WED JUL 23 2014


...................................

...THE FORT LAUDERDALE CLIMATE SUMMARY FOR JULY 22 2014...

CLIMATE NORMAL PERIOD 1981 TO 2010
CLIMATE RECORD PERIOD 1839 TO 2014


WEATHER ITEM   OBSERVED TIME   RECORD YEAR NORMAL DEPARTURE LAST
                VALUE   (LST)  VALUE       VALUE  FROM      YEAR
                                                  NORMAL
..................................................................
TEMPERATURE (F)
 YESTERDAY
  MAXIMUM         89    200 PM  99    1966  91     -2       89
                                      1924
  MINIMUM         78    137 AM  69    1955  79     -1       80
                                      1947
                                      1946
  AVERAGE         84                        85     -1       85

PRECIPITATION (IN)
  YESTERDAY        0.12          2.32 1943   0.18  -0.06     0.00
  MONTH TO DATE    7.32                      4.38   2.94    13.23
  SINCE JUN 1     15.96                     14.54   1.42    27.95
  SINCE JAN 1     36.56                     32.03   4.53    52.73

SNOWFALL (IN)
  YESTERDAY        0.0
  MONTH TO DATE    0.0
  SINCE JUN 1      0.0
  SINCE JUL 1      0.0
  SNOW DEPTH       0

DEGREE DAYS
 HEATING
  YESTERDAY        0                         0      0        0
  MONTH TO DATE    0                         0      0        0
  SINCE JUN 1      0                         0      0        0
  SINCE JUL 1      0                         0      0        0

 COOLING
  YESTERDAY       19                        20     -1       20
  MONTH TO DATE  431                       421     10      359
  SINCE JUN 1    947                       964    -17      903
  SINCE JAN 1   2482                      2382    100     2299
..................................................................


WIND (MPH)
  HIGHEST WIND SPEED    12   HIGHEST WIND DIRECTION    SE (150)
  HIGHEST GUST SPEED    12   HIGHEST GUST DIRECTION    SE (150)
  AVERAGE WIND SPEED     2.7


SKY COVER
  AVERAGE SKY COVER 0.7


WEATHER CONDITIONS
 THE FOLLOWING WEATHER WAS RECORDED YESTERDAY.
  LIGHT RAIN
  FOG


RELATIVE HUMIDITY (PERCENT)
 HIGHEST    94
 LOWEST     64
 AVERAGE    79

..........................................................


THE FORT LAUDERDALE CLIMATE NORMALS FOR TODAY
                         NORMAL    RECORD    YEAR
 MAXIMUM TEMPERATURE (F)   91        97      1924
 MINIMUM TEMPERATURE (F)   79        69      1990
                                             1954
                                             1917


SUNRISE AND SUNSET
JULY 23 2014..........SUNRISE   642 AM EDT   SUNSET   812 PM EDT
JULY 24 2014..........SUNRISE   642 AM EDT   SUNSET   811 PM EDT


-  INDICATES NEGATIVE NUMBERS.
R  INDICATES RECORD WAS SET OR TIED.
MM INDICATES DATA IS MISSING.
T  INDICATES TRACE AMOUNT.




$$
