000
CDUS42 KMFL 310830
CLIFLL


CLIMATE REPORT
NATIONAL WEATHER SERVICE MIAMI, FL
430 AM EDT MON AUG 31 2015


...................................

...THE FORT LAUDERDALE CLIMATE SUMMARY FOR AUGUST 30 2015...

CLIMATE NORMAL PERIOD 1981 TO 2010
CLIMATE RECORD PERIOD 1839 TO 2015


WEATHER ITEM   OBSERVED TIME   RECORD YEAR NORMAL DEPARTURE LAST
                VALUE   (LST)  VALUE       VALUE  FROM      YEAR
                                                  NORMAL
..................................................................
TEMPERATURE (F)
 YESTERDAY
  MAXIMUM         83   1201 PM  98    1964  90     -7       91
  MINIMUM         75    546 AM  68    1969  78     -3       78
                                      1930
  AVERAGE         79                        84     -5       85

PRECIPITATION (IN)
  YESTERDAY        0.72          3.71 1932   0.27   0.45     0.22
  MONTH TO DATE    5.75                      7.16  -1.41     5.55
  SINCE JUN 1      9.87                     23.30 -13.43    23.37
  SINCE JAN 1     23.92                     40.79 -16.87    43.97

SNOWFALL (IN)
  YESTERDAY        0.0
  MONTH TO DATE    0.0
  SINCE JUN 1      0.0
  SINCE JUL 1      0.0
  SNOW DEPTH       0

DEGREE DAYS
 HEATING
  YESTERDAY        0                         0      0        0
  MONTH TO DATE    0                         0      0        0
  SINCE JUN 1      0                         0      0        0
  SINCE JUL 1      0                         0      0        0

 COOLING
  YESTERDAY       14                        19     -5       20
  MONTH TO DATE  593                       589      4      622
  SINCE JUN 1   1777                      1730     47     1753
  SINCE JAN 1   3313                      3148    165     3288
..................................................................


WIND (MPH)
  HIGHEST WIND SPEED    30   HIGHEST WIND DIRECTION    SE (150)
  HIGHEST GUST SPEED    37   HIGHEST GUST DIRECTION    SE (150)
  AVERAGE WIND SPEED    11.7


SKY COVER
  AVERAGE SKY COVER 0.8


WEATHER CONDITIONS
 THE FOLLOWING WEATHER WAS RECORDED YESTERDAY.
  THUNDERSTORM
  HEAVY RAIN
  RAIN
  LIGHT RAIN
  FOG


RELATIVE HUMIDITY (PERCENT)
 HIGHEST   100
 LOWEST     79
 AVERAGE    90

..........................................................


THE FORT LAUDERDALE CLIMATE NORMALS FOR TODAY
                         NORMAL    RECORD    YEAR
 MAXIMUM TEMPERATURE (F)   90        97      1914
 MINIMUM TEMPERATURE (F)   78        69      1923


SUNRISE AND SUNSET
AUGUST 31 2015........SUNRISE   700 AM EDT   SUNSET   741 PM EDT
SEPTEMBER  1 2015.....SUNRISE   701 AM EDT   SUNSET   740 PM EDT


-  INDICATES NEGATIVE NUMBERS.
R  INDICATES RECORD WAS SET OR TIED.
MM INDICATES DATA IS MISSING.
T  INDICATES TRACE AMOUNT.




$$
