889
CDUS42 KMFL 172124
CLIFLL


CLIMATE REPORT
NATIONAL WEATHER SERVICE MIAMI, FL
423 PM EST SUN DEC 17 2017


...................................

...THE FORT LAUDERDALE CLIMATE SUMMARY FOR DECEMBER 17 2017...
VALID TODAY AS OF 0400 PM LOCAL TIME.

CLIMATE NORMAL PERIOD 1981 TO 2010
CLIMATE RECORD PERIOD 1912 TO 2017


WEATHER ITEM   OBSERVED TIME   RECORD YEAR NORMAL DEPARTURE LAST
                VALUE   (LST)  VALUE       VALUE  FROM      YEAR
                                                  NORMAL
..................................................................
TEMPERATURE (F)
 TODAY
  MAXIMUM         80    209 PM  87    1956  78      2       82
  MINIMUM         72    136 AM  34    1968  64      8       75
  AVERAGE         76                        71      5       79

PRECIPITATION (IN)
  TODAY            0.00          6.62 2009   0.09  -0.09      T
  MONTH TO DATE    0.50                      1.46  -0.96     2.77
  SINCE NOV 1      6.26                      4.70   1.56     3.81
  SINCE JAN 1     68.93                     61.18   7.75    49.48

SNOWFALL (IN)
  TODAY            0.0
  MONTH TO DATE    0.0
  SINCE DEC 1      0.0
  SINCE JUL 1      0.0
  SNOW DEPTH       0

DEGREE DAYS
 HEATING
  TODAY            0                         1     -1        0
  MONTH TO DATE   33                        12     21        0
  SINCE DEC 1     33                        12     21        0
  SINCE JUL 1     35                        14     21        0

 COOLING
  TODAY           11                         7      4       14
  MONTH TO DATE  105                       132    -27      197
  SINCE DEC 1    105                       132    -27      197
  SINCE JAN 1   4784                      4645    139     4723
..................................................................


WIND (MPH)
  HIGHEST WIND SPEED    17   HIGHEST WIND DIRECTION    SE (130)
  HIGHEST GUST SPEED    20   HIGHEST GUST DIRECTION    SE (130)
  AVERAGE WIND SPEED    12.4


SKY COVER
  AVERAGE SKY COVER 0.7


WEATHER CONDITIONS
 THE FOLLOWING WEATHER WAS RECORDED TODAY.
  NO SIGNIFICANT WEATHER WAS OBSERVED.


RELATIVE HUMIDITY (PERCENT)
 HIGHEST    87
 LOWEST     67
 AVERAGE    77

..........................................................


THE FORT LAUDERDALE CLIMATE NORMALS FOR TOMORROW
                         NORMAL    RECORD    YEAR
 MAXIMUM TEMPERATURE (F)   78        87      1989
 MINIMUM TEMPERATURE (F)   64        38      1973


SUNRISE AND SUNSET
DECEMBER 17 2017......SUNRISE   701 AM EST   SUNSET   532 PM EST
DECEMBER 18 2017......SUNRISE   702 AM EST   SUNSET   533 PM EST


-  INDICATES NEGATIVE NUMBERS.
R  INDICATES RECORD WAS SET OR TIED.
MM INDICATES DATA IS MISSING.
T  INDICATES TRACE AMOUNT.




$$
