000
CDUS42 KMFL 160822
CLIFLL


CLIMATE REPORT
NATIONAL WEATHER SERVICE MIAMI, FL
422 AM EDT WED APR 16 2014


...................................

...THE FORT LAUDERDALE CLIMATE SUMMARY FOR APRIL 15 2014...

CLIMATE NORMAL PERIOD 1981 TO 2010
CLIMATE RECORD PERIOD 1839 TO 2014


WEATHER ITEM   OBSERVED TIME   RECORD YEAR NORMAL DEPARTURE LAST
                VALUE   (LST)  VALUE       VALUE  FROM      YEAR
                                                  NORMAL
..................................................................
TEMPERATURE (F)
 YESTERDAY
  MAXIMUM         88    308 PM  93    2001  83      5       86
                                      1928
  MINIMUM         74    422 PM  45    1950  70      4       74
  AVERAGE         81                        76      5       80

PRECIPITATION (IN)
  YESTERDAY        0.93          1.88 1985   0.10   0.83     0.38
  MONTH TO DATE    2.10                      1.59   0.51     4.06
  SINCE OCT 1     25.96                     24.06   1.90    17.22
  SINCE JAN 1     10.27                     11.54  -1.27     7.27

SNOWFALL (IN)
  YESTERDAY        0.0
  MONTH TO DATE    0.0
  SINCE MAR 1      0.0
  SINCE JUL 1      0.0
  SNOW DEPTH       0

DEGREE DAYS
 HEATING
  YESTERDAY        0                         0      0        0
  MONTH TO DATE    0                         0      0        0
  SINCE MAR 1      1                         9     -8       42
  SINCE JUL 1     81                       111    -30       85

 COOLING
  YESTERDAY       16                        11      5       15
  MONTH TO DATE  185                       156     29      179
  SINCE MAR 1    457                       410     47      311
  SINCE JAN 1    845                       766     79      768
..................................................................


WIND (MPH)
  HIGHEST WIND SPEED    23   HIGHEST WIND DIRECTION    SE (130)
  HIGHEST GUST SPEED    36   HIGHEST GUST DIRECTION    SW (240)
  AVERAGE WIND SPEED     9.3


SKY COVER
  AVERAGE SKY COVER 0.4


WEATHER CONDITIONS
 THE FOLLOWING WEATHER WAS RECORDED YESTERDAY.
  THUNDERSTORM
  HEAVY RAIN
  RAIN
  LIGHT RAIN
  FOG


RELATIVE HUMIDITY (PERCENT)
 HIGHEST    97
 LOWEST     55
 AVERAGE    76

..........................................................


THE FORT LAUDERDALE CLIMATE NORMALS FOR TODAY
                         NORMAL    RECORD    YEAR
 MAXIMUM TEMPERATURE (F)   83        92      1999
 MINIMUM TEMPERATURE (F)   70        45      1952


SUNRISE AND SUNSET
APRIL 16 2014.........SUNRISE   656 AM EDT   SUNSET   745 PM EDT
APRIL 17 2014.........SUNRISE   656 AM EDT   SUNSET   745 PM EDT


-  INDICATES NEGATIVE NUMBERS.
R  INDICATES RECORD WAS SET OR TIED.
MM INDICATES DATA IS MISSING.
T  INDICATES TRACE AMOUNT.




$$
