000
CDUS42 KMFL 010820
CLIFLL


CLIMATE REPORT
NATIONAL WEATHER SERVICE MIAMI, FL
420 AM EDT SAT NOV 1 2014


...................................

...THE FORT LAUDERDALE CLIMATE SUMMARY FOR OCTOBER 31 2014...

CLIMATE NORMAL PERIOD 1981 TO 2010
CLIMATE RECORD PERIOD 1839 TO 2014


WEATHER ITEM   OBSERVED TIME   RECORD YEAR NORMAL DEPARTURE LAST
                VALUE   (LST)  VALUE       VALUE  FROM      YEAR
                                                  NORMAL
..................................................................
TEMPERATURE (F)
 YESTERDAY
  MAXIMUM         87    148 PM  92    1925  84      3       85
  MINIMUM         67   1159 PM  52    1986  73     -6       77
  AVERAGE         77                        78     -1       81

PRECIPITATION (IN)
  YESTERDAY        0.11         10.00 1969   0.16  -0.05      T
  MONTH TO DATE    2.47                      6.82  -4.35     3.57
  SINCE JUN 1     35.84                     38.99  -3.15    39.55
  SINCE JAN 1     56.44                     56.48  -0.04    64.33

SNOWFALL (IN)
  YESTERDAY        0.0
  MONTH TO DATE    0.0
  SINCE SEP 1      0.0
  SINCE JUL 1      0.0
  SNOW DEPTH       0

DEGREE DAYS
 HEATING
  YESTERDAY        0                         0      0        0
  MONTH TO DATE    0                         0      0        0
  SINCE SEP 1      0                         0      0        0
  SINCE JUL 1      0                         0      0        0

 COOLING
  YESTERDAY       12                        13     -1       16
  MONTH TO DATE  482                       482      0      467
  SINCE SEP 1   1037                      1028      9      980
  SINCE JAN 1   4347                      4194    153     4027
..................................................................


WIND (MPH)
  HIGHEST WIND SPEED    26   HIGHEST WIND DIRECTION     W (270)
  HIGHEST GUST SPEED    36   HIGHEST GUST DIRECTION     W (260)
  AVERAGE WIND SPEED     8.1


SKY COVER
  AVERAGE SKY COVER 0.3


WEATHER CONDITIONS
 THE FOLLOWING WEATHER WAS RECORDED YESTERDAY.
  HEAVY RAIN
  RAIN


RELATIVE HUMIDITY (PERCENT)
 HIGHEST    87
 LOWEST     51
 AVERAGE    69

..........................................................


THE FORT LAUDERDALE CLIMATE NORMALS FOR TODAY
                         NORMAL    RECORD    YEAR
 MAXIMUM TEMPERATURE (F)   83        89      1958
                                             1923
 MINIMUM TEMPERATURE (F)   72        49      1993


SUNRISE AND SUNSET
NOVEMBER  1 2014......SUNRISE   729 AM EDT   SUNSET   639 PM EDT
NOVEMBER  2 2014......SUNRISE   630 AM EST   SUNSET   538 PM EST


-  INDICATES NEGATIVE NUMBERS.
R  INDICATES RECORD WAS SET OR TIED.
MM INDICATES DATA IS MISSING.
T  INDICATES TRACE AMOUNT.




$$
