000
CDUS42 KMFL 010822
CLIFLL


CLIMATE REPORT
NATIONAL WEATHER SERVICE MIAMI, FL
422 AM EDT WED JUL 1 2015


...................................

...THE FORT LAUDERDALE CLIMATE SUMMARY FOR JUNE 30 2015...

CLIMATE NORMAL PERIOD 1981 TO 2010
CLIMATE RECORD PERIOD 1839 TO 2015


WEATHER ITEM   OBSERVED TIME   RECORD YEAR NORMAL DEPARTURE LAST
                VALUE   (LST)  VALUE       VALUE  FROM      YEAR
                                                  NORMAL
..................................................................
TEMPERATURE (F)
 YESTERDAY
  MAXIMUM         95   1135 AM  96    1923  89      6       92
  MINIMUM         78   1159 PM  68    1937  78      0       76
                                      1929
  AVERAGE         87                        84      3       84

PRECIPITATION (IN)
  YESTERDAY        0.00          3.19 1966   0.36  -0.36     0.06
  MONTH TO DATE    1.09                     10.16  -9.07     8.64
  SINCE JUN 1      1.09                     10.16  -9.07     8.64
  SINCE JAN 1     15.14                     27.65 -12.51    29.24

SNOWFALL (IN)
  YESTERDAY        0.0
  MONTH TO DATE    0.0
  SINCE JUN 1      0.0
  SINCE JUL 1      0.0
  SNOW DEPTH       0

DEGREE DAYS
 HEATING
  YESTERDAY        0                         0      0        0
  MONTH TO DATE    0                         0      0        0
  SINCE JUN 1      0                         0      0        0
  SINCE JUL 1     97                       112    -15       81

 COOLING
  YESTERDAY       22                        19      3       19
  MONTH TO DATE  562                       543     19      516
  SINCE JUN 1    562                       543     19      516
  SINCE JAN 1   2098                      1961    137     2051
..................................................................


WIND (MPH)
  HIGHEST WIND SPEED    21   HIGHEST WIND DIRECTION    NE (30)
  HIGHEST GUST SPEED    28   HIGHEST GUST DIRECTION    NE (30)
  AVERAGE WIND SPEED     8.4


SKY COVER
  AVERAGE SKY COVER 0.8


WEATHER CONDITIONS
 THE FOLLOWING WEATHER WAS RECORDED YESTERDAY.
  NO SIGNIFICANT WEATHER WAS OBSERVED.


RELATIVE HUMIDITY (PERCENT)
 HIGHEST    91
 LOWEST     52
 AVERAGE    72

..........................................................


THE FORT LAUDERDALE CLIMATE NORMALS FOR TODAY
                         NORMAL    RECORD    YEAR
 MAXIMUM TEMPERATURE (F)   90        97      1998
 MINIMUM TEMPERATURE (F)   78        66      1923


SUNRISE AND SUNSET
JULY  1 2015..........SUNRISE   632 AM EDT   SUNSET   817 PM EDT
JULY  2 2015..........SUNRISE   632 AM EDT   SUNSET   817 PM EDT


-  INDICATES NEGATIVE NUMBERS.
R  INDICATES RECORD WAS SET OR TIED.
MM INDICATES DATA IS MISSING.
T  INDICATES TRACE AMOUNT.




$$
