000
CDUS42 KMFL 252017
CLIFLL


CLIMATE REPORT
NATIONAL WEATHER SERVICE MIAMI, FL
415 PM EDT SUN SEP 25 2016


...................................

...THE FORT LAUDERDALE CLIMATE SUMMARY FOR SEPTEMBER 25 2016...
VALID TODAY AS OF 0400 PM LOCAL TIME.

CLIMATE NORMAL PERIOD 1981 TO 2010
CLIMATE RECORD PERIOD 1912 TO 2016


WEATHER ITEM   OBSERVED TIME   RECORD YEAR NORMAL DEPARTURE LAST
                VALUE   (LST)  VALUE       VALUE  FROM      YEAR
                                                  NORMAL
..................................................................
TEMPERATURE (F)
 TODAY
  MAXIMUM         86    249 PM  95    1940  88     -2       87
  MINIMUM         75    542 AM  67    1916  77     -2       77
  AVERAGE         81                        83     -2       82

PRECIPITATION (IN)
  TODAY            0.00          2.24 1922   0.28  -0.28      T
  MONTH TO DATE    2.92                      7.29  -4.37     9.76
  SINCE JUN 1     21.55                     30.87  -9.32    19.63
  SINCE JAN 1     40.50                     48.36  -7.86    33.68

SNOWFALL (IN)
  TODAY            0.0
  MONTH TO DATE    0.0
  SINCE SEP 1      0.0
  SINCE JUL 1      0.0
  SNOW DEPTH       0

DEGREE DAYS
 HEATING
  TODAY            0                         0      0        0
  MONTH TO DATE    0                         0      0        0
  SINCE SEP 1      0                         0      0        0
  SINCE JUL 1      0                         0      0        0

 COOLING
  TODAY           16                        18     -2       17
  MONTH TO DATE  461                       456      5      448
  SINCE SEP 1    461                       456      5      448
  SINCE JAN 1   3662                      3622     40     3779
..................................................................


WIND (MPH)
  HIGHEST WIND SPEED    20   HIGHEST WIND DIRECTION    SE (130)
  HIGHEST GUST SPEED    23   HIGHEST GUST DIRECTION    SE (120)
  AVERAGE WIND SPEED     4.9


SKY COVER
  AVERAGE SKY COVER 0.7


WEATHER CONDITIONS
 THE FOLLOWING WEATHER WAS RECORDED TODAY.
  THUNDERSTORM


RELATIVE HUMIDITY (PERCENT)
 HIGHEST    94
 LOWEST     69
 AVERAGE    82

..........................................................


THE FORT LAUDERDALE CLIMATE NORMALS FOR TOMORROW
                         NORMAL    RECORD    YEAR
 MAXIMUM TEMPERATURE (F)   88        94      1940
 MINIMUM TEMPERATURE (F)   77        61      1965


SUNRISE AND SUNSET
SEPTEMBER 25 2016.....SUNRISE   711 AM EDT   SUNSET   713 PM EDT
SEPTEMBER 26 2016.....SUNRISE   711 AM EDT   SUNSET   712 PM EDT


-  INDICATES NEGATIVE NUMBERS.
R  INDICATES RECORD WAS SET OR TIED.
MM INDICATES DATA IS MISSING.
T  INDICATES TRACE AMOUNT.




$$
