000
CDUS42 KMFL 270820
CLIFLL


CLIMATE REPORT
NATIONAL WEATHER SERVICE MIAMI, FL
420 AM EDT TUE JUN 27 2017


...................................

...THE FORT LAUDERDALE CLIMATE SUMMARY FOR JUNE 26 2017...

CLIMATE NORMAL PERIOD 1981 TO 2010
CLIMATE RECORD PERIOD 1912 TO 2017


WEATHER ITEM   OBSERVED TIME   RECORD YEAR NORMAL DEPARTURE LAST
                VALUE   (LST)  VALUE       VALUE  FROM      YEAR
                                                  NORMAL
..................................................................
TEMPERATURE (F)
 YESTERDAY
  MAXIMUM         90    107 PM  94    1924  89      1       90
  MINIMUM         81   1158 PM  66    1937  78      3       82
  AVERAGE         86                        83      3       86

PRECIPITATION (IN)
  YESTERDAY        0.01          3.00 1917   0.35  -0.34     0.00
  MONTH TO DATE   11.71                      8.74   2.97     7.01
  SINCE JUN 1     11.71                      8.74   2.97     7.01
  SINCE JAN 1     23.31                     26.23  -2.92    25.96

SNOWFALL (IN)
  YESTERDAY        0.0
  MONTH TO DATE    0.0
  SINCE JUN 1      0.0
  SINCE JUL 1      0.0
  SNOW DEPTH       0

DEGREE DAYS
 HEATING
  YESTERDAY        0                         0      0        0
  MONTH TO DATE    0                         0      0        0
  SINCE JUN 1      0                         0      0        0
  SINCE JUL 1     35                       112    -77       87

 COOLING
  YESTERDAY       21                        18      3       21
  MONTH TO DATE  453                       465    -12      488
  SINCE JUN 1    453                       465    -12      488
  SINCE JAN 1   2030                      1883    147     1902
..................................................................


WIND (MPH)
  HIGHEST WIND SPEED    17   HIGHEST WIND DIRECTION    SE (140)
  HIGHEST GUST SPEED    24   HIGHEST GUST DIRECTION    SE (140)
  AVERAGE WIND SPEED    10.3


SKY COVER
  AVERAGE SKY COVER 0.5


WEATHER CONDITIONS
 THE FOLLOWING WEATHER WAS RECORDED YESTERDAY.
  LIGHT RAIN


RELATIVE HUMIDITY (PERCENT)
 HIGHEST    79
 LOWEST     59
 AVERAGE    69

..........................................................


THE FORT LAUDERDALE CLIMATE NORMALS FOR TODAY
                         NORMAL    RECORD    YEAR
 MAXIMUM TEMPERATURE (F)   89        94      1924
 MINIMUM TEMPERATURE (F)   78        66      1935


SUNRISE AND SUNSET
JUNE 27 2017..........SUNRISE   631 AM EDT   SUNSET   817 PM EDT
JUNE 28 2017..........SUNRISE   631 AM EDT   SUNSET   817 PM EDT


-  INDICATES NEGATIVE NUMBERS.
R  INDICATES RECORD WAS SET OR TIED.
MM INDICATES DATA IS MISSING.
T  INDICATES TRACE AMOUNT.




$$
