000
CDUS42 KILM 142042
CLIFLO


CLIMATE REPORT
NATIONAL WEATHER SERVICE WILMINGTON NC
441 PM EDT SUN SEP 14 2014


...................................

...THE FLORENCE SC CLIMATE SUMMARY FOR SEPTEMBER 14 2014...
VALID TODAY AS OF 0400 PM LOCAL TIME.

CLIMATE NORMAL PERIOD 1981 TO 2010
CLIMATE RECORD PERIOD 1948 TO 2014


WEATHER ITEM   OBSERVED TIME   RECORD YEAR NORMAL DEPARTURE LAST
                VALUE   (LST)  VALUE       VALUE  FROM      YEAR
                                                  NORMAL
..................................................................
TEMPERATURE (F)
 TODAY
  MAXIMUM         74   1254 AM  96    1991  85    -11       82
  MINIMUM         68    936 AM  49    1985  65      3       63
  AVERAGE         71                        75     -4       73

PRECIPITATION (IN)
  TODAY            0.21          1.21 1983   0.11   0.10     0.00
  MONTH TO DATE    7.59                      1.82   5.77     0.08
  SINCE SEP 1      7.59                      1.82   5.77     0.08
  SINCE JAN 1     35.58                     32.30   3.28    46.54

DEGREE DAYS
 HEATING
  TODAY            0                         0      0        0
  MONTH TO DATE    0                         0      0        0
  SINCE SEP 1      0                         0      0        0
  SINCE JUL 1      0                         0      0        0

 COOLING
  TODAY            6                        10     -4        8
  MONTH TO DATE  215                       163     52      206
  SINCE SEP 1    215                       163     52      206
  SINCE JAN 1   2047                      1833    214     1833
..................................................................


WIND (MPH)
  HIGHEST WIND SPEED    16   HIGHEST WIND DIRECTION     E (70)
  HIGHEST GUST SPEED    21   HIGHEST GUST DIRECTION     E (80)
  AVERAGE WIND SPEED     8.3


SKY COVER
  POSSIBLE SUNSHINE  MM
  AVERAGE SKY COVER 0.8


WEATHER CONDITIONS
 THE FOLLOWING WEATHER WAS RECORDED TODAY.
  THUNDERSTORM
  HEAVY RAIN
  RAIN
  LIGHT RAIN
  FOG


RELATIVE HUMIDITY (PERCENT)
 HIGHEST    93           200 AM
 LOWEST     73          1100 AM
 AVERAGE    83

..........................................................


THE FLORENCE SC CLIMATE NORMALS FOR TOMORROW
                         NORMAL    RECORD    YEAR
 MAXIMUM TEMPERATURE (F)   85        99      1980
 MINIMUM TEMPERATURE (F)   65        51      1985


SUNRISE AND SUNSET
SEPTEMBER 14 2014.....SUNRISE   701 AM EDT   SUNSET   727 PM EDT
SEPTEMBER 15 2014.....SUNRISE   702 AM EDT   SUNSET   725 PM EDT


-  INDICATES NEGATIVE NUMBERS.
R  INDICATES RECORD WAS SET OR TIED.
MM INDICATES DATA IS MISSING.
T  INDICATES TRACE AMOUNT.




$$
