000
CDUS42 KILM 200852
CLIFLO


CLIMATE REPORT
NATIONAL WEATHER SERVICE WILMINGTON NC
452 AM EDT FRI OCT 20 2017


...................................

...THE FLORENCE SC CLIMATE SUMMARY FOR OCTOBER 19 2017...

CLIMATE NORMAL PERIOD 1981 TO 2010
CLIMATE RECORD PERIOD 1948 TO 2017


WEATHER ITEM   OBSERVED TIME   RECORD YEAR NORMAL DEPARTURE LAST
                VALUE   (LST)  VALUE       VALUE  FROM      YEAR
                                                  NORMAL
..................................................................
TEMPERATURE (F)
 YESTERDAY
  MAXIMUM         77    408 PM  89    1998  75      2       88
  MINIMUM         49    645 AM  34    1948  52     -3       62
  AVERAGE         63                        63      0       75

PRECIPITATION (IN)
  YESTERDAY        0.00          2.97 1968   0.10  -0.10     0.00
  MONTH TO DATE    0.63                      2.05  -1.42    12.77
  SINCE SEP 1      4.75                      5.72  -0.97    22.59
  SINCE JAN 1     36.33                     36.20   0.13    55.47

DEGREE DAYS
 HEATING
  YESTERDAY        2                         4     -2        0
  MONTH TO DATE   21                        45    -24        5
  SINCE SEP 1     21                        54    -33        5
  SINCE JUL 1     21                        54    -33        5

 COOLING
  YESTERDAY        0                         2     -2       10
  MONTH TO DATE  135                        66     69       86
  SINCE SEP 1    442                       352     90      490
  SINCE JAN 1   2224                      2022    202     2527
..................................................................


WIND (MPH)
  HIGHEST WIND SPEED    10   HIGHEST WIND DIRECTION     N (20)
  HIGHEST GUST SPEED    14   HIGHEST GUST DIRECTION     N (350)
  AVERAGE WIND SPEED     3.6


SKY COVER
  POSSIBLE SUNSHINE  MM
  AVERAGE SKY COVER 0.0


WEATHER CONDITIONS
 THE FOLLOWING WEATHER WAS RECORDED YESTERDAY.
  NO SIGNIFICANT WEATHER WAS OBSERVED.


RELATIVE HUMIDITY (PERCENT)
 HIGHEST   100          1100 PM
 LOWEST     43           400 PM
 AVERAGE    72

..........................................................


THE FLORENCE SC CLIMATE NORMALS FOR TODAY
                         NORMAL    RECORD    YEAR
 MAXIMUM TEMPERATURE (F)   74        88      1969
 MINIMUM TEMPERATURE (F)   52        34      1992


SUNRISE AND SUNSET
OCTOBER 20 2017.......SUNRISE   728 AM EDT   SUNSET   638 PM EDT
OCTOBER 21 2017.......SUNRISE   729 AM EDT   SUNSET   637 PM EDT


-  INDICATES NEGATIVE NUMBERS.
R  INDICATES RECORD WAS SET OR TIED.
MM INDICATES DATA IS MISSING.
T  INDICATES TRACE AMOUNT.




$$
