521
CDUS42 KILM 270840
CLIFLO


CLIMATE REPORT
NATIONAL WEATHER SERVICE WILMINGTON NC
440 AM EDT THU APR 27 2017


...................................

...THE FLORENCE SC CLIMATE SUMMARY FOR APRIL 26 2017...

CLIMATE NORMAL PERIOD 1981 TO 2010
CLIMATE RECORD PERIOD 1948 TO 2017


WEATHER ITEM   OBSERVED TIME   RECORD YEAR NORMAL DEPARTURE LAST
                VALUE   (LST)  VALUE       VALUE  FROM      YEAR
                                                  NORMAL
..................................................................
TEMPERATURE (F)
 YESTERDAY
  MAXIMUM         84    445 PM  93    1990  78      6       84
  MINIMUM         55    529 AM  43    2001  53      2       57
  AVERAGE         70                        66      4       71

PRECIPITATION (IN)
  YESTERDAY        0.00          1.03 1950   0.09  -0.09     0.00
  MONTH TO DATE    4.55                      2.28   2.27     5.34
  SINCE MAR 1      6.15                      5.61   0.54     6.97
  SINCE JAN 1     11.02                     11.76  -0.74    14.43

SNOWFALL (IN)
  YESTERDAY       MM
  MONTH TO DATE   MM
  SINCE MAR 1     MM
  SINCE JUL 1     MM
  SNOW DEPTH      MM

DEGREE DAYS
 HEATING
  YESTERDAY        0                         2     -2        0
  MONTH TO DATE   49                       115    -66      113
  SINCE MAR 1    380                       425    -45      278
  SINCE JUL 1   1825                      2491   -666     1938

 COOLING
  YESTERDAY        5                         3      2        6
  MONTH TO DATE   88                        56     32       41
  SINCE MAR 1    128                        74     54       89
  SINCE JAN 1    141                        80     61       90
..................................................................


WIND (MPH)
  HIGHEST WIND SPEED    14   HIGHEST WIND DIRECTION    SW (230)
  HIGHEST GUST SPEED    20   HIGHEST GUST DIRECTION    SW (220)
  AVERAGE WIND SPEED     5.3


SKY COVER
  POSSIBLE SUNSHINE  MM
  AVERAGE SKY COVER 0.4


WEATHER CONDITIONS
 THE FOLLOWING WEATHER WAS RECORDED YESTERDAY.
  FOG
  FOG W/VISIBILITY <= 1/4 MILE


RELATIVE HUMIDITY (PERCENT)
 HIGHEST   100          1200 AM
 LOWEST     47           100 PM
 AVERAGE    74

..........................................................


THE FLORENCE SC CLIMATE NORMALS FOR TODAY
                         NORMAL    RECORD    YEAR
 MAXIMUM TEMPERATURE (F)   79        96      1981
 MINIMUM TEMPERATURE (F)   54        38      1972


SUNRISE AND SUNSET
APRIL 27 2017.........SUNRISE   633 AM EDT   SUNSET   800 PM EDT
APRIL 28 2017.........SUNRISE   632 AM EDT   SUNSET   801 PM EDT


-  INDICATES NEGATIVE NUMBERS.
R  INDICATES RECORD WAS SET OR TIED.
MM INDICATES DATA IS MISSING.
T  INDICATES TRACE AMOUNT.




$$
