000
CDUS42 KILM 280844
CLIFLO


CLIMATE REPORT
NATIONAL WEATHER SERVICE WILMINGTON NC
444 AM EDT THU MAY 28 2015


...................................

...THE FLORENCE SC CLIMATE SUMMARY FOR MAY 27 2015...

CLIMATE NORMAL PERIOD 1981 TO 2010
CLIMATE RECORD PERIOD 1948 TO 2015


WEATHER ITEM   OBSERVED TIME   RECORD YEAR NORMAL DEPARTURE LAST
                VALUE   (LST)  VALUE       VALUE  FROM      YEAR
                                                  NORMAL
..................................................................
TEMPERATURE (F)
 YESTERDAY
  MAXIMUM         85    143 PM  97    1998  85      0       90
  MINIMUM         71   1138 PM  46    1961  63      8       69
  AVERAGE         78                        74      4       80

PRECIPITATION (IN)
  YESTERDAY        0.20          1.93 1981   0.12   0.08     0.00
  MONTH TO DATE    1.29                      2.74  -1.45     2.54
  SINCE MAR 1      8.09                      8.69  -0.60    11.56
  SINCE JAN 1     15.02                     14.84   0.18    17.28

DEGREE DAYS
 HEATING
  YESTERDAY        0                         0      0        0
  MONTH TO DATE    1                        22    -21        9
  SINCE MAR 1    306                       456   -150      540
  SINCE JUL 1   2544                      2522     22     2669

 COOLING
  YESTERDAY       13                         9      4       15
  MONTH TO DATE  217                       171     46      232
  SINCE MAR 1    331                       261     70      325
  SINCE JAN 1    334                       267     67      331
..................................................................


WIND (MPH)
  HIGHEST WIND SPEED    15   HIGHEST WIND DIRECTION     S (160)
  HIGHEST GUST SPEED    18   HIGHEST GUST DIRECTION    SW (220)
  AVERAGE WIND SPEED     5.2


SKY COVER
  POSSIBLE SUNSHINE  MM
  AVERAGE SKY COVER 0.4


WEATHER CONDITIONS
 THE FOLLOWING WEATHER WAS RECORDED YESTERDAY.
  THUNDERSTORM
  HEAVY RAIN
  RAIN
  LIGHT RAIN
  FOG


RELATIVE HUMIDITY (PERCENT)
 HIGHEST    93           200 AM
 LOWEST     55           200 PM
 AVERAGE    74

..........................................................


THE FLORENCE SC CLIMATE NORMALS FOR TODAY
                         NORMAL    RECORD    YEAR
 MAXIMUM TEMPERATURE (F)   85       100      1964
 MINIMUM TEMPERATURE (F)   63        44      1961


SUNRISE AND SUNSET
MAY 28 2015...........SUNRISE   610 AM EDT   SUNSET   823 PM EDT
MAY 29 2015...........SUNRISE   609 AM EDT   SUNSET   823 PM EDT


-  INDICATES NEGATIVE NUMBERS.
R  INDICATES RECORD WAS SET OR TIED.
MM INDICATES DATA IS MISSING.
T  INDICATES TRACE AMOUNT.




$$
