000
CDUS42 KTBW 272117
CLIFMY


CLIMATE REPORT
NATIONAL WEATHER SERVICE TAMPA BAY FL
515 PM EDT WED AUG 27 2014


...................................

...THE FORT MYERS CLIMATE SUMMARY FOR AUGUST 27 2014...
VALID TODAY AS OF 0500 PM LOCAL TIME.

CLIMATE NORMAL PERIOD 1981 TO 2010
CLIMATE RECORD PERIOD 1902 TO 2014


WEATHER ITEM   OBSERVED TIME   RECORD YEAR NORMAL DEPARTURE LAST
                VALUE   (LST)  VALUE       VALUE  FROM      YEAR
                                                  NORMAL
..................................................................
TEMPERATURE (F)
 TODAY
  MAXIMUM         94    344 PM  96    1998  92      2       88
                                      1987
                                      1980
  MINIMUM         71    507 AM  67    1917  75     -4       72
  AVERAGE         83                        83      0       80

PRECIPITATION (IN)
  TODAY            0.00          3.82 1972   0.34  -0.34     0.16
  MONTH TO DATE    6.13                      8.82  -2.69     8.15
  SINCE JUN 1     17.25                     27.95 -10.70    28.53
  SINCE JAN 1     28.59                     39.75 -11.16    38.69

DEGREE DAYS
 HEATING
  TODAY            0                         0      0        0
  MONTH TO DATE    0                         0      0        0
  SINCE JUN 1      0                         0      0        0
  SINCE JUL 1      0                         0      0        0

 COOLING
  TODAY           18                        18      0       15
  MONTH TO DATE  530                       486     44      486
  SINCE JUN 1   1640                      1575     65     1513
  SINCE JAN 1   2831                      2641    190     2651
..................................................................


WIND (MPH)
  RESULTANT WIND SPEED   6   RESULTANT WIND DIRECTION  NE (60)
  HIGHEST WIND SPEED    12   HIGHEST WIND DIRECTION    NE (50)
  HIGHEST GUST SPEED    17   HIGHEST GUST DIRECTION     E (70)
  AVERAGE WIND SPEED     6.1


SKY COVER
  POSSIBLE SUNSHINE  MM
  AVERAGE SKY COVER 0.1


WEATHER CONDITIONS
 THE FOLLOWING WEATHER WAS RECORDED TODAY.
  NO SIGNIFICANT WEATHER WAS OBSERVED.


RELATIVE HUMIDITY (PERCENT)
 HIGHEST    93           300 AM
 LOWEST     38           200 PM

..........................................................


THE FORT MYERS CLIMATE NORMALS FOR TOMORROW
                         NORMAL    RECORD    YEAR
 MAXIMUM TEMPERATURE (F)   91        96      1997
                                             1989
                                             1987
 MINIMUM TEMPERATURE (F)   75        69      1917


SUNRISE AND SUNSET
AUGUST 27 2014........SUNRISE   705 AM EDT   SUNSET   753 PM EDT
AUGUST 28 2014........SUNRISE   705 AM EDT   SUNSET   751 PM EDT


-  INDICATES NEGATIVE NUMBERS.
R  INDICATES RECORD WAS SET OR TIED.
MM INDICATES DATA IS MISSING.
T  INDICATES TRACE AMOUNT.




$$


&&
------------------------------------------------------------------
******************** SUPPLEMENTAL DATA ***************************

...GULF WATER TEMPERATURE AT NAPLES 87
