000
CDUS42 KTBW 222117
CLIFMY


CLIMATE REPORT
NATIONAL WEATHER SERVICE TAMPA BAY FL
515 PM EDT THU JUN 22 2017


...................................

...THE FORT MYERS CLIMATE SUMMARY FOR JUNE 22 2017...
VALID TODAY AS OF 0500 PM LOCAL TIME.

CLIMATE NORMAL PERIOD 1981 TO 2010
CLIMATE RECORD PERIOD 1902 TO 2017


WEATHER ITEM   OBSERVED TIME   RECORD YEAR NORMAL DEPARTURE LAST
                VALUE   (LST)  VALUE       VALUE  FROM      YEAR
                                                  NORMAL
..................................................................
TEMPERATURE (F)
 TODAY
  MAXIMUM         94    338 PM  97    1944  92      2       94
  MINIMUM         76    521 AM  68    1928  74      2       74
  AVERAGE         85                        83      2       84

PRECIPITATION (IN)
  TODAY            0.00          2.90 2003   0.39  -0.39      T
  MONTH TO DATE    9.79                      7.13   2.66     9.72
  SINCE JUN 1      9.79                      7.13   2.66     9.72
  SINCE JAN 1     15.97                     18.93  -2.96    30.59

DEGREE DAYS
 HEATING
  TODAY            0                         0      0        0
  MONTH TO DATE    0                         0      0        0
  SINCE JUN 1      0                         0      0        0
  SINCE JUL 1     76                       287   -211      204

 COOLING
  TODAY           20                        18      2       19
  MONTH TO DATE  342                       384    -42      392
  SINCE JUN 1    342                       384    -42      392
  SINCE JAN 1   1624                      1450    174     1490
..................................................................


WIND (MPH)
  RESULTANT WIND SPEED   6   RESULTANT WIND DIRECTION  SE (130)
  HIGHEST WIND SPEED    15   HIGHEST WIND DIRECTION    SE (120)
  HIGHEST GUST SPEED    21   HIGHEST GUST DIRECTION     E (110)
  AVERAGE WIND SPEED     5.9


SKY COVER
  POSSIBLE SUNSHINE  MM
  AVERAGE SKY COVER 0.2


WEATHER CONDITIONS
 THE FOLLOWING WEATHER WAS RECORDED TODAY.
  FOG


RELATIVE HUMIDITY (PERCENT)
 HIGHEST   100           300 AM
 LOWEST     52           200 PM

..........................................................


THE FORT MYERS CLIMATE NORMALS FOR TOMORROW
                         NORMAL    RECORD    YEAR
 MAXIMUM TEMPERATURE (F)   92        97      1988
                                             1944
 MINIMUM TEMPERATURE (F)   74        69      1995
                                             1917
                                             1913


SUNRISE AND SUNSET
JUNE 22 2017..........SUNRISE   635 AM EDT   SUNSET   824 PM EDT
JUNE 23 2017..........SUNRISE   635 AM EDT   SUNSET   824 PM EDT


-  INDICATES NEGATIVE NUMBERS.
R  INDICATES RECORD WAS SET OR TIED.
MM INDICATES DATA IS MISSING.
T  INDICATES TRACE AMOUNT.




$$


&&
------------------------------------------------------------------
******************** SUPPLEMENTAL DATA ***************************

...GULF WATER TEMPERATURE AT NAPLES 87 DEGREES
