000
CDUS42 KTBW 200929
CLIFMY


CLIMATE REPORT
NATIONAL WEATHER SERVICE TAMPA BAY FL
427 AM EST TUE FEB 20 2018


...................................

...THE FORT MYERS CLIMATE SUMMARY FOR FEBRUARY 19 2018...

CLIMATE NORMAL PERIOD 1981 TO 2010
CLIMATE RECORD PERIOD 1902 TO 2018


WEATHER ITEM   OBSERVED TIME   RECORD YEAR NORMAL DEPARTURE LAST
                VALUE   (LST)  VALUE       VALUE  FROM      YEAR
                                                  NORMAL
..................................................................
TEMPERATURE (F)
 YESTERDAY
  MAXIMUM         85    217 PM  89    1944  78      7       85
  MINIMUM         66    614 AM  34    1958  56     10       66
  AVERAGE         76                        67      9       76

PRECIPITATION (IN)
  YESTERDAY        T             1.78 1913   0.07  -0.07     0.00
  MONTH TO DATE    0.74                      1.41  -0.67     0.10
  SINCE DEC 1      3.35                      5.06  -1.71     1.87
  SINCE JAN 1      1.90                      3.35  -1.45     1.63

DEGREE DAYS
 HEATING
  YESTERDAY        0                         2     -2        0
  MONTH TO DATE    0                        44    -44        1
  SINCE DEC 1    181                       227    -46       60
  SINCE JUL 1    186                       245    -59       65

 COOLING
  YESTERDAY       11                         4      7       11
  MONTH TO DATE  170                        66    104      109
  SINCE DEC 1    419                       270    149      538
  SINCE JAN 1    250                       149    101      262
..................................................................


WIND (MPH)
  RESULTANT WIND SPEED   8   RESULTANT WIND DIRECTION   E (100)
  HIGHEST WIND SPEED    17   HIGHEST WIND DIRECTION     E (110)
  HIGHEST GUST SPEED    24   HIGHEST GUST DIRECTION     E (100)
  AVERAGE WIND SPEED     9.1


SKY COVER
  POSSIBLE SUNSHINE  MM
  AVERAGE SKY COVER 0.3


WEATHER CONDITIONS
 THE FOLLOWING WEATHER WAS RECORDED YESTERDAY.
  LIGHT RAIN


RELATIVE HUMIDITY (PERCENT)
 HIGHEST    93           300 AM
 LOWEST     51          1200 PM

..........................................................


THE FORT MYERS CLIMATE NORMALS FOR TODAY
                         NORMAL    RECORD    YEAR
 MAXIMUM TEMPERATURE (F)   78        89      1989
 MINIMUM TEMPERATURE (F)   57        35      2015


SUNRISE AND SUNSET
FEBRUARY 20 2018......SUNRISE   659 AM EST   SUNSET   623 PM EST
FEBRUARY 21 2018......SUNRISE   658 AM EST   SUNSET   624 PM EST


-  INDICATES NEGATIVE NUMBERS.
R  INDICATES RECORD WAS SET OR TIED.
MM INDICATES DATA IS MISSING.
T  INDICATES TRACE AMOUNT.




$$


&&
------------------------------------------------------------------
******************** SUPPLEMENTAL DATA ***************************

...GULF WATER TEMPERATURE AT FORT MYERS BEACH 75 DEGREES.
