000
CDUS42 KTBW 282120
CLIFMY


CLIMATE REPORT
NATIONAL WEATHER SERVICE TAMPA BAY FL
519 PM EDT WED SEP 28 2016


...................................

...THE FORT MYERS CLIMATE SUMMARY FOR SEPTEMBER 28 2016...
VALID TODAY AS OF 0500 PM LOCAL TIME.

CLIMATE NORMAL PERIOD 1981 TO 2010
CLIMATE RECORD PERIOD 1902 TO 2016


WEATHER ITEM   OBSERVED TIME   RECORD YEAR NORMAL DEPARTURE LAST
                VALUE   (LST)  VALUE       VALUE  FROM      YEAR
                                                  NORMAL
..................................................................
TEMPERATURE (F)
 TODAY
  MAXIMUM         89    250 PM  95    1980  90     -1       87
                                      1925
  MINIMUM         74    639 AM  67    1931  73      1       74
                                      1909
  AVERAGE         82                        81      1       81

PRECIPITATION (IN)
  TODAY            0.00          2.12 1929   0.21  -0.21     0.71
  MONTH TO DATE    6.21                      7.91  -1.70     8.55
  SINCE SEP 1      6.21                      7.91  -1.70     8.55
  SINCE JAN 1     59.69                     48.98  10.71    49.88

DEGREE DAYS
 HEATING
  TODAY            0                         0      0        0
  MONTH TO DATE    0                         0      0        0
  SINCE SEP 1      0                         0      0        0
  SINCE JUL 1      0                         0      0        0

 COOLING
  TODAY           17                        16      1       16
  MONTH TO DATE  515                       490     25      490
  SINCE SEP 1    515                       490     25      490
  SINCE JAN 1   3360                      3214    146     3507
..................................................................


WIND (MPH)
  RESULTANT WIND SPEED   3   RESULTANT WIND DIRECTION  SW (240)
  HIGHEST WIND SPEED    15   HIGHEST WIND DIRECTION     W (270)
  HIGHEST GUST SPEED    19   HIGHEST GUST DIRECTION     W (250)
  AVERAGE WIND SPEED     4.3


SKY COVER
  POSSIBLE SUNSHINE  MM
  AVERAGE SKY COVER 0.1


WEATHER CONDITIONS
 THE FOLLOWING WEATHER WAS RECORDED TODAY.
  NO SIGNIFICANT WEATHER WAS OBSERVED.


RELATIVE HUMIDITY (PERCENT)
 HIGHEST   100           100 AM
 LOWEST     59           200 PM

..........................................................


THE FORT MYERS CLIMATE NORMALS FOR TOMORROW
                         NORMAL    RECORD    YEAR
 MAXIMUM TEMPERATURE (F)   90        93      1996
                                             1988
                                             1986
 MINIMUM TEMPERATURE (F)   73        66      1931


SUNRISE AND SUNSET
SEPTEMBER 28 2016.....SUNRISE   719 AM EDT   SUNSET   717 PM EDT
SEPTEMBER 29 2016.....SUNRISE   719 AM EDT   SUNSET   715 PM EDT


-  INDICATES NEGATIVE NUMBERS.
R  INDICATES RECORD WAS SET OR TIED.
MM INDICATES DATA IS MISSING.
T  INDICATES TRACE AMOUNT.




$$


&&
------------------------------------------------------------------
******************** SUPPLEMENTAL DATA ***************************

...GULF WATER TEMPERATURE AT FORT MYERS BEACH 87 DEGREES
