000
CDUS42 KTBW 280937
CLIFMY


CLIMATE REPORT
NATIONAL WEATHER SERVICE TAMPA BAY FL
434 AM EST SUN DEC 28 2014


...................................

...THE FORT MYERS CLIMATE SUMMARY FOR DECEMBER 27 2014...

CLIMATE NORMAL PERIOD 1981 TO 2010
CLIMATE RECORD PERIOD 1902 TO 2014


WEATHER ITEM   OBSERVED TIME   RECORD YEAR NORMAL DEPARTURE LAST
                VALUE   (LST)  VALUE       VALUE  FROM      YEAR
                                                  NORMAL
..................................................................
TEMPERATURE (F)
 YESTERDAY
  MAXIMUM         80    300 PM  88    1911  75      5       83
  MINIMUM         68    844 AM  34    1985  55     13       64
                                      1935
  AVERAGE         74                        65      9       74

PRECIPITATION (IN)
  YESTERDAY        0.00          1.47 1986   0.06  -0.06     0.00
  MONTH TO DATE    0.05                      1.47  -1.42     0.32
  SINCE DEC 1      0.05                      1.47  -1.42     0.32
  SINCE JAN 1     42.32                     55.69 -13.37    53.61

DEGREE DAYS
 HEATING
  YESTERDAY        0                         3     -3        0
  MONTH TO DATE   48                        59    -11        4
  SINCE DEC 1     48                        59    -11        4
  SINCE JUL 1     89                        77     12       13

 COOLING
  YESTERDAY        9                         3      6        9
  MONTH TO DATE  109                       109      0      187
  SINCE DEC 1    109                       109      0      187
  SINCE JAN 1   4036                      3972     64     4061
..................................................................


WIND (MPH)
  RESULTANT WIND SPEED   3   RESULTANT WIND DIRECTION   E (80)
  HIGHEST WIND SPEED     8   HIGHEST WIND DIRECTION     S (170)
  HIGHEST GUST SPEED    12   HIGHEST GUST DIRECTION    SE (120)
  AVERAGE WIND SPEED     2.9


SKY COVER
  POSSIBLE SUNSHINE  MM
  AVERAGE SKY COVER 0.6


WEATHER CONDITIONS
 THE FOLLOWING WEATHER WAS RECORDED YESTERDAY.
  FOG


RELATIVE HUMIDITY (PERCENT)
 HIGHEST    97          1000 AM
 LOWEST     62           300 PM

..........................................................


THE FORT MYERS CLIMATE NORMALS FOR TODAY
                         NORMAL    RECORD    YEAR
 MAXIMUM TEMPERATURE (F)   75        87      1981
 MINIMUM TEMPERATURE (F)   54        34      2010


SUNRISE AND SUNSET
DECEMBER 28 2014......SUNRISE   714 AM EST   SUNSET   544 PM EST
DECEMBER 29 2014......SUNRISE   715 AM EST   SUNSET   544 PM EST


-  INDICATES NEGATIVE NUMBERS.
R  INDICATES RECORD WAS SET OR TIED.
MM INDICATES DATA IS MISSING.
T  INDICATES TRACE AMOUNT.




$$


&&
------------------------------------------------------------------
******************** SUPPLEMENTAL DATA ***************************

...GULF WATER TEMPERATURE AT FORT MYERS BEACH 73
