000
CDUS42 KTBW 140830
CLIFMY


CLIMATE REPORT
NATIONAL WEATHER SERVICE TAMPA BAY FL
426 AM EDT MON JUL 14 2014


...................................

...THE FORT MYERS CLIMATE SUMMARY FOR JULY 13 2014...

CLIMATE NORMAL PERIOD 1981 TO 2010
CLIMATE RECORD PERIOD 1902 TO 2014


WEATHER ITEM   OBSERVED TIME   RECORD YEAR NORMAL DEPARTURE LAST
                VALUE   (LST)  VALUE       VALUE  FROM      YEAR
                                                  NORMAL
..................................................................
TEMPERATURE (F)
 YESTERDAY
  MAXIMUM         93    140 PM  99    1942  92      1       87
  MINIMUM         74    631 AM  68    1922  74      0       73
  AVERAGE         84                        83      1       80

PRECIPITATION (IN)
  YESTERDAY        0.07          2.75 1913   0.28  -0.21     1.14
  MONTH TO DATE    5.17                      3.88   1.29     7.34
  SINCE JUN 1      7.65                     13.97  -6.32    17.67
  SINCE JAN 1     18.99                     25.77  -6.78    27.83

DEGREE DAYS
 HEATING
  YESTERDAY        0                         0      0        0
  MONTH TO DATE    0                         0      0        0
  SINCE JUN 1      0                         0      0        0
  SINCE JUL 1      0                         0      0        0

 COOLING
  YESTERDAY       19                        18      1       15
  MONTH TO DATE  239                       234      5      217
  SINCE JUN 1    769                       759     10      722
  SINCE JAN 1   1960                      1825    135     1860
..................................................................


WIND (MPH)
  RESULTANT WIND SPEED   2   RESULTANT WIND DIRECTION   E (90)
  HIGHEST WIND SPEED    13   HIGHEST WIND DIRECTION    NW (300)
  HIGHEST GUST SPEED    15   HIGHEST GUST DIRECTION     W (280)
  AVERAGE WIND SPEED     5.1


SKY COVER
  POSSIBLE SUNSHINE  MM
  AVERAGE SKY COVER 0.3


WEATHER CONDITIONS
 THE FOLLOWING WEATHER WAS RECORDED YESTERDAY.
  THUNDERSTORM
  HEAVY RAIN
  LIGHT RAIN
  HAZE


RELATIVE HUMIDITY (PERCENT)
 HIGHEST   100           100 AM
 LOWEST     52          1200 PM

..........................................................


THE FORT MYERS CLIMATE NORMALS FOR TODAY
                         NORMAL    RECORD    YEAR
 MAXIMUM TEMPERATURE (F)   92        97      1964
 MINIMUM TEMPERATURE (F)   75        68      1913
                                             1904


SUNRISE AND SUNSET
JULY 14 2014..........SUNRISE   643 AM EDT   SUNSET   823 PM EDT
JULY 15 2014..........SUNRISE   644 AM EDT   SUNSET   823 PM EDT


-  INDICATES NEGATIVE NUMBERS.
R  INDICATES RECORD WAS SET OR TIED.
MM INDICATES DATA IS MISSING.
T  INDICATES TRACE AMOUNT.




$$


&&
------------------------------------------------------------------
******************** SUPPLEMENTAL DATA ***************************

...GULF WATER TEMPERATURE AT NAPLES 87
