000
CDUS42 KTBW 262227
CLIFMY


CLIMATE REPORT
NATIONAL WEATHER SERVICE TAMPA BAY FL
523 PM EST WED NOV 26 2014


...................................

...THE FORT MYERS CLIMATE SUMMARY FOR NOVEMBER 26 2014...
VALID TODAY AS OF 0500 PM LOCAL TIME.

CLIMATE NORMAL PERIOD 1981 TO 2010
CLIMATE RECORD PERIOD 1902 TO 2014


WEATHER ITEM   OBSERVED TIME   RECORD YEAR NORMAL DEPARTURE LAST
                VALUE   (LST)  VALUE       VALUE  FROM      YEAR
                                                  NORMAL
..................................................................
TEMPERATURE (F)
 TODAY
  MAXIMUM         78   1221 AM  89    1973  80     -2       86
                                      1948
  MINIMUM         60    350 PM  34    1950  60      0       70
  AVERAGE         69                        70     -1       78

PRECIPITATION (IN)
  TODAY            2.85R         0.71 1921   0.05   2.80     0.38
  MONTH TO DATE    4.47                      1.76   2.71     1.34
  SINCE SEP 1     13.03                     12.95   0.08    13.60
  SINCE JAN 1     42.27                     54.02 -11.75    53.20

DEGREE DAYS
 HEATING
  TODAY            0                         1     -1        0
  MONTH TO DATE   28                        11     17        0
  SINCE SEP 1     28                        13     15        0
  SINCE JUL 1     28                        13     15        0

 COOLING
  TODAY            4                         6     -2       13
  MONTH TO DATE  138                       194    -56      246
  SINCE SEP 1   1018                      1118   -100     1151
  SINCE JAN 1   3929                      3842     87     3869
..................................................................


WIND (MPH)
  RESULTANT WIND SPEED   7   RESULTANT WIND DIRECTION   N (340)
  HIGHEST WIND SPEED    26   HIGHEST WIND DIRECTION    NW (330)
  HIGHEST GUST SPEED    35   HIGHEST GUST DIRECTION    NW (330)
  AVERAGE WIND SPEED    10.4


SKY COVER
  POSSIBLE SUNSHINE  MM
  AVERAGE SKY COVER 0.8


WEATHER CONDITIONS
 THE FOLLOWING WEATHER WAS RECORDED TODAY.
  THUNDERSTORM
  HEAVY RAIN
  RAIN
  LIGHT RAIN
  FOG


RELATIVE HUMIDITY (PERCENT)
 HIGHEST    97           800 AM
 LOWEST     56           200 PM

..........................................................


THE FORT MYERS CLIMATE NORMALS FOR TOMORROW
                         NORMAL    RECORD    YEAR
 MAXIMUM TEMPERATURE (F)   80        90      1948
 MINIMUM TEMPERATURE (F)   60        39      1903


SUNRISE AND SUNSET
NOVEMBER 26 2014......SUNRISE   655 AM EST   SUNSET   535 PM EST
NOVEMBER 27 2014......SUNRISE   656 AM EST   SUNSET   534 PM EST


-  INDICATES NEGATIVE NUMBERS.
R  INDICATES RECORD WAS SET OR TIED.
MM INDICATES DATA IS MISSING.
T  INDICATES TRACE AMOUNT.




$$


&&
------------------------------------------------------------------
******************** SUPPLEMENTAL DATA ***************************

...GULF WATER TEMPERATURE AT FORT MYERS BEACH 72
