000
CDUS43 KDTX 280539
CLIFNT


CLIMATE REPORT
NATIONAL WEATHER SERVICE DETROIT/PONTIAC MI
139 AM EDT SAT MAY 28 2016


...................................

...THE FLINT MI CLIMATE SUMMARY FOR MAY 27 2016...

CLIMATE NORMAL PERIOD 1981 TO 2010
CLIMATE RECORD PERIOD 1921 TO 2016


WEATHER ITEM   OBSERVED TIME   RECORD YEAR NORMAL DEPARTURE LAST
                VALUE   (LST)  VALUE       VALUE  FROM      YEAR
                                                  NORMAL
..................................................................
TEMPERATURE (F)
 YESTERDAY
  MAXIMUM         87    340 PM  90    1987  72     15       81
  MINIMUM         62    538 AM  31    1994  49     13       59
                                      1961
  AVERAGE         75                        60     15       70

PRECIPITATION (IN)
  YESTERDAY        0.00          0.98 2009   0.10  -0.10     0.00
  MONTH TO DATE    1.72                      2.68  -0.96     2.24
  SINCE MAR 1      8.38                      7.48   0.90     4.79
  SINCE JAN 1     12.23                     10.59   1.64     6.96

SNOWFALL (IN)
  YESTERDAY        0.0           0.0    MM   0.0    0.0      0.0
  MONTH TO DATE    T                         0.0    0.0      0.0
  SINCE MAR 1     18.4                       8.8    9.6      4.8
  SINCE JUL 1     69.0                      47.4   21.6     45.3
  SNOW DEPTH       0

DEGREE DAYS
 HEATING
  YESTERDAY        0                         6     -6        0
  MONTH TO DATE  200                       258    -58      118
  SINCE MAR 1   1479                      1777   -298     1599
  SINCE JUL 1   5349                      6865  -1516     6907

 COOLING
  YESTERDAY       10                         2      8        5
  MONTH TO DATE   38                        20     18       64
  SINCE MAR 1     39                        24     15       64
  SINCE JAN 1     39                        24     15       64
..................................................................


WIND (MPH)
  HIGHEST WIND SPEED    15   HIGHEST WIND DIRECTION     S (180)
  HIGHEST GUST SPEED    20   HIGHEST GUST DIRECTION     S (180)
  AVERAGE WIND SPEED     4.9


SKY COVER
  POSSIBLE SUNSHINE  MM
  AVERAGE SKY COVER 0.0


WEATHER CONDITIONS
 THE FOLLOWING WEATHER WAS RECORDED YESTERDAY.
  NO SIGNIFICANT WEATHER WAS OBSERVED.


RELATIVE HUMIDITY (PERCENT)
 HIGHEST    84           300 AM
 LOWEST     43           300 PM
 AVERAGE    64

..........................................................


THE FLINT MI CLIMATE NORMALS FOR TODAY
                         NORMAL    RECORD    YEAR
 MAXIMUM TEMPERATURE (F)   72        93      2012
 MINIMUM TEMPERATURE (F)   49        31      2008


SUNRISE AND SUNSET
MAY 28 2016...........SUNRISE   601 AM EDT   SUNSET   904 PM EDT
MAY 29 2016...........SUNRISE   600 AM EDT   SUNSET   905 PM EDT


-  INDICATES NEGATIVE NUMBERS.
R  INDICATES RECORD WAS SET OR TIED.
MM INDICATES DATA IS MISSING.
T  INDICATES TRACE AMOUNT.




$$
