000
CDUS43 KDTX 300536
CLIFNT


CLIMATE REPORT
NATIONAL WEATHER SERVICE DETROIT/PONTIAC MI
136 AM EDT TUE JUN 30 2015


...................................

...THE FLINT MI CLIMATE SUMMARY FOR JUNE 29 2015...

CLIMATE NORMAL PERIOD 1981 TO 2010
CLIMATE RECORD PERIOD 1921 TO 2015


WEATHER ITEM   OBSERVED TIME   RECORD YEAR NORMAL DEPARTURE LAST
                VALUE   (LST)  VALUE       VALUE  FROM      YEAR
                                                  NORMAL
..................................................................
TEMPERATURE (F)
 YESTERDAY
  MAXIMUM         80    121 PM 100    1934  81     -1       88
  MINIMUM         57    528 AM  40    1923  58     -1       69
  AVERAGE         69                        70     -1       79

PRECIPITATION (IN)
  YESTERDAY        T             1.76 1949   0.10  -0.10     0.01
  MONTH TO DATE    5.15                      2.98   2.17     2.46
  SINCE JUN 1      5.15                      2.98   2.17     2.46
  SINCE JAN 1     13.27                     13.97  -0.70    17.41

SNOWFALL (IN)
  YESTERDAY        0.0           0.0    MM   0.0    0.0      0.0
  MONTH TO DATE    0.0                       0.0    0.0      0.0
  SINCE JUN 1      0.0                       0.0    0.0      0.0
  SINCE JUL 1     45.3                      47.4   -2.1     83.9
  SNOW DEPTH       0

DEGREE DAYS
 HEATING
  YESTERDAY        0                         1     -1        0
  MONTH TO DATE   28                        65    -37       22
  SINCE JUN 1     28                        65    -37       22
  SINCE JUL 1   6948                      6952     -4     7479

 COOLING
  YESTERDAY        4                         6     -2       14
  MONTH TO DATE  122                       105     17      137
  SINCE JUN 1    122                       105     17      137
  SINCE JAN 1    197                       137     60      185
..................................................................


WIND (MPH)
  HIGHEST WIND SPEED    20   HIGHEST WIND DIRECTION     S (200)
  HIGHEST GUST SPEED    27   HIGHEST GUST DIRECTION     S (190)
  AVERAGE WIND SPEED     6.3


SKY COVER
  POSSIBLE SUNSHINE  MM
  AVERAGE SKY COVER 0.2


WEATHER CONDITIONS
 THE FOLLOWING WEATHER WAS RECORDED YESTERDAY.
  THUNDERSTORM
  LIGHT RAIN


RELATIVE HUMIDITY (PERCENT)
 HIGHEST    87           400 AM
 LOWEST     42          1200 PM
 AVERAGE    65

..........................................................


THE FLINT MI CLIMATE NORMALS FOR TODAY
                         NORMAL    RECORD    YEAR
 MAXIMUM TEMPERATURE (F)   81        98      1933
                                             1931
 MINIMUM TEMPERATURE (F)   58        42      1943


SUNRISE AND SUNSET
JUNE 30 2015..........SUNRISE   559 AM EDT   SUNSET   918 PM EDT
JULY  1 2015..........SUNRISE   600 AM EDT   SUNSET   918 PM EDT


-  INDICATES NEGATIVE NUMBERS.
R  INDICATES RECORD WAS SET OR TIED.
MM INDICATES DATA IS MISSING.
T  INDICATES TRACE AMOUNT.




$$
