000
CDUS43 KFSD 280635
CLIFSD


CLIMATE REPORT
NATIONAL WEATHER SERVICE SIOUX FALLS SD
135 AM CDT SAT MAY 28 2016


...................................

...THE SIOUX FALLS SD CLIMATE SUMMARY FOR MAY 27 2016...

CLIMATE NORMAL PERIOD 1981 TO 2010
CLIMATE RECORD PERIOD 1893 TO 2016


WEATHER ITEM   OBSERVED TIME   RECORD YEAR NORMAL DEPARTURE LAST
                VALUE   (LST)  VALUE       VALUE  FROM      YEAR
                                                  NORMAL
..................................................................
TEMPERATURE (F)
 YESTERDAY
  MAXIMUM         76    354 PM  92    1969  73      3       83
                                      1913
                                      1895
  MINIMUM         55    411 AM  29    1907  50      5       49
  AVERAGE         66                        62      4       66

PRECIPITATION (IN)
  YESTERDAY        0.02          1.93 1929   0.11  -0.09     0.00
  MONTH TO DATE    1.56                      2.92  -1.36     3.24
  SINCE MAR 1      8.27                      7.69   0.58     4.57
  SINCE JAN 1      9.95                      8.85   1.10     5.79

SNOWFALL (IN)
  YESTERDAY        0.0          MM      MM   0.0    0.0      0.0
  MONTH TO DATE    0.0                       0.4   -0.4       T
  SINCE MAR 1     12.2                      13.4   -1.2      1.7
  SINCE JUL 1     68.5                      44.9   23.6     31.9
  SNOW DEPTH       0

DEGREE DAYS
 HEATING
  YESTERDAY        0                         5     -5        0
  MONTH TO DATE  212                       230    -18      207
  SINCE MAR 1   1458                      1787   -329     1458
  SINCE JUL 1   6494                      7637  -1143     7207

 COOLING
  YESTERDAY        1                         2     -1        1
  MONTH TO DATE   27                        24      3       10
  SINCE MAR 1     27                        29     -2       14
  SINCE JAN 1     27                        29     -2       14
..................................................................


WIND (MPH)
  HIGHEST WIND SPEED    12   HIGHEST WIND DIRECTION     N (20)
  HIGHEST GUST SPEED    15   HIGHEST GUST DIRECTION     S (170)
  AVERAGE WIND SPEED     4.8


SKY COVER
  POSSIBLE SUNSHINE  MM
  AVERAGE SKY COVER 0.7


WEATHER CONDITIONS
 THE FOLLOWING WEATHER WAS RECORDED YESTERDAY.
  LIGHT RAIN


RELATIVE HUMIDITY (PERCENT)
 HIGHEST    93           400 AM
 LOWEST     54           400 PM
 AVERAGE    74

..........................................................


THE SIOUX FALLS SD CLIMATE NORMALS FOR TODAY
                         NORMAL    RECORD    YEAR
 MAXIMUM TEMPERATURE (F)   73        98      1934
 MINIMUM TEMPERATURE (F)   50        30      1965


SUNRISE AND SUNSET
MAY 28 2016...........SUNRISE   551 AM CDT   SUNSET   858 PM CDT
MAY 29 2016...........SUNRISE   550 AM CDT   SUNSET   859 PM CDT


-  INDICATES NEGATIVE NUMBERS.
R  INDICATES RECORD WAS SET OR TIED.
MM INDICATES DATA IS MISSING.
T  INDICATES TRACE AMOUNT.




$$
