000
CDUS43 KFSD 230630
CLIFSD


CLIMATE REPORT
NATIONAL WEATHER SERVICE SIOUX FALLS SD
130 AM CDT THU OCT 23 2014


...................................

...THE SIOUX FALLS SD CLIMATE SUMMARY FOR OCTOBER 22 2014...

CLIMATE NORMAL PERIOD 1981 TO 2010
CLIMATE RECORD PERIOD 1893 TO 2014


WEATHER ITEM   OBSERVED TIME   RECORD YEAR NORMAL DEPARTURE LAST
                VALUE   (LST)  VALUE       VALUE  FROM      YEAR
                                                  NORMAL
..................................................................
TEMPERATURE (F)
 YESTERDAY
  MAXIMUM         71    223 PM  84    1901  57     14       41
  MINIMUM         48   1125 PM  17    1916  34     14       29
  AVERAGE         60                        45     15       35

PRECIPITATION (IN)
  YESTERDAY        0.29          1.63 2008   0.06   0.23     0.05
  MONTH TO DATE    0.65                      1.71  -1.06     2.73
  SINCE SEP 1      2.93                      4.48  -1.55     3.50
  SINCE JAN 1     27.36                     23.87   3.49    23.92

SNOWFALL (IN)
  YESTERDAY        0.0           1.1  2002   0.1   -0.1      0.4
  MONTH TO DATE    0.0                       0.6   -0.6      0.4
  SINCE SEP 1      0.0                       0.6   -0.6      0.4
  SINCE JUL 1      T                         0.6   -0.6      0.4
  SNOW DEPTH       0

DEGREE DAYS
 HEATING
  YESTERDAY        5                        20    -15       30
  MONTH TO DATE  294                       339    -45      305
  SINCE SEP 1    424                       512    -88      371
  SINCE JUL 1    442                       543   -101      405

 COOLING
  YESTERDAY        0                         0      0        0
  MONTH TO DATE    0                         0      0        3
  SINCE SEP 1     59                        60     -1      133
  SINCE JAN 1    610                       685    -75      787
..................................................................


WIND (MPH)
  HIGHEST WIND SPEED    24   HIGHEST WIND DIRECTION     S (170)
  HIGHEST GUST SPEED    31   HIGHEST GUST DIRECTION     S (170)
  AVERAGE WIND SPEED    11.5


SKY COVER
  POSSIBLE SUNSHINE  MM
  AVERAGE SKY COVER 0.6


WEATHER CONDITIONS
 THE FOLLOWING WEATHER WAS RECORDED YESTERDAY.
  RAIN
  LIGHT RAIN
  FOG
  FOG W/VISIBILITY <= 1/4 MILE


RELATIVE HUMIDITY (PERCENT)
 HIGHEST   100           800 PM
 LOWEST     53           100 PM
 AVERAGE    77

..........................................................


THE SIOUX FALLS SD CLIMATE NORMALS FOR TODAY
                         NORMAL    RECORD    YEAR
 MAXIMUM TEMPERATURE (F)   56        83      1899
 MINIMUM TEMPERATURE (F)   34        13      1895


SUNRISE AND SUNSET
OCTOBER 23 2014.......SUNRISE   751 AM CDT   SUNSET   631 PM CDT
OCTOBER 24 2014.......SUNRISE   752 AM CDT   SUNSET   629 PM CDT


-  INDICATES NEGATIVE NUMBERS.
R  INDICATES RECORD WAS SET OR TIED.
MM INDICATES DATA IS MISSING.
T  INDICATES TRACE AMOUNT.




$$
