000
CDUS43 KFSD 140625
CLIFSD


CLIMATE REPORT
NATIONAL WEATHER SERVICE SIOUX FALLS SD
1225 AM CST SUN FEB 14 2016


...................................

...THE SIOUX FALLS SD CLIMATE SUMMARY FOR FEBRUARY 13 2016...

CLIMATE NORMAL PERIOD 1981 TO 2010
CLIMATE RECORD PERIOD 1893 TO 2016


WEATHER ITEM   OBSERVED TIME   RECORD YEAR NORMAL DEPARTURE LAST
                VALUE   (LST)  VALUE       VALUE  FROM      YEAR
                                                  NORMAL
..................................................................
TEMPERATURE (F)
 YESTERDAY
  MAXIMUM         13   1159 PM  59    1921  31    -18       39
  MINIMUM         -5    104 AM -30    1905  11    -16        7
  AVERAGE          4                        21    -17       23

PRECIPITATION (IN)
  YESTERDAY        0.01          0.90 2005   0.02  -0.01     0.00
  MONTH TO DATE    0.39                      0.24   0.15     0.25
  SINCE DEC 1      2.18                      1.49   0.69     2.39
  SINCE JAN 1      0.87                      0.80   0.07     1.06

SNOWFALL (IN)
  YESTERDAY        0.1           6.0  1919   0.2   -0.1      0.0
  MONTH TO DATE    6.9                       3.1    3.8      3.9
  SINCE DEC 1     32.9                      19.0   13.9     19.6
  SINCE JUL 1     50.2                      27.7   22.5     27.9
  SNOW DEPTH       4

DEGREE DAYS
 HEATING
  YESTERDAY       61                        44     17       42
  MONTH TO DATE  595                       596     -1      605
  SINCE DEC 1   3257                      3516   -259     3219
  SINCE JUL 1   4531                      5228   -697     4975

 COOLING
  YESTERDAY        0                         0      0        0
  MONTH TO DATE    0                         0      0        0
  SINCE DEC 1      0                         0      0        0
  SINCE JAN 1      0                         0      0        0
..................................................................


WIND (MPH)
  HIGHEST WIND SPEED    25   HIGHEST WIND DIRECTION     S (160)
  HIGHEST GUST SPEED    33   HIGHEST GUST DIRECTION    SE (140)
  AVERAGE WIND SPEED    12.9


SKY COVER
  POSSIBLE SUNSHINE  MM
  AVERAGE SKY COVER 0.8


WEATHER CONDITIONS
 THE FOLLOWING WEATHER WAS RECORDED YESTERDAY.
  LIGHT SNOW
  FOG
  BLOWING SNOW


RELATIVE HUMIDITY (PERCENT)
 HIGHEST    83           800 PM
 LOWEST     63           200 PM
 AVERAGE    73

..........................................................


THE SIOUX FALLS SD CLIMATE NORMALS FOR TODAY
                         NORMAL    RECORD    YEAR
 MAXIMUM TEMPERATURE (F)   31        66      1954
 MINIMUM TEMPERATURE (F)   11       -28      1936


SUNRISE AND SUNSET
FEBRUARY 14 2016......SUNRISE   727 AM CST   SUNSET   555 PM CST
FEBRUARY 15 2016......SUNRISE   726 AM CST   SUNSET   557 PM CST


-  INDICATES NEGATIVE NUMBERS.
R  INDICATES RECORD WAS SET OR TIED.
MM INDICATES DATA IS MISSING.
T  INDICATES TRACE AMOUNT.




$$
