000
CDUS44 KTSA 290920
CLIFSM

CLIMATE REPORT
NATIONAL WEATHER SERVICE TULSA OK
302 AM CST MON DEC 29 2014


...................................

...THE FORT SMITH ARKANSAS CLIMATE SUMMARY FOR DECEMBER 28 2014...

CLIMATE NORMAL PERIOD 1981 TO 2010
CLIMATE RECORD PERIOD 1882 TO 2014


WEATHER ITEM   OBSERVED TIME   RECORD YEAR NORMAL DEPARTURE LAST
                VALUE   (LST)  VALUE       VALUE  FROM      YEAR
                                                  NORMAL
..................................................................
TEMPERATURE (F)
 YESTERDAY
  MAXIMUM         43    439 PM  74    1928  49     -6       56
  MINIMUM         30   1159 PM   3    1894  29      1       28
  AVERAGE         37                        39     -2       42

PRECIPITATION (IN)
  YESTERDAY        0.00          1.25 1975   0.09  -0.09     0.00
  MONTH TO DATE    2.31                      3.03  -0.72     4.10
  SINCE DEC 1      2.31                      3.03  -0.72     4.10
  SINCE JAN 1     42.14                     45.20  -3.06    47.05

SNOWFALL (IN)
  YESTERDAY        0.0                                       0.0
  MONTH TO DATE    T                                         5.0
  SINCE DEC 1      T                                         5.0
  SINCE JUL 1      T                                         5.0

DEGREE DAYS
 HEATING
  YESTERDAY       28                        26      2       23
  MONTH TO DATE  569                       656    -87      708
  SINCE DEC 1    569                       656    -87      708
  SINCE JUL 1   1188                      1221    -33     1298
..................................................................


WIND (MPH)
  HIGHEST WIND SPEED     9   HIGHEST WIND DIRECTION     W (280)
  HIGHEST GUST SPEED    11   HIGHEST GUST DIRECTION     W (280)
  AVERAGE WIND SPEED     3.8


SKY COVER
  POSSIBLE SUNSHINE  MM
  AVERAGE SKY COVER 0.0


WEATHER CONDITIONS
 THE FOLLOWING WEATHER WAS RECORDED YESTERDAY.
  NO SIGNIFICANT WEATHER WAS OBSERVED.


RELATIVE HUMIDITY (PERCENT)
 HIGHEST    85           100 AM
 LOWEST     53           300 PM
 AVERAGE    69

..........................................................


THE FORT SMITH ARKANSAS CLIMATE NORMALS FOR TODAY
                         NORMAL    RECORD    YEAR
 MAXIMUM TEMPERATURE (F)   49        77      1984
 MINIMUM TEMPERATURE (F)   29         5      1983


SUNRISE AND SUNSET
DECEMBER 29 2014......SUNRISE   726 AM CST   SUNSET   514 PM CST
DECEMBER 30 2014......SUNRISE   726 AM CST   SUNSET   514 PM CST


-  INDICATES NEGATIVE NUMBERS.
R  INDICATES RECORD WAS SET OR TIED.
MM INDICATES DATA IS MISSING.
T  INDICATES TRACE AMOUNT.




$$

&&
...........................................................

THE ARKANSAS RIVER AT VAN BUREN

                   OBSERVED      24 HOUR     24 HOUR
                    VALUE        CHANGE      FORECAST

 STAGE (FEET)
  THIS MORNING       19.7         +0.5

MEAN FLOW (CFS)
  TODAY                                        8300
...........................................................
ALL DATA MEASURED AT THE FORT SMITH REGIONAL AIRPORT
