000
CDUS44 KTSA 120903
CLIFSM

CLIMATE REPORT
NATIONAL WEATHER SERVICE TULSA OK
1247 AM CST TUE DEC 12 2017


...................................

...THE FORT SMITH ARKANSAS CLIMATE SUMMARY FOR DECEMBER 11 2017...

CLIMATE NORMAL PERIOD 1981 TO 2010
CLIMATE RECORD PERIOD 1882 TO 2017


WEATHER ITEM   OBSERVED TIME   RECORD YEAR NORMAL DEPARTURE LAST
                VALUE   (LST)  VALUE       VALUE  FROM      YEAR
                                                  NORMAL
..................................................................
TEMPERATURE (F)
 YESTERDAY
  MAXIMUM         74    311 PM  77    1949  52     22       62
  MINIMUM         28    727 AM  15    1917  32     -4       46
  AVERAGE         51                        42      9       54

PRECIPITATION (IN)
  YESTERDAY        0.00          1.33 1963   0.11  -0.11      T
  MONTH TO DATE    0.29                      1.32  -1.03     0.66
  SINCE DEC 1      0.29                      1.32  -1.03     0.66
  SINCE JAN 1     45.97                     43.49   2.48    31.07

SNOWFALL (IN)
  YESTERDAY        0.0                                       0.0
  MONTH TO DATE    0.0                                        T
  SINCE DEC 1      0.0                                        T
  SINCE JUL 1      0.0                                        T

DEGREE DAYS
 HEATING
  YESTERDAY       14                        23     -9       11
  MONTH TO DATE  195                       238    -43      242
  SINCE DEC 1    195                       238    -43      242
  SINCE JUL 1    631                       803   -172      528
..................................................................


WIND (MPH)
  HIGHEST WIND SPEED    24   HIGHEST WIND DIRECTION     N (340)
  HIGHEST GUST SPEED    34   HIGHEST GUST DIRECTION     N (340)
  AVERAGE WIND SPEED     8.5


SKY COVER
  POSSIBLE SUNSHINE  MM
  AVERAGE SKY COVER 0.0


WEATHER CONDITIONS
 THE FOLLOWING WEATHER WAS RECORDED YESTERDAY.
  NO SIGNIFICANT WEATHER WAS OBSERVED.


RELATIVE HUMIDITY (PERCENT)
 HIGHEST    85           600 AM
 LOWEST      9           300 PM
 AVERAGE    47

..........................................................


THE FORT SMITH ARKANSAS CLIMATE NORMALS FOR TODAY
                         NORMAL    RECORD    YEAR
 MAXIMUM TEMPERATURE (F)   52        75      2015
                                             1929
 MINIMUM TEMPERATURE (F)   32         7      1962


SUNRISE AND SUNSET
DECEMBER 12 2017......SUNRISE   717 AM CST   SUNSET   506 PM CST
DECEMBER 13 2017......SUNRISE   718 AM CST   SUNSET   506 PM CST


-  INDICATES NEGATIVE NUMBERS.
R  INDICATES RECORD WAS SET OR TIED.
MM INDICATES DATA IS MISSING.
T  INDICATES TRACE AMOUNT.




$$

&&
...........................................................

THE ARKANSAS RIVER AT VAN BUREN

                   OBSERVED      24 HOUR     24 HOUR
                    VALUE        CHANGE      FORECAST

 STAGE (FEET)
  THIS MORNING       19.3         +0.0

 MEAN FLOW (CFS)
  TODAY                                        346
...........................................................
ALL DATA MEASURED AT THE FORT SMITH REGIONAL AIRPORT
