000
CDUS44 KTSA 182118
CLIFSM

CLIMATE REPORT
NATIONAL WEATHER SERVICE TULSA OK
418 PM CDT FRI APR 18 2014


...................................

...THE FORT SMITH ARKANSAS CLIMATE SUMMARY FOR APRIL 18 2014...
VALID TODAY AS OF 0400 PM LOCAL TIME.

CLIMATE NORMAL PERIOD 1981 TO 2010
CLIMATE RECORD PERIOD 1882 TO 2014


WEATHER ITEM   OBSERVED TIME   RECORD YEAR NORMAL DEPARTURE LAST
                VALUE   (LST)  VALUE       VALUE  FROM      YEAR
                                                  NORMAL
..................................................................
TEMPERATURE (F)
 TODAY
  MAXIMUM         76    259 PM  96    2006  75      1       81
  MINIMUM         49    637 AM  33    1999  50     -1       44
  AVERAGE         63                        62      1       63

PRECIPITATION (IN)
  TODAY            0.00          1.47 1959   0.15  -0.15     0.74
  MONTH TO DATE    2.01                      2.43  -0.42     2.62
  SINCE MAR 1      5.86                      6.28  -0.42     6.04
  SINCE JAN 1      7.63                     11.85  -4.22    14.47

SNOWFALL (IN)
  TODAY            0.0                                       0.0
  MONTH TO DATE    0.0                                       0.0
  SINCE MAR 1      0.5                                       0.0
  SINCE JUL 1     10.7                                       8.0

DEGREE DAYS
 HEATING
  TODAY            2                         5     -3        2
  MONTH TO DATE  124                       116      8      106
  SINCE MAR 1    583                       502     81      575
  SINCE JUL 1   3528                      3175    353     2898

 COOLING
  TODAY            0                         2     -2        0
  MONTH TO DATE   28                        26      2       56
  SINCE MAR 1     28                        37     -9       58
  SINCE JAN 1     28                        38    -10       59
..................................................................


WIND (MPH)
  HIGHEST WIND SPEED    12   HIGHEST WIND DIRECTION     E (80)
  HIGHEST GUST SPEED    17   HIGHEST GUST DIRECTION    NE (50)
  AVERAGE WIND SPEED     3.5


SKY COVER
  POSSIBLE SUNSHINE  MM
  AVERAGE SKY COVER 0.3


WEATHER CONDITIONS
 THE FOLLOWING WEATHER WAS RECORDED TODAY.
  NO SIGNIFICANT WEATHER WAS OBSERVED.


RELATIVE HUMIDITY (PERCENT)
 HIGHEST    86           300 AM
 LOWEST     29           100 PM
 AVERAGE    58

..........................................................


THE FORT SMITH ARKANSAS CLIMATE NORMALS FOR TOMORROW
                         NORMAL    RECORD    YEAR
 MAXIMUM TEMPERATURE (F)   75        95      1987
 MINIMUM TEMPERATURE (F)   51        33      1953


SUNRISE AND SUNSET
APRIL 18 2014.........SUNRISE   641 AM CDT   SUNSET   753 PM CDT
APRIL 19 2014.........SUNRISE   640 AM CDT   SUNSET   754 PM CDT


-  INDICATES NEGATIVE NUMBERS.
R  INDICATES RECORD WAS SET OR TIED.
MM INDICATES DATA IS MISSING.
T  INDICATES TRACE AMOUNT.




$$

&&
...........................................................

THE ARKANSAS RIVER AT VAN BUREN

                   OBSERVED      24 HOUR     24 HOUR
                    VALUE        CHANGE      FORECAST

 STAGE (FEET)
  THIS AFTERNOON     19.0         -0.4

MEAN FLOW (CFS)
  TODAY                                        11000
...........................................................
ALL DATA MEASURED AT THE FORT SMITH REGIONAL AIRPORT
