000
CDUS44 KTSA 290819
CLIFSM

CLIMATE REPORT
NATIONAL WEATHER SERVICE TULSA OK
319 AM CDT FRI APR 29 2016


...................................

...THE FORT SMITH ARKANSAS CLIMATE SUMMARY FOR APRIL 28 2016...

CLIMATE NORMAL PERIOD 1981 TO 2010
CLIMATE RECORD PERIOD 1882 TO 2016


WEATHER ITEM   OBSERVED TIME   RECORD YEAR NORMAL DEPARTURE LAST
                VALUE   (LST)  VALUE       VALUE  FROM      YEAR
                                                  NORMAL
..................................................................
TEMPERATURE (F)
 YESTERDAY
  MAXIMUM         80    502 PM  91    1989  77      3       61
                                      1887
  MINIMUM         54    559 AM  35    1965  54      0       50
  AVERAGE         67                        65      2       56

PRECIPITATION (IN)
  YESTERDAY        0.00          3.40 1888   0.16  -0.16     0.63
  MONTH TO DATE    3.04                      3.97  -0.93     4.29
  SINCE MAR 1      8.35                      7.82   0.53     8.79
  SINCE JAN 1     10.50                     13.39  -2.89    13.40

SNOWFALL (IN)
  YESTERDAY        0.0                                       0.0
  MONTH TO DATE    0.0                                       0.0
  SINCE MAR 1      0.0                                       1.0
  SINCE JUL 1      T                                         6.6

DEGREE DAYS
 HEATING
  YESTERDAY        0                         3     -3        9
  MONTH TO DATE   71                       151    -80       86
  SINCE MAR 1    339                       537   -198      477
  SINCE JUL 1   2408                      3210   -802     3291

 COOLING
  YESTERDAY        2                         3     -1        0
  MONTH TO DATE   37                        49    -12       53
  SINCE MAR 1     43                        60    -17       68
  SINCE JAN 1     44                        61    -17       68
..................................................................


WIND (MPH)
  HIGHEST WIND SPEED    12   HIGHEST WIND DIRECTION    NE (40)
  HIGHEST GUST SPEED    14   HIGHEST GUST DIRECTION    NE (50)
  AVERAGE WIND SPEED     3.9


SKY COVER
  POSSIBLE SUNSHINE  MM
  AVERAGE SKY COVER 0.0


WEATHER CONDITIONS
 THE FOLLOWING WEATHER WAS RECORDED YESTERDAY.
  NO SIGNIFICANT WEATHER WAS OBSERVED.


RELATIVE HUMIDITY (PERCENT)
 HIGHEST    86           100 AM
 LOWEST     28           200 PM
 AVERAGE    57

..........................................................


THE FORT SMITH ARKANSAS CLIMATE NORMALS FOR TODAY
                         NORMAL    RECORD    YEAR
 MAXIMUM TEMPERATURE (F)   77        93      1962
 MINIMUM TEMPERATURE (F)   54        34      1965


SUNRISE AND SUNSET
APRIL 29 2016.........SUNRISE   628 AM CDT   SUNSET   802 PM CDT
APRIL 30 2016.........SUNRISE   627 AM CDT   SUNSET   803 PM CDT


-  INDICATES NEGATIVE NUMBERS.
R  INDICATES RECORD WAS SET OR TIED.
MM INDICATES DATA IS MISSING.
T  INDICATES TRACE AMOUNT.




$$

&&
...........................................................

THE ARKANSAS RIVER AT VAN BUREN

                   OBSERVED      24 HOUR     24 HOUR
                    VALUE        CHANGE      FORECAST

 STAGE (FEET)
  THIS MORNING       19.9         -0.2

MEAN FLOW (CFS)
  TODAY                                        65200
...........................................................
ALL DATA MEASURED AT THE FORT SMITH REGIONAL AIRPORT
