000
CDUS44 KTSA 272122
CLIFSM

CLIMATE REPORT
NATIONAL WEATHER SERVICE TULSA OK
418 PM CDT FRI MAR 27 2015

...................................

...THE FORT SMITH ARKANSAS CLIMATE SUMMARY FOR MARCH 27 2015...
VALID TODAY AS OF 0400 PM LOCAL TIME.

CLIMATE NORMAL PERIOD 1981 TO 2010
CLIMATE RECORD PERIOD 1882 TO 2015


WEATHER ITEM   OBSERVED TIME   RECORD YEAR NORMAL DEPARTURE LAST
                VALUE   (LST)  VALUE       VALUE  FROM      YEAR
                                                  NORMAL
..................................................................
TEMPERATURE (F)
 TODAY
  MAXIMUM         57    259 PM  87    1895  68    -11       73
  MINIMUM         39    401 AM  21    1955  44     -5       49
  AVERAGE         48                        56     -8       61

PRECIPITATION (IN)
  TODAY            0.00          3.80 1898   0.14  -0.14     0.17
  MONTH TO DATE    4.50                      3.30   1.20     3.67
  SINCE MAR 1      4.50                      3.30   1.20     3.67
  SINCE JAN 1      9.11                      8.87   0.24     5.44

SNOWFALL (IN)
  TODAY            0.0                                       0.0
  MONTH TO DATE    1.0                                       0.5
  SINCE MAR 1      1.0                                       0.5
  SINCE JUL 1      6.6                                      10.7

DEGREE DAYS
 HEATING
  TODAY           17                        10      7        4
  MONTH TO DATE  366                       351     15      431
  SINCE MAR 1    366                       351     15      431
  SINCE JUL 1   3180                      3024    156     3376

 COOLING
  TODAY            0                         1     -1        0
  MONTH TO DATE    9                         5      4        0
  SINCE MAR 1      9                         5      4        0
  SINCE JAN 1      9                         6      3        0
..................................................................


WIND (MPH)
  HIGHEST WIND SPEED    25   HIGHEST WIND DIRECTION     N (360)
  HIGHEST GUST SPEED    30   HIGHEST GUST DIRECTION     N (360)
  AVERAGE WIND SPEED     8.4


SKY COVER
  POSSIBLE SUNSHINE  MM
  AVERAGE SKY COVER 0.3


WEATHER CONDITIONS
 THE FOLLOWING WEATHER WAS RECORDED TODAY.
  NO SIGNIFICANT WEATHER WAS OBSERVED.


RELATIVE HUMIDITY (PERCENT)
 HIGHEST    82           400 AM
 LOWEST     28           200 PM
 AVERAGE    55

..........................................................


THE FORT SMITH ARKANSAS CLIMATE NORMALS FOR TOMORROW
                         NORMAL    RECORD    YEAR
 MAXIMUM TEMPERATURE (F)   69        89      1963
 MINIMUM TEMPERATURE (F)   44        25      1931


SUNRISE AND SUNSET
MARCH 27 2015.........SUNRISE   712 AM CDT   SUNSET   735 PM CDT
MARCH 28 2015.........SUNRISE   710 AM CDT   SUNSET   736 PM CDT


-  INDICATES NEGATIVE NUMBERS.
R  INDICATES RECORD WAS SET OR TIED.
MM INDICATES DATA IS MISSING.
T  INDICATES TRACE AMOUNT.

$$

&&
...........................................................

THE ARKANSAS RIVER AT VAN BUREN

                   OBSERVED      24 HOUR     24 HOUR
                    VALUE        CHANGE      FORECAST

 STAGE (FEET)
  THIS AFTERNOON     19.1         +0.0

MEAN FLOW (CFS)
  TODAY                                        33500
...........................................................
ALL DATA MEASURED AT THE FORT SMITH REGIONAL AIRPORT
