000
CDUS44 KTSA 270841
CLIFSM

CLIMATE REPORT
NATIONAL WEATHER SERVICE TULSA OK
341 AM CDT TUE JUN 27 2017


...................................

...THE FORT SMITH ARKANSAS CLIMATE SUMMARY FOR JUNE 26 2017...

CLIMATE NORMAL PERIOD 1981 TO 2010
CLIMATE RECORD PERIOD 1882 TO 2017


WEATHER ITEM   OBSERVED TIME   RECORD YEAR NORMAL DEPARTURE LAST
                VALUE   (LST)  VALUE       VALUE  FROM      YEAR
                                                  NORMAL
..................................................................
TEMPERATURE (F)
 YESTERDAY
  MAXIMUM         88    412 PM 104    2012  91     -3       97
  MINIMUM         68   1144 PM  51    1974  70     -2       75
  AVERAGE         78                        80     -2       86

PRECIPITATION (IN)
  YESTERDAY        0.00          2.87 1977   0.13  -0.13     0.09
  MONTH TO DATE    5.75                      3.76   1.99     1.91
  SINCE JUN 1      5.75                      3.76   1.99     1.91
  SINCE JAN 1     27.83                     22.95   4.88    19.12

DEGREE DAYS
 COOLING
  YESTERDAY       13                        15     -2       21
  MONTH TO DATE  344                       323     21      432
  SINCE JUN 1    344                       323     21      432
  SINCE JAN 1    662                       567     95      617
..................................................................


WIND (MPH)
  HIGHEST WIND SPEED    10   HIGHEST WIND DIRECTION     S (170)
  HIGHEST GUST SPEED    14   HIGHEST GUST DIRECTION     S (160)
  AVERAGE WIND SPEED     3.9


SKY COVER
  POSSIBLE SUNSHINE  MM
  AVERAGE SKY COVER 0.2


WEATHER CONDITIONS
 THE FOLLOWING WEATHER WAS RECORDED YESTERDAY.
  NO SIGNIFICANT WEATHER WAS OBSERVED.


RELATIVE HUMIDITY (PERCENT)
 HIGHEST    84           600 AM
 LOWEST     40           400 PM
 AVERAGE    62

..........................................................


THE FORT SMITH ARKANSAS CLIMATE NORMALS FOR TODAY
                         NORMAL    RECORD    YEAR
 MAXIMUM TEMPERATURE (F)   91       106      2012
 MINIMUM TEMPERATURE (F)   70        51      1974


SUNRISE AND SUNSET
JUNE 27 2017..........SUNRISE   605 AM CDT   SUNSET   836 PM CDT
JUNE 28 2017..........SUNRISE   605 AM CDT   SUNSET   836 PM CDT


-  INDICATES NEGATIVE NUMBERS.
R  INDICATES RECORD WAS SET OR TIED.
MM INDICATES DATA IS MISSING.
T  INDICATES TRACE AMOUNT.




$$

&&
...........................................................

THE ARKANSAS RIVER AT VAN BUREN

                   OBSERVED      24 HOUR     24 HOUR
                    VALUE        CHANGE      FORECAST

 STAGE (FEET)
  THIS MORNING       19.9         +0.6

 MEAN FLOW (CFS)
  TODAY                                        3382
...........................................................
ALL DATA MEASURED AT THE FORT SMITH REGIONAL AIRPORT
