000
CDUS44 KTSA 040801
CLIFSM

CLIMATE REPORT
NATIONAL WEATHER SERVICE TULSA OK
147 AM CDT SAT JUL 4 2015


...................................

...THE FORT SMITH ARKANSAS CLIMATE SUMMARY FOR JULY 3 2015...

CLIMATE NORMAL PERIOD 1981 TO 2010
CLIMATE RECORD PERIOD 1882 TO 2015


WEATHER ITEM   OBSERVED TIME   RECORD YEAR NORMAL DEPARTURE LAST
                VALUE   (LST)  VALUE       VALUE  FROM      YEAR
                                                  NORMAL
..................................................................
TEMPERATURE (F)
 YESTERDAY
  MAXIMUM         89    319 PM 106    1990  92     -3       86
  MINIMUM         69    635 AM  57    1924  71     -2       63
  AVERAGE         79                        81     -2       75

PRECIPITATION (IN)
  YESTERDAY        1.30          2.22 1895   0.12   1.18     0.00
  MONTH TO DATE    1.70                      0.37   1.33     0.06
  SINCE JUN 1      4.83                      4.65   0.18     4.51
  SINCE JAN 1     38.08                     23.84  14.24    19.25

DEGREE DAYS
 COOLING
  YESTERDAY       14                        16     -2       10
  MONTH TO DATE   51                        48      3       44
  SINCE JUN 1    534                       433    101      482
  SINCE JAN 1    774                       677     97      760
..................................................................


WIND (MPH)
  HIGHEST WIND SPEED    35   HIGHEST WIND DIRECTION    NW (300)
  HIGHEST GUST SPEED    47   HIGHEST GUST DIRECTION     W (260)
  AVERAGE WIND SPEED     7.2


SKY COVER
  POSSIBLE SUNSHINE  MM
  AVERAGE SKY COVER 0.6


WEATHER CONDITIONS
 THE FOLLOWING WEATHER WAS RECORDED YESTERDAY.
  THUNDERSTORM
  HEAVY RAIN
  RAIN
  LIGHT RAIN
  FOG


RELATIVE HUMIDITY (PERCENT)
 HIGHEST    97           700 AM
 LOWEST     55           300 PM
 AVERAGE    76

..........................................................


THE FORT SMITH ARKANSAS CLIMATE NORMALS FOR TODAY
                         NORMAL    RECORD    YEAR
 MAXIMUM TEMPERATURE (F)   92       103      2012
 MINIMUM TEMPERATURE (F)   71        59      1968
                                             1961


SUNRISE AND SUNSET
JULY  4 2015..........SUNRISE   608 AM CDT   SUNSET   836 PM CDT
JULY  5 2015..........SUNRISE   608 AM CDT   SUNSET   836 PM CDT


-  INDICATES NEGATIVE NUMBERS.
R  INDICATES RECORD WAS SET OR TIED.
MM INDICATES DATA IS MISSING.
T  INDICATES TRACE AMOUNT.




$$

&&
...........................................................

THE ARKANSAS RIVER AT VAN BUREN

                   OBSERVED      24 HOUR     24 HOUR
                    VALUE        CHANGE      FORECAST

 STAGE (FEET)
  THIS MORNING       21.7         +0.7

MEAN FLOW (CFS)
  TODAY                                        112200
...........................................................
ALL DATA MEASURED AT THE FORT SMITH REGIONAL AIRPORT
