000
CDUS44 KTSA 290821
CLIFSM

CLIMATE REPORT
NATIONAL WEATHER SERVICE TULSA OK
147 AM CDT MON AUG 29 2016


...................................

...THE FORT SMITH ARKANSAS CLIMATE SUMMARY FOR AUGUST 28 2016...

CLIMATE NORMAL PERIOD 1981 TO 2010
CLIMATE RECORD PERIOD 1882 TO 2016


WEATHER ITEM   OBSERVED TIME   RECORD YEAR NORMAL DEPARTURE LAST
                VALUE   (LST)  VALUE       VALUE  FROM      YEAR
                                                  NORMAL
..................................................................
TEMPERATURE (F)
 YESTERDAY
  MAXIMUM         92    203 PM 106    1963  92      0       87
  MINIMUM         73    637 AM  52    1967  69      4       63
  AVERAGE         83                        80      3       75

PRECIPITATION (IN)
  YESTERDAY        0.01          2.67 1964   0.08  -0.07     0.00
  MONTH TO DATE    3.73                      2.33   1.40     4.40
  SINCE JUN 1      9.29                      9.91  -0.62    16.32
  SINCE JAN 1     26.50                     29.10  -2.60    49.57

DEGREE DAYS
 COOLING
  YESTERDAY       18                        16      2       10
  MONTH TO DATE  501                       487     14      429
  SINCE JUN 1   1611                      1408    203     1526
  SINCE JAN 1   1796                      1652    144     1766
..................................................................


WIND (MPH)
  HIGHEST WIND SPEED    16   HIGHEST WIND DIRECTION    SE (140)
  HIGHEST GUST SPEED    23   HIGHEST GUST DIRECTION    SE (140)
  AVERAGE WIND SPEED     5.5


SKY COVER
  POSSIBLE SUNSHINE  MM
  AVERAGE SKY COVER 0.1


WEATHER CONDITIONS
 THE FOLLOWING WEATHER WAS RECORDED YESTERDAY.
  THUNDERSTORM
  FOG


RELATIVE HUMIDITY (PERCENT)
 HIGHEST    94          1200 AM
 LOWEST     49           200 PM
 AVERAGE    72

..........................................................


THE FORT SMITH ARKANSAS CLIMATE NORMALS FOR TODAY
                         NORMAL    RECORD    YEAR
 MAXIMUM TEMPERATURE (F)   92       105      2000
                                             1954
 MINIMUM TEMPERATURE (F)   69        51      1986


SUNRISE AND SUNSET
AUGUST 29 2016........SUNRISE   648 AM CDT   SUNSET   748 PM CDT
AUGUST 30 2016........SUNRISE   649 AM CDT   SUNSET   746 PM CDT


-  INDICATES NEGATIVE NUMBERS.
R  INDICATES RECORD WAS SET OR TIED.
MM INDICATES DATA IS MISSING.
T  INDICATES TRACE AMOUNT.




$$

&&
...........................................................

THE ARKANSAS RIVER AT VAN BUREN

                   OBSERVED      24 HOUR     24 HOUR
                    VALUE        CHANGE      FORECAST

 STAGE (FEET)
  THIS MORNING       19.6         +0.3

MEAN FLOW (CFS)
  TODAY                                        -99
...........................................................
ALL DATA MEASURED AT THE FORT SMITH REGIONAL AIRPORT
