683
CDUS44 KTSA 252118
CLIFSM

CLIMATE REPORT
NATIONAL WEATHER SERVICE TULSA OK
418 PM CDT SAT MAR 25 2017


...................................

...THE FORT SMITH ARKANSAS CLIMATE SUMMARY FOR MARCH 25 2017...
VALID TODAY AS OF 0400 PM LOCAL TIME.

CLIMATE NORMAL PERIOD 1981 TO 2010
CLIMATE RECORD PERIOD 1882 TO 2017


WEATHER ITEM   OBSERVED TIME   RECORD YEAR NORMAL DEPARTURE LAST
                VALUE   (LST)  VALUE       VALUE  FROM      YEAR
                                                  NORMAL
..................................................................
TEMPERATURE (F)
 TODAY
  MAXIMUM         57    937 AM  86    2015  68    -11       66
                                      1910
  MINIMUM         53    124 PM  21    1955  43     10       35
  AVERAGE         55                        56     -1       51

PRECIPITATION (IN)
  TODAY            0.00          1.85 2002   0.13  -0.13     0.00
  MONTH TO DATE    2.89                      3.03  -0.14     4.65
  SINCE MAR 1      2.89                      3.03  -0.14     4.65
  SINCE JAN 1      7.71                      8.60  -0.89     6.80

SNOWFALL (IN)
  TODAY            0.0                                       0.0
  MONTH TO DATE    0.0                                       0.0
  SINCE MAR 1      0.0                                       0.0
  SINCE JUL 1      2.0                                        T

DEGREE DAYS
 HEATING
  TODAY           10                        10      0       14
  MONTH TO DATE  227                       331   -104      217
  SINCE MAR 1    227                       331   -104      217
  SINCE JUL 1   2136                      3004   -868     2286

 COOLING
  TODAY            0                         1     -1        0
  MONTH TO DATE   31                         3     28        6
  SINCE MAR 1     31                         3     28        6
  SINCE JAN 1     47                         4     43        7
..................................................................


WIND (MPH)
  HIGHEST WIND SPEED    26   HIGHEST WIND DIRECTION     W (270)
  HIGHEST GUST SPEED    31   HIGHEST GUST DIRECTION     W (270)
  AVERAGE WIND SPEED    12.4


SKY COVER
  POSSIBLE SUNSHINE  MM
  AVERAGE SKY COVER 0.8


WEATHER CONDITIONS
 THE FOLLOWING WEATHER WAS RECORDED TODAY.
  NO SIGNIFICANT WEATHER WAS OBSERVED.


RELATIVE HUMIDITY (PERCENT)
 HIGHEST    93          1200 AM
 LOWEST     71           100 PM
 AVERAGE    82

..........................................................


THE FORT SMITH ARKANSAS CLIMATE NORMALS FOR TOMORROW
                         NORMAL    RECORD    YEAR
 MAXIMUM TEMPERATURE (F)   68        85      2012
                                             1925
 MINIMUM TEMPERATURE (F)   44        15      1955


SUNRISE AND SUNSET
MARCH 25 2017.........SUNRISE   714 AM CDT   SUNSET   734 PM CDT
MARCH 26 2017.........SUNRISE   712 AM CDT   SUNSET   734 PM CDT


-  INDICATES NEGATIVE NUMBERS.
R  INDICATES RECORD WAS SET OR TIED.
MM INDICATES DATA IS MISSING.
T  INDICATES TRACE AMOUNT.




$$

&&
...........................................................

THE ARKANSAS RIVER AT VAN BUREN

                   OBSERVED      24 HOUR     24 HOUR
                    VALUE        CHANGE      FORECAST

 STAGE (FEET)
  THIS AFTERNOON     19.2         -0.3

MEAN FLOW (CFS)
  TODAY                                        -99
...........................................................
ALL DATA MEASURED AT THE FORT SMITH REGIONAL AIRPORT
