000
CDUS44 KTSA 030842
CLIFSM

CLIMATE REPORT
NATIONAL WEATHER SERVICE TULSA OK
147 AM CDT THU SEP 3 2015


...................................

...THE FORT SMITH ARKANSAS CLIMATE SUMMARY FOR SEPTEMBER 2 2015...

CLIMATE NORMAL PERIOD 1981 TO 2010
CLIMATE RECORD PERIOD 1882 TO 2015


WEATHER ITEM   OBSERVED TIME   RECORD YEAR NORMAL DEPARTURE LAST
                VALUE   (LST)  VALUE       VALUE  FROM      YEAR
                                                  NORMAL
..................................................................
TEMPERATURE (F)
 YESTERDAY
  MAXIMUM         94    343 PM 109    2000  91      3       79
  MINIMUM         69    618 AM  51    1882  68      1       69
  AVERAGE         82                        79      3       74

PRECIPITATION (IN)
  YESTERDAY        0.00          2.70 1974   0.12  -0.12     1.21
  MONTH TO DATE    0.00                      0.23  -0.23     1.21
  SINCE SEP 1      0.00                      0.23  -0.23     1.21
  SINCE JAN 1     49.60                     29.59  20.01    24.66

DEGREE DAYS
 HEATING
  YESTERDAY        0                         0      0        0
  MONTH TO DATE    0                         0      0        0
  SINCE SEP 1      0                         0      0        0
  SINCE JUL 1      0                         0      0        0

 COOLING
  YESTERDAY       17                        14      3        9
  MONTH TO DATE   34                        28      6       29
  SINCE SEP 1     34                        28      6       29
  SINCE JAN 1   1849                      1723    126     1692
..................................................................


WIND (MPH)
  HIGHEST WIND SPEED    10   HIGHEST WIND DIRECTION     S (190)
  HIGHEST GUST SPEED    14   HIGHEST GUST DIRECTION    SE (150)
  AVERAGE WIND SPEED     3.9


SKY COVER
  POSSIBLE SUNSHINE  MM
  AVERAGE SKY COVER 0.1


WEATHER CONDITIONS
 THE FOLLOWING WEATHER WAS RECORDED YESTERDAY.
  FOG


RELATIVE HUMIDITY (PERCENT)
 HIGHEST    90           600 AM
 LOWEST     36           400 PM
 AVERAGE    63

..........................................................


THE FORT SMITH ARKANSAS CLIMATE NORMALS FOR TODAY
                         NORMAL    RECORD    YEAR
 MAXIMUM TEMPERATURE (F)   90       109      2000
 MINIMUM TEMPERATURE (F)   67        50      1952


SUNRISE AND SUNSET
SEPTEMBER  3 2015.....SUNRISE   651 AM CDT   SUNSET   742 PM CDT
SEPTEMBER  4 2015.....SUNRISE   652 AM CDT   SUNSET   741 PM CDT


-  INDICATES NEGATIVE NUMBERS.
R  INDICATES RECORD WAS SET OR TIED.
MM INDICATES DATA IS MISSING.
T  INDICATES TRACE AMOUNT.




$$

&&
...........................................................

THE ARKANSAS RIVER AT VAN BUREN

                   OBSERVED      24 HOUR     24 HOUR
                    VALUE        CHANGE      FORECAST

 STAGE (FEET)
  THIS MORNING       19.7         +0.4

MEAN FLOW (CFS)
  TODAY                                        15800
...........................................................
ALL DATA MEASURED AT THE FORT SMITH REGIONAL AIRPORT
