000
CDUS42 KFFC 270818
CLIFTY


CLIMATE REPORT
NATIONAL WEATHER SERVICE PEACHTREE CITY GA
418 AM EDT WED MAY 27 2015


...................................

...THE FULTON COUNTY AIRPORT CLIMATE SUMMARY FOR MAY 26 2015...

CLIMATE NORMAL PERIOD 1981 TO 2010
CLIMATE RECORD PERIOD 9999 TO 9999


WEATHER ITEM   OBSERVED TIME   RECORD YEAR NORMAL DEPARTURE LAST
                VALUE   (LST)  VALUE       VALUE  FROM      YEAR
                                                  NORMAL
..................................................................
TEMPERATURE (F)
 YESTERDAY
  MAXIMUM         84    109 PM  MM      MM  83      1       84
  MINIMUM         64   1122 PM  MM      MM  61      3       62
  AVERAGE         74                        72      2       73

PRECIPITATION (IN)
  YESTERDAY        1.26         MM      MM   0.12   1.14     1.38
  MONTH TO DATE    2.09                      3.18  -1.09     3.68
  SINCE MAR 1     11.84                     11.73   0.11    12.96
  SINCE JAN 1     18.63                     20.90  -2.27    18.63

DEGREE DAYS
 COOLING
  YESTERDAY        9                         7      2        8
  MONTH TO DATE  163                       120     43      132
  SINCE MAR 1    229                       159     70      164
  SINCE JAN 1    229                       159     70      164
..................................................................


WIND (MPH)
  RESULTANT WIND SPEED   5   RESULTANT WIND DIRECTION  SE (150)
  HIGHEST WIND SPEED    22   HIGHEST WIND DIRECTION     W (250)
  HIGHEST GUST SPEED    31   HIGHEST GUST DIRECTION    SW (240)
  AVERAGE WIND SPEED     6.1


SKY COVER
  AVERAGE SKY COVER 0.7


WEATHER CONDITIONS
 THE FOLLOWING WEATHER WAS RECORDED YESTERDAY.
  THUNDERSTORM
  RAIN
  LIGHT RAIN
  FOG


RELATIVE HUMIDITY (PERCENT)
 HIGHEST   100          1100 PM
 LOWEST     65           100 PM
 AVERAGE    83

..........................................................


THE FULTON COUNTY AIRPORT CLIMATE NORMALS FOR TODAY
                         NORMAL    RECORD    YEAR
 MAXIMUM TEMPERATURE (F)   83        MM        MM
 MINIMUM TEMPERATURE (F)   62        MM        MM


SUNRISE AND SUNSET
MAY 27 2015...........SUNRISE   630 AM EDT   SUNSET   840 PM EDT
MAY 28 2015...........SUNRISE   630 AM EDT   SUNSET   841 PM EDT


-  INDICATES NEGATIVE NUMBERS.
R  INDICATES RECORD WAS SET OR TIED.
MM INDICATES DATA IS MISSING.
T  INDICATES TRACE AMOUNT.




$$
