000
CDUS42 KFFC 280818
CLIFTY


CLIMATE REPORT
NATIONAL WEATHER SERVICE PEACHTREE CITY GA
418 AM EDT SAT MAY 28 2016


...................................

...THE FULTON COUNTY AIRPORT CLIMATE SUMMARY FOR MAY 27 2016...

CLIMATE NORMAL PERIOD 1981 TO 2010
CLIMATE RECORD PERIOD 9999 TO 9999


WEATHER ITEM   OBSERVED TIME   RECORD YEAR NORMAL DEPARTURE LAST
                VALUE   (LST)  VALUE       VALUE  FROM      YEAR
                                                  NORMAL
..................................................................
TEMPERATURE (F)
 YESTERDAY
  MAXIMUM         86    445 PM  MM      MM  83      3       84
  MINIMUM         64    602 AM  MM      MM  62      2       64
  AVERAGE         75                        73      2       74

PRECIPITATION (IN)
  YESTERDAY        0.00         MM      MM   0.12  -0.12     0.07
  MONTH TO DATE    1.55                      3.30  -1.75     2.16
  SINCE MAR 1      6.70                     11.85  -5.15    11.91
  SINCE JAN 1     16.81                     21.02  -4.21    18.70

DEGREE DAYS
 COOLING
  YESTERDAY       10                         8      2        9
  MONTH TO DATE  119                       128     -9      172
  SINCE MAR 1    187                       167     20      238
  SINCE JAN 1    187                       167     20      238
..................................................................


WIND (MPH)
  RESULTANT WIND SPEED   4   RESULTANT WIND DIRECTION  SE (150)
  HIGHEST WIND SPEED    16   HIGHEST WIND DIRECTION    SE (150)
  HIGHEST GUST SPEED    19   HIGHEST GUST DIRECTION    SE (150)
  AVERAGE WIND SPEED     4.3


SKY COVER
  AVERAGE SKY COVER 0.3


WEATHER CONDITIONS
 THE FOLLOWING WEATHER WAS RECORDED YESTERDAY.
  NO SIGNIFICANT WEATHER WAS OBSERVED.


RELATIVE HUMIDITY (PERCENT)
 HIGHEST    87           300 AM
 LOWEST     40           300 PM
 AVERAGE    64

..........................................................


THE FULTON COUNTY AIRPORT CLIMATE NORMALS FOR TODAY
                         NORMAL    RECORD    YEAR
 MAXIMUM TEMPERATURE (F)   84        MM        MM
 MINIMUM TEMPERATURE (F)   62        MM        MM


SUNRISE AND SUNSET
MAY 28 2016...........SUNRISE   630 AM EDT   SUNSET   842 PM EDT
MAY 29 2016...........SUNRISE   629 AM EDT   SUNSET   842 PM EDT


-  INDICATES NEGATIVE NUMBERS.
R  INDICATES RECORD WAS SET OR TIED.
MM INDICATES DATA IS MISSING.
T  INDICATES TRACE AMOUNT.




$$
