000
CDUS46 KSGX 250018
CLIFUL


CLIMATE REPORT
NATIONAL WEATHER SERVICE SAN DIEGO, CA
518 PM PDT WED MAY 24 2017


...................................

...THE FULLERTON AIRPORT CA CLIMATE SUMMARY FOR MAY 24 2017...
VALID TODAY AS OF 0500 PM LOCAL TIME.

CLIMATE NORMAL PERIOD 1981 TO 2010
CLIMATE RECORD PERIOD 1998 TO 2017


WEATHER ITEM   OBSERVED TIME   RECORD YEAR NORMAL DEPARTURE LAST
                VALUE   (LST)  VALUE       VALUE  FROM      YEAR
                                                  NORMAL
..................................................................
TEMPERATURE (F)
 TODAY
  MAXIMUM         76    127 PM  85    2006  75      1       74
  MINIMUM         59    246 AM  54    2010  59      0       58
  AVERAGE         68                        67      1       66

PRECIPITATION (IN)
  TODAY            0.00          0.00   MM   0.01  -0.01     0.00
  MONTH TO DATE    0.54                      0.24   0.30     0.05
  SINCE OCT 1     16.91                     13.45   3.46     5.26
  SINCE JAN 1     11.00                      9.55   1.45     4.21

DEGREE DAYS
 HEATING
  TODAY            0                         1     -1        0
  MONTH TO DATE   26                        29     -3       10
  SINCE MAR 1     98                       301   -203       91
  SINCE JUL 1    795                      1223   -428      770

 COOLING
  TODAY            3                         3      0        1
  MONTH TO DATE   85                        50     35       44
  SINCE MAR 1    223                        93    130      149
  SINCE JAN 1    226                       102    124      221
..................................................................


WIND (MPH)
  RESULTANT WIND SPEED   3   RESULTANT WIND DIRECTION   S (180)
  HIGHEST WIND SPEED    12   HIGHEST WIND DIRECTION     S (200)
  HIGHEST GUST SPEED    17   HIGHEST GUST DIRECTION    SW (220)
  AVERAGE WIND SPEED     5.0


SKY COVER
  POSSIBLE SUNSHINE  MM
  AVERAGE SKY COVER 0.4


WEATHER CONDITIONS
 THE FOLLOWING WEATHER WAS RECORDED TODAY.
  FOG
  HAZE


RELATIVE HUMIDITY (PERCENT)
 HIGHEST    90           100 AM
 LOWEST     50           100 PM
 AVERAGE    70

..........................................................


THE FULLERTON AIRPORT CA CLIMATE NORMALS FOR TOMORROW
                         NORMAL    RECORD    YEAR
 MAXIMUM TEMPERATURE (F)   75        81      2014
 MINIMUM TEMPERATURE (F)   59        51      2010


SUNRISE AND SUNSET
MAY 24 2017...........SUNRISE   545 AM PDT   SUNSET   753 PM PDT
MAY 25 2017...........SUNRISE   545 AM PDT   SUNSET   753 PM PDT


-  INDICATES NEGATIVE NUMBERS.
R  INDICATES RECORD WAS SET OR TIED.
MM INDICATES DATA IS MISSING.
T  INDICATES TRACE AMOUNT.




$$
