000
CDUS46 KSGX 191419
CLIFUL


CLIMATE REPORT
NATIONAL WEATHER SERVICE SAN DIEGO, CA
619 AM PST FRI DEC 19 2014


...................................

...THE FULLERTON AIRPORT CA CLIMATE SUMMARY FOR DECEMBER 18 2014...

CLIMATE NORMAL PERIOD 1981 TO 2010
CLIMATE RECORD PERIOD 1998 TO 2014


WEATHER ITEM   OBSERVED TIME   RECORD YEAR NORMAL DEPARTURE LAST
                VALUE   (LST)  VALUE       VALUE  FROM      YEAR
                                                  NORMAL
..................................................................
TEMPERATURE (F)
 YESTERDAY
  MAXIMUM         65    107 PM  83    2004  67     -2       71
  MINIMUM         48    629 AM  36    2006  45      3       55
  AVERAGE         57                        56      1       63

PRECIPITATION (IN)
  YESTERDAY        T             0.71 2010   0.06  -0.06     0.00
  MONTH TO DATE    3.09                      0.83   2.26     0.21
  SINCE JUL 1      3.87                      3.01   0.86     0.99
  SINCE JAN 1      7.33                     12.66  -5.33     3.52

SNOWFALL (IN)
  YESTERDAY       MM
  MONTH TO DATE    0.0
  SINCE JAN 1      0.0
  SINCE JUL 1      0.0
  SNOW DEPTH       0

DEGREE DAYS
 HEATING
  YESTERDAY        8                         9     -1        2
  MONTH TO DATE   62                       156    -94      135
  SINCE DEC 1     62                       156    -94      135
  SINCE JUL 1     86                       320   -234      211

 COOLING
  YESTERDAY        0                         0      0        0
  MONTH TO DATE    2                         0      2        4
  SINCE DEC 1      2                         0      2        4
  SINCE JAN 1   2111                      1251    860     1900
..................................................................


WIND (MPH)
  RESULTANT WIND SPEED   2   RESULTANT WIND DIRECTION  SE (130)
  HIGHEST WIND SPEED     9   HIGHEST WIND DIRECTION     E (80)
  HIGHEST GUST SPEED    11   HIGHEST GUST DIRECTION     S (190)
  AVERAGE WIND SPEED     2.9


SKY COVER
  POSSIBLE SUNSHINE  MM
  AVERAGE SKY COVER 0.5


WEATHER CONDITIONS
 THE FOLLOWING WEATHER WAS RECORDED YESTERDAY.
  NO SIGNIFICANT WEATHER WAS OBSERVED.


RELATIVE HUMIDITY (PERCENT)
 HIGHEST    89          1100 PM
 LOWEST     48          1200 PM
 AVERAGE    69

..........................................................


THE FULLERTON AIRPORT CA CLIMATE NORMALS FOR TODAY
                         NORMAL    RECORD    YEAR
 MAXIMUM TEMPERATURE (F)   67        83      2004
 MINIMUM TEMPERATURE (F)   44        34      2006


SUNRISE AND SUNSET
DECEMBER 19 2014......SUNRISE   652 AM PST   SUNSET   446 PM PST
DECEMBER 20 2014......SUNRISE   652 AM PST   SUNSET   447 PM PST


-  INDICATES NEGATIVE NUMBERS.
R  INDICATES RECORD WAS SET OR TIED.
MM INDICATES DATA IS MISSING.
T  INDICATES TRACE AMOUNT.




$$
