000
CDUS46 KSGX 161133
CLIFUL


CLIMATE REPORT
NATIONAL WEATHER SERVICE SAN DIEGO, CA
432 AM PDT WED AUG 16 2017


...................................

...THE FULLERTON AIRPORT CA CLIMATE SUMMARY FOR AUGUST 15 2017...

CLIMATE NORMAL PERIOD 1981 TO 2010
CLIMATE RECORD PERIOD 1998 TO 2017


WEATHER ITEM   OBSERVED TIME   RECORD YEAR NORMAL DEPARTURE LAST
                VALUE   (LST)  VALUE       VALUE  FROM      YEAR
                                                  NORMAL
..................................................................
TEMPERATURE (F)
 YESTERDAY
  MAXIMUM         78    227 PM 102    2015  86     -8       99
  MINIMUM         67   1011 PM  59    2010  65      2       69
  AVERAGE         73                        75     -2       84

PRECIPITATION (IN)
  YESTERDAY        T   R         0.00   MM   0.00   0.00     0.00
  MONTH TO DATE    T                         0.02  -0.02     0.00
  SINCE OCT 1     16.92                     13.61   3.31     5.26
  SINCE JAN 1     11.01                      9.71   1.30     4.21

DEGREE DAYS
 HEATING
  YESTERDAY        0                         0      0        0
  MONTH TO DATE    0                         0      0        0
  SINCE JUN 1      0                         2     -2        0
  SINCE JUL 1      0                         0      0        0

 COOLING
  YESTERDAY        8                        10     -2       19
  MONTH TO DATE  196                       150     46      190
  SINCE JUN 1    794                       569    225      853
  SINCE JAN 1   1033                       692    341     1089
..................................................................


WIND (MPH)
  RESULTANT WIND SPEED   4   RESULTANT WIND DIRECTION   S (160)
  HIGHEST WIND SPEED    12   HIGHEST WIND DIRECTION     S (200)
  HIGHEST GUST SPEED    17   HIGHEST GUST DIRECTION    SW (210)
  AVERAGE WIND SPEED     5.1


SKY COVER
  POSSIBLE SUNSHINE  MM
  AVERAGE SKY COVER 0.7


WEATHER CONDITIONS
 THE FOLLOWING WEATHER WAS RECORDED YESTERDAY.
  LIGHT RAIN
  FOG
  HAZE


RELATIVE HUMIDITY (PERCENT)
 HIGHEST    93           900 AM
 LOWEST     56           100 PM
 AVERAGE    75

..........................................................


THE FULLERTON AIRPORT CA CLIMATE NORMALS FOR TODAY
                         NORMAL    RECORD    YEAR
 MAXIMUM TEMPERATURE (F)   86       101      2015
 MINIMUM TEMPERATURE (F)   65        59      1999


SUNRISE AND SUNSET
AUGUST 16 2017........SUNRISE   615 AM PDT   SUNSET   737 PM PDT
AUGUST 17 2017........SUNRISE   615 AM PDT   SUNSET   736 PM PDT


-  INDICATES NEGATIVE NUMBERS.
R  INDICATES RECORD WAS SET OR TIED.
MM INDICATES DATA IS MISSING.
T  INDICATES TRACE AMOUNT.




$$
