000
CDUS46 KSGX 011417
CLIFUL


CLIMATE REPORT
NATIONAL WEATHER SERVICE SAN DIEGO, CA
616 AM PST SUN FEB 1 2015


...................................

...THE FULLERTON AIRPORT CA CLIMATE SUMMARY FOR JANUARY 31 2015...

CLIMATE NORMAL PERIOD 1981 TO 2010
CLIMATE RECORD PERIOD 1998 TO 2015


WEATHER ITEM   OBSERVED TIME   RECORD YEAR NORMAL DEPARTURE LAST
                VALUE   (LST)  VALUE       VALUE  FROM      YEAR
                                                  NORMAL
..................................................................
TEMPERATURE (F)
 YESTERDAY
  MAXIMUM         74    250 PM  94    2003  68      6       64
  MINIMUM         55   1137 PM  33    2002  46      9       55
  AVERAGE         65                        57      8       60

PRECIPITATION (IN)
  YESTERDAY        0.00          0.01 2014   0.10  -0.10     0.01
  MONTH TO DATE    0.87                      3.03  -2.16     0.02
  SINCE OCT 1      4.69                      6.93  -2.24     1.33
  SINCE JAN 1      0.87                      3.03  -2.16     0.02

SNOWFALL (IN)
  YESTERDAY        0.0
  MONTH TO DATE    0.0
  SINCE JAN 1      0.0
  SINCE JUL 1      0.0
  SNOW DEPTH       0

DEGREE DAYS
 HEATING
  YESTERDAY        0                         9     -9        5
  MONTH TO DATE  116                       279   -163      102
  SINCE DEC 1    289                       553   -264      307
  SINCE JUL 1    313                       717   -404      383

 COOLING
  YESTERDAY        0                         0      0        0
  MONTH TO DATE   19                         4     15       14
  SINCE DEC 1     23                         5     18       20
  SINCE JAN 1     19                         4     15       14
..................................................................


WIND (MPH)
  RESULTANT WIND SPEED   1   RESULTANT WIND DIRECTION  SE (120)
  HIGHEST WIND SPEED    12   HIGHEST WIND DIRECTION    SW (230)
  HIGHEST GUST SPEED    16   HIGHEST GUST DIRECTION     S (200)
  AVERAGE WIND SPEED     2.4


SKY COVER
  POSSIBLE SUNSHINE  MM
  AVERAGE SKY COVER 0.3


WEATHER CONDITIONS
 THE FOLLOWING WEATHER WAS RECORDED YESTERDAY.
  NO SIGNIFICANT WEATHER WAS OBSERVED.


RELATIVE HUMIDITY (PERCENT)
 HIGHEST    86           500 AM
 LOWEST     44           200 PM
 AVERAGE    65

..........................................................


THE FULLERTON AIRPORT CA CLIMATE NORMALS FOR TODAY
                         NORMAL    RECORD    YEAR
 MAXIMUM TEMPERATURE (F)   68        77      2000
 MINIMUM TEMPERATURE (F)   46        37      2002


SUNRISE AND SUNSET
FEBRUARY  1 2015......SUNRISE   649 AM PST   SUNSET   523 PM PST
FEBRUARY  2 2015......SUNRISE   648 AM PST   SUNSET   523 PM PST


-  INDICATES NEGATIVE NUMBERS.
R  INDICATES RECORD WAS SET OR TIED.
MM INDICATES DATA IS MISSING.
T  INDICATES TRACE AMOUNT.




$$
