000
CDUS46 KSGX 260119
CLIFUL


CLIMATE REPORT
NATIONAL WEATHER SERVICE SAN DIEGO, CA
519 PM PST TUE NOV 25 2014


...................................

...THE FULLERTON AIRPORT CA CLIMATE SUMMARY FOR NOVEMBER 25 2014...
VALID TODAY AS OF 0500 PM LOCAL TIME.

CLIMATE NORMAL PERIOD 1981 TO 2010
CLIMATE RECORD PERIOD 1998 TO 2014


WEATHER ITEM   OBSERVED TIME   RECORD YEAR NORMAL DEPARTURE LAST
                VALUE   (LST)  VALUE       VALUE  FROM      YEAR
                                                  NORMAL
..................................................................
TEMPERATURE (F)
 TODAY
  MAXIMUM         83R   101 PM  82    2009  70     13       75
  MINIMUM         48    648 AM  39    2010  47      1       46
  AVERAGE         66                        59      7       61

PRECIPITATION (IN)
  TODAY            0.00          0.36 2008   0.03  -0.03     0.00
  MONTH TO DATE    0.25                      0.93  -0.68     0.39
  SINCE JUL 1      0.54                      2.01  -1.47     0.52
  SINCE JAN 1      4.00                     11.66  -7.66     3.05

SNOWFALL (IN)
  TODAY            0.0
  MONTH TO DATE    0.0
  SINCE JAN 1      0.0
  SINCE JUL 1      0.0
  SNOW DEPTH       0

DEGREE DAYS
 HEATING
  TODAY            0                         7     -7        4
  MONTH TO DATE   19                       104    -85       45
  SINCE SEP 1     19                       128   -109       66
  SINCE JUL 1     19                       128   -109       66

 COOLING
  TODAY            1                         0      1        0
  MONTH TO DATE   50                        19     31       37
  SINCE SEP 1    736                       387    349      506
  SINCE JAN 1   2098                      1250    848     1896
..................................................................


WIND (MPH)
  RESULTANT WIND SPEED   1   RESULTANT WIND DIRECTION   E (80)
  HIGHEST WIND SPEED     9   HIGHEST WIND DIRECTION     W (270)
  HIGHEST GUST SPEED    12   HIGHEST GUST DIRECTION    SW (220)
  AVERAGE WIND SPEED     1.7


SKY COVER
  POSSIBLE SUNSHINE  MM
  AVERAGE SKY COVER 0.0


WEATHER CONDITIONS
 THE FOLLOWING WEATHER WAS RECORDED TODAY.
  NO SIGNIFICANT WEATHER WAS OBSERVED.


RELATIVE HUMIDITY (PERCENT)
 HIGHEST    46           700 AM
 LOWEST      5           200 PM
 AVERAGE    26

..........................................................


THE FULLERTON AIRPORT CA CLIMATE NORMALS FOR TOMORROW
                         NORMAL    RECORD    YEAR
 MAXIMUM TEMPERATURE (F)   70        87      2011
                                             2009
 MINIMUM TEMPERATURE (F)   47        38      2010


SUNRISE AND SUNSET
NOVEMBER 25 2014......SUNRISE   633 AM PST   SUNSET   444 PM PST
NOVEMBER 26 2014......SUNRISE   634 AM PST   SUNSET   444 PM PST


-  INDICATES NEGATIVE NUMBERS.
R  INDICATES RECORD WAS SET OR TIED.
MM INDICATES DATA IS MISSING.
T  INDICATES TRACE AMOUNT.




$$
