000
CDUS41 KCAR 010529
CLIFVE


CLIMATE REPORT
NATIONAL WEATHER SERVICE CARIBOU, ME
129 AM EDT WED OCT 1 2014


...................................

...THE FRENCHVILLE ME CLIMATE SUMMARY FOR SEPTEMBER 30 2014...

CLIMATE NORMAL PERIOD 1981 TO 2010
CLIMATE RECORD PERIOD 9999 TO 9999


WEATHER ITEM   OBSERVED TIME   RECORD YEAR NORMAL DEPARTURE LAST
                VALUE   (LST)  VALUE       VALUE  FROM      YEAR
                                                  NORMAL
..................................................................
TEMPERATURE (F)
 YESTERDAY
  MAXIMUM         46    308 PM              56    -10
  MINIMUM         35    303 AM              39     -4
  AVERAGE         41                        48     -7

PRECIPITATION (IN)
  YESTERDAY        T            MM      MM   0.10  -0.10     0.00
  MONTH TO DATE    2.90                      3.52  -0.62     3.90
  SINCE SEP 1      2.90                      3.52  -0.62     3.90
  SINCE JAN 1     25.69                     25.58   0.11    28.41

SNOWFALL (IN)
  YESTERDAY       MM            MM      MM  MM     MM       MM
  MONTH TO DATE   MM                        MM     MM       MM
  SINCE SEP 1     MM                        MM     MM       MM
  SINCE JUL 1     MM                        MM     MM       MM
  SNOW DEPTH      MM

DEGREE DAYS
 HEATING
  YESTERDAY       24                                7
  MONTH TO DATE  356                                4
  SINCE JUL 1    493                              -51

 COOLING
  YESTERDAY        0                                0
  MONTH TO DATE    9                               -1
  SINCE JAN 1    139                                5
..................................................................


WIND (MPH)
  HIGHEST WIND SPEED    13   HIGHEST WIND DIRECTION     E (90)
  HIGHEST GUST SPEED    17   HIGHEST GUST DIRECTION     E (90)
  AVERAGE WIND SPEED     4.2




..........................................................


THE FRENCHVILLE ME CLIMATE NORMALS FOR TODAY
                         NORMAL
 MAXIMUM TEMPERATURE (F)   56
 MINIMUM TEMPERATURE (F)   39


SUNRISE AND SUNSET
OCTOBER  1 2014.......SUNRISE   632 AM EDT   SUNSET   613 PM EDT
OCTOBER  2 2014.......SUNRISE   633 AM EDT   SUNSET   611 PM EDT


-  INDICATES NEGATIVE NUMBERS.
R  INDICATES RECORD WAS SET OR TIED.
MM INDICATES DATA IS MISSING.
T  INDICATES TRACE AMOUNT.




$$
