000
CDUS41 KCAR 010527
CLIFVE


CLIMATE REPORT
NATIONAL WEATHER SERVICE CARIBOU, ME
126 AM EDT SAT AUG 1 2015


...................................

...THE FRENCHVILLE ME CLIMATE SUMMARY FOR JULY 31 2015...

CLIMATE NORMAL PERIOD 1981 TO 2010
CLIMATE RECORD PERIOD 9999 TO 9999


WEATHER ITEM   OBSERVED TIME   RECORD YEAR NORMAL DEPARTURE LAST
                VALUE   (LST)  VALUE       VALUE  FROM      YEAR
                                                  NORMAL
..................................................................
TEMPERATURE (F)
 YESTERDAY
  MAXIMUM         78   1208 PM              74      4
  MINIMUM         60   1139 PM              55      5
  AVERAGE         69                        65      4

PRECIPITATION (IN)
  YESTERDAY        T            MM      MM   0.10  -0.10     0.31
  MONTH TO DATE    3.20                      4.31  -1.11     6.35
  SINCE JUN 1      7.95                      8.16  -0.21    10.46
  SINCE JAN 1     13.49                     18.06  -4.57    20.83

SNOWFALL (IN)
  YESTERDAY       MM            MM      MM  MM     MM       MM
  MONTH TO DATE   MM                        MM     MM       MM
  SINCE JUN 1     MM                        MM     MM       MM
  SINCE JUL 1     MM                        MM     MM       MM
  SNOW DEPTH      MM

DEGREE DAYS
 HEATING
  YESTERDAY        0                               -2
  MONTH TO DATE  109                               40
  SINCE JUL 1    109                               39

 COOLING
  YESTERDAY        4                                2
  MONTH TO DATE   28                              -26
  SINCE JAN 1     39                              -43
..................................................................


WIND (MPH)
  HIGHEST WIND SPEED    24   HIGHEST WIND DIRECTION     W (270)
  HIGHEST GUST SPEED    29   HIGHEST GUST DIRECTION     W (250)
  AVERAGE WIND SPEED     7.1




..........................................................


THE FRENCHVILLE ME CLIMATE NORMALS FOR TODAY
                         NORMAL
 MAXIMUM TEMPERATURE (F)   74
 MINIMUM TEMPERATURE (F)   55


SUNRISE AND SUNSET
AUGUST  1 2015........SUNRISE   511 AM EDT   SUNSET   807 PM EDT
AUGUST  2 2015........SUNRISE   513 AM EDT   SUNSET   806 PM EDT


-  INDICATES NEGATIVE NUMBERS.
R  INDICATES RECORD WAS SET OR TIED.
MM INDICATES DATA IS MISSING.
T  INDICATES TRACE AMOUNT.




$$
