802
CDUS41 KCAR 080527
CLIFVE


CLIMATE REPORT
NATIONAL WEATHER SERVICE CARIBOU, ME
1226 AM EST MON FEB 8 2016


...................................

...THE FRENCHVILLE ME CLIMATE SUMMARY FOR FEBRUARY 7 2016...

CLIMATE NORMAL PERIOD 1981 TO 2010
CLIMATE RECORD PERIOD 9999 TO 9999


WEATHER ITEM   OBSERVED TIME   RECORD YEAR NORMAL DEPARTURE LAST
                VALUE   (LST)  VALUE       VALUE  FROM      YEAR
                                                  NORMAL
..................................................................
TEMPERATURE (F)
 YESTERDAY
  MAXIMUM         27    501 AM              19      8
  MINIMUM          0   1159 PM               2     -2
  AVERAGE         14                        10      4

PRECIPITATION (IN)
  YESTERDAY        0.02         MM      MM   0.02   0.00      T
  MONTH TO DATE    0.31                      0.14   0.17      T
  SINCE DEC 1      3.92                      4.44  -0.52     3.19
  SINCE JAN 1      0.93                      1.90  -0.97     0.71

SNOWFALL (IN)
  YESTERDAY       MM            MM      MM  MM     MM       MM
  MONTH TO DATE   MM                        MM     MM       MM
  SINCE DEC 1     MM                        MM     MM       MM
  SINCE JUL 1     MM                        MM     MM       MM
  SNOW DEPTH      MM

DEGREE DAYS
 HEATING
  YESTERDAY       51                               -3
  MONTH TO DATE  318                              -68
  SINCE JUL 1   5018                             -912

 COOLING
  YESTERDAY        0                                0
  MONTH TO DATE    0                                0
  SINCE JAN 1      0                                0
..................................................................


WIND (MPH)
  HIGHEST WIND SPEED    29   HIGHEST WIND DIRECTION     N (340)
  HIGHEST GUST SPEED    42   HIGHEST GUST DIRECTION    NW (320)
  AVERAGE WIND SPEED    12.8




..........................................................


THE FRENCHVILLE ME CLIMATE NORMALS FOR TODAY
                         NORMAL
 MAXIMUM TEMPERATURE (F)   19
 MINIMUM TEMPERATURE (F)    3


SUNRISE AND SUNSET
FEBRUARY  8 2016......SUNRISE   650 AM EST   SUNSET   445 PM EST
FEBRUARY  9 2016......SUNRISE   648 AM EST   SUNSET   447 PM EST


-  INDICATES NEGATIVE NUMBERS.
R  INDICATES RECORD WAS SET OR TIED.
MM INDICATES DATA IS MISSING.
T  INDICATES TRACE AMOUNT.




$$
