000
CDUS43 KIWX 270522
CLIFWA


CLIMATE REPORT
NATIONAL WEATHER SERVICE NORTHERN INDIANA
1221 AM EST SAT DEC 27 2014


...................................

...THE FORT WAYNE CLIMATE SUMMARY FOR DECEMBER 26 2014...

CLIMATE NORMAL PERIOD 1981 TO 2010
CLIMATE RECORD PERIOD 1897 TO 2014


WEATHER ITEM   OBSERVED TIME   RECORD YEAR NORMAL DEPARTURE LAST
                VALUE   (LST)  VALUE       VALUE  FROM      YEAR
                                                  NORMAL
..................................................................
TEMPERATURE (F)
 YESTERDAY
  MAXIMUM         48    355 PM  54    1940  34     14       32
                                      1936
  MINIMUM         32    409 AM  -6    1983  19     13       20
  AVERAGE         40                        26     14       26

PRECIPITATION (IN)
  YESTERDAY        0.00          1.10 1916   0.09  -0.09     0.01
  MONTH TO DATE    1.53                      2.35  -0.82     2.81
  SINCE DEC 1      1.53                      2.35  -0.82     2.81
  SINCE JAN 1     42.65                     37.92   4.73    42.16

SNOWFALL (IN)
  YESTERDAY        0.0           4.3  1988   0.3   -0.3      0.2
                                      1975
  MONTH TO DATE    0.2                       6.8   -6.6      8.8
  SINCE DEC 1      0.2                       6.8   -6.6      8.8
  SINCE JUL 1      4.4                       8.9   -4.5      9.8
  SNOW DEPTH       0

DEGREE DAYS
 HEATING
  YESTERDAY       25                        39    -14       39
  MONTH TO DATE  802                       916   -114      977
  SINCE DEC 1    802                       916   -114      977
  SINCE JUL 1   2248                      2133    115     2278

 COOLING
  YESTERDAY        0                         0      0        0
  MONTH TO DATE    0                         0      0        0
  SINCE DEC 1      0                         0      0        0
  SINCE JAN 1    731                       809    -78      855
..................................................................


WIND (MPH)
  HIGHEST WIND SPEED    20   HIGHEST WIND DIRECTION    SW (230)
  HIGHEST GUST SPEED    24   HIGHEST GUST DIRECTION    SW (230)
  AVERAGE WIND SPEED    10.3


SKY COVER
  AVERAGE SKY COVER 0.5


WEATHER CONDITIONS
 THE FOLLOWING WEATHER WAS RECORDED YESTERDAY.
  NO SIGNIFICANT WEATHER WAS OBSERVED.


RELATIVE HUMIDITY (PERCENT)
 HIGHEST    92           200 AM
 LOWEST     71           100 PM
 AVERAGE    82

..........................................................


THE FORT WAYNE CLIMATE NORMALS FOR TODAY
                         NORMAL    RECORD    YEAR
 MAXIMUM TEMPERATURE (F)   33        65      2008
 MINIMUM TEMPERATURE (F)   19        -8      2004
                                             1950


SUNRISE AND SUNSET
DECEMBER 27 2014......SUNRISE   805 AM EST   SUNSET   519 PM EST
DECEMBER 28 2014......SUNRISE   805 AM EST   SUNSET   520 PM EST


-  INDICATES NEGATIVE NUMBERS.
R  INDICATES RECORD WAS SET OR TIED.
MM INDICATES DATA IS MISSING.
T  INDICATES TRACE AMOUNT.




$$
