000
CDUS43 KIWX 270526
CLIFWA


CLIMATE REPORT
NATIONAL WEATHER SERVICE NORTHERN INDIANA
1224 AM EST MON FEB 27 2017


...................................

...THE FORT WAYNE CLIMATE SUMMARY FOR FEBRUARY 26 2017...

CLIMATE NORMAL PERIOD 1981 TO 2010
CLIMATE RECORD PERIOD 1897 TO 2017


WEATHER ITEM   OBSERVED TIME   RECORD YEAR NORMAL DEPARTURE LAST
                VALUE   (LST)  VALUE       VALUE  FROM      YEAR
                                                  NORMAL
..................................................................
TEMPERATURE (F)
 YESTERDAY
  MAXIMUM         44    531 PM  66    1944  40      4       33
  MINIMUM         20    715 AM -17    1963  23     -3       27
  AVERAGE         32                        32      0       30

PRECIPITATION (IN)
  YESTERDAY        T             2.33 1936   0.07  -0.07      T
  MONTH TO DATE    1.57                      1.88  -0.31     1.25
  SINCE DEC 1      8.59                      6.91   1.68     7.02
  SINCE JAN 1      6.28                      4.14   2.14     2.87

SNOWFALL (IN)
  YESTERDAY        T             4.6  2008   0.3   -0.3       T
  MONTH TO DATE    2.5                       7.3   -4.8      4.9
  SINCE DEC 1     14.7                      25.9  -11.2     12.0
  SINCE JUL 1     15.1                      28.0  -12.9     16.2
  SNOW DEPTH       0

DEGREE DAYS
 HEATING
  YESTERDAY       33                        33      0       35
  MONTH TO DATE  661                       960   -299      890
  SINCE DEC 1   2811                      3314   -503     2797
  SINCE JUL 1   3656                      4531   -875     3766

 COOLING
  YESTERDAY        0                         0      0        0
  MONTH TO DATE    0                         0      0        0
  SINCE DEC 1      0                         0      0        0
  SINCE JAN 1      0                         0      0        0
..................................................................


WIND (MPH)
  HIGHEST WIND SPEED    26   HIGHEST WIND DIRECTION    SW (230)
  HIGHEST GUST SPEED    32   HIGHEST GUST DIRECTION    SW (240)
  AVERAGE WIND SPEED    12.1


SKY COVER
  AVERAGE SKY COVER 0.4


WEATHER CONDITIONS
 THE FOLLOWING WEATHER WAS RECORDED YESTERDAY.
  LIGHT SNOW


RELATIVE HUMIDITY (PERCENT)
 HIGHEST    84           700 AM
 LOWEST     37           500 PM
 AVERAGE    61

..........................................................


THE FORT WAYNE CLIMATE NORMALS FOR TODAY
                         NORMAL    RECORD    YEAR
 MAXIMUM TEMPERATURE (F)   41        70      1996
 MINIMUM TEMPERATURE (F)   23       -18      1963


SUNRISE AND SUNSET
FEBRUARY 27 2017......SUNRISE   718 AM EST   SUNSET   630 PM EST
FEBRUARY 28 2017......SUNRISE   716 AM EST   SUNSET   631 PM EST


-  INDICATES NEGATIVE NUMBERS.
R  INDICATES RECORD WAS SET OR TIED.
MM INDICATES DATA IS MISSING.
T  INDICATES TRACE AMOUNT.




$$
