000
CDUS43 KIWX 260525
CLIFWA


CLIMATE REPORT
NATIONAL WEATHER SERVICE NORTHERN INDIANA
125 AM EDT FRI MAY 26 2017


...................................

...THE FORT WAYNE CLIMATE SUMMARY FOR MAY 25 2017...

CLIMATE NORMAL PERIOD 1981 TO 2010
CLIMATE RECORD PERIOD 1897 TO 2017


WEATHER ITEM   OBSERVED TIME   RECORD YEAR NORMAL DEPARTURE LAST
                VALUE   (LST)  VALUE       VALUE  FROM      YEAR
                                                  NORMAL
..................................................................
TEMPERATURE (F)
 YESTERDAY
  MAXIMUM         65    257 PM  95    1911  74     -9       85
  MINIMUM         56   1159 PM  33    1925  52      4       61
  AVERAGE         61                        63     -2       73

PRECIPITATION (IN)
  YESTERDAY        0.28          3.46 2011   0.16   0.12      T
  MONTH TO DATE    7.50                      3.28   4.22     4.13
  SINCE MAR 1     15.26                      9.51   5.75    11.14
  SINCE JAN 1     21.73                     13.81   7.92    14.19

SNOWFALL (IN)
  YESTERDAY        0.0           0.0  2002   0.0    0.0      0.0
                                      2001
  MONTH TO DATE    0.0                       0.0    0.0      0.0
  SINCE MAR 1      3.4                       5.1   -1.7      3.9
  SINCE JUL 1     18.5                      33.5  -15.0     20.1
  SNOW DEPTH       0

DEGREE DAYS
 HEATING
  YESTERDAY        4                         4      0        0
  MONTH TO DATE  193                       171     22      198
  SINCE MAR 1   1282                      1455   -173     1289
  SINCE JUL 1   4976                      6053  -1077     5116

 COOLING
  YESTERDAY        0                         2     -2        8
  MONTH TO DATE   35                        31      4       12
  SINCE MAR 1     55                        39     16       12
  SINCE JAN 1     55                        39     16       12
..................................................................


WIND (MPH)
  HIGHEST WIND SPEED    17   HIGHEST WIND DIRECTION    NW (310)
  HIGHEST GUST SPEED    25   HIGHEST GUST DIRECTION    NE (30)
  AVERAGE WIND SPEED    11.3


SKY COVER
  AVERAGE SKY COVER 0.9


WEATHER CONDITIONS
 THE FOLLOWING WEATHER WAS RECORDED YESTERDAY.
  RAIN
  LIGHT RAIN
  FOG


RELATIVE HUMIDITY (PERCENT)
 HIGHEST    93          1200 AM
 LOWEST     78           300 PM
 AVERAGE    86

..........................................................


THE FORT WAYNE CLIMATE NORMALS FOR TODAY
                         NORMAL    RECORD    YEAR
 MAXIMUM TEMPERATURE (F)   75        97      1911
 MINIMUM TEMPERATURE (F)   53        35      1961


SUNRISE AND SUNSET
MAY 26 2017...........SUNRISE   614 AM EDT   SUNSET   902 PM EDT
MAY 27 2017...........SUNRISE   613 AM EDT   SUNSET   903 PM EDT


-  INDICATES NEGATIVE NUMBERS.
R  INDICATES RECORD WAS SET OR TIED.
MM INDICATES DATA IS MISSING.
T  INDICATES TRACE AMOUNT.




$$
