000
CDUS43 KIWX 230526
CLIFWA


CLIMATE REPORT
NATIONAL WEATHER SERVICE NORTHERN INDIANA
125 AM EDT WED APR 23 2014


...................................

...THE FORT WAYNE CLIMATE SUMMARY FOR APRIL 22 2014...

CLIMATE NORMAL PERIOD 1981 TO 2010
CLIMATE RECORD PERIOD 1897 TO 2014


WEATHER ITEM   OBSERVED TIME   RECORD YEAR NORMAL DEPARTURE LAST
                VALUE   (LST)  VALUE       VALUE  FROM      YEAR
                                                  NORMAL
..................................................................
TEMPERATURE (F)
 YESTERDAY
  MAXIMUM         59    117 AM  87    1985  64     -5       65
  MINIMUM         38   1151 PM  27    1986  41     -3       29
  AVERAGE         49                        52     -3       47

PRECIPITATION (IN)
  YESTERDAY        T             1.94 1977   0.12  -0.12     0.00
  MONTH TO DATE    3.07                      2.64   0.43     5.31
  SINCE MAR 1      4.97                      5.35  -0.38     7.65
  SINCE JAN 1     11.05                      9.65   1.40    12.94

SNOWFALL (IN)
  YESTERDAY        0.0           T    1999   0.0    0.0      0.0
                                      1963
                                      1956
  MONTH TO DATE    1.1                       0.9    0.2       T
  SINCE MAR 1     14.3                       5.0    9.3     18.1
  SINCE JUL 1     74.7                      33.4   41.3     38.5
  SNOW DEPTH       0

DEGREE DAYS
 HEATING
  YESTERDAY       16                        13      3       18
  MONTH TO DATE  352                       367    -15      397
  SINCE MAR 1   1419                      1193    226     1379
  SINCE JUL 1   6672                      5791    881     5770

 COOLING
  YESTERDAY        0                         0      0        0
  MONTH TO DATE    1                         0      1        0
  SINCE MAR 1      1                         0      1        0
  SINCE JAN 1      1                         0      1        0
..................................................................


WIND (MPH)
  HIGHEST WIND SPEED    26   HIGHEST WIND DIRECTION    NW (330)
  HIGHEST GUST SPEED    37   HIGHEST GUST DIRECTION    NW (330)
  AVERAGE WIND SPEED    14.8


SKY COVER
  AVERAGE SKY COVER 0.5


WEATHER CONDITIONS
 THE FOLLOWING WEATHER WAS RECORDED YESTERDAY.
  LIGHT RAIN
  FOG
  HAZE


RELATIVE HUMIDITY (PERCENT)
 HIGHEST    93           400 AM
 LOWEST     42           600 PM
 AVERAGE    68

..........................................................


THE FORT WAYNE CLIMATE NORMALS FOR TODAY
                         NORMAL    RECORD    YEAR
 MAXIMUM TEMPERATURE (F)   64        86      1925
 MINIMUM TEMPERATURE (F)   42        24      1986


SUNRISE AND SUNSET
APRIL 23 2014.........SUNRISE   650 AM EDT   SUNSET   829 PM EDT
APRIL 24 2014.........SUNRISE   648 AM EDT   SUNSET   830 PM EDT


-  INDICATES NEGATIVE NUMBERS.
R  INDICATES RECORD WAS SET OR TIED.
MM INDICATES DATA IS MISSING.
T  INDICATES TRACE AMOUNT.




$$
