000
CDUS43 KIWX 190021
CLIFWA


CLIMATE REPORT
NATIONAL WEATHER SERVICE NORTHERN INDIANA
821 PM EDT FRI APR 18 2014


...................................

...THE FORT WAYNE CLIMATE SUMMARY FOR APRIL 18 2014...
VALID AS OF 0800 PM LOCAL TIME.

CLIMATE NORMAL PERIOD 1981 TO 2010
CLIMATE RECORD PERIOD 1897 TO 2014


WEATHER ITEM   OBSERVED TIME   RECORD YEAR NORMAL DEPARTURE LAST
                VALUE   (LST)  VALUE       VALUE  FROM      YEAR
                                                  NORMAL
..................................................................
TEMPERATURE (F)
 TODAY
  MAXIMUM         69    354 PM  87    2002  62      7       76
  MINIMUM         41    616 AM  23    1990  40      1       46
  AVERAGE         55                        51      4       61

PRECIPITATION (IN)
  TODAY            0.00          0.97 1978   0.12  -0.12     2.32
  MONTH TO DATE    3.05                      2.16   0.89     4.64
  SINCE MAR 1      4.95                      4.87   0.08     6.98
  SINCE JAN 1     11.03                      9.17   1.86    12.27

SNOWFALL (IN)
  TODAY            0.0           0.3  1956   0.1   -0.1      0.0
  MONTH TO DATE    1.1                       0.9    0.2       T
  SINCE MAR 1     14.3                       5.0    9.3     18.1
  SINCE JUL 1     74.7                      33.4   41.3     38.5
  SNOW DEPTH       0

DEGREE DAYS
 HEATING
  TODAY           10                        14     -4        4
  MONTH TO DATE  306                       313     -7      308
  SINCE MAR 1   1373                      1139    234     1290
  SINCE JUL 1   6626                      5737    889     5681

 COOLING
  TODAY            0                         0      0        0
  MONTH TO DATE    1                         0      1        0
  SINCE MAR 1      1                         0      1        0
  SINCE JAN 1      1                         0      1        0
..................................................................


WIND (MPH)
  RESULTANT WIND SPEED   5   RESULTANT WIND DIRECTION   W (270)
  HIGHEST WIND SPEED    20   HIGHEST WIND DIRECTION     W (270)
  HIGHEST GUST SPEED    25   HIGHEST GUST DIRECTION     W (280)
  AVERAGE WIND SPEED     7.7


SKY COVER
  POSSIBLE SUNSHINE  MM
  AVERAGE SKY COVER 0.6


WEATHER CONDITIONS
 THE FOLLOWING WEATHER WAS RECORDED TODAY.
  NO SIGNIFICANT WEATHER WAS OBSERVED.


RELATIVE HUMIDITY (PERCENT)
 HIGHEST    83           700 AM
 LOWEST     31           400 PM
 AVERAGE    57

..........................................................


THE FORT WAYNE CLIMATE NORMALS FOR TOMORROW
                         NORMAL    RECORD    YEAR
 MAXIMUM TEMPERATURE (F)   63        86      1985
 MINIMUM TEMPERATURE (F)   40        21      1983


SUNRISE AND SUNSET
APRIL 18 2014.........SUNRISE   657 AM EDT   SUNSET   824 PM EDT
APRIL 19 2014.........SUNRISE   656 AM EDT   SUNSET   825 PM EDT


-  INDICATES NEGATIVE NUMBERS.
R  INDICATES RECORD WAS SET OR TIED.
MM INDICATES DATA IS MISSING.
T  INDICATES TRACE AMOUNT.




$$
