000
CDUS43 KIWX 270529
CLIFWA


CLIMATE REPORT
NATIONAL WEATHER SERVICE NORTHERN INDIANA
125 AM EDT WED MAY 27 2015


...................................

...THE FORT WAYNE CLIMATE SUMMARY FOR MAY 26 2015...

CLIMATE NORMAL PERIOD 1981 TO 2010
CLIMATE RECORD PERIOD 1897 TO 2015


WEATHER ITEM   OBSERVED TIME   RECORD YEAR NORMAL DEPARTURE LAST
                VALUE   (LST)  VALUE       VALUE  FROM      YEAR
                                                  NORMAL
..................................................................
TEMPERATURE (F)
 YESTERDAY
  MAXIMUM         84   1243 PM  97    1911  75      9       87
  MINIMUM         62    522 AM  35    1961  53      9       55
  AVERAGE         73                        64      9       71

PRECIPITATION (IN)
  YESTERDAY        0.22          1.98 1913   0.16   0.06     0.00
  MONTH TO DATE    2.85                      3.44  -0.59     4.28
  SINCE MAR 1      8.20                      9.67  -1.47    10.17
  SINCE JAN 1     11.97                     13.97  -2.00    16.41

SNOWFALL (IN)
  YESTERDAY        0.0           0.0  2002   0.0    0.0      0.0
                                      2001
  MONTH TO DATE    0.0                       0.0    0.0      0.0
  SINCE MAR 1      8.6                       5.1    3.5     14.3
  SINCE JUL 1     45.1                      33.5   11.6     76.1
  SNOW DEPTH       0

DEGREE DAYS
 HEATING
  YESTERDAY        0                         4     -4        0
  MONTH TO DATE  103                       175    -72      182
  SINCE MAR 1   1492                      1459     33     1698
  SINCE JUL 1   6641                      6057    584     6951

 COOLING
  YESTERDAY        8                         3      5        6
  MONTH TO DATE   75                        34     41       46
  SINCE MAR 1     75                        42     33       47
  SINCE JAN 1     75                        42     33       47
..................................................................


WIND (MPH)
  HIGHEST WIND SPEED    38   HIGHEST WIND DIRECTION    SW (210)
  HIGHEST GUST SPEED    48   HIGHEST GUST DIRECTION    SW (210)
  AVERAGE WIND SPEED    15.0


SKY COVER
  AVERAGE SKY COVER 0.7


WEATHER CONDITIONS
 THE FOLLOWING WEATHER WAS RECORDED YESTERDAY.
  HEAVY RAIN
  LIGHT RAIN
  FOG


RELATIVE HUMIDITY (PERCENT)
 HIGHEST    93           200 AM
 LOWEST     51          1200 PM
 AVERAGE    72

..........................................................


THE FORT WAYNE CLIMATE NORMALS FOR TODAY
                         NORMAL    RECORD    YEAR
 MAXIMUM TEMPERATURE (F)   75        99      1911
 MINIMUM TEMPERATURE (F)   53        31      1961


SUNRISE AND SUNSET
MAY 27 2015...........SUNRISE   614 AM EDT   SUNSET   903 PM EDT
MAY 28 2015...........SUNRISE   613 AM EDT   SUNSET   903 PM EDT


-  INDICATES NEGATIVE NUMBERS.
R  INDICATES RECORD WAS SET OR TIED.
MM INDICATES DATA IS MISSING.
T  INDICATES TRACE AMOUNT.




$$
