000
CDUS43 KIWX 180523
CLIFWA


CLIMATE REPORT
NATIONAL WEATHER SERVICE NORTHERN INDIANA
122 AM EDT THU SEP 18 2014


...................................

...THE FORT WAYNE CLIMATE SUMMARY FOR SEPTEMBER 17 2014...

CLIMATE NORMAL PERIOD 1981 TO 2010
CLIMATE RECORD PERIOD 1897 TO 2014


WEATHER ITEM   OBSERVED TIME   RECORD YEAR NORMAL DEPARTURE LAST
                VALUE   (LST)  VALUE       VALUE  FROM      YEAR
                                                  NORMAL
..................................................................
TEMPERATURE (F)
 YESTERDAY
  MAXIMUM         68    435 PM  94    1955  76     -8       71
  MINIMUM         42    620 AM  36    1959  52    -10       43
  AVERAGE         55                        64     -9       57

PRECIPITATION (IN)
  YESTERDAY        0.00          0.95 1969   0.09  -0.09     0.00
  MONTH TO DATE    4.30                      1.60   2.70     0.47
  SINCE SEP 1      4.30                      1.60   2.70     0.47
  SINCE JAN 1     34.69                     28.44   6.25    32.81

SNOWFALL (IN)
  YESTERDAY        0.0           0.0  2002   0.0    0.0      0.0
                                      2001
  MONTH TO DATE    0.0                       0.0    0.0      0.0
  SINCE SEP 1      0.0                       0.0    0.0      0.0
  SINCE JUL 1      T                         0.0    0.0      0.0
  SNOW DEPTH       0

DEGREE DAYS
 HEATING
  YESTERDAY       10                         3      7        8
  MONTH TO DATE   66                        31     35       44
  SINCE SEP 1     66                        31     35       44
  SINCE JUL 1     90                        43     47       64

 COOLING
  YESTERDAY        0                         2     -2        0
  MONTH TO DATE   53                        63    -10       81
  SINCE SEP 1     53                        63    -10       81
  SINCE JAN 1    727                       780    -53      810
..................................................................


WIND (MPH)
  HIGHEST WIND SPEED    15   HIGHEST WIND DIRECTION     W (290)
  HIGHEST GUST SPEED    21   HIGHEST GUST DIRECTION    SW (230)
  AVERAGE WIND SPEED     2.7


SKY COVER
  AVERAGE SKY COVER 0.4


WEATHER CONDITIONS
 THE FOLLOWING WEATHER WAS RECORDED YESTERDAY.
  FOG


RELATIVE HUMIDITY (PERCENT)
 HIGHEST   100           500 AM
 LOWEST     48           200 PM
 AVERAGE    74

..........................................................


THE FORT WAYNE CLIMATE NORMALS FOR TODAY
                         NORMAL    RECORD    YEAR
 MAXIMUM TEMPERATURE (F)   75        93      1955
 MINIMUM TEMPERATURE (F)   52        33      1900


SUNRISE AND SUNSET
SEPTEMBER 18 2014.....SUNRISE   724 AM EDT   SUNSET   745 PM EDT
SEPTEMBER 19 2014.....SUNRISE   725 AM EDT   SUNSET   743 PM EDT


-  INDICATES NEGATIVE NUMBERS.
R  INDICATES RECORD WAS SET OR TIED.
MM INDICATES DATA IS MISSING.
T  INDICATES TRACE AMOUNT.




$$
