000
CDUS43 KIWX 310522
CLIFWA


CLIMATE REPORT
NATIONAL WEATHER SERVICE NORTHERN INDIANA
122 AM EDT FRI JUL 31 2015


...................................

...THE FORT WAYNE CLIMATE SUMMARY FOR JULY 30 2015...

CLIMATE NORMAL PERIOD 1981 TO 2010
CLIMATE RECORD PERIOD 1897 TO 2015


WEATHER ITEM   OBSERVED TIME   RECORD YEAR NORMAL DEPARTURE LAST
                VALUE   (LST)  VALUE       VALUE  FROM      YEAR
                                                  NORMAL
..................................................................
TEMPERATURE (F)
 YESTERDAY
  MAXIMUM         85    255 PM 100    1999  83      2       78
  MINIMUM         62    607 AM  48    1904  62      0       57
  AVERAGE         74                        73      1       68

PRECIPITATION (IN)
  YESTERDAY        0.00          1.88 1988   0.14  -0.14     0.00
  MONTH TO DATE    5.97                      4.11   1.86     2.00
  SINCE JUN 1     17.95                      8.27   9.68     7.81
  SINCE JAN 1     32.08                     23.07   9.01    24.51

SNOWFALL (IN)
  YESTERDAY        0.0           0.0  2002   0.0    0.0      0.0
                                      2001
  MONTH TO DATE    0.0                       0.0    0.0       T
  SINCE JUN 1      0.0                       0.0    0.0       T
  SINCE JUL 1      0.0                       0.0    0.0       T
  SNOW DEPTH       0

DEGREE DAYS
 HEATING
  YESTERDAY        0                         0      0        0
  MONTH TO DATE    0                         0      0       14
  SINCE JUN 1     28                        29     -1       28
  SINCE JUL 1      0                         0      0       14

 COOLING
  YESTERDAY        9                         8      1        3
  MONTH TO DATE  206                       261    -55      146
  SINCE JUN 1    382                       443    -61      376
  SINCE JAN 1    478                       500    -22      457
..................................................................


WIND (MPH)
  HIGHEST WIND SPEED    18   HIGHEST WIND DIRECTION     W (290)
  HIGHEST GUST SPEED    23   HIGHEST GUST DIRECTION     W (270)
  AVERAGE WIND SPEED     8.8


SKY COVER
  AVERAGE SKY COVER 0.2


WEATHER CONDITIONS
 THE FOLLOWING WEATHER WAS RECORDED YESTERDAY.
  HAZE


RELATIVE HUMIDITY (PERCENT)
 HIGHEST    90           400 AM
 LOWEST     34           400 PM
 AVERAGE    62

..........................................................


THE FORT WAYNE CLIMATE NORMALS FOR TODAY
                         NORMAL    RECORD    YEAR
 MAXIMUM TEMPERATURE (F)   83        98      1999
 MINIMUM TEMPERATURE (F)   62        46      1899


SUNRISE AND SUNSET
JULY 31 2015..........SUNRISE   636 AM EDT   SUNSET   858 PM EDT
AUGUST  1 2015........SUNRISE   637 AM EDT   SUNSET   857 PM EDT


-  INDICATES NEGATIVE NUMBERS.
R  INDICATES RECORD WAS SET OR TIED.
MM INDICATES DATA IS MISSING.
T  INDICATES TRACE AMOUNT.




$$
