000
CDUS43 KIWX 250522
CLIFWA


CLIMATE REPORT
NATIONAL WEATHER SERVICE NORTHERN INDIANA
122 AM EDT THU AUG 25 2016


...................................

...THE FORT WAYNE CLIMATE SUMMARY FOR AUGUST 24 2016...

CLIMATE NORMAL PERIOD 1981 TO 2010
CLIMATE RECORD PERIOD 1897 TO 2016


WEATHER ITEM   OBSERVED TIME   RECORD YEAR NORMAL DEPARTURE LAST
                VALUE   (LST)  VALUE       VALUE  FROM      YEAR
                                                  NORMAL
..................................................................
TEMPERATURE (F)
 YESTERDAY
  MAXIMUM         81   1132 AM  95    1962  82     -1       73
                                      1947
                                      1899
  MINIMUM         61    254 AM  44    1987  60      1       56
  AVERAGE         71                        71      0       65

PRECIPITATION (IN)
  YESTERDAY        0.94          1.61 1999   0.11   0.83     0.00
  MONTH TO DATE    2.27                      2.85  -0.58     3.55
  SINCE JUN 1      8.83                     11.25  -2.42    21.50
  SINCE JAN 1     23.02                     26.05  -3.03    35.63

SNOWFALL (IN)
  YESTERDAY        0.0           0.0  2002   0.0    0.0      0.0
                                      2001
  MONTH TO DATE    0.0                       0.0    0.0      0.0
  SINCE JUN 1      T                         0.0    0.0      0.0
  SINCE JUL 1      0.0                       0.0    0.0      0.0
  SNOW DEPTH       0

DEGREE DAYS
 HEATING
  YESTERDAY        0                         0      0        0
  MONTH TO DATE    0                         0      0        0
  SINCE JUN 1     14                        32    -18       28
  SINCE JUL 1      3                         3      0        0

 COOLING
  YESTERDAY        6                         6      0        0
  MONTH TO DATE  254                       170     84      157
  SINCE JUN 1    770                       619    151      550
  SINCE JAN 1    844                       676    168      646
..................................................................


WIND (MPH)
  HIGHEST WIND SPEED    20   HIGHEST WIND DIRECTION    SW (220)
  HIGHEST GUST SPEED    26   HIGHEST GUST DIRECTION    SW (220)
  AVERAGE WIND SPEED     9.2


SKY COVER
  AVERAGE SKY COVER 0.7


WEATHER CONDITIONS
 THE FOLLOWING WEATHER WAS RECORDED YESTERDAY.
  THUNDERSTORM
  HEAVY RAIN
  RAIN
  LIGHT RAIN
  FOG


RELATIVE HUMIDITY (PERCENT)
 HIGHEST    94           300 PM
 LOWEST     73           800 AM
 AVERAGE    84

..........................................................


THE FORT WAYNE CLIMATE NORMALS FOR TODAY
                         NORMAL    RECORD    YEAR
 MAXIMUM TEMPERATURE (F)   82        95      1948
 MINIMUM TEMPERATURE (F)   60        44      1944


SUNRISE AND SUNSET
AUGUST 25 2016........SUNRISE   701 AM EDT   SUNSET   824 PM EDT
AUGUST 26 2016........SUNRISE   702 AM EDT   SUNSET   822 PM EDT


-  INDICATES NEGATIVE NUMBERS.
R  INDICATES RECORD WAS SET OR TIED.
MM INDICATES DATA IS MISSING.
T  INDICATES TRACE AMOUNT.




$$
