375
CDUS43 KIWX 200542
CLIFWA


CLIMATE REPORT
NATIONAL WEATHER SERVICE NORTHERN INDIANA
1241 AM EST TUE FEB 20 2018


...................................

...THE FORT WAYNE CLIMATE SUMMARY FOR FEBRUARY 19 2018...

CLIMATE NORMAL PERIOD 1981 TO 2010
CLIMATE RECORD PERIOD 1897 TO 2018


WEATHER ITEM   OBSERVED TIME   RECORD YEAR NORMAL DEPARTURE LAST
                VALUE   (LST)  VALUE       VALUE  FROM      YEAR
                                                  NORMAL
..................................................................
TEMPERATURE (F)
 YESTERDAY
  MAXIMUM         61    748 PM  67    1930  37     24       64
  MINIMUM         35   1217 AM  -7    1978  21     14       37
  AVERAGE         48                        29     19       51

PRECIPITATION (IN)
  YESTERDAY        1.24          1.85 1939   0.07   1.17     0.00
  MONTH TO DATE    2.14                      1.35   0.79     1.24
  SINCE DEC 1      4.40                      6.38  -1.98     8.26
  SINCE JAN 1      3.39                      3.61  -0.22     5.95

SNOWFALL (IN)
  YESTERDAY        0.0           3.0  1929   0.3   -0.3      0.0
  MONTH TO DATE    9.6                       5.6    4.0      2.4
  SINCE DEC 1     28.2                      24.2    4.0     14.6
  SINCE JUL 1     28.2                      26.3    1.9     15.0
  SNOW DEPTH       0

DEGREE DAYS
 HEATING
  YESTERDAY       17                        36    -19       14
  MONTH TO DATE  712                       720     -8      546
  SINCE DEC 1   3109                      3074     35     2696
  SINCE JUL 1   4162                      4291   -129     3541

 COOLING
  YESTERDAY        0                         0      0        0
  MONTH TO DATE    0                         0      0        0
  SINCE DEC 1      0                         0      0        0
  SINCE JAN 1      0                         0      0        0
..................................................................


WIND (MPH)
  HIGHEST WIND SPEED    28   HIGHEST WIND DIRECTION    SW (220)
  HIGHEST GUST SPEED    35   HIGHEST GUST DIRECTION    SW (210)
  AVERAGE WIND SPEED    11.6


SKY COVER
  AVERAGE SKY COVER 1.0


WEATHER CONDITIONS
 THE FOLLOWING WEATHER WAS RECORDED YESTERDAY.
  HEAVY RAIN
  RAIN
  LIGHT RAIN
  FOG


RELATIVE HUMIDITY (PERCENT)
 HIGHEST   100          1100 AM
 LOWEST     82          1200 AM
 AVERAGE    91

..........................................................


THE FORT WAYNE CLIMATE NORMALS FOR TODAY
                         NORMAL    RECORD    YEAR
 MAXIMUM TEMPERATURE (F)   38        67      1930
 MINIMUM TEMPERATURE (F)   21        -5      2015


SUNRISE AND SUNSET
FEBRUARY 20 2018......SUNRISE   728 AM EST   SUNSET   621 PM EST
FEBRUARY 21 2018......SUNRISE   727 AM EST   SUNSET   622 PM EST


-  INDICATES NEGATIVE NUMBERS.
R  INDICATES RECORD WAS SET OR TIED.
MM INDICATES DATA IS MISSING.
T  INDICATES TRACE AMOUNT.




$$
