000
CDUS43 KIWX 290526
CLIFWA


CLIMATE REPORT
NATIONAL WEATHER SERVICE NORTHERN INDIANA
125 AM EDT THU SEP 29 2016


...................................

...THE FORT WAYNE CLIMATE SUMMARY FOR SEPTEMBER 28 2016...

CLIMATE NORMAL PERIOD 1981 TO 2010
CLIMATE RECORD PERIOD 1897 TO 2016


WEATHER ITEM   OBSERVED TIME   RECORD YEAR NORMAL DEPARTURE LAST
                VALUE   (LST)  VALUE       VALUE  FROM      YEAR
                                                  NORMAL
..................................................................
TEMPERATURE (F)
 YESTERDAY
  MAXIMUM         62    213 PM  89    1999  71     -9       82
  MINIMUM         49   1209 AM  30    1942  47      2       59
  AVERAGE         56                        59     -3       71

PRECIPITATION (IN)
  YESTERDAY        0.89          1.29 1907   0.09   0.80     0.00
  MONTH TO DATE    5.09                      2.62   2.47     3.01
  SINCE SEP 1      5.09                      2.62   2.47     3.01
  SINCE JAN 1     28.90                     29.46  -0.56    38.66

SNOWFALL (IN)
  YESTERDAY        0.0           0.0  2002   0.0    0.0      0.0
                                      2001
  MONTH TO DATE    0.0                       0.0    0.0      0.0
  SINCE SEP 1      0.0                       0.0    0.0      0.0
  SINCE JUL 1      0.0                       0.0    0.0      0.0
  SNOW DEPTH       0

DEGREE DAYS
 HEATING
  YESTERDAY        9                         7      2        0
  MONTH TO DATE   18                        89    -71       38
  SINCE SEP 1     18                        89    -71       38
  SINCE JUL 1     21                       101    -80       47

 COOLING
  YESTERDAY        0                         1     -1        6
  MONTH TO DATE  143                        79     64      134
  SINCE SEP 1    143                        79     64      134
  SINCE JAN 1   1069                       796    273      806
..................................................................


WIND (MPH)
  HIGHEST WIND SPEED    15   HIGHEST WIND DIRECTION     S (170)
  HIGHEST GUST SPEED    17   HIGHEST GUST DIRECTION     S (180)
  AVERAGE WIND SPEED     4.1


SKY COVER
  AVERAGE SKY COVER 0.9


WEATHER CONDITIONS
 THE FOLLOWING WEATHER WAS RECORDED YESTERDAY.
  THUNDERSTORM
  HEAVY RAIN
  RAIN
  LIGHT RAIN
  FOG


RELATIVE HUMIDITY (PERCENT)
 HIGHEST    93           800 PM
 LOWEST     72           200 PM
 AVERAGE    83

..........................................................


THE FORT WAYNE CLIMATE NORMALS FOR TODAY
                         NORMAL    RECORD    YEAR
 MAXIMUM TEMPERATURE (F)   70        94      1953
 MINIMUM TEMPERATURE (F)   47        29      1951


SUNRISE AND SUNSET
SEPTEMBER 29 2016.....SUNRISE   736 AM EDT   SUNSET   725 PM EDT
SEPTEMBER 30 2016.....SUNRISE   737 AM EDT   SUNSET   724 PM EDT


-  INDICATES NEGATIVE NUMBERS.
R  INDICATES RECORD WAS SET OR TIED.
MM INDICATES DATA IS MISSING.
T  INDICATES TRACE AMOUNT.




$$
