000
CDUS44 KTSA 242119 RRA
CLIFYV

CLIMATE REPORT
NATIONAL WEATHER SERVICE TULSA OK
418 PM CDT SAT SEP 24 2016


...................................

...THE FAYETTEVILLE ARKANSAS CLIMATE SUMMARY FOR SEPTEMBER 24 2016...
VALID TODAY AS OF 0400 PM LOCAL TIME.

CLIMATE NORMAL PERIOD 1981 TO 2010
CLIMATE RECORD PERIOD 1905 TO 2016


WEATHER ITEM   OBSERVED TIME   RECORD YEAR NORMAL DEPARTURE LAST
                VALUE   (LST)  VALUE       VALUE  FROM      YEAR
                                                  NORMAL
..................................................................
TEMPERATURE (F)
 TODAY
  MAXIMUM         88    253 PM  94    2014  77     11       82
  MINIMUM         62    613 AM  32    1989  53      9       55
  AVERAGE         75                        65     10       69

PRECIPITATION (IN)
  TODAY            0.00                      0.18  -0.18     0.00
  MONTH TO DATE    2.48                      3.79  -1.31     1.75
  SINCE SEP 1      2.48                      3.79  -1.31     1.75
  SINCE JAN 1     27.58                     35.68  -8.10    44.44

DEGREE DAYS
 HEATING
  TODAY            0                         3     -3        0
  MONTH TO DATE    2                        25    -23       13
  SINCE SEP 1      2                        25    -23       13
  SINCE JUL 1      2                        26    -24       14

 COOLING
  TODAY           10                         3      7        4
  MONTH TO DATE  198                       142     56      170
  SINCE SEP 1    198                       142     56      170
  SINCE JAN 1   1417                      1267    150     1295
..................................................................


WIND (MPH)
  HIGHEST WIND SPEED    17   HIGHEST WIND DIRECTION     S (180)
  HIGHEST GUST SPEED    21   HIGHEST GUST DIRECTION     S (180)
  AVERAGE WIND SPEED     5.0


SKY COVER
  POSSIBLE SUNSHINE  MM
  AVERAGE SKY COVER 0.1


WEATHER CONDITIONS
 THE FOLLOWING WEATHER WAS RECORDED TODAY.
  FOG


RELATIVE HUMIDITY (PERCENT)
 HIGHEST   100          1200 AM
 LOWEST     53           300 PM
 AVERAGE    77

..........................................................


THE FAYETTEVILLE ARKANSAS CLIMATE NORMALS FOR TOMORROW
                         NORMAL    RECORD    YEAR
 MAXIMUM TEMPERATURE (F)   77        90      1953
 MINIMUM TEMPERATURE (F)   53        35      1989
                                             1965


SUNRISE AND SUNSET
SEPTEMBER 24 2016.....SUNRISE   707 AM CDT   SUNSET   710 PM CDT
SEPTEMBER 25 2016.....SUNRISE   707 AM CDT   SUNSET   708 PM CDT


-  INDICATES NEGATIVE NUMBERS.
R  INDICATES RECORD WAS SET OR TIED.
MM INDICATES DATA IS MISSING.
T  INDICATES TRACE AMOUNT.




$$
