000
CDUS44 KTSA 182119
CLIFYV

CLIMATE REPORT
NATIONAL WEATHER SERVICE TULSA OK
418 PM CDT THU SEP 18 2014


...................................

...THE FAYETTEVILLE ARKANSAS CLIMATE SUMMARY FOR SEPTEMBER 18 2014...
VALID TODAY AS OF 0400 PM LOCAL TIME.

CLIMATE NORMAL PERIOD 1981 TO 2010
CLIMATE RECORD PERIOD 1905 TO 2014


WEATHER ITEM   OBSERVED TIME   RECORD YEAR NORMAL DEPARTURE LAST
                VALUE   (LST)  VALUE       VALUE  FROM      YEAR
                                                  NORMAL
..................................................................
TEMPERATURE (F)
 TODAY
  MAXIMUM         81    258 PM  93    1972  79      2       87
                                      1955
  MINIMUM         62    317 AM  36    1981  56      6       67
  AVERAGE         72                        68      4       77

PRECIPITATION (IN)
  TODAY            0.01                      0.17  -0.16      T
  MONTH TO DATE    3.55                      2.72   0.83     0.68
  SINCE SEP 1      3.55                      2.72   0.83     0.68
  SINCE JAN 1     26.68                     34.61  -7.93    31.75

DEGREE DAYS
 HEATING
  TODAY            0                         2     -2        0
  MONTH TO DATE   17                        10      7        0
  SINCE SEP 1     17                        10      7        0
  SINCE JUL 1     21                        11     10        0

 COOLING
  TODAY            7                         4      3       12
  MONTH TO DATE  131                       120     11      183
  SINCE SEP 1    131                       120     11      183
  SINCE JAN 1   1166                      1245    -79     1312
..................................................................


WIND (MPH)
  HIGHEST WIND SPEED    21   HIGHEST WIND DIRECTION     S (180)
  HIGHEST GUST SPEED    25   HIGHEST GUST DIRECTION     S (180)
  AVERAGE WIND SPEED     6.2


SKY COVER
  POSSIBLE SUNSHINE  MM
  AVERAGE SKY COVER 0.3


WEATHER CONDITIONS
 THE FOLLOWING WEATHER WAS RECORDED TODAY.
  THUNDERSTORM
  LIGHT RAIN
  FOG
  FOG W/VISIBILITY <= 1/4 MILE


RELATIVE HUMIDITY (PERCENT)
 HIGHEST   100          1200 AM
 LOWEST     54           200 PM
 AVERAGE    77

..........................................................


THE FAYETTEVILLE ARKANSAS CLIMATE NORMALS FOR TOMORROW
                         NORMAL    RECORD    YEAR
 MAXIMUM TEMPERATURE (F)   79        96      1954
 MINIMUM TEMPERATURE (F)   55        40      1981


SUNRISE AND SUNSET
SEPTEMBER 18 2014.....SUNRISE   701 AM CDT   SUNSET   719 PM CDT
SEPTEMBER 19 2014.....SUNRISE   702 AM CDT   SUNSET   718 PM CDT


-  INDICATES NEGATIVE NUMBERS.
R  INDICATES RECORD WAS SET OR TIED.
MM INDICATES DATA IS MISSING.
T  INDICATES TRACE AMOUNT.




$$
