000
CDUS44 KTSA 252120
CLIFYV

CLIMATE REPORT
NATIONAL WEATHER SERVICE TULSA OK
418 PM CDT THU AUG 25 2016


...................................

...THE FAYETTEVILLE ARKANSAS CLIMATE SUMMARY FOR AUGUST 25 2016...
VALID TODAY AS OF 0400 PM LOCAL TIME.

CLIMATE NORMAL PERIOD 1981 TO 2010
CLIMATE RECORD PERIOD 1905 TO 2016


WEATHER ITEM   OBSERVED TIME   RECORD YEAR NORMAL DEPARTURE LAST
                VALUE   (LST)  VALUE       VALUE  FROM      YEAR
                                                  NORMAL
..................................................................
TEMPERATURE (F)
 TODAY
  MAXIMUM         91    259 PM  99    1990  88      3       83
                                      1978
  MINIMUM         64    524 AM  49    2015  64      0       49
                                      1966
  AVERAGE         78                        76      2       66

PRECIPITATION (IN)
  TODAY            0.00                      0.10  -0.10     0.00
  MONTH TO DATE    0.97                      2.57  -1.60     4.41
  SINCE JUN 1     10.72                     11.01  -0.29    19.23
  SINCE JAN 1     24.98                     31.22  -6.24    42.69

DEGREE DAYS
 COOLING
  TODAY           13                        11      2        1
  MONTH TO DATE  309                       314     -5      236
  SINCE JUN 1   1081                       950    131      983
  SINCE JAN 1   1148                      1063     85     1080
..................................................................


WIND (MPH)
  HIGHEST WIND SPEED    16   HIGHEST WIND DIRECTION    SW (210)
  HIGHEST GUST SPEED    21   HIGHEST GUST DIRECTION     S (200)
  AVERAGE WIND SPEED     5.2


SKY COVER
  POSSIBLE SUNSHINE  MM
  AVERAGE SKY COVER 0.2


WEATHER CONDITIONS
 THE FOLLOWING WEATHER WAS RECORDED TODAY.
  FOG


RELATIVE HUMIDITY (PERCENT)
 HIGHEST   100           200 AM
 LOWEST     52           100 PM
 AVERAGE    76

..........................................................


THE FAYETTEVILLE ARKANSAS CLIMATE NORMALS FOR TOMORROW
                         NORMAL    RECORD    YEAR
 MAXIMUM TEMPERATURE (F)   88       100      1990
                                             1963
 MINIMUM TEMPERATURE (F)   64        47      1962


SUNRISE AND SUNSET
AUGUST 25 2016........SUNRISE   643 AM CDT   SUNSET   753 PM CDT
AUGUST 26 2016........SUNRISE   644 AM CDT   SUNSET   752 PM CDT


-  INDICATES NEGATIVE NUMBERS.
R  INDICATES RECORD WAS SET OR TIED.
MM INDICATES DATA IS MISSING.
T  INDICATES TRACE AMOUNT.




$$
