000
CDUS44 KTSA 240834
CLIFYV

CLIMATE REPORT
NATIONAL WEATHER SERVICE TULSA OK
147 AM CDT TUE MAY 24 2016


...................................

...THE FAYETTEVILLE ARKANSAS CLIMATE SUMMARY FOR MAY 23 2016...

CLIMATE NORMAL PERIOD 1981 TO 2010
CLIMATE RECORD PERIOD 1905 TO 2016


WEATHER ITEM   OBSERVED TIME   RECORD YEAR NORMAL DEPARTURE LAST
                VALUE   (LST)  VALUE       VALUE  FROM      YEAR
                                                  NORMAL
..................................................................
TEMPERATURE (F)
 YESTERDAY
  MAXIMUM         73    144 PM  92    1962  78     -5       75
  MINIMUM         52    334 AM  35    1963  56     -4       56
  AVERAGE         63                        67     -4       66

PRECIPITATION (IN)
  YESTERDAY        0.01                      0.20  -0.19     0.28
  MONTH TO DATE    2.07                      4.55  -2.48     9.74
  SINCE MAR 1      9.65                     13.07  -3.42    17.13
  SINCE JAN 1     10.80                     18.72  -7.92    20.19

DEGREE DAYS
 COOLING
  YESTERDAY        0                         4     -4        1
  MONTH TO DATE   18                        50    -32       49
  SINCE MAR 1     31                        78    -47       72
  SINCE JAN 1     31                        78    -47       72
..................................................................


WIND (MPH)
  HIGHEST WIND SPEED    21   HIGHEST WIND DIRECTION     S (160)
  HIGHEST GUST SPEED    28   HIGHEST GUST DIRECTION    SE (150)
  AVERAGE WIND SPEED     5.6


SKY COVER
  POSSIBLE SUNSHINE  MM
  AVERAGE SKY COVER 0.4


WEATHER CONDITIONS
 THE FOLLOWING WEATHER WAS RECORDED YESTERDAY.
  LIGHT RAIN
  FOG


RELATIVE HUMIDITY (PERCENT)
 HIGHEST   100           100 AM
 LOWEST     57           900 AM
 AVERAGE    79

..........................................................


THE FAYETTEVILLE ARKANSAS CLIMATE NORMALS FOR TODAY
                         NORMAL    RECORD    YEAR
 MAXIMUM TEMPERATURE (F)   78        89      2000
 MINIMUM TEMPERATURE (F)   56        41      1983


SUNRISE AND SUNSET
MAY 24 2016...........SUNRISE   605 AM CDT   SUNSET   823 PM CDT
MAY 25 2016...........SUNRISE   604 AM CDT   SUNSET   824 PM CDT


-  INDICATES NEGATIVE NUMBERS.
R  INDICATES RECORD WAS SET OR TIED.
MM INDICATES DATA IS MISSING.
T  INDICATES TRACE AMOUNT.




$$
