000
CDUS44 KTSA 281458 CCA
CLIFYV

CLIMATE REPORT ...CORRECTED...
NATIONAL WEATHER SERVICE TULSA OK
912 AM CDT THU AUG 28 2014


...................................

...THE FAYETTEVILLE ARKANSAS CLIMATE SUMMARY FOR AUGUST 28 2014...
VALID AS OF 0900 AM LOCAL TIME.

CLIMATE NORMAL PERIOD 1981 TO 2010
CLIMATE RECORD PERIOD 1905 TO 2014


WEATHER ITEM   OBSERVED RECORD YEAR NORMAL DEPARTURE LAST
                VALUE   VALUE       VALUE  FROM      YEAR
                                           NORMAL
...........................................................
TEMPERATURE (F)
 TODAY
  MAXIMUM         76    100    1990  87
                               1963
                               1954
  MINIMUM         65     46    1967  63
  AVERAGE         71

PRECIPITATION (IN)
  TODAY            0.00   1.37 1964   0.11  -0.11     0.00
  MONTH TO DATE    1.66               2.90  -1.24     2.82
  SINCE JUN 1      8.19              11.34  -3.15     6.97
  SINCE JAN 1     22.71              31.55  -8.84    31.07

DEGREE DAYS
 COOLING
  TODAY            6
...........................................................


WIND (MPH)
  RESULTANT WIND SPEED   1   RESULTANT WIND DIRECTION   S (170)
  HIGHEST WIND SPEED     7   HIGHEST WIND DIRECTION     S (180)
  HIGHEST GUST SPEED     9   HIGHEST GUST DIRECTION     S (180)


SKY COVER
  POSSIBLE SUNSHINE  MM
  AVERAGE SKY COVER 0.1


WEATHER CONDITIONS
 THE FOLLOWING WEATHER WAS RECORDED TODAY.
  FOG


RELATIVE HUMIDITY (PERCENT)
 HIGHEST   100
 LOWEST     82
 AVERAGE    91

..........................................................


THE FAYETTEVILLE ARKANSAS CLIMATE NORMALS FOR TOMORROW
                         NORMAL    RECORD    YEAR
 MAXIMUM TEMPERATURE (F)   87       104      1984
 MINIMUM TEMPERATURE (F)   63        47      1986


SUNRISE AND SUNSET
AUGUST 28 2014........SUNRISE   645 AM CDT   SUNSET   750 PM CDT
AUGUST 29 2014........SUNRISE   646 AM CDT   SUNSET   748 PM CDT


-  INDICATES NEGATIVE NUMBERS.
R  INDICATES RECORD WAS SET OR TIED.
MM INDICATES DATA IS MISSING.
T  INDICATES TRACE AMOUNT.




$$
