000
CDUS44 KTSA 210903
CLIFYV

CLIMATE REPORT
NATIONAL WEATHER SERVICE TULSA OK
302 AM CST SUN DEC 21 2014


...................................

...THE FAYETTEVILLE ARKANSAS CLIMATE SUMMARY FOR DECEMBER 20 2014...

CLIMATE NORMAL PERIOD 1981 TO 2010
CLIMATE RECORD PERIOD 1905 TO 2014


WEATHER ITEM   OBSERVED TIME   RECORD YEAR NORMAL DEPARTURE LAST
                VALUE   (LST)  VALUE       VALUE  FROM      YEAR
                                                  NORMAL
..................................................................
TEMPERATURE (F)
 YESTERDAY
  MAXIMUM         43    333 PM  69    1966  47     -4       63
  MINIMUM         39    751 AM   6    1989  26     13       34
  AVERAGE         41                        36      5       49

PRECIPITATION (IN)
  YESTERDAY        0.00                      0.10  -0.10     0.14
  MONTH TO DATE    2.31                      2.16   0.15     2.04
  SINCE DEC 1      2.31                      2.16   0.15     2.04
  SINCE JAN 1     38.75                     47.43  -8.68    44.57

SNOWFALL (IN)
  YESTERDAY        0.0                                       0.0
  MONTH TO DATE    T                                         7.0
  SINCE DEC 1      T                                         7.0
  SINCE JUL 1      T                                         7.0

DEGREE DAYS
 HEATING
  YESTERDAY       24                        29     -5       16
  MONTH TO DATE  452                       533    -81      586
  SINCE DEC 1    452                       533    -81      586
  SINCE JUL 1   1377                      1362     15     1475
..................................................................


WIND (MPH)
  HIGHEST WIND SPEED     9   HIGHEST WIND DIRECTION    SW (210)
  HIGHEST GUST SPEED    11   HIGHEST GUST DIRECTION     S (200)
  AVERAGE WIND SPEED     2.3


SKY COVER
  POSSIBLE SUNSHINE  MM
  AVERAGE SKY COVER 1.0


WEATHER CONDITIONS
 THE FOLLOWING WEATHER WAS RECORDED YESTERDAY.
  FOG


RELATIVE HUMIDITY (PERCENT)
 HIGHEST   100           100 AM
 LOWEST     76           500 PM
 AVERAGE    88

..........................................................


THE FAYETTEVILLE ARKANSAS CLIMATE NORMALS FOR TODAY
                         NORMAL    RECORD    YEAR
 MAXIMUM TEMPERATURE (F)   47        67      1966
 MINIMUM TEMPERATURE (F)   26        -2      1989


SUNRISE AND SUNSET
DECEMBER 21 2014......SUNRISE   723 AM CST   SUNSET   506 PM CST
DECEMBER 22 2014......SUNRISE   724 AM CST   SUNSET   507 PM CST


-  INDICATES NEGATIVE NUMBERS.
R  INDICATES RECORD WAS SET OR TIED.
MM INDICATES DATA IS MISSING.
T  INDICATES TRACE AMOUNT.




$$
