000
CDUS44 KTSA 011415
CLIFYV

CLIMATE REPORT
NATIONAL WEATHER SERVICE TULSA OK
915 AM CDT SAT AUG 1 2015


...................................

...THE FAYETTEVILLE ARKANSAS CLIMATE SUMMARY FOR AUGUST 1 2015...
VALID AS OF 0900 AM LOCAL TIME.

CLIMATE NORMAL PERIOD 1981 TO 2010
CLIMATE RECORD PERIOD 1905 TO 2015


WEATHER ITEM   OBSERVED RECORD YEAR NORMAL DEPARTURE LAST
                VALUE   VALUE       VALUE  FROM      YEAR
                                           NORMAL
...........................................................
TEMPERATURE (F)
 TODAY
  MAXIMUM         71    105    2011  90
  MINIMUM         60     51    1971  67
  AVERAGE         66

PRECIPITATION (IN)
  TODAY            0.00   2.96 1962   0.09  -0.09     0.00
  MONTH TO DATE    0.00               0.09  -0.09     0.00
  SINCE JUN 1     14.82               8.53   6.29     6.53
  SINCE JAN 1     38.28              28.74   9.54    21.05

DEGREE DAYS
 COOLING
  TODAY            1
...........................................................


WIND (MPH)
  RESULTANT WIND SPEED   0   RESULTANT WIND DIRECTION  MM
  HIGHEST WIND SPEED     3   HIGHEST WIND DIRECTION     S (160)
  HIGHEST GUST SPEED     7   HIGHEST GUST DIRECTION    SE (120)


SKY COVER
  POSSIBLE SUNSHINE  MM
  AVERAGE SKY COVER 0.0


WEATHER CONDITIONS
 THE FOLLOWING WEATHER WAS RECORDED TODAY.
  NO SIGNIFICANT WEATHER WAS OBSERVED.


RELATIVE HUMIDITY (PERCENT)
 HIGHEST   100
 LOWEST     79
 AVERAGE    90

..........................................................


THE FAYETTEVILLE ARKANSAS CLIMATE NORMALS FOR TOMORROW
                         NORMAL    RECORD    YEAR
 MAXIMUM TEMPERATURE (F)   90       108      2011
 MINIMUM TEMPERATURE (F)   67        52      1973
                                             1965


SUNRISE AND SUNSET
AUGUST  1 2015........SUNRISE   624 AM CDT   SUNSET   822 PM CDT
AUGUST  2 2015........SUNRISE   625 AM CDT   SUNSET   821 PM CDT


-  INDICATES NEGATIVE NUMBERS.
R  INDICATES RECORD WAS SET OR TIED.
MM INDICATES DATA IS MISSING.
T  INDICATES TRACE AMOUNT.




$$
