000
CDUS43 KUNR 200836
CLIGCC


CLIMATE REPORT
NATIONAL WEATHER SERVICE RAPID CITY SD
234 AM MDT SUN APR 20 2014


...................................

...THE GILLETTE AIRPORT WY CLIMATE SUMMARY FOR APRIL 19 2014...

CLIMATE NORMAL PERIOD 1981 TO 2010
CLIMATE RECORD PERIOD 9999 TO 9999


WEATHER ITEM   OBSERVED TIME   NORMAL DEPARTURE LAST
                VALUE   (LST)  VALUE  FROM      YEAR
                                      NORMAL
......................................................
TEMPERATURE (F)
 YESTERDAY
  MAXIMUM         63    434 PM  57      6       49
  MINIMUM         26    302 AM  31     -5       29
  AVERAGE         45            44      1       39

PRECIPITATION (IN)
  YESTERDAY        0.00          0.05  -0.05     0.00
  MONTH TO DATE    0.33          0.74  -0.41     1.06
  SINCE MAR 1      1.42          1.70  -0.28     1.34
  SINCE JAN 1      2.70          2.48   0.22     2.47

DEGREE DAYS
 HEATING
  YESTERDAY       20            21     -1       26
  MONTH TO DATE  436           457    -21      601
  SINCE MAR 1   1400          1396      4     1565
  SINCE JUL 1   7045          6804    241     6688

 COOLING
  YESTERDAY        0             0      0        0
  MONTH TO DATE    0             0      0        0
  SINCE MAR 1      0             0      0        0
  SINCE JAN 1      0             0      0        0
......................................................


WIND (MPH)
  HIGHEST WIND SPEED    18   HIGHEST WIND DIRECTION     S (170)
  HIGHEST GUST SPEED    23   HIGHEST GUST DIRECTION     S (170)
  AVERAGE WIND SPEED     7.7


SKY COVER
  AVERAGE SKY COVER 0.0


WEATHER CONDITIONS
 THE FOLLOWING WEATHER WAS RECORDED YESTERDAY.
  NO SIGNIFICANT WEATHER WAS OBSERVED.


RELATIVE HUMIDITY (PERCENT)
 HIGHEST    85           100 AM
 LOWEST     22           900 AM
 AVERAGE    54

..........................................................




SUNRISE AND SUNSET
APRIL 20 2014.........SUNRISE   610 AM MDT   SUNSET   753 PM MDT
APRIL 21 2014.........SUNRISE   608 AM MDT   SUNSET   754 PM MDT


-  INDICATES NEGATIVE NUMBERS.
R  INDICATES RECORD WAS SET OR TIED.
MM INDICATES DATA IS MISSING.
T  INDICATES TRACE AMOUNT.




$$
