000
CDUS43 KUNR 250831
CLIGCC


CLIMATE REPORT
NATIONAL WEATHER SERVICE RAPID CITY SD
231 AM MDT SUN SEP 25 2016


...................................

...THE GILLETTE AIRPORT WY CLIMATE SUMMARY FOR SEPTEMBER 24 2016...

CLIMATE NORMAL PERIOD 1981 TO 2010
CLIMATE RECORD PERIOD 9999 TO 9999


WEATHER ITEM   OBSERVED TIME   NORMAL DEPARTURE LAST
                VALUE   (LST)  VALUE  FROM      YEAR
                                      NORMAL
......................................................
TEMPERATURE (F)
 YESTERDAY
  MAXIMUM         50   1259 AM  69    -19       86
  MINIMUM         43    236 PM  40      3       48
  AVERAGE         47            54     -7       67

PRECIPITATION (IN)
  YESTERDAY        1.03          0.05   0.98     0.00
  MONTH TO DATE    2.50          0.92   1.58     0.12
  SINCE SEP 1      2.50          0.92   1.58     0.12
  SINCE JAN 1     11.66         11.40   0.26    13.26

DEGREE DAYS
 HEATING
  YESTERDAY       18            11      7        0
  MONTH TO DATE  152           162    -10       70
  SINCE SEP 1    152           162    -10       70
  SINCE JUL 1    206           219    -13      135

 COOLING
  YESTERDAY        0             0      0        2
  MONTH TO DATE   25            40    -15       69
  SINCE SEP 1     25            40    -15       69
  SINCE JAN 1    569           500     69      522
......................................................


WIND (MPH)
  HIGHEST WIND SPEED    31   HIGHEST WIND DIRECTION    NW (300)
  HIGHEST GUST SPEED    39   HIGHEST GUST DIRECTION     W (290)
  AVERAGE WIND SPEED    16.7


SKY COVER
  AVERAGE SKY COVER 0.9


WEATHER CONDITIONS
 THE FOLLOWING WEATHER WAS RECORDED YESTERDAY.
  HEAVY RAIN
  RAIN
  LIGHT RAIN
  FOG


RELATIVE HUMIDITY (PERCENT)
 HIGHEST   100           200 AM
 LOWEST     92          1200 PM
 AVERAGE    96

..........................................................




SUNRISE AND SUNSET
SEPTEMBER 25 2016.....SUNRISE   653 AM MDT   SUNSET   653 PM MDT
SEPTEMBER 26 2016.....SUNRISE   655 AM MDT   SUNSET   651 PM MDT


-  INDICATES NEGATIVE NUMBERS.
R  INDICATES RECORD WAS SET OR TIED.
MM INDICATES DATA IS MISSING.
T  INDICATES TRACE AMOUNT.




$$
