000
CDUS43 KUNR 180833
CLIGCC


CLIMATE REPORT
NATIONAL WEATHER SERVICE RAPID CITY SD
133 AM MST WED JAN 18 2017


...................................

...THE GILLETTE AIRPORT WY CLIMATE SUMMARY FOR JANUARY 17 2017...

CLIMATE NORMAL PERIOD 1981 TO 2010
CLIMATE RECORD PERIOD 9999 TO 9999


WEATHER ITEM   OBSERVED TIME   NORMAL DEPARTURE LAST
                VALUE   (LST)  VALUE  FROM      YEAR
                                      NORMAL
......................................................
TEMPERATURE (F)
 YESTERDAY
  MAXIMUM         44    318 PM  38      6       21
  MINIMUM          8    434 AM  15     -7        6
  AVERAGE         26            26      0       14

PRECIPITATION (IN)
  YESTERDAY        0.00          0.01  -0.01     0.09
  MONTH TO DATE    0.13          0.17  -0.04     0.16
  SINCE DEC 1      0.98          0.57   0.41     0.64
  SINCE JAN 1      0.13          0.17  -0.04     0.16

DEGREE DAYS
 HEATING
  YESTERDAY       39            39      0       51
  MONTH TO DATE  660           668     -8      665
  SINCE DEC 1   1929          1934     -5     1865
  SINCE JUL 1   3322          3809   -487     3425

 COOLING
  YESTERDAY        0             0      0        0
  MONTH TO DATE    0             0      0        0
  SINCE DEC 1      0             0      0        0
  SINCE JAN 1      0             0      0        0
......................................................


WIND (MPH)
  HIGHEST WIND SPEED    25   HIGHEST WIND DIRECTION    SW (230)
  HIGHEST GUST SPEED    28   HIGHEST GUST DIRECTION    SW (220)
  AVERAGE WIND SPEED    13.4


SKY COVER
  AVERAGE SKY COVER 0.0


WEATHER CONDITIONS
 THE FOLLOWING WEATHER WAS RECORDED YESTERDAY.
  NO SIGNIFICANT WEATHER WAS OBSERVED.


RELATIVE HUMIDITY (PERCENT)
 HIGHEST    73          1200 AM
 LOWEST     41           300 PM
 AVERAGE    57

..........................................................




SUNRISE AND SUNSET
JANUARY 18 2017.......SUNRISE   733 AM MST   SUNSET   453 PM MST
JANUARY 19 2017.......SUNRISE   732 AM MST   SUNSET   454 PM MST


-  INDICATES NEGATIVE NUMBERS.
R  INDICATES RECORD WAS SET OR TIED.
MM INDICATES DATA IS MISSING.
T  INDICATES TRACE AMOUNT.




$$
