000
CDUS43 KUNR 150840
CLIGCC


CLIMATE REPORT
NATIONAL WEATHER SERVICE RAPID CITY SD
140 AM MST MON JAN 15 2018


...................................

...THE GILLETTE AIRPORT WY CLIMATE SUMMARY FOR JANUARY 14 2018...

CLIMATE NORMAL PERIOD 1981 TO 2010
CLIMATE RECORD PERIOD 9999 TO 9999


WEATHER ITEM   OBSERVED TIME   NORMAL DEPARTURE LAST
                VALUE   (LST)  VALUE  FROM      YEAR
                                      NORMAL
......................................................
TEMPERATURE (F)
 YESTERDAY
  MAXIMUM         38   1155 AM  38      0       34
  MINIMUM         10   1159 PM  15     -5        1
  AVERAGE         24            26     -2       18

PRECIPITATION (IN)
  YESTERDAY        0.07          0.01   0.06     0.00
  MONTH TO DATE    0.29          0.14   0.15     0.13
  SINCE DEC 1      1.00          0.54   0.46     0.98
  SINCE JAN 1      0.29          0.14   0.15     0.13

DEGREE DAYS
 HEATING
  YESTERDAY       41            39      2       47
  MONTH TO DATE  552           551      1      530
  SINCE DEC 1   1823          1817      6     1799
  SINCE JUL 1   3594          3692    -98     3192

 COOLING
  YESTERDAY        0             0      0        0
  MONTH TO DATE    0             0      0        0
  SINCE DEC 1      0             0      0        0
  SINCE JAN 1      0             0      0        0
......................................................


WIND (MPH)
  HIGHEST WIND SPEED    23   HIGHEST WIND DIRECTION     N (340)
  HIGHEST GUST SPEED    27   HIGHEST GUST DIRECTION    NW (320)
  AVERAGE WIND SPEED    15.8


SKY COVER
  AVERAGE SKY COVER 0.7


WEATHER CONDITIONS
 THE FOLLOWING WEATHER WAS RECORDED YESTERDAY.
  LIGHT SNOW
  FOG
  HAZE


RELATIVE HUMIDITY (PERCENT)
 HIGHEST    92           100 AM
 LOWEST     70          1100 AM
 AVERAGE    81

..........................................................




SUNRISE AND SUNSET
JANUARY 15 2018.......SUNRISE   735 AM MST   SUNSET   449 PM MST
JANUARY 16 2018.......SUNRISE   734 AM MST   SUNSET   450 PM MST


-  INDICATES NEGATIVE NUMBERS.
R  INDICATES RECORD WAS SET OR TIED.
MM INDICATES DATA IS MISSING.
T  INDICATES TRACE AMOUNT.




$$
