000
CDUS43 KUNR 300836
CLIGCC


CLIMATE REPORT
NATIONAL WEATHER SERVICE RAPID CITY SD
234 AM MDT SAT MAY 30 2015


...................................

...THE GILLETTE AIRPORT WY CLIMATE SUMMARY FOR MAY 29 2015...

CLIMATE NORMAL PERIOD 1981 TO 2010
CLIMATE RECORD PERIOD 9999 TO 9999


WEATHER ITEM   OBSERVED TIME   NORMAL DEPARTURE LAST
                VALUE   (LST)  VALUE  FROM      YEAR
                                      NORMAL
......................................................
TEMPERATURE (F)
 YESTERDAY
  MAXIMUM         59    324 PM  70    -11       75
  MINIMUM         40   1020 PM  43     -3       50
  AVERAGE         50            56     -6       63

PRECIPITATION (IN)
  YESTERDAY        0.45          0.09   0.36      T
  MONTH TO DATE    4.62          2.27   2.35     6.43
  SINCE MAR 1      6.27          4.70   1.57     8.32
  SINCE JAN 1      7.12          5.48   1.64     9.60

DEGREE DAYS
 HEATING
  YESTERDAY       15             9      6        2
  MONTH TO DATE  466           368     98      374
  SINCE MAR 1   1775          1976   -201     1979
  SINCE JUL 1   6865          7384   -519     7624

 COOLING
  YESTERDAY        0             0      0        0
  MONTH TO DATE    0             0      0        8
  SINCE MAR 1      0             0      0        8
  SINCE JAN 1      0             0      0        8
......................................................


WIND (MPH)
  HIGHEST WIND SPEED    21   HIGHEST WIND DIRECTION     N (10)
  HIGHEST GUST SPEED    25   HIGHEST GUST DIRECTION     N (10)
  AVERAGE WIND SPEED    10.9


SKY COVER
  AVERAGE SKY COVER 0.4


WEATHER CONDITIONS
 THE FOLLOWING WEATHER WAS RECORDED YESTERDAY.
  RAIN
  LIGHT RAIN
  FOG


RELATIVE HUMIDITY (PERCENT)
 HIGHEST   100           600 AM
 LOWEST     36           200 PM
 AVERAGE    68

..........................................................




SUNRISE AND SUNSET
MAY 30 2015...........SUNRISE   522 AM MDT   SUNSET   837 PM MDT
MAY 31 2015...........SUNRISE   522 AM MDT   SUNSET   838 PM MDT


-  INDICATES NEGATIVE NUMBERS.
R  INDICATES RECORD WAS SET OR TIED.
MM INDICATES DATA IS MISSING.
T  INDICATES TRACE AMOUNT.




$$
