000
CDUS43 KUNR 090834
CLIGCC


CLIMATE REPORT
NATIONAL WEATHER SERVICE RAPID CITY SD
134 AM MST TUE FEB 9 2016


...................................

...THE GILLETTE AIRPORT WY CLIMATE SUMMARY FOR FEBRUARY 8 2016...

CLIMATE NORMAL PERIOD 1981 TO 2010
CLIMATE RECORD PERIOD 9999 TO 9999


WEATHER ITEM   OBSERVED TIME   NORMAL DEPARTURE LAST
                VALUE   (LST)  VALUE  FROM      YEAR
                                      NORMAL
......................................................
TEMPERATURE (F)
 YESTERDAY
  MAXIMUM         46    310 PM  37      9       60
  MINIMUM         19    233 AM  16      3       29
  AVERAGE         33            26      7       45

PRECIPITATION (IN)
  YESTERDAY        0.00          0.01  -0.01     0.00
  MONTH TO DATE    0.37          0.12   0.25     0.04
  SINCE DEC 1      1.25          0.91   0.34     0.72
  SINCE JAN 1      0.77          0.51   0.26     0.32

DEGREE DAYS
 HEATING
  YESTERDAY       32            39     -7       20
  MONTH TO DATE  314           312      2      246
  SINCE DEC 1   2625          2792   -167     2541
  SINCE JUL 1   4185          4667   -482     4324

 COOLING
  YESTERDAY        0             0      0        0
  MONTH TO DATE    0             0      0        0
  SINCE DEC 1      0             0      0        0
  SINCE JAN 1      0             0      0        0
......................................................


WIND (MPH)
  HIGHEST WIND SPEED    24   HIGHEST WIND DIRECTION    NW (320)
  HIGHEST GUST SPEED    28   HIGHEST GUST DIRECTION    NW (320)
  AVERAGE WIND SPEED    13.2


SKY COVER
  AVERAGE SKY COVER 0.3


WEATHER CONDITIONS
 THE FOLLOWING WEATHER WAS RECORDED YESTERDAY.
  NO SIGNIFICANT WEATHER WAS OBSERVED.


RELATIVE HUMIDITY (PERCENT)
 HIGHEST    75           600 PM
 LOWEST     43          1000 AM
 AVERAGE    59

..........................................................




SUNRISE AND SUNSET
FEBRUARY  9 2016......SUNRISE   711 AM MST   SUNSET   522 PM MST
FEBRUARY 10 2016......SUNRISE   710 AM MST   SUNSET   524 PM MST


-  INDICATES NEGATIVE NUMBERS.
R  INDICATES RECORD WAS SET OR TIED.
MM INDICATES DATA IS MISSING.
T  INDICATES TRACE AMOUNT.




$$
