000
CDUS43 KUNR 200833
CLIGCC


CLIMATE REPORT
NATIONAL WEATHER SERVICE RAPID CITY SD
132 AM MST THU NOV 20 2014


...................................

...THE GILLETTE AIRPORT WY CLIMATE SUMMARY FOR NOVEMBER 19 2014...

CLIMATE NORMAL PERIOD 1981 TO 2010
CLIMATE RECORD PERIOD 9999 TO 9999


WEATHER ITEM   OBSERVED TIME   NORMAL DEPARTURE LAST
                VALUE   (LST)  VALUE  FROM      YEAR
                                      NORMAL
......................................................
TEMPERATURE (F)
 YESTERDAY
  MAXIMUM         32    147 PM  43    -11       58
  MINIMUM         12    928 PM  20     -8       32
  AVERAGE         22            31     -9       45

PRECIPITATION (IN)
  YESTERDAY        0.00          0.01  -0.01     0.00
  MONTH TO DATE    0.45          0.38   0.07     0.04
  SINCE SEP 1      2.33          2.84  -0.51     5.17
  SINCE JAN 1     17.59         13.32   4.27    18.60

DEGREE DAYS
 HEATING
  YESTERDAY       43            34      9       20
  MONTH TO DATE  683           562    121      506
  SINCE SEP 1   1348          1414    -66     1324
  SINCE JUL 1   1397          1471    -74     1324

 COOLING
  YESTERDAY        0             0      0        0
  MONTH TO DATE    0             0      0        0
  SINCE SEP 1     57            42     15       93
  SINCE JAN 1    412           502    -90      615
......................................................


WIND (MPH)
  HIGHEST WIND SPEED    13   HIGHEST WIND DIRECTION     S (170)
  HIGHEST GUST SPEED    15   HIGHEST GUST DIRECTION    NW (320)
  AVERAGE WIND SPEED     7.2


SKY COVER
  AVERAGE SKY COVER 0.3


WEATHER CONDITIONS
 THE FOLLOWING WEATHER WAS RECORDED YESTERDAY.
  NO SIGNIFICANT WEATHER WAS OBSERVED.


RELATIVE HUMIDITY (PERCENT)
 HIGHEST    92           800 AM
 LOWEST     69           100 PM
 AVERAGE    81

..........................................................




SUNRISE AND SUNSET
NOVEMBER 20 2014......SUNRISE   705 AM MST   SUNSET   431 PM MST
NOVEMBER 21 2014......SUNRISE   706 AM MST   SUNSET   430 PM MST


-  INDICATES NEGATIVE NUMBERS.
R  INDICATES RECORD WAS SET OR TIED.
MM INDICATES DATA IS MISSING.
T  INDICATES TRACE AMOUNT.




$$
