000
CDUS43 KUNR 270832
CLIGCC


CLIMATE REPORT
NATIONAL WEATHER SERVICE RAPID CITY SD
232 AM MDT FRI MAY 27 2016


...................................

...THE GILLETTE AIRPORT WY CLIMATE SUMMARY FOR MAY 26 2016...

CLIMATE NORMAL PERIOD 1981 TO 2010
CLIMATE RECORD PERIOD 9999 TO 9999


WEATHER ITEM   OBSERVED TIME   NORMAL DEPARTURE LAST
                VALUE   (LST)  VALUE  FROM      YEAR
                                      NORMAL
......................................................
TEMPERATURE (F)
 YESTERDAY
  MAXIMUM         67    227 PM  69     -2       70
  MINIMUM         38   1120 PM  42     -4       38
  AVERAGE         53            56     -3       54

PRECIPITATION (IN)
  YESTERDAY        0.02          0.08  -0.06     0.17
  MONTH TO DATE    0.45          2.02  -1.57     3.93
  SINCE MAR 1      4.11          4.45  -0.34     5.58
  SINCE JAN 1      5.62          5.23   0.39     6.43

DEGREE DAYS
 HEATING
  YESTERDAY       12            10      2       11
  MONTH TO DATE  361           341     20      435
  SINCE MAR 1   1756          1949   -193     1744
  SINCE JUL 1   6487          7357   -870     6834

 COOLING
  YESTERDAY        0             0      0        0
  MONTH TO DATE    0             0      0        0
  SINCE MAR 1      0             0      0        0
  SINCE JAN 1      0             0      0        0
......................................................


WIND (MPH)
  HIGHEST WIND SPEED    28   HIGHEST WIND DIRECTION    NW (300)
  HIGHEST GUST SPEED    34   HIGHEST GUST DIRECTION    NW (310)
  AVERAGE WIND SPEED     9.1


SKY COVER
  AVERAGE SKY COVER 0.3


WEATHER CONDITIONS
 THE FOLLOWING WEATHER WAS RECORDED YESTERDAY.
  LIGHT RAIN


RELATIVE HUMIDITY (PERCENT)
 HIGHEST    89           400 AM
 LOWEST     37           100 PM
 AVERAGE    63

..........................................................




SUNRISE AND SUNSET
MAY 27 2016...........SUNRISE   524 AM MDT   SUNSET   835 PM MDT
MAY 28 2016...........SUNRISE   523 AM MDT   SUNSET   836 PM MDT


-  INDICATES NEGATIVE NUMBERS.
R  INDICATES RECORD WAS SET OR TIED.
MM INDICATES DATA IS MISSING.
T  INDICATES TRACE AMOUNT.




$$
