000
CDUS43 KDDC 211006
CLIGCK


CLIMATE REPORT
NATIONAL WEATHER SERVICE DODGE CITY KS
406 AM CST SUN DEC 21 2014


...................................

...THE GARDEN CITY REGIONAL ARPT KS CLIMATE SUMMARY FOR DECEMBER 20 2014...

CLIMATE NORMAL PERIOD 1981 TO 2010
CLIMATE RECORD PERIOD 1948 TO 2014


WEATHER ITEM   OBSERVED TIME   RECORD YEAR NORMAL DEPARTURE LAST
                VALUE   (LST)  VALUE       VALUE  FROM      YEAR
                                                  NORMAL
..................................................................
TEMPERATURE (F)
 YESTERDAY
  MAXIMUM         50    331 PM  69    2004  44      6       27
  MINIMUM         22    809 AM  -7    1983  18      4       17
  AVERAGE         36                        31      5       22

PRECIPITATION (IN)
  YESTERDAY        0.00          0.78 2006   0.01  -0.01     0.00
  MONTH TO DATE    0.05                      0.34  -0.29      T
  SINCE DEC 1      0.05                      0.34  -0.29      T
  SINCE JAN 1     21.44                     19.29   2.15    14.84

DEGREE DAYS
 HEATING
  YESTERDAY       29                        34     -5
  MONTH TO DATE  544                       654   -110
  SINCE DEC 1    544                       654   -110
  SINCE JUL 1   1583                      1743   -160

 COOLING
  YESTERDAY        0                         0      0
  MONTH TO DATE    0                         0      0
  SINCE DEC 1      0                         0      0
  SINCE JAN 1   1342                      1298     44
..................................................................


WIND (MPH)
  HIGHEST WIND SPEED    16   HIGHEST WIND DIRECTION     S (170)
  HIGHEST GUST SPEED    19   HIGHEST GUST DIRECTION     S (180)
  AVERAGE WIND SPEED     8.8



WEATHER CONDITIONS
 THE FOLLOWING WEATHER WAS RECORDED YESTERDAY.
  FOG
  HAZE


RELATIVE HUMIDITY (PERCENT)
 HIGHEST   100          1200 AM
 LOWEST     56           200 PM
 AVERAGE    78

..........................................................


THE GARDEN CITY REGIONAL ARPT KS CLIMATE NORMALS FOR TODAY
                         NORMAL    RECORD    YEAR
 MAXIMUM TEMPERATURE (F)   43        64      1950
 MINIMUM TEMPERATURE (F)   18        -7      1990


SUNRISE AND SUNSET
DECEMBER 21 2014......SUNRISE   755 AM CST   SUNSET   527 PM CST
DECEMBER 22 2014......SUNRISE   756 AM CST   SUNSET   528 PM CST


-  INDICATES NEGATIVE NUMBERS.
R  INDICATES RECORD WAS SET OR TIED.
MM INDICATES DATA IS MISSING.
T  INDICATES TRACE AMOUNT.




$$
