000
CDUS43 KDDC 242327
CLIGCK


CLIMATE REPORT
NATIONAL WEATHER SERVICE DODGE CITY KS
626 PM CDT MON APR 24 2017


...................................

...THE GARDEN CITY REGIONAL ARPT KS CLIMATE SUMMARY FOR APRIL 24 2017...
VALID TODAY AS OF 0500 PM LOCAL TIME.

CLIMATE NORMAL PERIOD 1981 TO 2010
CLIMATE RECORD PERIOD 1948 TO 2017


WEATHER ITEM   OBSERVED TIME   RECORD YEAR NORMAL DEPARTURE LAST
                VALUE   (LST)  VALUE       VALUE  FROM      YEAR
                                                  NORMAL
..................................................................
TEMPERATURE (F)
 TODAY
  MAXIMUM         80    357 PM  95    2012  70     10       79
                                      1989
  MINIMUM         49    646 AM  19    2013  42      7       52
  AVERAGE         65                        56      9       66

PRECIPITATION (IN)
  TODAY            0.00          1.42 1980   0.07  -0.07     0.00
  MONTH TO DATE    1.49                      1.32   0.17     3.28
  SINCE MAR 1      3.99                      2.78   1.21     3.28
  SINCE JAN 1      5.28                      3.66   1.62     3.50

DEGREE DAYS
 HEATING
  TODAY            0                        10    -10        0
  MONTH TO DATE  214                       322   -108      250
  SINCE MAR 1    724                       986   -262      769
  SINCE JUL 1   4198                      5010   -812     4182

 COOLING
  TODAY            0                         1     -1        1
  MONTH TO DATE   29                         5     24        5
  SINCE MAR 1     37                         5     32        5
  SINCE JAN 1     37                         5     32        6
..................................................................


WIND (MPH)
  HIGHEST WIND SPEED    25   HIGHEST WIND DIRECTION     S (180)
  HIGHEST GUST SPEED    33   HIGHEST GUST DIRECTION     S (170)
  AVERAGE WIND SPEED    13.4



WEATHER CONDITIONS
 THE FOLLOWING WEATHER WAS RECORDED TODAY.
  NO SIGNIFICANT WEATHER WAS OBSERVED.


RELATIVE HUMIDITY (PERCENT)
 HIGHEST    56           700 AM
 LOWEST     21           500 PM
 AVERAGE    39

..........................................................


THE GARDEN CITY REGIONAL ARPT KS CLIMATE NORMALS FOR TOMORROW
                         NORMAL    RECORD    YEAR
 MAXIMUM TEMPERATURE (F)   70        92      2012
 MINIMUM TEMPERATURE (F)   42        28      1978


SUNRISE AND SUNSET
APRIL 24 2017.........SUNRISE   655 AM CDT   SUNSET   827 PM CDT
APRIL 25 2017.........SUNRISE   654 AM CDT   SUNSET   828 PM CDT


-  INDICATES NEGATIVE NUMBERS.
R  INDICATES RECORD WAS SET OR TIED.
MM INDICATES DATA IS MISSING.
T  INDICATES TRACE AMOUNT.




$$
