000
CDUS43 KDDC 301434
CLIGCK


CLIMATE REPORT
NATIONAL WEATHER SERVICE DODGE CITY KS
934 AM CDT SAT MAY 30 2015


...................................

...THE GARDEN CITY REGIONAL ARPT KS CLIMATE SUMMARY FOR MAY 30 2015...
VALID AS OF 0800 AM LOCAL TIME.

CLIMATE NORMAL PERIOD 1981 TO 2010
CLIMATE RECORD PERIOD 1948 TO 2015


WEATHER ITEM   OBSERVED TIME   RECORD YEAR NORMAL DEPARTURE LAST
                VALUE   (LST)  VALUE       VALUE  FROM      YEAR
                                                  NORMAL
..................................................................
TEMPERATURE (F)
 TODAY
  MAXIMUM         55   1218 AM 101    2011  81    -26       90
  MINIMUM         49    759 AM  44    1980  55     -6       63
  AVERAGE         52                        68    -16       77

PRECIPITATION (IN)
  TODAY            0.00          2.90 1990   0.11  -0.11      T
  MONTH TO DATE    7.37                      2.77   4.60     0.69
  SINCE MAR 1      8.05                      5.95   2.10     1.20
  SINCE JAN 1      8.82                      6.83   1.99     1.36

..................................................................


WIND (MPH)
  HIGHEST WIND SPEED    25   HIGHEST WIND DIRECTION     N (360)
  HIGHEST GUST SPEED    31   HIGHEST GUST DIRECTION     N (360)



WEATHER CONDITIONS
 THE FOLLOWING WEATHER WAS RECORDED TODAY.
  FOG


RELATIVE HUMIDITY (PERCENT)
 HIGHEST    93

..........................................................


THE GARDEN CITY REGIONAL ARPT KS CLIMATE NORMALS FOR TOMORROW
                         NORMAL    RECORD    YEAR
 MAXIMUM TEMPERATURE (F)   81       103      2002
 MINIMUM TEMPERATURE (F)   55        41      2004


SUNRISE AND SUNSET
MAY 30 2015...........SUNRISE   623 AM CDT   SUNSET   858 PM CDT
MAY 31 2015...........SUNRISE   623 AM CDT   SUNSET   859 PM CDT


-  INDICATES NEGATIVE NUMBERS.
R  INDICATES RECORD WAS SET OR TIED.
MM INDICATES DATA IS MISSING.
T  INDICATES TRACE AMOUNT.




$$
