286
CDUS43 KDDC 220705
CLIGCK


CLIMATE REPORT
NATIONAL WEATHER SERVICE DODGE CITY KS
105 AM CST WED FEB 22 2017


...................................

...THE GARDEN CITY REGIONAL ARPT KS CLIMATE SUMMARY FOR FEBRUARY 21 2017...

CLIMATE NORMAL PERIOD 1981 TO 2010
CLIMATE RECORD PERIOD 1948 TO 2017


WEATHER ITEM   OBSERVED TIME   RECORD YEAR NORMAL DEPARTURE LAST
                VALUE   (LST)  VALUE       VALUE  FROM      YEAR
                                                  NORMAL
..................................................................
TEMPERATURE (F)
 YESTERDAY
  MAXIMUM         79R   400 PM  79    1977  50     29       55
  MINIMUM         25    646 AM  -6    1978  23      2       28
  AVERAGE         52                        36     16       42

PRECIPITATION (IN)
  YESTERDAY        0.00          0.47 1971   0.02  -0.02     0.00
  MONTH TO DATE    0.01                      0.39  -0.38     0.19
  SINCE DEC 1      1.59                      1.25   0.34     1.32
  SINCE JAN 1      1.29                      0.73   0.56     0.22

DEGREE DAYS
 HEATING
  YESTERDAY       13                        29    -16
  MONTH TO DATE  441                       655   -214
  SINCE DEC 1   2615                      2746   -131
  SINCE JUL 1   3303                      3835   -532

 COOLING
  YESTERDAY        0                         0      0
  MONTH TO DATE    0                         0      0
  SINCE DEC 1      0                         0      0
  SINCE JAN 1      0                         0      0
..................................................................


WIND (MPH)
  HIGHEST WIND SPEED    21   HIGHEST WIND DIRECTION    SW (230)
  HIGHEST GUST SPEED    26   HIGHEST GUST DIRECTION    SW (220)
  AVERAGE WIND SPEED     8.1



WEATHER CONDITIONS
 THE FOLLOWING WEATHER WAS RECORDED YESTERDAY.
  NO SIGNIFICANT WEATHER WAS OBSERVED.


RELATIVE HUMIDITY (PERCENT)
 HIGHEST    58           400 AM
 LOWEST     11           300 PM
 AVERAGE    35

..........................................................


THE GARDEN CITY REGIONAL ARPT KS CLIMATE NORMALS FOR TODAY
                         NORMAL    RECORD    YEAR
 MAXIMUM TEMPERATURE (F)   50        88      1982
 MINIMUM TEMPERATURE (F)   23         1      2013


SUNRISE AND SUNSET
FEBRUARY 22 2017......SUNRISE   724 AM CST   SUNSET   629 PM CST
FEBRUARY 23 2017......SUNRISE   722 AM CST   SUNSET   631 PM CST


-  INDICATES NEGATIVE NUMBERS.
R  INDICATES RECORD WAS SET OR TIED.
MM INDICATES DATA IS MISSING.
T  INDICATES TRACE AMOUNT.




$$
