000
CDUS43 KDDC 301009
CLIGCK


CLIMATE REPORT
NATIONAL WEATHER SERVICE DODGE CITY KS
508 AM CDT WED JUL 30 2014


...................................

...THE GARDEN CITY REGIONAL ARPT KS CLIMATE SUMMARY FOR JULY 29 2014...

CLIMATE NORMAL PERIOD 1981 TO 2010
CLIMATE RECORD PERIOD 1948 TO 2014


WEATHER ITEM   OBSERVED TIME   RECORD YEAR NORMAL DEPARTURE LAST
                VALUE   (LST)  VALUE       VALUE  FROM      YEAR
                                                  NORMAL
..................................................................
TEMPERATURE (F)
 YESTERDAY
  MAXIMUM         82    320 PM 105    1980  92    -10       91
  MINIMUM         61    545 AM  54    2005  65     -4       66
  AVERAGE         72                        78     -6       79

PRECIPITATION (IN)
  YESTERDAY        0.48          1.76 1971   0.08   0.40     0.02
  MONTH TO DATE    1.67                      2.60  -0.93     1.06
  SINCE JUN 1     12.55                      6.08   6.47     3.20
  SINCE JAN 1     13.91                     13.02   0.89     4.77

DEGREE DAYS
 HEATING
  YESTERDAY        0                         0      0
  MONTH TO DATE   10                         0     10
  SINCE JUN 1     21                        16      5
  SINCE JUL 1     10                         0     10

 COOLING
  YESTERDAY        7                        13     -6
  MONTH TO DATE  338                       385    -47
  SINCE JUN 1    612                       637    -25
  SINCE JAN 1    755                       726     29
..................................................................


WIND (MPH)
  HIGHEST WIND SPEED    22   HIGHEST WIND DIRECTION     S (200)
  HIGHEST GUST SPEED    26   HIGHEST GUST DIRECTION     S (190)
  AVERAGE WIND SPEED    10.5



WEATHER CONDITIONS
 THE FOLLOWING WEATHER WAS RECORDED YESTERDAY.
  THUNDERSTORM
  HEAVY RAIN
  RAIN
  LIGHT RAIN
  FOG


RELATIVE HUMIDITY (PERCENT)
 HIGHEST    84           100 AM
 LOWEST     54           200 PM
 AVERAGE    69

..........................................................


THE GARDEN CITY REGIONAL ARPT KS CLIMATE NORMALS FOR TODAY
                         NORMAL    RECORD    YEAR
 MAXIMUM TEMPERATURE (F)   92       105      1980
 MINIMUM TEMPERATURE (F)   65        49      1971


SUNRISE AND SUNSET
JULY 30 2014..........SUNRISE   644 AM CDT   SUNSET   854 PM CDT
JULY 31 2014..........SUNRISE   645 AM CDT   SUNSET   853 PM CDT


-  INDICATES NEGATIVE NUMBERS.
R  INDICATES RECORD WAS SET OR TIED.
MM INDICATES DATA IS MISSING.
T  INDICATES TRACE AMOUNT.




$$
