000
CDUS43 KDDC 170705
CLIGCK


CLIMATE REPORT
NATIONAL WEATHER SERVICE DODGE CITY KS
205 AM CDT THU AUG 17 2017


...................................

...THE GARDEN CITY REGIONAL ARPT KS CLIMATE SUMMARY FOR AUGUST 16 2017...

CLIMATE NORMAL PERIOD 1981 TO 2010
CLIMATE RECORD PERIOD 1948 TO 2017


WEATHER ITEM   OBSERVED TIME   RECORD YEAR NORMAL DEPARTURE LAST
                VALUE   (LST)  VALUE       VALUE  FROM      YEAR
                                                  NORMAL
..................................................................
TEMPERATURE (F)
 YESTERDAY
  MAXIMUM         85    549 PM 106    1983  90     -5       95
  MINIMUM         63    629 AM  54    1994  64     -1       62
  AVERAGE         74                        77     -3       79

PRECIPITATION (IN)
  YESTERDAY        0.00          0.56 1992   0.08  -0.08     0.00
  MONTH TO DATE    2.43                      1.44   0.99     1.50
  SINCE JUN 1      6.45                      7.70  -1.25    14.15
  SINCE JAN 1     14.76                     14.64   0.12    19.61

DEGREE DAYS
 HEATING
  YESTERDAY        0                         0      0
  MONTH TO DATE    0                         0      0
  SINCE JUN 1      0                        17    -17
  SINCE JUL 1      0                         1     -1

 COOLING
  YESTERDAY        9                        12     -3
  MONTH TO DATE  131                       203    -72
  SINCE JUN 1    925                       865     60
  SINCE JAN 1   1015                       954     61
..................................................................


WIND (MPH)
  HIGHEST WIND SPEED    20   HIGHEST WIND DIRECTION     N (360)
  HIGHEST GUST SPEED    25   HIGHEST GUST DIRECTION    NW (310)
  AVERAGE WIND SPEED    11.5



WEATHER CONDITIONS
 THE FOLLOWING WEATHER WAS RECORDED YESTERDAY.
  NO SIGNIFICANT WEATHER WAS OBSERVED.


RELATIVE HUMIDITY (PERCENT)
 HIGHEST    93           600 AM
 LOWEST     34           500 PM
 AVERAGE    64

..........................................................


THE GARDEN CITY REGIONAL ARPT KS CLIMATE NORMALS FOR TODAY
                         NORMAL    RECORD    YEAR
 MAXIMUM TEMPERATURE (F)   90       108      1978
 MINIMUM TEMPERATURE (F)   64        53      2012


SUNRISE AND SUNSET
AUGUST 17 2017........SUNRISE   700 AM CDT   SUNSET   833 PM CDT
AUGUST 18 2017........SUNRISE   701 AM CDT   SUNSET   832 PM CDT


-  INDICATES NEGATIVE NUMBERS.
R  INDICATES RECORD WAS SET OR TIED.
MM INDICATES DATA IS MISSING.
T  INDICATES TRACE AMOUNT.




$$
