000
CDUS43 KDDC 312326
CLIGCK


CLIMATE REPORT
NATIONAL WEATHER SERVICE DODGE CITY KS
626 PM CDT SUN AUG 31 2014


...................................

...THE GARDEN CITY REGIONAL ARPT KS CLIMATE SUMMARY FOR AUGUST 31 2014...
VALID TODAY AS OF 0500 PM LOCAL TIME.

CLIMATE NORMAL PERIOD 1981 TO 2010
CLIMATE RECORD PERIOD 1948 TO 2014


WEATHER ITEM   OBSERVED TIME   RECORD YEAR NORMAL DEPARTURE LAST
                VALUE   (LST)  VALUE       VALUE  FROM      YEAR
                                                  NORMAL
..................................................................
TEMPERATURE (F)
 TODAY
  MAXIMUM        100    359 PM 104    2011  87     13       99
  MINIMUM         68    244 AM  47    1993  61      7       70
  AVERAGE         84                        74     10       85

PRECIPITATION (IN)
  TODAY            0.00          1.70 1949   0.07  -0.07     0.01
  MONTH TO DATE    1.85                      2.45  -0.60     4.93
  SINCE JUN 1     16.29                      8.71   7.58     8.60
  SINCE JAN 1     17.65                     15.65   2.00    10.17

DEGREE DAYS
 HEATING
  TODAY            0                         0      0        0
  MONTH TO DATE    0                         0      0        0
  SINCE JUN 1     21                        20      1       12
  SINCE JUL 1     10                         4      6        0

 COOLING
  TODAY           19                         9     10       20
  MONTH TO DATE  402                       365     37      360
  SINCE JUN 1   1018                      1027     -9     1195
  SINCE JAN 1   1161                      1116     45     1342
..................................................................


WIND (MPH)
  HIGHEST WIND SPEED    23   HIGHEST WIND DIRECTION     S (180)
  HIGHEST GUST SPEED    31   HIGHEST GUST DIRECTION     S (180)
  AVERAGE WIND SPEED    15.2



WEATHER CONDITIONS
 THE FOLLOWING WEATHER WAS RECORDED TODAY.
  THUNDERSTORM


RELATIVE HUMIDITY (PERCENT)
 HIGHEST    70           700 AM
 LOWEST     18           400 PM
 AVERAGE    44

..........................................................


THE GARDEN CITY REGIONAL ARPT KS CLIMATE NORMALS FOR TOMORROW
                         NORMAL    RECORD    YEAR
 MAXIMUM TEMPERATURE (F)   87       106      2011
 MINIMUM TEMPERATURE (F)   60        48      1949


SUNRISE AND SUNSET
AUGUST 31 2014........SUNRISE   712 AM CDT   SUNSET   814 PM CDT
SEPTEMBER  1 2014.....SUNRISE   713 AM CDT   SUNSET   812 PM CDT


-  INDICATES NEGATIVE NUMBERS.
R  INDICATES RECORD WAS SET OR TIED.
MM INDICATES DATA IS MISSING.
T  INDICATES TRACE AMOUNT.




$$
