000
CDUS43 KDDC 261008
CLIGCK


CLIMATE REPORT
NATIONAL WEATHER SERVICE DODGE CITY KS
508 AM CDT SAT JUL 26 2014


...................................

...THE GARDEN CITY REGIONAL ARPT KS CLIMATE SUMMARY FOR JULY 25 2014...

CLIMATE NORMAL PERIOD 1981 TO 2010
CLIMATE RECORD PERIOD 1948 TO 2014


WEATHER ITEM   OBSERVED TIME   RECORD YEAR NORMAL DEPARTURE LAST
                VALUE   (LST)  VALUE       VALUE  FROM      YEAR
                                                  NORMAL
..................................................................
TEMPERATURE (F)
 YESTERDAY
  MAXIMUM        103    406 PM 106    2006  92     11       91
  MINIMUM         73    614 AM  55    2004  65      8       67
  AVERAGE         88                        78     10       79

PRECIPITATION (IN)
  YESTERDAY        0.00          2.97 1992   0.09  -0.09     0.56
  MONTH TO DATE    1.18                      2.25  -1.07     0.98
  SINCE JUN 1     12.06                      5.73   6.33     3.12
  SINCE JAN 1     13.42                     12.67   0.75     4.69

DEGREE DAYS
 HEATING
  YESTERDAY        0                         0      0
  MONTH TO DATE   10                         0     10
  SINCE JUN 1     21                        16      5
  SINCE JUL 1     10                         0     10

 COOLING
  YESTERDAY       23                        14      9
  MONTH TO DATE  288                       333    -45
  SINCE JUN 1    562                       585    -23
  SINCE JAN 1    705                       674     31
..................................................................


WIND (MPH)
  HIGHEST WIND SPEED    20   HIGHEST WIND DIRECTION     S (190)
  HIGHEST GUST SPEED    28   HIGHEST GUST DIRECTION     S (190)
  AVERAGE WIND SPEED    11.5



WEATHER CONDITIONS
 THE FOLLOWING WEATHER WAS RECORDED YESTERDAY.
  THUNDERSTORM


RELATIVE HUMIDITY (PERCENT)
 HIGHEST    64           300 AM
 LOWEST     21           300 PM
 AVERAGE    43

..........................................................


THE GARDEN CITY REGIONAL ARPT KS CLIMATE NORMALS FOR TODAY
                         NORMAL    RECORD    YEAR
 MAXIMUM TEMPERATURE (F)   92       105      1960
 MINIMUM TEMPERATURE (F)   65        53      2004


SUNRISE AND SUNSET
JULY 26 2014..........SUNRISE   641 AM CDT   SUNSET   857 PM CDT
JULY 27 2014..........SUNRISE   642 AM CDT   SUNSET   856 PM CDT


-  INDICATES NEGATIVE NUMBERS.
R  INDICATES RECORD WAS SET OR TIED.
MM INDICATES DATA IS MISSING.
T  INDICATES TRACE AMOUNT.




$$
