000
CDUS43 KDDC 172336
CLIGCK


CLIMATE REPORT
NATIONAL WEATHER SERVICE DODGE CITY KS
535 PM CST SUN DEC 17 2017


...................................

...THE GARDEN CITY REGIONAL ARPT KS CLIMATE SUMMARY FOR DECEMBER 17 2017...
VALID TODAY AS OF 0500 PM LOCAL TIME.

CLIMATE NORMAL PERIOD 1981 TO 2010
CLIMATE RECORD PERIOD 1948 TO 2017


WEATHER ITEM   OBSERVED TIME   RECORD YEAR NORMAL DEPARTURE LAST
                VALUE   (LST)  VALUE       VALUE  FROM      YEAR
                                                  NORMAL
..................................................................
TEMPERATURE (F)
 TODAY
  MAXIMUM         45    333 PM  75    1980  44      1       20
  MINIMUM         25    543 AM -13    2016  18      7      -13
  AVERAGE         35                        31      4        4

PRECIPITATION (IN)
  TODAY            0.00          0.20 1965   0.01  -0.01      T
  MONTH TO DATE    0.00                      0.29  -0.29     0.03
  SINCE DEC 1      0.00                      0.29  -0.29     0.03
  SINCE JAN 1     20.57                     19.24   1.33    20.12

DEGREE DAYS
 HEATING
  TODAY           30                        34     -4       61
  MONTH TO DATE  441                       552   -111      661
  SINCE DEC 1    441                       552   -111      661
  SINCE JUL 1   1397                      1641   -244     1349

 COOLING
  TODAY            0                         0      0        0
  MONTH TO DATE    0                         0      0        0
  SINCE DEC 1      0                         0      0        0
  SINCE JAN 1   1373                      1298     75     1433
..................................................................


WIND (MPH)
  HIGHEST WIND SPEED    23   HIGHEST WIND DIRECTION     N (10)
  HIGHEST GUST SPEED    30   HIGHEST GUST DIRECTION     N (20)
  AVERAGE WIND SPEED    13.0



WEATHER CONDITIONS
 THE FOLLOWING WEATHER WAS RECORDED TODAY.
  NO SIGNIFICANT WEATHER WAS OBSERVED.


RELATIVE HUMIDITY (PERCENT)
 HIGHEST    92           600 AM
 LOWEST     49          1200 AM
 AVERAGE    71

..........................................................


THE GARDEN CITY REGIONAL ARPT KS CLIMATE NORMALS FOR TOMORROW
                         NORMAL    RECORD    YEAR
 MAXIMUM TEMPERATURE (F)   44        73      1979
 MINIMUM TEMPERATURE (F)   18       -19      2016


SUNRISE AND SUNSET
DECEMBER 17 2017......SUNRISE   753 AM CST   SUNSET   525 PM CST
DECEMBER 18 2017......SUNRISE   754 AM CST   SUNSET   526 PM CST


-  INDICATES NEGATIVE NUMBERS.
R  INDICATES RECORD WAS SET OR TIED.
MM INDICATES DATA IS MISSING.
T  INDICATES TRACE AMOUNT.




$$
