000
CDUS43 KDDC 172330
CLIGCK


CLIMATE REPORT
NATIONAL WEATHER SERVICE DODGE CITY KS
629 PM CDT THU APR 17 2014


...................................

...THE GARDEN CITY REGIONAL ARPT KS CLIMATE SUMMARY FOR APRIL 17 2014...
VALID TODAY AS OF 0500 PM LOCAL TIME.

CLIMATE NORMAL PERIOD 1981 TO 2010
CLIMATE RECORD PERIOD 1948 TO 2014


WEATHER ITEM   OBSERVED TIME   RECORD YEAR NORMAL DEPARTURE LAST
                VALUE   (LST)  VALUE       VALUE  FROM      YEAR
                                                  NORMAL
..................................................................
TEMPERATURE (F)
 TODAY
  MAXIMUM         51    347 PM  92    2006  68    -17       38
  MINIMUM         33    938 AM  24    1999  39     -6       29
  AVERAGE         42                        53    -11       34

PRECIPITATION (IN)
  TODAY            0.20          1.17 2009   0.06   0.14     0.02
  MONTH TO DATE    0.44                      0.89  -0.45     0.05
  SINCE MAR 1      0.48                      2.35  -1.87     0.13
  SINCE JAN 1      0.64                      3.23  -2.59     0.47

DEGREE DAYS
 HEATING
  TODAY           23                        12     11       31
  MONTH TO DATE  272                       247     25      313
  SINCE MAR 1   1013                       911    102      962
  SINCE JUL 1   5189                      4935    254     4863

 COOLING
  TODAY            0                         0      0        0
  MONTH TO DATE    4                         0      4        0
  SINCE MAR 1      4                         0      4        0
  SINCE JAN 1      4                         0      4        0
..................................................................


WIND (MPH)
  HIGHEST WIND SPEED    22   HIGHEST WIND DIRECTION    NE (30)
  HIGHEST GUST SPEED    30   HIGHEST GUST DIRECTION    NE (30)
  AVERAGE WIND SPEED     9.3



WEATHER CONDITIONS
 THE FOLLOWING WEATHER WAS RECORDED TODAY.
  LIGHT RAIN
  FOG
  HAZE


RELATIVE HUMIDITY (PERCENT)
 HIGHEST    89           800 AM
 LOWEST     56          1200 AM
 AVERAGE    73

..........................................................


THE GARDEN CITY REGIONAL ARPT KS CLIMATE NORMALS FOR TOMORROW
                         NORMAL    RECORD    YEAR
 MAXIMUM TEMPERATURE (F)   68        91      1994
                                             2000
 MINIMUM TEMPERATURE (F)   39        21      1953


SUNRISE AND SUNSET
APRIL 17 2014.........SUNRISE   705 AM CDT   SUNSET   821 PM CDT
APRIL 18 2014.........SUNRISE   703 AM CDT   SUNSET   822 PM CDT


-  INDICATES NEGATIVE NUMBERS.
R  INDICATES RECORD WAS SET OR TIED.
MM INDICATES DATA IS MISSING.
T  INDICATES TRACE AMOUNT.




$$
