000
CDUS43 KDDC 271440
CLIGCK


CLIMATE REPORT
NATIONAL WEATHER SERVICE DODGE CITY KS
939 AM CDT WED AUG 27 2014


...................................

...THE GARDEN CITY REGIONAL ARPT KS CLIMATE SUMMARY FOR AUGUST 27 2014...
VALID AS OF 0800 AM LOCAL TIME.

CLIMATE NORMAL PERIOD 1981 TO 2010
CLIMATE RECORD PERIOD 1948 TO 2014


WEATHER ITEM   OBSERVED TIME   RECORD YEAR NORMAL DEPARTURE LAST
                VALUE   (LST)  VALUE       VALUE  FROM      YEAR
                                                  NORMAL
..................................................................
TEMPERATURE (F)
 TODAY
  MAXIMUM         69   1242 AM 104    1994  88    -19       93
  MINIMUM         66    658 AM  48    1992  62      4       66
  AVERAGE         68                        75     -7       80

PRECIPITATION (IN)
  TODAY            0.07          4.19 1979   0.06   0.01     0.00
  MONTH TO DATE    1.10                      2.20  -1.10     4.92
  SINCE JUN 1     15.54                      8.46   7.08     8.59
  SINCE JAN 1     16.90                     15.40   1.50    10.16

..................................................................


WIND (MPH)
  HIGHEST WIND SPEED    21   HIGHEST WIND DIRECTION    SE (140)
  HIGHEST GUST SPEED    25   HIGHEST GUST DIRECTION    SE (140)



WEATHER CONDITIONS
 THE FOLLOWING WEATHER WAS RECORDED TODAY.
  LIGHT RAIN
  FOG


RELATIVE HUMIDITY (PERCENT)
 HIGHEST    93

..........................................................


THE GARDEN CITY REGIONAL ARPT KS CLIMATE NORMALS FOR TOMORROW
                         NORMAL    RECORD    YEAR
 MAXIMUM TEMPERATURE (F)   88       105      1984
 MINIMUM TEMPERATURE (F)   62        46      1976


SUNRISE AND SUNSET
AUGUST 27 2014........SUNRISE   708 AM CDT   SUNSET   820 PM CDT
AUGUST 28 2014........SUNRISE   709 AM CDT   SUNSET   818 PM CDT


-  INDICATES NEGATIVE NUMBERS.
R  INDICATES RECORD WAS SET OR TIED.
MM INDICATES DATA IS MISSING.
T  INDICATES TRACE AMOUNT.




$$
