000
CDUS43 KDDC 271013
CLIGCK


CLIMATE REPORT
NATIONAL WEATHER SERVICE DODGE CITY KS
409 AM CST TUE JAN 27 2015


...................................

...THE GARDEN CITY REGIONAL ARPT KS CLIMATE SUMMARY FOR JANUARY 26 2015...

CLIMATE NORMAL PERIOD 1981 TO 2010
CLIMATE RECORD PERIOD 1948 TO 2015


WEATHER ITEM   OBSERVED TIME   RECORD YEAR NORMAL DEPARTURE LAST
                VALUE   (LST)  VALUE       VALUE  FROM      YEAR
                                                  NORMAL
..................................................................
TEMPERATURE (F)
 YESTERDAY
  MAXIMUM         71    424 PM  74    1951  45     26       60
  MINIMUM         32    111 AM  -8    1966  18     14       24
  AVERAGE         52                        31     21       42

PRECIPITATION (IN)
  YESTERDAY        0.00          0.43 1994   0.01  -0.01     0.00
  MONTH TO DATE    0.05                      0.28  -0.23     0.01
  SINCE DEC 1      0.10                      0.80  -0.70     0.02
  SINCE JAN 1      0.05                      0.28  -0.23     0.01

DEGREE DAYS
 HEATING
  YESTERDAY       13                        34    -21
  MONTH TO DATE  880                       884     -4
  SINCE DEC 1   1862                      1918    -56
  SINCE JUL 1   2901                      3007   -106

 COOLING
  YESTERDAY        0                         0      0
  MONTH TO DATE    0                         0      0
  SINCE DEC 1      0                         0      0
  SINCE JAN 1      0                         0      0
..................................................................


WIND (MPH)
  HIGHEST WIND SPEED    24   HIGHEST WIND DIRECTION     N (340)
  HIGHEST GUST SPEED    30   HIGHEST GUST DIRECTION     N (340)
  AVERAGE WIND SPEED    12.9



WEATHER CONDITIONS
 THE FOLLOWING WEATHER WAS RECORDED YESTERDAY.
  HAZE


RELATIVE HUMIDITY (PERCENT)
 HIGHEST    82           200 AM
 LOWEST     19           400 PM
 AVERAGE    51

..........................................................


THE GARDEN CITY REGIONAL ARPT KS CLIMATE NORMALS FOR TODAY
                         NORMAL    RECORD    YEAR
 MAXIMUM TEMPERATURE (F)   45        71      1970
                                             2003
 MINIMUM TEMPERATURE (F)   18       -10      1963


SUNRISE AND SUNSET
JANUARY 27 2015.......SUNRISE   751 AM CST   SUNSET   600 PM CST
JANUARY 28 2015.......SUNRISE   751 AM CST   SUNSET   601 PM CST


-  INDICATES NEGATIVE NUMBERS.
R  INDICATES RECORD WAS SET OR TIED.
MM INDICATES DATA IS MISSING.
T  INDICATES TRACE AMOUNT.




$$
