173
CDUS43 KDDC 290713
CLIGCK


CLIMATE REPORT
NATIONAL WEATHER SERVICE DODGE CITY KS
212 AM CDT THU SEP 29 2016


...................................

...THE GARDEN CITY REGIONAL ARPT KS CLIMATE SUMMARY FOR SEPTEMBER 28 2016...

CLIMATE NORMAL PERIOD 1981 TO 2010
CLIMATE RECORD PERIOD 1948 TO 2016


WEATHER ITEM   OBSERVED TIME   RECORD YEAR NORMAL DEPARTURE LAST
                VALUE   (LST)  VALUE       VALUE  FROM      YEAR
                                                  NORMAL
..................................................................
TEMPERATURE (F)
 YESTERDAY
  MAXIMUM         85    324 PM  97    1953  77      8       90
  MINIMUM         48    551 AM  34    1985  49     -1       54
  AVERAGE         67                        63      4       72

PRECIPITATION (IN)
  YESTERDAY        0.00          0.83 1986   0.05  -0.05     0.00
  MONTH TO DATE    0.19                      1.39  -1.20     0.11
  SINCE SEP 1      0.19                      1.39  -1.20     0.11
  SINCE JAN 1     20.02                     17.04   2.98    19.90

DEGREE DAYS
 HEATING
  YESTERDAY        0                         5     -5
  MONTH TO DATE   20                        58    -38
  SINCE SEP 1     20                        58    -38
  SINCE JUL 1     20                        62    -42

 COOLING
  YESTERDAY        2                         3     -1
  MONTH TO DATE  217                       159     58
  SINCE SEP 1    217                       159     58
  SINCE JAN 1   1373                      1275     98
..................................................................


WIND (MPH)
  HIGHEST WIND SPEED    18   HIGHEST WIND DIRECTION    NE (40)
  HIGHEST GUST SPEED    23   HIGHEST GUST DIRECTION    NE (60)
  AVERAGE WIND SPEED    10.1



WEATHER CONDITIONS
 THE FOLLOWING WEATHER WAS RECORDED YESTERDAY.
  NO SIGNIFICANT WEATHER WAS OBSERVED.


RELATIVE HUMIDITY (PERCENT)
 HIGHEST    71           500 AM
 LOWEST     23          1100 AM
 AVERAGE    47

..........................................................


THE GARDEN CITY REGIONAL ARPT KS CLIMATE NORMALS FOR TODAY
                         NORMAL    RECORD    YEAR
 MAXIMUM TEMPERATURE (F)   76        98      2010
 MINIMUM TEMPERATURE (F)   48         0      2011


SUNRISE AND SUNSET
SEPTEMBER 29 2016.....SUNRISE   737 AM CDT   SUNSET   728 PM CDT
SEPTEMBER 30 2016.....SUNRISE   738 AM CDT   SUNSET   727 PM CDT


-  INDICATES NEGATIVE NUMBERS.
R  INDICATES RECORD WAS SET OR TIED.
MM INDICATES DATA IS MISSING.
T  INDICATES TRACE AMOUNT.




$$
