000
CDUS43 KDDC 230712
CLIGCK


CLIMATE REPORT
NATIONAL WEATHER SERVICE DODGE CITY KS
212 AM CDT FRI JUN 23 2017


...................................

...THE GARDEN CITY REGIONAL ARPT KS CLIMATE SUMMARY FOR JUNE 22 2017...

CLIMATE NORMAL PERIOD 1981 TO 2010
CLIMATE RECORD PERIOD 1948 TO 2017


WEATHER ITEM   OBSERVED TIME   RECORD YEAR NORMAL DEPARTURE LAST
                VALUE   (LST)  VALUE       VALUE  FROM      YEAR
                                                  NORMAL
..................................................................
TEMPERATURE (F)
 YESTERDAY
  MAXIMUM         96    407 PM 108    1988  88      8       97
  MINIMUM         63    559 AM  47    1989  62      1       70
  AVERAGE         80                        75      5       84

PRECIPITATION (IN)
  YESTERDAY        0.07          1.76 2014   0.12  -0.05     0.00
  MONTH TO DATE    0.56                      2.56  -2.00     2.13
  SINCE JUN 1      0.56                      2.56  -2.00     2.13
  SINCE JAN 1      8.87                      9.50  -0.63     7.59

DEGREE DAYS
 HEATING
  YESTERDAY        0                         0      0
  MONTH TO DATE    0                        14    -14
  SINCE JUN 1      0                        14    -14
  SINCE JUL 1   4431                      5205   -774

 COOLING
  YESTERDAY       15                        10      5
  MONTH TO DATE  264                       164    100
  SINCE JUN 1    264                       164    100
  SINCE JAN 1    354                       253    101
..................................................................


WIND (MPH)
  HIGHEST WIND SPEED    28   HIGHEST WIND DIRECTION     W (290)
  HIGHEST GUST SPEED    39   HIGHEST GUST DIRECTION    NW (330)
  AVERAGE WIND SPEED    12.1



WEATHER CONDITIONS
 THE FOLLOWING WEATHER WAS RECORDED YESTERDAY.
  THUNDERSTORM
  LIGHT RAIN


RELATIVE HUMIDITY (PERCENT)
 HIGHEST    84           600 AM
 LOWEST     30           400 PM
 AVERAGE    57

..........................................................


THE GARDEN CITY REGIONAL ARPT KS CLIMATE NORMALS FOR TODAY
                         NORMAL    RECORD    YEAR
 MAXIMUM TEMPERATURE (F)   89       108      1952
 MINIMUM TEMPERATURE (F)   62        46      1989


SUNRISE AND SUNSET
JUNE 23 2017..........SUNRISE   621 AM CDT   SUNSET   909 PM CDT
JUNE 24 2017..........SUNRISE   622 AM CDT   SUNSET   909 PM CDT


-  INDICATES NEGATIVE NUMBERS.
R  INDICATES RECORD WAS SET OR TIED.
MM INDICATES DATA IS MISSING.
T  INDICATES TRACE AMOUNT.




$$
