000
CDUS43 KDDC 032336
CLIGCK


CLIMATE REPORT
NATIONAL WEATHER SERVICE DODGE CITY KS
633 PM CDT FRI JUL 3 2015


...................................

...THE GARDEN CITY REGIONAL ARPT KS CLIMATE SUMMARY FOR JULY 3 2015...
VALID TODAY AS OF 0500 PM LOCAL TIME.

CLIMATE NORMAL PERIOD 1981 TO 2010
CLIMATE RECORD PERIOD 1948 TO 2015


WEATHER ITEM   OBSERVED TIME   RECORD YEAR NORMAL DEPARTURE LAST
                VALUE   (LST)  VALUE       VALUE  FROM      YEAR
                                                  NORMAL
..................................................................
TEMPERATURE (F)
 TODAY
  MAXIMUM         88    359 PM 106    1973  91     -3       81
  MINIMUM         64    520 AM  50    1992  64      0       57
  AVERAGE         76                        77     -1       69

PRECIPITATION (IN)
  TODAY            0.00          1.09 1991   0.10  -0.10     0.00
  MONTH TO DATE    0.53                      0.30   0.23     0.04
  SINCE JUN 1      3.08                      3.78  -0.70    10.92
  SINCE JAN 1     11.90                     10.72   1.18    12.28

DEGREE DAYS
 HEATING
  TODAY            0                         0      0        0
  MONTH TO DATE    0                         0      0        0
  SINCE JUN 1      0                        16    -16       11
  SINCE JUL 1      0                         0      0        0

 COOLING
  TODAY           11                        12     -1        4
  MONTH TO DATE   39                        36      3       14
  SINCE JUN 1    385                       288     97      288
  SINCE JAN 1    415                       377     38      431
..................................................................


WIND (MPH)
  HIGHEST WIND SPEED    14   HIGHEST WIND DIRECTION     E (70)
  HIGHEST GUST SPEED    16   HIGHEST GUST DIRECTION     E (70)
  AVERAGE WIND SPEED     5.1



WEATHER CONDITIONS
 THE FOLLOWING WEATHER WAS RECORDED TODAY.
  THUNDERSTORM
  LIGHT RAIN
  FOG


RELATIVE HUMIDITY (PERCENT)
 HIGHEST    93          1200 AM
 LOWEST     36           300 PM
 AVERAGE    65

..........................................................


THE GARDEN CITY REGIONAL ARPT KS CLIMATE NORMALS FOR TOMORROW
                         NORMAL    RECORD    YEAR
 MAXIMUM TEMPERATURE (F)   91       108      1953
 MINIMUM TEMPERATURE (F)   64        53      1997


SUNRISE AND SUNSET
JULY  3 2015..........SUNRISE   625 AM CDT   SUNSET   909 PM CDT
JULY  4 2015..........SUNRISE   626 AM CDT   SUNSET   909 PM CDT


-  INDICATES NEGATIVE NUMBERS.
R  INDICATES RECORD WAS SET OR TIED.
MM INDICATES DATA IS MISSING.
T  INDICATES TRACE AMOUNT.




$$
