000
CDUS41 KPHI 250628
CLIGED


CLIMATE REPORT
NATIONAL WEATHER SERVICE MOUNT HOLLY NJ
227 AM EDT SUN JUN 25 2017


...................................

...THE GEORGETOWN DE CLIMATE SUMMARY FOR JUNE 24 2017...

CLIMATE NORMAL PERIOD 1981 TO 2010
CLIMATE RECORD PERIOD 1948 TO 2017


WEATHER ITEM   OBSERVED TIME   RECORD YEAR NORMAL DEPARTURE LAST
                VALUE   (LST)  VALUE       VALUE  FROM      YEAR
                                                  NORMAL
..................................................................
TEMPERATURE (F)
 YESTERDAY
  MAXIMUM         88    450 PM  97    2010  85      3       82
  MINIMUM         69   1159 PM  50    1972  65      4       68
  AVERAGE         79                        75      4       75

PRECIPITATION (IN)
  YESTERDAY        0.05          0.74 1956   0.16  -0.11     0.65
  MONTH TO DATE    1.77                      3.65  -1.88     2.73
  SINCE JUN 1      1.77                      3.65  -1.88     2.73
  SINCE JAN 1     17.95                     20.59  -2.64    20.96

DEGREE DAYS
 HEATING
  YESTERDAY        0                         0      0        0
  MONTH TO DATE   12                        10      2        1
  SINCE JUN 1     12                        10      2        1
  SINCE JUL 1   3590                      4403   -813     3660

 COOLING
  YESTERDAY       14                        10      4       10
  MONTH TO DATE  246                       177     69      170
  SINCE JUN 1    246                       177     69      170
  SINCE JAN 1    392                       271    121      260
..................................................................


WIND (MPH)
  HIGHEST WIND SPEED    26   HIGHEST WIND DIRECTION    SW (210)
  HIGHEST GUST SPEED    36   HIGHEST GUST DIRECTION    SW (210)
  AVERAGE WIND SPEED    10.6


SKY COVER
  POSSIBLE SUNSHINE  MM
  AVERAGE SKY COVER 0.2


WEATHER CONDITIONS
 THE FOLLOWING WEATHER WAS RECORDED YESTERDAY.
  HEAVY RAIN
  LIGHT RAIN
  FOG


RELATIVE HUMIDITY (PERCENT)
 HIGHEST    82           700 AM
 LOWEST     39           300 PM
 AVERAGE    61

..........................................................


THE GEORGETOWN DE CLIMATE NORMALS FOR TODAY
                         NORMAL    RECORD    YEAR
 MAXIMUM TEMPERATURE (F)   85        96      1952
 MINIMUM TEMPERATURE (F)   65        49      1979


SUNRISE AND SUNSET
JUNE 25 2017..........SUNRISE   538 AM EDT   SUNSET   830 PM EDT
JUNE 26 2017..........SUNRISE   538 AM EDT   SUNSET   830 PM EDT


-  INDICATES NEGATIVE NUMBERS.
R  INDICATES RECORD WAS SET OR TIED.
MM INDICATES DATA IS MISSING.
T  INDICATES TRACE AMOUNT.




$$
