000
CDUS41 KPHI 190550
CLIGED


CLIMATE REPORT
NATIONAL WEATHER SERVICE MOUNT HOLLY NJ
149 AM EDT SAT AUG 19 2017


...................................

...THE GEORGETOWN DE CLIMATE SUMMARY FOR AUGUST 18 2017...

CLIMATE NORMAL PERIOD 1981 TO 2010
CLIMATE RECORD PERIOD 1948 TO 2017


WEATHER ITEM   OBSERVED TIME   RECORD YEAR NORMAL DEPARTURE LAST
                VALUE   (LST)  VALUE       VALUE  FROM      YEAR
                                                  NORMAL
..................................................................
TEMPERATURE (F)
 YESTERDAY
  MAXIMUM         93    328 PM  97    2002  85      8       88
  MINIMUM         73    839 PM  49    1981  67      6       71
  AVERAGE         83                        76      7       80

PRECIPITATION (IN)
  YESTERDAY        1.37          2.24 1992   0.12   1.25     0.04
  MONTH TO DATE    6.00                      1.88   4.12     3.08
  SINCE JUN 1     16.42                     10.68   5.74    10.33
  SINCE JAN 1     32.60                     27.62   4.98    28.56

DEGREE DAYS
 HEATING
  YESTERDAY        0                         0      0        0
  MONTH TO DATE    0                         0      0        0
  SINCE JUN 1     12                        13     -1        1
  SINCE JUL 1      0                         0      0        0

 COOLING
  YESTERDAY       18                        11      7       15
  MONTH TO DATE  205                       206     -1      275
  SINCE JUN 1    972                       812    160      970
  SINCE JAN 1   1118                       906    212     1060
..................................................................


WIND (MPH)
  HIGHEST WIND SPEED    20   HIGHEST WIND DIRECTION     S (180)
  HIGHEST GUST SPEED    27   HIGHEST GUST DIRECTION     S (170)
  AVERAGE WIND SPEED    10.1


SKY COVER
  POSSIBLE SUNSHINE  MM
  AVERAGE SKY COVER 0.6


WEATHER CONDITIONS
 THE FOLLOWING WEATHER WAS RECORDED YESTERDAY.
  THUNDERSTORM
  HEAVY RAIN
  RAIN
  LIGHT RAIN
  FOG
  HAZE


RELATIVE HUMIDITY (PERCENT)
 HIGHEST    94           300 AM
 LOWEST     64           300 PM
 AVERAGE    79

..........................................................


THE GEORGETOWN DE CLIMATE NORMALS FOR TODAY
                         NORMAL    RECORD    YEAR
 MAXIMUM TEMPERATURE (F)   85        96      1987
 MINIMUM TEMPERATURE (F)   66        49      1961


SUNRISE AND SUNSET
AUGUST 19 2017........SUNRISE   619 AM EDT   SUNSET   750 PM EDT
AUGUST 20 2017........SUNRISE   620 AM EDT   SUNSET   749 PM EDT


-  INDICATES NEGATIVE NUMBERS.
R  INDICATES RECORD WAS SET OR TIED.
MM INDICATES DATA IS MISSING.
T  INDICATES TRACE AMOUNT.




$$
