000
CDUS41 KPHI 202128
CLIGED


CLIMATE REPORT
NATIONAL WEATHER SERVICE MOUNT HOLLY NJ
528 PM EDT FRI OCT 20 2017


...................................

...THE GEORGETOWN DE CLIMATE SUMMARY FOR OCTOBER 20 2017...
VALID TODAY AS OF 0500 PM LOCAL TIME.

CLIMATE NORMAL PERIOD 1981 TO 2010
CLIMATE RECORD PERIOD 1948 TO 2017


WEATHER ITEM   OBSERVED TIME   RECORD YEAR NORMAL DEPARTURE LAST
                VALUE   (LST)  VALUE       VALUE  FROM      YEAR
                                                  NORMAL
..................................................................
TEMPERATURE (F)
 TODAY
  MAXIMUM         76    259 PM  84    2016  67      9       84
  MINIMUM         48    252 AM  26    1981  46      2       63
  AVERAGE         62                        56      6       74

PRECIPITATION (IN)
  TODAY            0.00          1.10 1989   0.12  -0.12     0.00
  MONTH TO DATE    0.77                      2.42  -1.65     3.01
  SINCE SEP 1      2.96                      6.55  -3.59    15.30
  SINCE JAN 1     36.97                     35.82   1.15    44.66

DEGREE DAYS
 HEATING
  TODAY            3                         9     -6        0
  MONTH TO DATE   55                       128    -73       64
  SINCE SEP 1     66                       165    -99       71
  SINCE JUL 1     66                       166   -100       71

 COOLING
  TODAY            0                         0      0        9
  MONTH TO DATE   80                        18     62       43
  SINCE SEP 1    271                       160    111      276
  SINCE JAN 1   1504                      1189    315     1490
..................................................................


WIND (MPH)
  HIGHEST WIND SPEED    12   HIGHEST WIND DIRECTION     N (360)
  HIGHEST GUST SPEED    17   HIGHEST GUST DIRECTION     N (350)
  AVERAGE WIND SPEED     4.1


SKY COVER
  POSSIBLE SUNSHINE  MM
  AVERAGE SKY COVER 0.0


WEATHER CONDITIONS
 THE FOLLOWING WEATHER WAS RECORDED TODAY.
  FOG


RELATIVE HUMIDITY (PERCENT)
 HIGHEST    96           200 AM
 LOWEST     29           400 PM
 AVERAGE    63

..........................................................


THE GEORGETOWN DE CLIMATE NORMALS FOR TOMORROW
                         NORMAL    RECORD    YEAR
 MAXIMUM TEMPERATURE (F)   67        83      1984
 MINIMUM TEMPERATURE (F)   46        22      1952


SUNRISE AND SUNSET
OCTOBER 20 2017.......SUNRISE   716 AM EDT   SUNSET   616 PM EDT
OCTOBER 21 2017.......SUNRISE   717 AM EDT   SUNSET   614 PM EDT


-  INDICATES NEGATIVE NUMBERS.
R  INDICATES RECORD WAS SET OR TIED.
MM INDICATES DATA IS MISSING.
T  INDICATES TRACE AMOUNT.




$$
