000
CDUS41 KPHI 270632
CLIGED


CLIMATE REPORT
NATIONAL WEATHER SERVICE MOUNT HOLLY NJ
131 AM EST THU NOV 27 2014


...................................

...THE GEORGETOWN DE CLIMATE SUMMARY FOR NOVEMBER 26 2014...

CLIMATE NORMAL PERIOD 1981 TO 2010
CLIMATE RECORD PERIOD 1948 TO 2014


WEATHER ITEM   OBSERVED TIME   RECORD YEAR NORMAL DEPARTURE LAST
                VALUE   (LST)  VALUE       VALUE  FROM      YEAR
                                                  NORMAL
..................................................................
TEMPERATURE (F)
 YESTERDAY
  MAXIMUM         49    114 AM  74    1973  55     -6       63
  MINIMUM         37    719 PM  21    2005  36      1       34
                                      1981
  AVERAGE         43                        45     -2       49

PRECIPITATION (IN)
  YESTERDAY        1.39R         0.92 1951   0.12   1.27     0.59
  MONTH TO DATE    3.53                      2.91   0.62     1.74
  SINCE SEP 1      9.94                     10.76  -0.82     7.16
  SINCE JAN 1     40.24                     40.03   0.21    49.15

SNOWFALL (IN)
  YESTERDAY       MM            MM      MM  MM     MM       MM
  MONTH TO DATE   MM                        MM     MM       MM
  SINCE SEP 1     MM                        MM     MM       MM
  SINCE JUL 1     MM                        MM     MM       MM
  SNOW DEPTH      MM

DEGREE DAYS
 HEATING
  YESTERDAY       22                        20      2       16
  MONTH TO DATE  482                       416     66      452
  SINCE SEP 1    663                       701    -38      695
  SINCE JUL 1    663                       702    -39      695

 COOLING
  YESTERDAY        0                         0      0        0
  MONTH TO DATE    2                         0      2        5
  SINCE SEP 1    200                       165     35      209
  SINCE JAN 1   1151                      1194    -43     1396
..................................................................


WIND (MPH)
  HIGHEST WIND SPEED    24   HIGHEST WIND DIRECTION    NE (30)
  HIGHEST GUST SPEED    34   HIGHEST GUST DIRECTION     N (10)
  AVERAGE WIND SPEED    11.8


SKY COVER
  POSSIBLE SUNSHINE  MM
  AVERAGE SKY COVER 1.0


WEATHER CONDITIONS
 THE FOLLOWING WEATHER WAS RECORDED YESTERDAY.
  HEAVY RAIN
  RAIN
  LIGHT RAIN
  FOG


RELATIVE HUMIDITY (PERCENT)
 HIGHEST   100           600 PM
 LOWEST     71          1200 AM
 AVERAGE    86

..........................................................


THE GEORGETOWN DE CLIMATE NORMALS FOR TODAY
                         NORMAL    RECORD    YEAR
 MAXIMUM TEMPERATURE (F)   54        71      1988
 MINIMUM TEMPERATURE (F)   35        17      1991


SUNRISE AND SUNSET
NOVEMBER 27 2014......SUNRISE   656 AM EST   SUNSET   441 PM EST
NOVEMBER 28 2014......SUNRISE   657 AM EST   SUNSET   441 PM EST


-  INDICATES NEGATIVE NUMBERS.
R  INDICATES RECORD WAS SET OR TIED.
MM INDICATES DATA IS MISSING.
T  INDICATES TRACE AMOUNT.




$$
