000
CDUS41 KPHI 010631
CLIGED


CLIMATE REPORT
NATIONAL WEATHER SERVICE MOUNT HOLLY NJ
128 AM EST SUN MAR 1 2015


...................................

...THE GEORGETOWN DE CLIMATE SUMMARY FOR FEBRUARY 28 2015...

CLIMATE NORMAL PERIOD 1981 TO 2010
CLIMATE RECORD PERIOD 1948 TO 2015


WEATHER ITEM   OBSERVED TIME   RECORD YEAR NORMAL DEPARTURE LAST
                VALUE   (LST)  VALUE       VALUE  FROM      YEAR
                                                  NORMAL
..................................................................
TEMPERATURE (F)
 YESTERDAY
  MAXIMUM         32    400 PM  74    1997  50    -18       29
  MINIMUM         13    600 AM   8    1950  31    -18       13
  AVERAGE         23                        40    -17       21

PRECIPITATION (IN)
  YESTERDAY        0.00          1.03 1949   0.11  -0.11     0.00
  MONTH TO DATE    2.30                      2.79  -0.49     4.14
  SINCE DEC 1     10.36                      9.00   1.36    12.07
  SINCE JAN 1      6.83                      5.71   1.12     7.18

SNOWFALL (IN)
  YESTERDAY       MM            MM      MM  MM     MM       MM
  MONTH TO DATE   MM                        MM     MM       MM
  SINCE DEC 1     MM                        MM     MM       MM
  SINCE JUL 1     MM                        MM     MM       MM
  SNOW DEPTH      MM

DEGREE DAYS
 HEATING
  YESTERDAY       42                        25     17       44
  MONTH TO DATE 1062                       769    293      809
  SINCE DEC 1   2725                      2496    229     2552
  SINCE JUL 1   3488                      3280    208     3355

 COOLING
  YESTERDAY        0                         0      0        0
  MONTH TO DATE    0                         0      0        0
  SINCE DEC 1      0                         0      0        4
  SINCE JAN 1      0                         0      0        0
..................................................................


WIND (MPH)
  HIGHEST WIND SPEED    15   HIGHEST WIND DIRECTION    NE (30)
  HIGHEST GUST SPEED    18   HIGHEST GUST DIRECTION    NE (30)
  AVERAGE WIND SPEED     3.6


SKY COVER
  POSSIBLE SUNSHINE  MM
  AVERAGE SKY COVER 0.0


WEATHER CONDITIONS
 THE FOLLOWING WEATHER WAS RECORDED YESTERDAY.
  NO SIGNIFICANT WEATHER WAS OBSERVED.


RELATIVE HUMIDITY (PERCENT)
 HIGHEST    74          1000 PM
 LOWEST     23          1200 PM
 AVERAGE    49

..........................................................


THE GEORGETOWN DE CLIMATE NORMALS FOR TODAY
                         NORMAL    RECORD    YEAR
 MAXIMUM TEMPERATURE (F)   50        73      1976
 MINIMUM TEMPERATURE (F)   31        10      1980


SUNRISE AND SUNSET
MARCH  1 2015.........SUNRISE   634 AM EST   SUNSET   554 PM EST
MARCH  2 2015.........SUNRISE   633 AM EST   SUNSET   555 PM EST


-  INDICATES NEGATIVE NUMBERS.
R  INDICATES RECORD WAS SET OR TIED.
MM INDICATES DATA IS MISSING.
T  INDICATES TRACE AMOUNT.




$$
