000
CDUS41 KPHI 182127
CLIGED


CLIMATE REPORT
NATIONAL WEATHER SERVICE MOUNT HOLLY NJ
426 PM EST MON DEC 18 2017


...................................

...THE GEORGETOWN DE CLIMATE SUMMARY FOR DECEMBER 18 2017...
VALID TODAY AS OF 0400 PM LOCAL TIME.

CLIMATE NORMAL PERIOD 1981 TO 2010
CLIMATE RECORD PERIOD 1948 TO 2017


WEATHER ITEM   OBSERVED TIME   RECORD YEAR NORMAL DEPARTURE LAST
                VALUE   (LST)  VALUE       VALUE  FROM      YEAR
                                                  NORMAL
..................................................................
TEMPERATURE (F)
 TODAY
  MAXIMUM         55    257 PM  72    2006  47      8       70
  MINIMUM         40    533 AM  10    1953  30     10       39
  AVERAGE         48                        38     10       55

PRECIPITATION (IN)
  TODAY            0.00          0.93 1951   0.12  -0.12      T
  MONTH TO DATE    0.88                      2.06  -1.18     2.22
  SINCE DEC 1      0.88                      2.06  -1.18     2.22
  SINCE JAN 1     42.61                     42.54   0.07    47.49

DEGREE DAYS
 HEATING
  TODAY           17                        27    -10       10
  MONTH TO DATE  456                       433     23      442
  SINCE DEC 1    456                       433     23      442
  SINCE JUL 1   1073                      1217   -144     1076

 COOLING
  TODAY            0                         0      0        0
  MONTH TO DATE    0                         0      0        0
  SINCE DEC 1      0                         0      0        0
  SINCE JAN 1   1517                      1196    321     1506
..................................................................


WIND (MPH)
  HIGHEST WIND SPEED     9   HIGHEST WIND DIRECTION    NW (300)
  HIGHEST GUST SPEED    12   HIGHEST GUST DIRECTION    NW (310)
  AVERAGE WIND SPEED     3.0


SKY COVER
  POSSIBLE SUNSHINE  MM
  AVERAGE SKY COVER 0.5


WEATHER CONDITIONS
 THE FOLLOWING WEATHER WAS RECORDED TODAY.
  FOG


RELATIVE HUMIDITY (PERCENT)
 HIGHEST    92           200 AM
 LOWEST     46           200 PM
 AVERAGE    69

..........................................................


THE GEORGETOWN DE CLIMATE NORMALS FOR TOMORROW
                         NORMAL    RECORD    YEAR
 MAXIMUM TEMPERATURE (F)   47        72      1984
 MINIMUM TEMPERATURE (F)   30         6      1989


SUNRISE AND SUNSET
DECEMBER 18 2017......SUNRISE   714 AM EST   SUNSET   442 PM EST
DECEMBER 19 2017......SUNRISE   715 AM EST   SUNSET   443 PM EST


-  INDICATES NEGATIVE NUMBERS.
R  INDICATES RECORD WAS SET OR TIED.
MM INDICATES DATA IS MISSING.
T  INDICATES TRACE AMOUNT.




$$
