000
CDUS46 KOTX 162349
CLIGEG


CLIMATE REPORT
NATIONAL WEATHER SERVICE SPOKANE, WA
449 PM PDT WED AUG 16 2017


...................................

...THE SPOKANE WA AIRPORT CLIMATE SUMMARY FOR AUGUST 16 2017...
VALID AS OF 0400 PM LOCAL TIME.

CLIMATE NORMAL PERIOD 1981 TO 2010
CLIMATE RECORD PERIOD 1881 TO 2017


WEATHER ITEM   OBSERVED TIME   RECORD YEAR NORMAL DEPARTURE LAST
                VALUE   (LST)  VALUE       VALUE  FROM      YEAR
                                                  NORMAL
..................................................................
TEMPERATURE (F)
 TODAY
  MAXIMUM         83    253 PM 100    1967  83      0       93
  MINIMUM         54    523 AM  41    1935  56     -2       59
                                      1913
  AVERAGE         69                        70     -1       76

PRECIPITATION (IN)
  TODAY            0.00          0.47 1993   0.02  -0.02     0.00
  MONTH TO DATE    T                         0.29  -0.29     0.16
  SINCE OCT 1     23.26                     15.59   7.67    15.16
  SINCE JAN 1     13.97                      9.81   4.16     8.80

SNOWFALL (IN)
  TODAY            0.0           0.0  2002   0.0    0.0      0.0
                                      2001
                                      1999
  MONTH TO DATE    0.0                       0.0    0.0      0.0
  SINCE JUN 1      0.0                       0.0    0.0      0.0
  SINCE JUL 1      0.0                       0.0    0.0      0.0
  SNOW DEPTH       0

DEGREE DAYS
 HEATING
  TODAY            0                         1     -1        0
  MONTH TO DATE    2                        11     -9        9
  SINCE JUN 1     68                       179   -111      139
  SINCE JUL 1      2                        43    -41       29

 COOLING
  TODAY            4                         6     -2       11
  MONTH TO DATE  181                       106     75      105
  SINCE JUN 1    570                       335    235      371
  SINCE JAN 1    605                       349    256      383
..................................................................


WIND (MPH)
  HIGHEST WIND SPEED    18   HIGHEST WIND DIRECTION    SW (230)
  HIGHEST GUST SPEED    23   HIGHEST GUST DIRECTION    SW (230)
  AVERAGE WIND SPEED     9.8


SKY COVER
  POSSIBLE SUNSHINE  MM
  AVERAGE SKY COVER 0.3


WEATHER CONDITIONS
 THE FOLLOWING WEATHER WAS RECORDED TODAY.
  NO SIGNIFICANT WEATHER WAS OBSERVED.


RELATIVE HUMIDITY (PERCENT)
 HIGHEST    54           500 AM
 LOWEST     20           200 PM
 AVERAGE    37

..........................................................


THE SPOKANE WA AIRPORT CLIMATE NORMALS FOR TOMORROW
                         NORMAL    RECORD    YEAR
 MAXIMUM TEMPERATURE (F)   83       103      2008
 MINIMUM TEMPERATURE (F)   56        43      1989
                                             1881


SUNRISE AND SUNSET
AUGUST 16 2017........SUNRISE   548 AM PDT   SUNSET   800 PM PDT
AUGUST 17 2017........SUNRISE   549 AM PDT   SUNSET   758 PM PDT


-  INDICATES NEGATIVE NUMBERS.
R  INDICATES RECORD WAS SET OR TIED.
MM INDICATES DATA IS MISSING.
T  INDICATES TRACE AMOUNT.




$$
