000
CDUS46 KOTX 230827
CLIGEG


CLIMATE REPORT
NATIONAL WEATHER SERVICE SPOKANE, WA
1226 AM PST THU FEB 23 2017


...................................

...THE SPOKANE WA AIRPORT CLIMATE SUMMARY FOR FEBRUARY 22 2017...

CLIMATE NORMAL PERIOD 1981 TO 2010
CLIMATE RECORD PERIOD 1881 TO 2017


WEATHER ITEM   OBSERVED TIME   RECORD YEAR NORMAL DEPARTURE LAST
                VALUE   (LST)  VALUE       VALUE  FROM      YEAR
                                                  NORMAL
..................................................................
TEMPERATURE (F)
 YESTERDAY
  MAXIMUM         35    423 PM  57    1905  41     -6       44
  MINIMUM         22   1117 PM  -4    1910  27     -5       28
  AVERAGE         29                        34     -5       36

PRECIPITATION (IN)
  YESTERDAY        0.01          0.51 1949   0.05  -0.04     0.00
  MONTH TO DATE    4.07                      1.03   3.04     0.70
  SINCE OCT 1     15.21                      8.60   6.61     9.80
  SINCE JAN 1      5.92                      2.82   3.10     3.44

SNOWFALL (IN)
  YESTERDAY        0.2           3.5  1957   0.2    0.0      0.0
  MONTH TO DATE   15.8                       5.6   10.2      1.3
  SINCE DEC 1     48.3                      31.6   16.7     32.1
  SINCE JUL 1     51.6                      39.1   12.5     33.6
  SNOW DEPTH       1

DEGREE DAYS
 HEATING
  YESTERDAY       36                        31      5       29
  MONTH TO DATE  755                       715     40      590
  SINCE DEC 1   3423                      2981    442     2692
  SINCE JUL 1   4756                      4648    108     4126

 COOLING
  YESTERDAY        0                         0      0        0
  MONTH TO DATE    0                         0      0        0
  SINCE DEC 1      0                         0      0        0
  SINCE JAN 1      0                         0      0        0
..................................................................


WIND (MPH)
  HIGHEST WIND SPEED     9   HIGHEST WIND DIRECTION     W (250)
  HIGHEST GUST SPEED    11   HIGHEST GUST DIRECTION    SW (230)
  AVERAGE WIND SPEED     3.6


SKY COVER
  POSSIBLE SUNSHINE  MM
  AVERAGE SKY COVER 0.7


WEATHER CONDITIONS
 THE FOLLOWING WEATHER WAS RECORDED YESTERDAY.
  LIGHT RAIN
  LIGHT SNOW
  FOG
  HAZE


RELATIVE HUMIDITY (PERCENT)
 HIGHEST   100           100 AM
 LOWEST     70           400 PM
 AVERAGE    85

..........................................................


THE SPOKANE WA AIRPORT CLIMATE NORMALS FOR TODAY
                         NORMAL    RECORD    YEAR
 MAXIMUM TEMPERATURE (F)   42        59      1947
 MINIMUM TEMPERATURE (F)   27         2      1942


SUNRISE AND SUNSET
FEBRUARY 23 2017......SUNRISE   641 AM PST   SUNSET   526 PM PST
FEBRUARY 24 2017......SUNRISE   639 AM PST   SUNSET   528 PM PST


-  INDICATES NEGATIVE NUMBERS.
R  INDICATES RECORD WAS SET OR TIED.
MM INDICATES DATA IS MISSING.
T  INDICATES TRACE AMOUNT.




$$
