000
CDUS46 KOTX 300822
CLIGEG


CLIMATE REPORT
NATIONAL WEATHER SERVICE SPOKANE, WA
1222 AM PST FRI JAN 30 2015


...................................

...THE SPOKANE WA AIRPORT CLIMATE SUMMARY FOR JANUARY 29 2015...

CLIMATE NORMAL PERIOD 1981 TO 2010
CLIMATE RECORD PERIOD 1881 TO 2015


WEATHER ITEM   OBSERVED TIME   RECORD YEAR NORMAL DEPARTURE LAST
                VALUE   (LST)  VALUE       VALUE  FROM      YEAR
                                                  NORMAL
..................................................................
TEMPERATURE (F)
 YESTERDAY
  MAXIMUM         35    155 PM  53    1967  36     -1       29
  MINIMUM         27   1159 PM -24    1950  26      1       23
  AVERAGE         31                        31      0       26

PRECIPITATION (IN)
  YESTERDAY        0.00          0.74 1890   0.04  -0.04     0.38
  MONTH TO DATE    1.91                      1.69   0.22     0.98
  SINCE OCT 1      6.64                      7.47  -0.83     3.31
  SINCE JAN 1      1.91                      1.69   0.22     0.98

SNOWFALL (IN)
  YESTERDAY        0.0           7.8  1961   0.3   -0.3      3.6
  MONTH TO DATE   10.1                      10.9   -0.8      6.7
  SINCE DEC 1     13.8                      25.5  -11.7     10.4
  SINCE JUL 1     14.3                      33.0  -18.7     13.5
  SNOW DEPTH       0

DEGREE DAYS
 HEATING
  YESTERDAY       34                        34      0       39
  MONTH TO DATE  979                      1031    -52     1009
  SINCE DEC 1   1970                      2198   -228     2222
  SINCE JUL 1   3339                      3865   -526     3877

 COOLING
  YESTERDAY        0                         0      0        0
  MONTH TO DATE    0                         0      0        0
  SINCE DEC 1      0                         0      0        0
  SINCE JAN 1      0                         0      0        0
..................................................................


WIND (MPH)
  HIGHEST WIND SPEED    10   HIGHEST WIND DIRECTION    NE (40)
  HIGHEST GUST SPEED    13   HIGHEST GUST DIRECTION    NE (60)
  AVERAGE WIND SPEED     5.0


SKY COVER
  POSSIBLE SUNSHINE  MM
  AVERAGE SKY COVER 0.8


WEATHER CONDITIONS
 THE FOLLOWING WEATHER WAS RECORDED YESTERDAY.
  FOG
  FOG W/VISIBILITY <= 1/4 MILE


RELATIVE HUMIDITY (PERCENT)
 HIGHEST   100          1200 AM
 LOWEST     89           500 PM
 AVERAGE    95

..........................................................


THE SPOKANE WA AIRPORT CLIMATE NORMALS FOR TODAY
                         NORMAL    RECORD    YEAR
 MAXIMUM TEMPERATURE (F)   36        59      1971
 MINIMUM TEMPERATURE (F)   26       -19      1950


SUNRISE AND SUNSET
JANUARY 30 2015.......SUNRISE   719 AM PST   SUNSET   448 PM PST
JANUARY 31 2015.......SUNRISE   718 AM PST   SUNSET   449 PM PST


-  INDICATES NEGATIVE NUMBERS.
R  INDICATES RECORD WAS SET OR TIED.
MM INDICATES DATA IS MISSING.
T  INDICATES TRACE AMOUNT.




$$
