000
CDUS46 KOTX 260824
CLIGEG


CLIMATE REPORT
NATIONAL WEATHER SERVICE SPOKANE, WA
123 AM PDT MON JUN 26 2017


...................................

...THE SPOKANE WA AIRPORT CLIMATE SUMMARY FOR JUNE 25 2017...

CLIMATE NORMAL PERIOD 1981 TO 2010
CLIMATE RECORD PERIOD 1881 TO 2017


WEATHER ITEM   OBSERVED TIME   RECORD YEAR NORMAL DEPARTURE LAST
                VALUE   (LST)  VALUE       VALUE  FROM      YEAR
                                                  NORMAL
..................................................................
TEMPERATURE (F)
 YESTERDAY
  MAXIMUM         93    550 PM  98    1926  76     17       73
                                      1912
  MINIMUM         61    444 AM  37    1976  52      9       47
  AVERAGE         77                        64     13       60

PRECIPITATION (IN)
  YESTERDAY        0.00          0.85 1999   0.03  -0.03     0.00
  MONTH TO DATE    0.50                      1.11  -0.61     0.51
  SINCE OCT 1     23.05                     14.52   8.53    14.73
  SINCE JAN 1     13.76                      8.74   5.02     8.37

SNOWFALL (IN)
  YESTERDAY        0.0           0.0  2002   0.0    0.0      0.0
                                      2001
                                      2000
  MONTH TO DATE    0.0                       0.0    0.0      0.0
  SINCE JUN 1      0.0                       0.0    0.0      0.0
  SINCE JUL 1     61.5                      44.9   16.6     34.2
  SNOW DEPTH       0

DEGREE DAYS
 HEATING
  YESTERDAY        0                         3     -3        5
  MONTH TO DATE   66                       122    -56      110
  SINCE JUN 1     66                       122    -56      110
  SINCE JUL 1   6628                      6579     49     5588

 COOLING
  YESTERDAY       12                         2     10        0
  MONTH TO DATE   62                        34     28       65
  SINCE JUN 1     62                        34     28       65
  SINCE JAN 1     97                        48     49       77
..................................................................


WIND (MPH)
  HIGHEST WIND SPEED    13   HIGHEST WIND DIRECTION    NE (50)
  HIGHEST GUST SPEED    16   HIGHEST GUST DIRECTION    NE (60)
  AVERAGE WIND SPEED     5.8


SKY COVER
  POSSIBLE SUNSHINE  MM
  AVERAGE SKY COVER 0.3


WEATHER CONDITIONS
 THE FOLLOWING WEATHER WAS RECORDED YESTERDAY.
  NO SIGNIFICANT WEATHER WAS OBSERVED.


RELATIVE HUMIDITY (PERCENT)
 HIGHEST    56           200 AM
 LOWEST     14           500 PM
 AVERAGE    35

..........................................................


THE SPOKANE WA AIRPORT CLIMATE NORMALS FOR TODAY
                         NORMAL    RECORD    YEAR
 MAXIMUM TEMPERATURE (F)   77       100      1925
 MINIMUM TEMPERATURE (F)   52        38      1976


SUNRISE AND SUNSET
JUNE 26 2017..........SUNRISE   454 AM PDT   SUNSET   852 PM PDT
JUNE 27 2017..........SUNRISE   454 AM PDT   SUNSET   852 PM PDT


-  INDICATES NEGATIVE NUMBERS.
R  INDICATES RECORD WAS SET OR TIED.
MM INDICATES DATA IS MISSING.
T  INDICATES TRACE AMOUNT.




$$
