000
CDUS46 KOTX 240822
CLIGEG


CLIMATE REPORT
NATIONAL WEATHER SERVICE SPOKANE, WA
121 AM PDT SUN JUL 24 2016


...................................

...THE SPOKANE WA AIRPORT CLIMATE SUMMARY FOR JULY 23 2016...

CLIMATE NORMAL PERIOD 1981 TO 2010
CLIMATE RECORD PERIOD 1881 TO 2016


WEATHER ITEM   OBSERVED TIME   RECORD YEAR NORMAL DEPARTURE LAST
                VALUE   (LST)  VALUE       VALUE  FROM      YEAR
                                                  NORMAL
..................................................................
TEMPERATURE (F)
 YESTERDAY
  MAXIMUM         79    347 PM 102    2006  85     -6       82
                                      1959
                                      1928
  MINIMUM         51    525 AM  44    1963  58     -7       55
  AVERAGE         65                        72     -7       69

PRECIPITATION (IN)
  YESTERDAY        0.00          0.35 1961   0.01  -0.01     0.00
  MONTH TO DATE    0.27                      0.51  -0.24     0.19
  SINCE OCT 1     15.00                     15.17  -0.17    11.75
  SINCE JAN 1      8.64                      9.39  -0.75     7.02

SNOWFALL (IN)
  YESTERDAY        0.0           0.0  2002   0.0    0.0      0.0
                                      2001
                                      2000
  MONTH TO DATE    0.0                       0.0    0.0      0.0
  SINCE JUN 1      0.0                       0.0    0.0      0.0
  SINCE JUL 1      0.0                       0.0    0.0      0.0
  SNOW DEPTH       0

DEGREE DAYS
 HEATING
  YESTERDAY        0                         1     -1        0
  MONTH TO DATE   20                        30    -10        0
  SINCE JUN 1    130                       166    -36       25
  SINCE JUL 1     20                        30    -10        0

 COOLING
  YESTERDAY        0                         7     -7        4
  MONTH TO DATE   52                       122    -70      251
  SINCE JUN 1    166                       171     -5      476
  SINCE JAN 1    178                       185     -7      508
..................................................................


WIND (MPH)
  HIGHEST WIND SPEED    14   HIGHEST WIND DIRECTION    SW (230)
  HIGHEST GUST SPEED    21   HIGHEST GUST DIRECTION    SW (220)
  AVERAGE WIND SPEED     6.1


SKY COVER
  POSSIBLE SUNSHINE  MM
  AVERAGE SKY COVER 0.3


WEATHER CONDITIONS
 THE FOLLOWING WEATHER WAS RECORDED YESTERDAY.
  NO SIGNIFICANT WEATHER WAS OBSERVED.


RELATIVE HUMIDITY (PERCENT)
 HIGHEST    83           100 AM
 LOWEST     23           500 PM
 AVERAGE    53

..........................................................


THE SPOKANE WA AIRPORT CLIMATE NORMALS FOR TODAY
                         NORMAL    RECORD    YEAR
 MAXIMUM TEMPERATURE (F)   86       104      1928
 MINIMUM TEMPERATURE (F)   58        46      1948


SUNRISE AND SUNSET
JULY 24 2016..........SUNRISE   518 AM PDT   SUNSET   834 PM PDT
JULY 25 2016..........SUNRISE   520 AM PDT   SUNSET   833 PM PDT


-  INDICATES NEGATIVE NUMBERS.
R  INDICATES RECORD WAS SET OR TIED.
MM INDICATES DATA IS MISSING.
T  INDICATES TRACE AMOUNT.




$$
