000
CDUS46 KOTX 270828
CLIGEG


CLIMATE REPORT
NATIONAL WEATHER SERVICE SPOKANE, WA
128 AM PDT FRI MAY 27 2016


...................................

...THE SPOKANE WA AIRPORT CLIMATE SUMMARY FOR MAY 26 2016...

CLIMATE NORMAL PERIOD 1981 TO 2010
CLIMATE RECORD PERIOD 1881 TO 2016


WEATHER ITEM   OBSERVED TIME   RECORD YEAR NORMAL DEPARTURE LAST
                VALUE   (LST)  VALUE       VALUE  FROM      YEAR
                                                  NORMAL
..................................................................
TEMPERATURE (F)
 YESTERDAY
  MAXIMUM         66    541 PM  93    1936  69     -3       66
  MINIMUM         48    455 AM  35    1991  47      1       51
                                      1973
                                      1954
  AVERAGE         57                        58     -1       59

PRECIPITATION (IN)
  YESTERDAY        0.00          1.01 1906   0.06  -0.06     0.04
  MONTH TO DATE    0.78                      1.31  -0.53     0.85
  SINCE OCT 1     14.22                     13.10   1.12    11.49
  SINCE JAN 1      7.86                      7.32   0.54     6.76

SNOWFALL (IN)
  YESTERDAY        0.0           0.0  2002   0.0    0.0      0.0
                                      2001
                                      2000
  MONTH TO DATE    0.0                       0.1   -0.1      0.0
  SINCE MAR 1      0.6                       4.6   -4.0      1.9
  SINCE JUL 1     34.2                      44.9  -10.7     17.6
  SNOW DEPTH       0

DEGREE DAYS
 HEATING
  YESTERDAY        8                         8      0        6
  MONTH TO DATE  159                       284   -125      154
  SINCE MAR 1   1150                      1591   -441     1270
  SINCE JUL 1   5439                      6420   -981     5392

 COOLING
  YESTERDAY        0                         1     -1        0
  MONTH TO DATE    6                         5      1       15
  SINCE MAR 1     12                         5      7       15
  SINCE JAN 1     12                         5      7       15
..................................................................


WIND (MPH)
  HIGHEST WIND SPEED    22   HIGHEST WIND DIRECTION     S (200)
  HIGHEST GUST SPEED    27   HIGHEST GUST DIRECTION     S (200)
  AVERAGE WIND SPEED    12.5


SKY COVER
  POSSIBLE SUNSHINE  MM
  AVERAGE SKY COVER 0.7


WEATHER CONDITIONS
 THE FOLLOWING WEATHER WAS RECORDED YESTERDAY.
  NO SIGNIFICANT WEATHER WAS OBSERVED.


RELATIVE HUMIDITY (PERCENT)
 HIGHEST    80           400 AM
 LOWEST     40           400 PM
 AVERAGE    60

..........................................................


THE SPOKANE WA AIRPORT CLIMATE NORMALS FOR TODAY
                         NORMAL    RECORD    YEAR
 MAXIMUM TEMPERATURE (F)   69        92      1958
                                             1934
 MINIMUM TEMPERATURE (F)   47        34      1955


SUNRISE AND SUNSET
MAY 27 2016...........SUNRISE   500 AM PDT   SUNSET   836 PM PDT
MAY 28 2016...........SUNRISE   459 AM PDT   SUNSET   837 PM PDT


-  INDICATES NEGATIVE NUMBERS.
R  INDICATES RECORD WAS SET OR TIED.
MM INDICATES DATA IS MISSING.
T  INDICATES TRACE AMOUNT.




$$
