000
CDUS46 KOTX 240818
CLIGEG


CLIMATE REPORT
NATIONAL WEATHER SERVICE SPOKANE, WA
116 AM PDT SUN MAY 24 2015


...................................

...THE SPOKANE WA AIRPORT CLIMATE SUMMARY FOR MAY 23 2015...

CLIMATE NORMAL PERIOD 1981 TO 2010
CLIMATE RECORD PERIOD 1881 TO 2015


WEATHER ITEM   OBSERVED TIME   RECORD YEAR NORMAL DEPARTURE LAST
                VALUE   (LST)  VALUE       VALUE  FROM      YEAR
                                                  NORMAL
..................................................................
TEMPERATURE (F)
 YESTERDAY
  MAXIMUM         83        MM  90    2001  69     14       80
  MINIMUM         54        MM  32    1964  46      8       55
  AVERAGE         69                        57     12       68

PRECIPITATION (IN)
  YESTERDAY        T             1.60 1948   0.06  -0.06      T
  MONTH TO DATE    0.51                      1.13  -0.62     0.46
  SINCE OCT 1     11.15                     12.92  -1.77     9.63
  SINCE JAN 1      6.42                      7.14  -0.72     7.30

SNOWFALL (IN)
  YESTERDAY        0.0           T    1993   0.0    0.0      0.0
  MONTH TO DATE    0.0                       0.1   -0.1      0.0
  SINCE MAR 1      1.9                       4.6   -2.7      5.8
  SINCE JUL 1     17.6                      44.9  -27.3     37.6
  SNOW DEPTH       0

DEGREE DAYS
 HEATING
  YESTERDAY        0                         8     -8        0
  MONTH TO DATE  141                       260   -119      174
  SINCE MAR 1   1257                      1567   -310     1491
  SINCE JUL 1   5379                      6396  -1017     6534

 COOLING
  YESTERDAY        4                         1      3        3
  MONTH TO DATE   13                         2     11        6
  SINCE MAR 1     13                         2     11        6
  SINCE JAN 1     13                         2     11        6
..................................................................


WIND (MPH)
  HIGHEST WIND SPEED    16   HIGHEST WIND DIRECTION     S (200)
  HIGHEST GUST SPEED    MM   HIGHEST GUST DIRECTION    MM
  AVERAGE WIND SPEED     5.8


SKY COVER
  POSSIBLE SUNSHINE   0 PERCENT
  AVERAGE SKY COVER 0.0


WEATHER CONDITIONS
 THE FOLLOWING WEATHER WAS RECORDED YESTERDAY.
  NO SIGNIFICANT WEATHER WAS OBSERVED.


RELATIVE HUMIDITY (PERCENT)
 HIGHEST     0          1200 AM
 LOWEST      0          1200 AM
 AVERAGE     0

..........................................................


THE SPOKANE WA AIRPORT CLIMATE NORMALS FOR TODAY
                         NORMAL    RECORD    YEAR
 MAXIMUM TEMPERATURE (F)   69        95      1934
 MINIMUM TEMPERATURE (F)   46        32      2010


SUNRISE AND SUNSET
MAY 24 2015...........SUNRISE   503 AM PDT   SUNSET   832 PM PDT
MAY 25 2015...........SUNRISE   502 AM PDT   SUNSET   833 PM PDT


-  INDICATES NEGATIVE NUMBERS.
R  INDICATES RECORD WAS SET OR TIED.
MM INDICATES DATA IS MISSING.
T  INDICATES TRACE AMOUNT.




$$
