000
CDUS45 KRIW 120741
CLIGEY


CLIMATE REPORT
NATIONAL WEATHER SERVICE RIVERTON WY
134 AM MDT SAT JUL 12 2014


...................................

...THE GREYBULL WY CLIMATE SUMMARY FOR JULY 11 2014...

CLIMATE NORMAL PERIOD 1981 TO 2010
CLIMATE RECORD PERIOD 1998 TO 2014


WEATHER ITEM   OBSERVED TIME   RECORD YEAR NORMAL DEPARTURE LAST
                VALUE   (LST)  VALUE       VALUE  FROM      YEAR
                                                  NORMAL
..................................................................
TEMPERATURE (F)
 YESTERDAY
  MAXIMUM         90    201 PM 102    2002  90      0      100
  MINIMUM         60    507 AM  54    2008  57      3       64
                                      2005
  AVERAGE         75                        73      2       82

PRECIPITATION (IN)
  YESTERDAY        0.00          0.16 2010   0.02  -0.02     0.00
  MONTH TO DATE    0.15                      0.31  -0.16     0.25
  SINCE JUN 1      1.09                      1.51  -0.42     0.65
  SINCE JAN 1      2.79                      4.68  -1.89     2.55

DEGREE DAYS
 HEATING
  YESTERDAY        0                         0      0        0
  MONTH TO DATE    0                         1     -1        0
  SINCE JUN 1     56                        71    -15       36
  SINCE JUL 1      0                         1     -1        0

 COOLING
  YESTERDAY       10                         9      1       17
  MONTH TO DATE  115                        84     31      147
  SINCE JUN 1    164                       190    -26      320
  SINCE JAN 1    206                       210     -4      347
..................................................................


WIND (MPH)
  HIGHEST WIND SPEED    36   HIGHEST WIND DIRECTION     E (90)
  HIGHEST GUST SPEED    45   HIGHEST GUST DIRECTION     E (90)
  AVERAGE WIND SPEED     9.2


SKY COVER
  POSSIBLE SUNSHINE  MM
  AVERAGE SKY COVER 0.2


WEATHER CONDITIONS
 THE FOLLOWING WEATHER WAS RECORDED YESTERDAY.
  THUNDERSTORM
  HAZE


RELATIVE HUMIDITY (PERCENT)
 HIGHEST    84           500 AM
 LOWEST     31          1200 PM
 AVERAGE    58

..........................................................


THE GREYBULL WY CLIMATE NORMALS FOR TODAY
                         NORMAL    RECORD    YEAR
 MAXIMUM TEMPERATURE (F)   90       107      2002
 MINIMUM TEMPERATURE (F)   57        44      2008


SUNRISE AND SUNSET
JULY 12 2014..........SUNRISE   539 AM MDT   SUNSET   856 PM MDT
JULY 13 2014..........SUNRISE   540 AM MDT   SUNSET   856 PM MDT


-  INDICATES NEGATIVE NUMBERS.
R  INDICATES RECORD WAS SET OR TIED.
MM INDICATES DATA IS MISSING.
T  INDICATES TRACE AMOUNT.




$$
