000
CDUS45 KRIW 020734
CLIGEY


CLIMATE REPORT
NATIONAL WEATHER SERVICE RIVERTON WY
134 AM MDT SUN AUG 2 2015


...................................

...THE GREYBULL WY CLIMATE SUMMARY FOR AUGUST 1 2015...

CLIMATE NORMAL PERIOD 1981 TO 2010
CLIMATE RECORD PERIOD 1998 TO 2015


WEATHER ITEM   OBSERVED TIME   RECORD YEAR NORMAL DEPARTURE LAST
                VALUE   (LST)  VALUE       VALUE  FROM      YEAR
                                                  NORMAL
..................................................................
TEMPERATURE (F)
 YESTERDAY
  MAXIMUM         98    452 PM 104    2008  92      6       94
  MINIMUM         58    521 AM  48    2009  58      0       57
  AVERAGE         78                        75      3       76

PRECIPITATION (IN)
  YESTERDAY        0.00          0.02 2011   0.01  -0.01      T
  MONTH TO DATE    0.00                      0.01  -0.01      T
  SINCE JUN 1      0.25                      1.87  -1.62     1.15
  SINCE JAN 1      1.83                      5.04  -3.21     2.85

DEGREE DAYS
 HEATING
  YESTERDAY        0                         0      0        0
  MONTH TO DATE    0                         0      0        0
  SINCE JUN 1      3                        76    -73       56
  SINCE JUL 1      3                         6     -3        0

 COOLING
  YESTERDAY       13                        10      3       11
  MONTH TO DATE   13                        10      3       11
  SINCE JUN 1    520                       393    127      404
  SINCE JAN 1    525                       413    112      446
..................................................................


WIND (MPH)
  HIGHEST WIND SPEED    17   HIGHEST WIND DIRECTION     N (340)
  HIGHEST GUST SPEED    23   HIGHEST GUST DIRECTION    NW (330)
  AVERAGE WIND SPEED     5.1


SKY COVER
  POSSIBLE SUNSHINE  MM
  AVERAGE SKY COVER 0.0


WEATHER CONDITIONS
 THE FOLLOWING WEATHER WAS RECORDED YESTERDAY.
  NO SIGNIFICANT WEATHER WAS OBSERVED.


RELATIVE HUMIDITY (PERCENT)
 HIGHEST    44           500 AM
 LOWEST      6           400 PM
 AVERAGE    25

..........................................................


THE GREYBULL WY CLIMATE NORMALS FOR TODAY
                         NORMAL    RECORD    YEAR
 MAXIMUM TEMPERATURE (F)   92       102      2001
 MINIMUM TEMPERATURE (F)   58        50      2006


SUNRISE AND SUNSET
AUGUST  2 2015........SUNRISE   600 AM MDT   SUNSET   836 PM MDT
AUGUST  3 2015........SUNRISE   601 AM MDT   SUNSET   835 PM MDT


-  INDICATES NEGATIVE NUMBERS.
R  INDICATES RECORD WAS SET OR TIED.
MM INDICATES DATA IS MISSING.
T  INDICATES TRACE AMOUNT.




$$
