000
CDUS45 KRIW 220739
CLIGEY


CLIMATE REPORT
NATIONAL WEATHER SERVICE RIVERTON WY
129 AM MDT FRI AUG 22 2014


...................................

...THE GREYBULL WY CLIMATE SUMMARY FOR AUGUST 21 2014...

CLIMATE NORMAL PERIOD 1981 TO 2010
CLIMATE RECORD PERIOD 1998 TO 2014


WEATHER ITEM   OBSERVED TIME   RECORD YEAR NORMAL DEPARTURE LAST
                VALUE   (LST)  VALUE       VALUE  FROM      YEAR
                                                  NORMAL
..................................................................
TEMPERATURE (F)
 YESTERDAY
  MAXIMUM         75    547 PM 100    2010  88    -13       90
  MINIMUM         59   1159 PM  48    2000  54      5       66
  AVERAGE         67                        71     -4       78

PRECIPITATION (IN)
  YESTERDAY        T   R         T    2007   0.01  -0.01     0.00
                                      2004
                                      2003
  MONTH TO DATE    0.30                      0.22   0.08      T
  SINCE JUN 1      1.45                      2.08  -0.63     0.72
  SINCE JAN 1      3.15                      5.25  -2.10     2.62

DEGREE DAYS
 HEATING
  YESTERDAY        0                         0      0        0
  MONTH TO DATE    0                         0      0        0
  SINCE JUN 1     56                        76    -20       36
  SINCE JUL 1      0                         6     -6        0

 COOLING
  YESTERDAY        2                         6     -4       13
  MONTH TO DATE  204                       179     25      205
  SINCE JUN 1    597                       562     35      761
  SINCE JAN 1    639                       582     57      788
..................................................................


WIND (MPH)
  HIGHEST WIND SPEED    28   HIGHEST WIND DIRECTION    NW (330)
  HIGHEST GUST SPEED    35   HIGHEST GUST DIRECTION    NW (330)
  AVERAGE WIND SPEED     8.3


SKY COVER
  POSSIBLE SUNSHINE  MM
  AVERAGE SKY COVER 0.5


WEATHER CONDITIONS
 THE FOLLOWING WEATHER WAS RECORDED YESTERDAY.
  LIGHT RAIN


RELATIVE HUMIDITY (PERCENT)
 HIGHEST    78           200 AM
 LOWEST     36           500 PM
 AVERAGE    57

..........................................................


THE GREYBULL WY CLIMATE NORMALS FOR TODAY
                         NORMAL    RECORD    YEAR
 MAXIMUM TEMPERATURE (F)   88        98      2011
                                             2010
                                             2006
 MINIMUM TEMPERATURE (F)   53        53      2009
                                             2008
                                             2007


SUNRISE AND SUNSET
AUGUST 22 2014........SUNRISE   623 AM MDT   SUNSET   806 PM MDT
AUGUST 23 2014........SUNRISE   624 AM MDT   SUNSET   804 PM MDT


-  INDICATES NEGATIVE NUMBERS.
R  INDICATES RECORD WAS SET OR TIED.
MM INDICATES DATA IS MISSING.
T  INDICATES TRACE AMOUNT.




$$
