000
CDUS45 KRIW 290740
CLIGEY


CLIMATE REPORT
NATIONAL WEATHER SERVICE RIVERTON WY
129 AM MDT SUN MAY 29 2016


...................................

...THE GREYBULL WY CLIMATE SUMMARY FOR MAY 28 2016...

CLIMATE NORMAL PERIOD 1981 TO 2010
CLIMATE RECORD PERIOD 1998 TO 2016


WEATHER ITEM   OBSERVED TIME   RECORD YEAR NORMAL DEPARTURE LAST
                VALUE   (LST)  VALUE       VALUE  FROM      YEAR
                                                  NORMAL
..................................................................
TEMPERATURE (F)
 YESTERDAY
  MAXIMUM         72    455 PM  96    2014  74     -2       68
  MINIMUM         49    639 AM  39    2012  47      2       52
  AVERAGE         61                        60      1       60

PRECIPITATION (IN)
  YESTERDAY        0.06          0.21 2008   0.07  -0.01     0.01
  MONTH TO DATE    1.36                      1.42  -0.06     0.98
  SINCE MAR 1      2.18                      2.53  -0.35     1.23
  SINCE JAN 1      2.29                      2.94  -0.65     1.49

DEGREE DAYS
 HEATING
  YESTERDAY        4                         6     -2        5
  MONTH TO DATE  232                       264    -32      270
  SINCE MAR 1   1427                      1692   -265     1471
  SINCE JUL 1   6580                      7663  -1083     7115

 COOLING
  YESTERDAY        0                         1     -1        0
  MONTH TO DATE   11                        13     -2        0
  SINCE MAR 1     11                        14     -3        0
  SINCE JAN 1     11                        14     -3        0
..................................................................


WIND (MPH)
  HIGHEST WIND SPEED    15   HIGHEST WIND DIRECTION    NW (310)
  HIGHEST GUST SPEED    18   HIGHEST GUST DIRECTION    NW (300)
  AVERAGE WIND SPEED     5.7


SKY COVER
  POSSIBLE SUNSHINE  MM
  AVERAGE SKY COVER 0.5


WEATHER CONDITIONS
 THE FOLLOWING WEATHER WAS RECORDED YESTERDAY.
  RAIN
  FOG


RELATIVE HUMIDITY (PERCENT)
 HIGHEST    89           200 AM
 LOWEST     25           500 PM
 AVERAGE    57

..........................................................


THE GREYBULL WY CLIMATE NORMALS FOR TODAY
                         NORMAL    RECORD    YEAR
 MAXIMUM TEMPERATURE (F)   75        98      2003
 MINIMUM TEMPERATURE (F)   47        38      2012


SUNRISE AND SUNSET
MAY 29 2016...........SUNRISE   532 AM MDT   SUNSET   848 PM MDT
MAY 30 2016...........SUNRISE   531 AM MDT   SUNSET   849 PM MDT


-  INDICATES NEGATIVE NUMBERS.
R  INDICATES RECORD WAS SET OR TIED.
MM INDICATES DATA IS MISSING.
T  INDICATES TRACE AMOUNT.




$$
