000
CDUS45 KRIW 270739
CLIGEY


CLIMATE REPORT
NATIONAL WEATHER SERVICE RIVERTON WY
1239 AM MST TUE JAN 27 2015


...................................

...THE GREYBULL WY CLIMATE SUMMARY FOR JANUARY 26 2015...

CLIMATE NORMAL PERIOD 1981 TO 2010
CLIMATE RECORD PERIOD 1998 TO 2015


WEATHER ITEM   OBSERVED TIME   RECORD YEAR NORMAL DEPARTURE LAST
                VALUE   (LST)  VALUE       VALUE  FROM      YEAR
                                                  NORMAL
..................................................................
TEMPERATURE (F)
 YESTERDAY
  MAXIMUM         41    224 PM  51    2006  30     11       36
  MINIMUM         13    753 AM -27    2009   6      7       11
  AVERAGE         27                        18      9       24

PRECIPITATION (IN)
  YESTERDAY        0.00          0.02 2009   0.01  -0.01      T
  MONTH TO DATE    0.01                      0.19  -0.18     0.02
  SINCE DEC 1      0.22                      0.47  -0.25     0.05
  SINCE JAN 1      0.01                      0.19  -0.18     0.02

DEGREE DAYS
 HEATING
  YESTERDAY       38                        47     -9       41
  MONTH TO DATE 1285                      1258     27     1104
  SINCE DEC 1   2727                      2724      3     2411
  SINCE JUL 1   4560                      4581    -21     4219

 COOLING
  YESTERDAY        0                         0      0        0
  MONTH TO DATE    0                         0      0        0
  SINCE DEC 1      0                         0      0        0
  SINCE JAN 1      0                         0      0        0
..................................................................


WIND (MPH)
  HIGHEST WIND SPEED     8   HIGHEST WIND DIRECTION    NW (320)
  HIGHEST GUST SPEED     8   HIGHEST GUST DIRECTION    NW (330)
  AVERAGE WIND SPEED     3.0


SKY COVER
  POSSIBLE SUNSHINE  MM
  AVERAGE SKY COVER 0.0


WEATHER CONDITIONS
 THE FOLLOWING WEATHER WAS RECORDED YESTERDAY.
  NO SIGNIFICANT WEATHER WAS OBSERVED.


RELATIVE HUMIDITY (PERCENT)
 HIGHEST   100           100 AM
 LOWEST     64           200 PM
 AVERAGE    82

..........................................................


THE GREYBULL WY CLIMATE NORMALS FOR TODAY
                         NORMAL    RECORD    YEAR
 MAXIMUM TEMPERATURE (F)   30        45      2006
 MINIMUM TEMPERATURE (F)    6       -37      2009


SUNRISE AND SUNSET
JANUARY 27 2015.......SUNRISE   736 AM MST   SUNSET   514 PM MST
JANUARY 28 2015.......SUNRISE   735 AM MST   SUNSET   516 PM MST


-  INDICATES NEGATIVE NUMBERS.
R  INDICATES RECORD WAS SET OR TIED.
MM INDICATES DATA IS MISSING.
T  INDICATES TRACE AMOUNT.




$$
