000
CDUS45 KRIW 290755
CLIGEY


CLIMATE REPORT
NATIONAL WEATHER SERVICE RIVERTON WY
136 AM MDT WED MAR 29 2017


...................................

...THE GREYBULL WY CLIMATE SUMMARY FOR MARCH 28 2017...

CLIMATE NORMAL PERIOD 1981 TO 2010
CLIMATE RECORD PERIOD 1998 TO 2017


WEATHER ITEM   OBSERVED TIME   RECORD YEAR NORMAL DEPARTURE LAST
                VALUE   (LST)  VALUE       VALUE  FROM      YEAR
                                                  NORMAL
..................................................................
TEMPERATURE (F)
 YESTERDAY
  MAXIMUM         56    330 PM  80    2015  55      1       56
  MINIMUM         38   1159 PM  15    2008  27     11       31
  AVERAGE         47                        41      6       44

PRECIPITATION (IN)
  YESTERDAY        T             0.19 2007   0.02  -0.02     0.03
  MONTH TO DATE    0.30                      0.34  -0.04     0.11
  SINCE MAR 1      0.30                      0.34  -0.04     0.11
  SINCE JAN 1      0.51                      0.75  -0.24     0.22

DEGREE DAYS
 HEATING
  YESTERDAY       18                        24     -6       21
  MONTH TO DATE  589                       801   -212      678
  SINCE MAR 1    589                       801   -212      678
  SINCE JUL 1   6630                      6772   -142     5831

 COOLING
  YESTERDAY        0                         0      0        0
  MONTH TO DATE    0                         0      0        0
  SINCE MAR 1      0                         0      0        0
  SINCE JAN 1      0                         0      0        0
..................................................................


WIND (MPH)
  HIGHEST WIND SPEED    31   HIGHEST WIND DIRECTION    NW (300)
  HIGHEST GUST SPEED    38   HIGHEST GUST DIRECTION    NW (310)
  AVERAGE WIND SPEED    15.9


SKY COVER
  POSSIBLE SUNSHINE  MM
  AVERAGE SKY COVER 0.4


WEATHER CONDITIONS
 THE FOLLOWING WEATHER WAS RECORDED YESTERDAY.
  LIGHT RAIN


RELATIVE HUMIDITY (PERCENT)
 HIGHEST    79           800 AM
 LOWEST     35           400 PM
 AVERAGE    57

..........................................................


THE GREYBULL WY CLIMATE NORMALS FOR TODAY
                         NORMAL    RECORD    YEAR
 MAXIMUM TEMPERATURE (F)   56        67      2014
                                             2010
 MINIMUM TEMPERATURE (F)   27        20      1999


SUNRISE AND SUNSET
MARCH 29 2017.........SUNRISE   658 AM MDT   SUNSET   736 PM MDT
MARCH 30 2017.........SUNRISE   656 AM MDT   SUNSET   738 PM MDT


-  INDICATES NEGATIVE NUMBERS.
R  INDICATES RECORD WAS SET OR TIED.
MM INDICATES DATA IS MISSING.
T  INDICATES TRACE AMOUNT.




$$
