000
CDUS45 KRIW 250032
CLIGEY


CLIMATE REPORT
NATIONAL WEATHER SERVICE RIVERTON WY
530 PM MST TUE JAN 24 2017


...................................

...THE GREYBULL WY CLIMATE SUMMARY FOR JANUARY 24 2017...
VALID TODAY AS OF 0500 PM LOCAL TIME.

CLIMATE NORMAL PERIOD 1981 TO 2010
CLIMATE RECORD PERIOD 1998 TO 2017


WEATHER ITEM   OBSERVED TIME   RECORD YEAR NORMAL DEPARTURE LAST
                VALUE   (LST)  VALUE       VALUE  FROM      YEAR
                                                  NORMAL
..................................................................
TEMPERATURE (F)
 TODAY
  MAXIMUM         25        MM  54    2005  29     -4       37
  MINIMUM         19        MM -23    2008   5     14       18
  AVERAGE         22

PRECIPITATION (IN)
  TODAY            0.03R         T    2012   0.01   0.02     0.01
                                      2012
                                      2015
  MONTH TO DATE    0.11                      0.18  -0.07     0.10
  SINCE DEC 1      0.14                      0.46  -0.32     0.11
  SINCE JAN 1      0.11                      0.18  -0.07     0.10

DEGREE DAYS
 HEATING
  TODAY           43                        48     -5       37
  MONTH TO DATE 1500                      1163    337     1121
  SINCE DEC 1   3149                      2629    520     2520
  SINCE JUL 1   4524                      4486     38     4037

 COOLING
  TODAY            0                         0      0        0
  MONTH TO DATE    0                         0      0        0
  SINCE DEC 1      0                         0      0        0
  SINCE JAN 1      0                         0      0        0
..................................................................


WIND (MPH)
  HIGHEST WIND SPEED    12   HIGHEST WIND DIRECTION    NW (330)
  HIGHEST GUST SPEED    MM   HIGHEST GUST DIRECTION    MM
  AVERAGE WIND SPEED     6.6


SKY COVER
  POSSIBLE SUNSHINE  MM
  AVERAGE SKY COVER 0.9


WEATHER CONDITIONS
 THE FOLLOWING WEATHER WAS RECORDED TODAY.
  LIGHT SNOW
  FOG


RELATIVE HUMIDITY (PERCENT)
 HIGHEST    92           100 AM
 LOWEST     68           300 PM
 AVERAGE    80

..........................................................


THE GREYBULL WY CLIMATE NORMALS FOR TOMORROW
                         NORMAL    RECORD    YEAR
 MAXIMUM TEMPERATURE (F)   29        54      2006
 MINIMUM TEMPERATURE (F)    5       -17      2008


SUNRISE AND SUNSET
JANUARY 24 2017.......SUNRISE   739 AM MST   SUNSET   511 PM MST
JANUARY 25 2017.......SUNRISE   738 AM MST   SUNSET   512 PM MST


-  INDICATES NEGATIVE NUMBERS.
R  INDICATES RECORD WAS SET OR TIED.
MM INDICATES DATA IS MISSING.
T  INDICATES TRACE AMOUNT.




$$
