000
CDUS45 KRIW 300744
CLIGEY


CLIMATE REPORT
NATIONAL WEATHER SERVICE RIVERTON WY
126 AM MDT TUE AUG 30 2016


...................................

...THE GREYBULL WY CLIMATE SUMMARY FOR AUGUST 29 2016...

CLIMATE NORMAL PERIOD 1981 TO 2010
CLIMATE RECORD PERIOD 1998 TO 2016


WEATHER ITEM   OBSERVED TIME   RECORD YEAR NORMAL DEPARTURE LAST
                VALUE   (LST)  VALUE       VALUE  FROM      YEAR
                                                  NORMAL
..................................................................
TEMPERATURE (F)
 YESTERDAY
  MAXIMUM         89    532 PM 100    2012  85      4       97
  MINIMUM         59    710 AM  46    2005  51      8       53
  AVERAGE         74                        68      6       75

PRECIPITATION (IN)
  YESTERDAY        0.00          T    2014   0.02  -0.02     0.00
                                      2010
  MONTH TO DATE    0.33                      0.38  -0.05     0.09
  SINCE JUN 1      0.59                      2.24  -1.65     0.34
  SINCE JAN 1      2.88                      5.41  -2.53     1.92

DEGREE DAYS
 HEATING
  YESTERDAY        0                         2     -2        0
  MONTH TO DATE   17                         8      9       25
  SINCE JUN 1     24                        84    -60       28
  SINCE JUL 1     19                        14      5       28

 COOLING
  YESTERDAY        9                         4      5       10
  MONTH TO DATE  221                       221      0      218
  SINCE JUN 1    806                       604    202      725
  SINCE JAN 1    817                       624    193      730
..................................................................


WIND (MPH)
  HIGHEST WIND SPEED    15   HIGHEST WIND DIRECTION    NW (310)
  HIGHEST GUST SPEED    17   HIGHEST GUST DIRECTION    NW (310)
  AVERAGE WIND SPEED     4.6


SKY COVER
  POSSIBLE SUNSHINE  MM
  AVERAGE SKY COVER 0.0


WEATHER CONDITIONS
 THE FOLLOWING WEATHER WAS RECORDED YESTERDAY.
  HAZE


RELATIVE HUMIDITY (PERCENT)
 HIGHEST    55           600 AM
 LOWEST     16           600 PM
 AVERAGE    36

..........................................................


THE GREYBULL WY CLIMATE NORMALS FOR TODAY
                         NORMAL    RECORD    YEAR
 MAXIMUM TEMPERATURE (F)   85        98      1999
 MINIMUM TEMPERATURE (F)   50        43      2005


SUNRISE AND SUNSET
AUGUST 30 2016........SUNRISE   633 AM MDT   SUNSET   751 PM MDT
AUGUST 31 2016........SUNRISE   634 AM MDT   SUNSET   749 PM MDT


-  INDICATES NEGATIVE NUMBERS.
R  INDICATES RECORD WAS SET OR TIED.
MM INDICATES DATA IS MISSING.
T  INDICATES TRACE AMOUNT.




$$
