000
CDUS45 KRIW 030733
CLIGEY


CLIMATE REPORT
NATIONAL WEATHER SERVICE RIVERTON WY
133 AM MDT TUE MAY 3 2016


...................................

...THE GREYBULL WY CLIMATE SUMMARY FOR MAY 2 2016...

CLIMATE NORMAL PERIOD 1981 TO 2010
CLIMATE RECORD PERIOD 1998 TO 2016


WEATHER ITEM   OBSERVED TIME   RECORD YEAR NORMAL DEPARTURE LAST
                VALUE   (LST)  VALUE       VALUE  FROM      YEAR
                                                  NORMAL
..................................................................
TEMPERATURE (F)
 YESTERDAY
  MAXIMUM         71    530 PM  85    2000  66      5       79
  MINIMUM         33    528 AM  26    2013  38     -5       43
                                      2005
  AVERAGE         52                        52      0       61

PRECIPITATION (IN)
  YESTERDAY        0.00          0.02 2007   0.03  -0.03     0.00
  MONTH TO DATE    0.00                      0.06  -0.06     0.00
  SINCE MAR 1      0.82                      1.17  -0.35     0.25
  SINCE JAN 1      0.93                      1.58  -0.65     0.51

DEGREE DAYS
 HEATING
  YESTERDAY       13                        13      0        4
  MONTH TO DATE   30                        27      3       12
  SINCE MAR 1   1225                      1455   -230     1213
  SINCE JUL 1   6378                      7426  -1048     6857

 COOLING
  YESTERDAY        0                         0      0        0
  MONTH TO DATE    0                         0      0        0
  SINCE MAR 1      0                         1     -1        0
  SINCE JAN 1      0                         1     -1        0
..................................................................


WIND (MPH)
  HIGHEST WIND SPEED    21   HIGHEST WIND DIRECTION    NW (330)
  HIGHEST GUST SPEED    26   HIGHEST GUST DIRECTION     N (340)
  AVERAGE WIND SPEED     6.9


SKY COVER
  POSSIBLE SUNSHINE  MM
  AVERAGE SKY COVER 0.0


WEATHER CONDITIONS
 THE FOLLOWING WEATHER WAS RECORDED YESTERDAY.
  NO SIGNIFICANT WEATHER WAS OBSERVED.


RELATIVE HUMIDITY (PERCENT)
 HIGHEST    82           500 AM
 LOWEST     15           200 PM
 AVERAGE    49

..........................................................


THE GREYBULL WY CLIMATE NORMALS FOR TODAY
                         NORMAL    RECORD    YEAR
 MAXIMUM TEMPERATURE (F)   66        84      2000
 MINIMUM TEMPERATURE (F)   38        28      2008


SUNRISE AND SUNSET
MAY  3 2016...........SUNRISE   559 AM MDT   SUNSET   820 PM MDT
MAY  4 2016...........SUNRISE   558 AM MDT   SUNSET   821 PM MDT


-  INDICATES NEGATIVE NUMBERS.
R  INDICATES RECORD WAS SET OR TIED.
MM INDICATES DATA IS MISSING.
T  INDICATES TRACE AMOUNT.




$$
