066
CDUS43 KIND 240534
CLIGEZ


CLIMATE REPORT
NATIONAL WEATHER SERVICE INDIANAPOLIS IN
133 AM EDT TUE MAY 24 2016


...................................

...THE SHELBYVILLE IN CLIMATE SUMMARY FOR MAY 23 2016...

CLIMATE NORMAL PERIOD 1981 TO 2010
CLIMATE RECORD PERIOD 9999 TO 9999


WEATHER ITEM   OBSERVED TIME   NORMAL DEPARTURE LAST
                VALUE   (LST)  VALUE  FROM      YEAR
                                      NORMAL
......................................................
TEMPERATURE (F)
 YESTERDAY
  MAXIMUM         80    351 PM  76      4       82
  MINIMUM         48    530 AM  55     -7       55
  AVERAGE         64            65     -1       69

PRECIPITATION (IN)
  YESTERDAY        0.00          0.16  -0.16     0.00
  MONTH TO DATE    2.23          4.13  -1.90     1.27
  SINCE MAR 1     11.81         11.88  -0.07     9.80
  SINCE JAN 1     16.45         16.63  -0.18    12.82

DEGREE DAYS
 HEATING
  YESTERDAY        1             3     -2        0
  MONTH TO DATE  134           118     16       59
  SINCE MAR 1    902          1215   -313     1113
  SINCE JUL 1   4071          5378  -1307     5554

 COOLING
  YESTERDAY        0             3     -3        4
  MONTH TO DATE   20            40    -20      106
  SINCE MAR 1     40            53    -13      114
  SINCE JAN 1     40            53    -13      114
......................................................


WIND (MPH)
  HIGHEST WIND SPEED    13   HIGHEST WIND DIRECTION     S (170)
  HIGHEST GUST SPEED    30   HIGHEST GUST DIRECTION     E (80)
  AVERAGE WIND SPEED     3.7


SKY COVER
  AVERAGE SKY COVER 0.0


WEATHER CONDITIONS
 THE FOLLOWING WEATHER WAS RECORDED YESTERDAY.
  NO SIGNIFICANT WEATHER WAS OBSERVED.


RELATIVE HUMIDITY (PERCENT)
 HIGHEST    80           500 AM
 LOWEST     17           300 PM
 AVERAGE    49

..........................................................


THE SHELBYVILLE IN CLIMATE NORMALS FOR TODAY
                         NORMAL
 MAXIMUM TEMPERATURE (F)   76
 MINIMUM TEMPERATURE (F)   55


SUNRISE AND SUNSET
MAY 24 2016...........SUNRISE   622 AM EDT   SUNSET   859 PM EDT
MAY 25 2016...........SUNRISE   621 AM EDT   SUNSET   900 PM EDT


-  INDICATES NEGATIVE NUMBERS.
R  INDICATES RECORD WAS SET OR TIED.
MM INDICATES DATA IS MISSING.
T  INDICATES TRACE AMOUNT.




$$
