000
CDUS43 KIND 260535
CLIGEZ


CLIMATE REPORT
NATIONAL WEATHER SERVICE INDIANAPOLIS IN
135 AM EDT WED APR 26 2017


...................................

...THE SHELBYVILLE IN CLIMATE SUMMARY FOR APRIL 25 2017...

CLIMATE NORMAL PERIOD 1981 TO 2010
CLIMATE RECORD PERIOD 9999 TO 9999


WEATHER ITEM   OBSERVED TIME   NORMAL DEPARTURE LAST
                VALUE   (LST)  VALUE  FROM      YEAR
                                      NORMAL
......................................................
TEMPERATURE (F)
 YESTERDAY
  MAXIMUM         78    535 PM  67     11       82
  MINIMUM         54    503 AM  45      9       55
  AVERAGE         66            56     10       69

PRECIPITATION (IN)
  YESTERDAY        0.00          0.17  -0.17     0.00
  MONTH TO DATE    1.28          3.40  -2.12     2.96
  SINCE MAR 1      4.96          6.83  -1.87     7.71
  SINCE JAN 1     10.40         11.58  -1.18    12.35

DEGREE DAYS
 HEATING
  YESTERDAY        0            10    -10        0
  MONTH TO DATE  168           334   -166      300
  SINCE MAR 1    792          1054   -262      747
  SINCE JUL 1   3975          5217  -1242     3916

 COOLING
  YESTERDAY        1             0      1        4
  MONTH TO DATE   41             0     41       12
  SINCE MAR 1     45             1     44       12
  SINCE JAN 1     45             1     44       12
......................................................


WIND (MPH)
  HIGHEST WIND SPEED    16   HIGHEST WIND DIRECTION     S (160)
  HIGHEST GUST SPEED    19   HIGHEST GUST DIRECTION    SE (150)
  AVERAGE WIND SPEED     8.6


SKY COVER
  AVERAGE SKY COVER 0.1


WEATHER CONDITIONS
 THE FOLLOWING WEATHER WAS RECORDED YESTERDAY.
  NO SIGNIFICANT WEATHER WAS OBSERVED.


RELATIVE HUMIDITY (PERCENT)
 HIGHEST    83           600 AM
 LOWEST     42           400 PM
 AVERAGE    63

..........................................................


THE SHELBYVILLE IN CLIMATE NORMALS FOR TODAY
                         NORMAL
 MAXIMUM TEMPERATURE (F)   67
 MINIMUM TEMPERATURE (F)   46


SUNRISE AND SUNSET
APRIL 26 2017.........SUNRISE   650 AM EDT   SUNSET   832 PM EDT
APRIL 27 2017.........SUNRISE   649 AM EDT   SUNSET   833 PM EDT


-  INDICATES NEGATIVE NUMBERS.
R  INDICATES RECORD WAS SET OR TIED.
MM INDICATES DATA IS MISSING.
T  INDICATES TRACE AMOUNT.




$$
