000
CDUS43 KIND 230608
CLIGEZ


CLIMATE REPORT
NATIONAL WEATHER SERVICE INDIANAPOLIS IN
158 AM EDT FRI JUN 23 2017


...................................

...THE SHELBYVILLE IN CLIMATE SUMMARY FOR JUNE 22 2017...

CLIMATE NORMAL PERIOD 1981 TO 2010
CLIMATE RECORD PERIOD 9999 TO 9999


WEATHER ITEM   OBSERVED TIME   NORMAL DEPARTURE LAST
                VALUE   (LST)  VALUE  FROM      YEAR
                                      NORMAL
......................................................
TEMPERATURE (F)
 YESTERDAY
  MAXIMUM         85    200 PM  84      1       81
  MINIMUM         72    607 AM  62     10       65
  AVERAGE         79            73      6       73

PRECIPITATION (IN)
  YESTERDAY        T             0.14  -0.14     0.29
  MONTH TO DATE    3.69          3.31   0.38     3.98
  SINCE JUN 1      3.69          3.31   0.38     3.98
  SINCE JAN 1     22.31         21.09   1.22    20.52

DEGREE DAYS
 HEATING
  YESTERDAY        0             0      0        0
  MONTH TO DATE    1            11    -10        0
  SINCE JUN 1      1            11    -10        0
  SINCE JUL 1   4106          5406  -1300     4071

 COOLING
  YESTERDAY       14             8      6        8
  MONTH TO DATE  206           140     66      225
  SINCE JUN 1    206           140     66      225
  SINCE JAN 1    368           221    147      348
......................................................


WIND (MPH)
  HIGHEST WIND SPEED    25   HIGHEST WIND DIRECTION     S (190)
  HIGHEST GUST SPEED    32   HIGHEST GUST DIRECTION     S (190)
  AVERAGE WIND SPEED    12.5


SKY COVER
  AVERAGE SKY COVER 0.5


WEATHER CONDITIONS
 THE FOLLOWING WEATHER WAS RECORDED YESTERDAY.
  LIGHT RAIN


RELATIVE HUMIDITY (PERCENT)
 HIGHEST    84           100 AM
 LOWEST     59           200 PM
 AVERAGE    72

..........................................................


THE SHELBYVILLE IN CLIMATE NORMALS FOR TODAY
                         NORMAL
 MAXIMUM TEMPERATURE (F)   84
 MINIMUM TEMPERATURE (F)   63


SUNRISE AND SUNSET
JUNE 23 2017..........SUNRISE   616 AM EDT   SUNSET   915 PM EDT
JUNE 24 2017..........SUNRISE   617 AM EDT   SUNSET   915 PM EDT


-  INDICATES NEGATIVE NUMBERS.
R  INDICATES RECORD WAS SET OR TIED.
MM INDICATES DATA IS MISSING.
T  INDICATES TRACE AMOUNT.




$$
