000
CDUS43 KFGF 130708
CLIGFK


CLIMATE REPORT
NATIONAL WEATHER SERVICE EASTERN NORTH DAKOTA/GRAND FORKS
108 AM CST WED DEC 13 2017


...................................

...THE GRAND FORKS INTL AP ND CLIMATE SUMMARY FOR DECEMBER 12 2017...

CLIMATE NORMAL PERIOD 1981 TO 2010
CLIMATE RECORD PERIOD 1948 TO 2017


WEATHER ITEM   OBSERVED TIME   RECORD YEAR NORMAL DEPARTURE LAST
                VALUE   (LST)  VALUE       VALUE  FROM      YEAR
                                                  NORMAL
..................................................................
TEMPERATURE (F)
 YESTERDAY
  MAXIMUM         38   1159 PM  43    1999  21     17        5
  MINIMUM          8   1257 AM -21    1956   4      4      -13
  AVERAGE         23                        12     11       -4

PRECIPITATION (IN)
  YESTERDAY        0.01          0.18 1968   0.02  -0.01     0.02
  MONTH TO DATE    0.29                      0.23   0.06     0.87
  SINCE DEC 1      0.29                      0.23   0.06     0.87
  SINCE JAN 1     16.77                     20.43  -3.66    25.98

SNOWFALL (IN)
  YESTERDAY        0.0           2.0  1992   0.4   -0.4      0.3
  MONTH TO DATE    4.3                       4.0    0.3     18.6
  SINCE DEC 1      4.3                       4.0    0.3     18.6
  SINCE JUL 1     14.5                      13.2    1.3     19.7
  SNOW DEPTH       3

DEGREE DAYS
 HEATING
  YESTERDAY       42                        53    -11       69
  MONTH TO DATE  508                       605    -97      584
  SINCE DEC 1    508                       605    -97      584
  SINCE JUL 1   2493                      2804   -311     2052

 COOLING
  YESTERDAY        0                         0      0        0
  MONTH TO DATE    0                         0      0        0
  SINCE DEC 1      0                         0      0        0
  SINCE JAN 1    411                       379     32      434
..................................................................


WIND (MPH)
  HIGHEST WIND SPEED    18   HIGHEST WIND DIRECTION    NW (330)
  HIGHEST GUST SPEED    23   HIGHEST GUST DIRECTION    NW (330)
  AVERAGE WIND SPEED     9.5


SKY COVER
  POSSIBLE SUNSHINE  MM
  AVERAGE SKY COVER 0.9


WEATHER CONDITIONS
 THE FOLLOWING WEATHER WAS RECORDED YESTERDAY.
  LIGHT RAIN


RELATIVE HUMIDITY (PERCENT)
 HIGHEST    92           500 AM
 LOWEST     80           300 AM
 AVERAGE    86

..........................................................


THE GRAND FORKS INTL AP ND CLIMATE NORMALS FOR TODAY
                         NORMAL    RECORD    YEAR
 MAXIMUM TEMPERATURE (F)   21        47      2002
 MINIMUM TEMPERATURE (F)    3       -18      1989
                                             1985


SUNRISE AND SUNSET
DECEMBER 13 2017......SUNRISE   810 AM CST   SUNSET   436 PM CST
DECEMBER 14 2017......SUNRISE   811 AM CST   SUNSET   436 PM CST


-  INDICATES NEGATIVE NUMBERS.
R  INDICATES RECORD WAS SET OR TIED.
MM INDICATES DATA IS MISSING.
T  INDICATES TRACE AMOUNT.




$$
