000
CDUS43 KFGF 290641
CLIGFK


CLIMATE REPORT
NATIONAL WEATHER SERVICE EASTERN NORTH DAKOTA/GRAND FORKS
140 AM CDT FRI MAY 29 2015


...................................

...THE GRAND FORKS INTL AP ND CLIMATE SUMMARY FOR MAY 28 2015...

CLIMATE NORMAL PERIOD 1981 TO 2010
CLIMATE RECORD PERIOD 1941 TO 2015


WEATHER ITEM   OBSERVED TIME   RECORD YEAR NORMAL DEPARTURE LAST
                VALUE   (LST)  VALUE       VALUE  FROM      YEAR
                                                  NORMAL
..................................................................
TEMPERATURE (F)
 YESTERDAY
  MAXIMUM         78    233 PM  95    2006  72      6       88
                                      1934
  MINIMUM         56    644 AM  25    1947  46     10       60
  AVERAGE         67                        59      8       74

PRECIPITATION (IN)
  YESTERDAY        0.65          1.05 1923   0.10   0.55     0.00
  MONTH TO DATE    4.45                      2.37   2.08     1.97
  SINCE MAR 1      5.49                      4.34   1.15     5.52
  SINCE JAN 1      6.31                      5.41   0.90     6.59

SNOWFALL (IN)
  YESTERDAY        0.0          MM      MM   0.0    0.0      0.0
  MONTH TO DATE    T                         0.1   -0.1      0.0
  SINCE MAR 1      2.7                      10.2   -7.5     14.6
  SINCE JUL 1     17.0                      47.4  -30.4     60.3
  SNOW DEPTH       0

DEGREE DAYS
 HEATING
  YESTERDAY        0                         7     -7        0
  MONTH TO DATE  327                       314     13      367
  SINCE MAR 1   1985                      2242   -257     2646
  SINCE JUL 1   8902                      9392   -490    10541

 COOLING
  YESTERDAY        2                         1      1        9
  MONTH TO DATE    6                        13     -7       32
  SINCE MAR 1      6                        14     -8       32
  SINCE JAN 1      6                        14     -8       32
..................................................................


WIND (MPH)
  HIGHEST WIND SPEED    25   HIGHEST WIND DIRECTION    SW (230)
  HIGHEST GUST SPEED    32   HIGHEST GUST DIRECTION    SW (230)
  AVERAGE WIND SPEED     9.3


SKY COVER
  POSSIBLE SUNSHINE  MM
  AVERAGE SKY COVER 0.8


WEATHER CONDITIONS
 THE FOLLOWING WEATHER WAS RECORDED YESTERDAY.
  THUNDERSTORM
  RAIN
  LIGHT RAIN
  FOG


RELATIVE HUMIDITY (PERCENT)
 HIGHEST   100           600 AM
 LOWEST     64          1200 PM
 AVERAGE    82

..........................................................


THE GRAND FORKS INTL AP ND CLIMATE NORMALS FOR TODAY
                         NORMAL    RECORD    YEAR
 MAXIMUM TEMPERATURE (F)   72        96      1939
 MINIMUM TEMPERATURE (F)   46        30      1961


SUNRISE AND SUNSET
MAY 29 2015...........SUNRISE   536 AM CDT   SUNSET   917 PM CDT
MAY 30 2015...........SUNRISE   535 AM CDT   SUNSET   918 PM CDT


-  INDICATES NEGATIVE NUMBERS.
R  INDICATES RECORD WAS SET OR TIED.
MM INDICATES DATA IS MISSING.
T  INDICATES TRACE AMOUNT.




$$
