519
CDUS43 KFGF 232200
CLIGFK


CLIMATE REPORT
NATIONAL WEATHER SERVICE EASTERN NORTH DAKOTA/GRAND FORKS
452 PM CDT WED AUG 23 2017


...................................

...THE GRAND FORKS INTL AP ND CLIMATE SUMMARY FOR AUGUST 23 2017...
VALID TODAY AS OF 0400 PM LOCAL TIME.

CLIMATE NORMAL PERIOD 1981 TO 2010
CLIMATE RECORD PERIOD 1948 TO 2017


WEATHER ITEM   OBSERVED TIME   RECORD YEAR NORMAL DEPARTURE LAST
                VALUE   (LST)  VALUE       VALUE  FROM      YEAR
                                                  NORMAL
..................................................................
TEMPERATURE (F)
 TODAY
  MAXIMUM         78    257 PM  94    1976  79     -1       88
                                      1948
  MINIMUM         45    512 AM  37    1987  53     -8       65
  AVERAGE         62                        66     -4       77

PRECIPITATION (IN)
  TODAY            0.00          1.13 1980   0.09  -0.09     0.02
  MONTH TO DATE    0.98                      2.14  -1.16     3.21
  SINCE JUN 1      6.72                      8.77  -2.05    11.81
  SINCE JAN 1     10.87                     14.49  -3.62    18.20

SNOWFALL (IN)
  TODAY            0.0          MM      MM   0.0    0.0      0.0
  MONTH TO DATE    0.0                       0.0    0.0      0.0
  SINCE JUN 1      0.0                       0.0    0.0      0.0
  SINCE JUL 1      0.0                       0.0    0.0      0.0
  SNOW DEPTH       0

DEGREE DAYS
 HEATING
  TODAY            3                         2      1        0
  MONTH TO DATE    8                        30    -22        7
  SINCE JUN 1     61                       161   -100       73
  SINCE JUL 1     16                        58    -42       19

 COOLING
  TODAY            0                         3     -3       12
  MONTH TO DATE   44                       100    -56      129
  SINCE JUN 1    355                       316     39      374
  SINCE JAN 1    357                       333     24      396
..................................................................


WIND (MPH)
  HIGHEST WIND SPEED    13   HIGHEST WIND DIRECTION    SE (130)
  HIGHEST GUST SPEED    22   HIGHEST GUST DIRECTION    SE (150)
  AVERAGE WIND SPEED     4.5


SKY COVER
  POSSIBLE SUNSHINE  MM
  AVERAGE SKY COVER 0.4


WEATHER CONDITIONS
 THE FOLLOWING WEATHER WAS RECORDED TODAY.
  NO SIGNIFICANT WEATHER WAS OBSERVED.


RELATIVE HUMIDITY (PERCENT)
 HIGHEST    93           100 AM
 LOWEST     35           300 PM
 AVERAGE    64

..........................................................


THE GRAND FORKS INTL AP ND CLIMATE NORMALS FOR TOMORROW
                         NORMAL    RECORD    YEAR
 MAXIMUM TEMPERATURE (F)   79       100      1976
 MINIMUM TEMPERATURE (F)   53        39      2008


SUNRISE AND SUNSET
AUGUST 23 2017........SUNRISE   635 AM CDT   SUNSET   827 PM CDT
AUGUST 24 2017........SUNRISE   636 AM CDT   SUNSET   825 PM CDT


-  INDICATES NEGATIVE NUMBERS.
R  INDICATES RECORD WAS SET OR TIED.
MM INDICATES DATA IS MISSING.
T  INDICATES TRACE AMOUNT.




$$
