000
CDUS43 KFGF 290644
CLIGFK


CLIMATE REPORT
NATIONAL WEATHER SERVICE EASTERN NORTH DAKOTA/GRAND FORKS
144 AM CDT SUN MAY 29 2016


...................................

...THE GRAND FORKS INTL AP ND CLIMATE SUMMARY FOR MAY 28 2016...

CLIMATE NORMAL PERIOD 1981 TO 2010
CLIMATE RECORD PERIOD 1941 TO 2016


WEATHER ITEM   OBSERVED TIME   RECORD YEAR NORMAL DEPARTURE LAST
                VALUE   (LST)  VALUE       VALUE  FROM      YEAR
                                                  NORMAL
..................................................................
TEMPERATURE (F)
 YESTERDAY
  MAXIMUM         73    231 PM  95    2006  72      1       78
  MINIMUM         60   1159 PM  23    1947  46     14       56
  AVERAGE         67                        59      8       67

PRECIPITATION (IN)
  YESTERDAY        0.01          0.92 1970   0.10  -0.09     0.65
  MONTH TO DATE    1.83                      2.37  -0.54     4.45
  SINCE MAR 1      3.94                      4.34  -0.40     5.49
  SINCE JAN 1      4.52                      5.41  -0.89     6.31

SNOWFALL (IN)
  YESTERDAY        0.0          MM      MM   0.0    0.0      0.0
  MONTH TO DATE    T                         0.1   -0.1       T
  SINCE MAR 1      2.5                      10.2   -7.7      2.7
  SINCE JUL 1     28.4                      47.4  -19.0     17.0
  SNOW DEPTH       0

DEGREE DAYS
 HEATING
  YESTERDAY        0                         7     -7        0
  MONTH TO DATE  215                       314    -99      327
  SINCE MAR 1   1828                      2242   -414     1985
  SINCE JUL 1   7807                      9392  -1585     8902

 COOLING
  YESTERDAY        2                         1      1        2
  MONTH TO DATE   22                        13      9        6
  SINCE MAR 1     22                        14      8        6
  SINCE JAN 1     22                        14      8        6
..................................................................


WIND (MPH)
  HIGHEST WIND SPEED    21   HIGHEST WIND DIRECTION     E (70)
  HIGHEST GUST SPEED    25   HIGHEST GUST DIRECTION     E (70)
  AVERAGE WIND SPEED     6.5


SKY COVER
  POSSIBLE SUNSHINE  MM
  AVERAGE SKY COVER 0.9


WEATHER CONDITIONS
 THE FOLLOWING WEATHER WAS RECORDED YESTERDAY.
  LIGHT RAIN
  FOG


RELATIVE HUMIDITY (PERCENT)
 HIGHEST    90           500 AM
 LOWEST     53           100 PM
 AVERAGE    72

..........................................................


THE GRAND FORKS INTL AP ND CLIMATE NORMALS FOR TODAY
                         NORMAL    RECORD    YEAR
 MAXIMUM TEMPERATURE (F)   72        93      2010
                                             1988
 MINIMUM TEMPERATURE (F)   46        30      1961
                                             1947


SUNRISE AND SUNSET
MAY 29 2016...........SUNRISE   535 AM CDT   SUNSET   918 PM CDT
MAY 30 2016...........SUNRISE   535 AM CDT   SUNSET   919 PM CDT


-  INDICATES NEGATIVE NUMBERS.
R  INDICATES RECORD WAS SET OR TIED.
MM INDICATES DATA IS MISSING.
T  INDICATES TRACE AMOUNT.




$$
