000
CDUS43 KFGF 200633
CLIGFK


CLIMATE REPORT
NATIONAL WEATHER SERVICE EASTERN NORTH DAKOTA/GRAND FORKS
133 AM CDT WED AUG 20 2014


...................................

...THE GRAND FORKS INTL AP ND CLIMATE SUMMARY FOR AUGUST 19 2014...

CLIMATE NORMAL PERIOD 1981 TO 2010
CLIMATE RECORD PERIOD 1941 TO 2014


WEATHER ITEM   OBSERVED TIME   RECORD YEAR NORMAL DEPARTURE LAST
                VALUE   (LST)  VALUE       VALUE  FROM      YEAR
                                                  NORMAL
..................................................................
TEMPERATURE (F)
 YESTERDAY
  MAXIMUM         83    449 PM  96    1976  80      3       92
  MINIMUM         59    606 AM  37    2004  54      5       63
  AVERAGE         71                        67      4       78

PRECIPITATION (IN)
  YESTERDAY        0.00          0.69 2005   0.10  -0.10     0.00
  MONTH TO DATE    1.27                      1.76  -0.49     0.17
  SINCE JUN 1     11.57                      8.39   3.18     5.35
  SINCE JAN 1     18.75                     14.11   4.64    13.52

SNOWFALL (IN)
  YESTERDAY        0.0          MM      MM   0.0    0.0      0.0
  MONTH TO DATE    0.0                       0.0    0.0      0.0
  SINCE JUN 1      0.0                       0.0    0.0      0.0
  SINCE JUL 1      0.0                       0.0    0.0      0.0
  SNOW DEPTH       0

DEGREE DAYS
 HEATING
  YESTERDAY        0                         2     -2        0
  MONTH TO DATE    0                        22    -22       52
  SINCE JUN 1     75                       153    -78      158
  SINCE JUL 1     29                        50    -21       81

 COOLING
  YESTERDAY        6                         4      2       13
  MONTH TO DATE   98                        87     11       36
  SINCE JUN 1    276                       303    -27      315
  SINCE JAN 1    329                       320      9      324
..................................................................


WIND (MPH)
  HIGHEST WIND SPEED     9   HIGHEST WIND DIRECTION    NE (30)
  HIGHEST GUST SPEED    13   HIGHEST GUST DIRECTION    SE (140)
  AVERAGE WIND SPEED     4.2


SKY COVER
  POSSIBLE SUNSHINE  MM
  AVERAGE SKY COVER 0.2


WEATHER CONDITIONS
 THE FOLLOWING WEATHER WAS RECORDED YESTERDAY.
  NO SIGNIFICANT WEATHER WAS OBSERVED.


RELATIVE HUMIDITY (PERCENT)
 HIGHEST   100           200 AM
 LOWEST     51           200 PM
 AVERAGE    76

..........................................................


THE GRAND FORKS INTL AP ND CLIMATE NORMALS FOR TODAY
                         NORMAL    RECORD    YEAR
 MAXIMUM TEMPERATURE (F)   80       100      1976
 MINIMUM TEMPERATURE (F)   54        32      2004


SUNRISE AND SUNSET
AUGUST 20 2014........SUNRISE   631 AM CDT   SUNSET   833 PM CDT
AUGUST 21 2014........SUNRISE   632 AM CDT   SUNSET   831 PM CDT


-  INDICATES NEGATIVE NUMBERS.
R  INDICATES RECORD WAS SET OR TIED.
MM INDICATES DATA IS MISSING.
T  INDICATES TRACE AMOUNT.




$$
