000
CDUS43 KFGF 290657
CLIGFK


CLIMATE REPORT
NATIONAL WEATHER SERVICE EASTERN NORTH DAKOTA/GRAND FORKS
141 AM CDT FRI JUL 29 2016


...................................

...THE GRAND FORKS INTL AP ND CLIMATE SUMMARY FOR JULY 28 2016...

CLIMATE NORMAL PERIOD 1981 TO 2010
CLIMATE RECORD PERIOD 1941 TO 2016


WEATHER ITEM   OBSERVED TIME   RECORD YEAR NORMAL DEPARTURE LAST
                VALUE   (LST)  VALUE       VALUE  FROM      YEAR
                                                  NORMAL
..................................................................
TEMPERATURE (F)
 YESTERDAY
  MAXIMUM         78    327 PM 100    1941  82     -4       78
  MINIMUM         56   1144 PM  42    2013  56      0       64
  AVERAGE         67                        69     -2       71

PRECIPITATION (IN)
  YESTERDAY        0.00          2.51 2008   0.09  -0.09     0.01
  MONTH TO DATE    5.27                      2.89   2.38     5.10
  SINCE JUN 1      8.57                      6.37   2.20     7.61
  SINCE JAN 1     14.96                     12.09   2.87    13.92

SNOWFALL (IN)
  YESTERDAY        0.0          MM      MM   0.0    0.0      0.0
  MONTH TO DATE    0.0                       0.0    0.0      0.0
  SINCE JUN 1      0.0                       0.0    0.0      0.0
  SINCE JUL 1      0.0                       0.0    0.0      0.0
  SNOW DEPTH       0

DEGREE DAYS
 HEATING
  YESTERDAY        0                         1     -1        0
  MONTH TO DATE   12                        29    -17       14
  SINCE JUN 1     66                       132    -66       72
  SINCE JUL 1     12                        29    -17       14

 COOLING
  YESTERDAY        2                         5     -3        6
  MONTH TO DATE  150                       130     20      178
  SINCE JUN 1    228                       205     23      243
  SINCE JAN 1    250                       222     28      249
..................................................................


WIND (MPH)
  HIGHEST WIND SPEED    15   HIGHEST WIND DIRECTION    NE (30)
  HIGHEST GUST SPEED    19   HIGHEST GUST DIRECTION    NE (30)
  AVERAGE WIND SPEED     8.1


SKY COVER
  POSSIBLE SUNSHINE  MM
  AVERAGE SKY COVER 0.3


WEATHER CONDITIONS
 THE FOLLOWING WEATHER WAS RECORDED YESTERDAY.
  NO SIGNIFICANT WEATHER WAS OBSERVED.


RELATIVE HUMIDITY (PERCENT)
 HIGHEST    93           300 AM
 LOWEST     47           400 PM
 AVERAGE    70

..........................................................


THE GRAND FORKS INTL AP ND CLIMATE NORMALS FOR TODAY
                         NORMAL    RECORD    YEAR
 MAXIMUM TEMPERATURE (F)   82        95      1975
 MINIMUM TEMPERATURE (F)   56        43      1985


SUNRISE AND SUNSET
JULY 29 2016..........SUNRISE   602 AM CDT   SUNSET   908 PM CDT
JULY 30 2016..........SUNRISE   603 AM CDT   SUNSET   906 PM CDT


-  INDICATES NEGATIVE NUMBERS.
R  INDICATES RECORD WAS SET OR TIED.
MM INDICATES DATA IS MISSING.
T  INDICATES TRACE AMOUNT.




$$
