000
CDUS43 KFGF 200638
CLIGFK


CLIMATE REPORT
NATIONAL WEATHER SERVICE EASTERN NORTH DAKOTA/GRAND FORKS
134 AM CDT FRI OCT 20 2017


...................................

...THE GRAND FORKS INTL AP ND CLIMATE SUMMARY FOR OCTOBER 19 2017...

CLIMATE NORMAL PERIOD 1981 TO 2010
CLIMATE RECORD PERIOD 1948 TO 2017


WEATHER ITEM   OBSERVED TIME   RECORD YEAR NORMAL DEPARTURE LAST
                VALUE   (LST)  VALUE       VALUE  FROM      YEAR
                                                  NORMAL
..................................................................
TEMPERATURE (F)
 YESTERDAY
  MAXIMUM         73    410 PM  79    1956  53     20       47
  MINIMUM         33    554 AM  15    1972  31      2       32
  AVERAGE         53                        42     11       40

PRECIPITATION (IN)
  YESTERDAY        0.00          1.11 1984   0.07  -0.07     0.00
  MONTH TO DATE    0.08                      1.31  -1.23     0.88
  SINCE SEP 1      4.53                      3.36   1.17     5.04
  SINCE JAN 1     15.58                     18.59  -3.01    23.56

SNOWFALL (IN)
  YESTERDAY        0.0           0.2  1984   0.1   -0.1      0.0
  MONTH TO DATE    0.0                       0.6   -0.6      0.0
  SINCE SEP 1      0.0                       0.6   -0.6      0.0
  SINCE JUL 1      0.0                       0.6   -0.6      0.0
  SNOW DEPTH       0

DEGREE DAYS
 HEATING
  YESTERDAY       12                        23    -11       25
  MONTH TO DATE  283                       362    -79      306
  SINCE SEP 1    462                       631   -169      474
  SINCE JUL 1    481                       713   -232      502

 COOLING
  YESTERDAY        0                         0      0        0
  MONTH TO DATE    0                         0      0        4
  SINCE SEP 1     36                        26     10       30
  SINCE JAN 1    411                       378     33      434
..................................................................


WIND (MPH)
  HIGHEST WIND SPEED    21   HIGHEST WIND DIRECTION     S (190)
  HIGHEST GUST SPEED    26   HIGHEST GUST DIRECTION     S (180)
  AVERAGE WIND SPEED    10.4


SKY COVER
  POSSIBLE SUNSHINE  MM
  AVERAGE SKY COVER 0.3


WEATHER CONDITIONS
 THE FOLLOWING WEATHER WAS RECORDED YESTERDAY.
  NO SIGNIFICANT WEATHER WAS OBSERVED.


RELATIVE HUMIDITY (PERCENT)
 HIGHEST    75           500 AM
 LOWEST     29           300 PM
 AVERAGE    52

..........................................................


THE GRAND FORKS INTL AP ND CLIMATE NORMALS FOR TODAY
                         NORMAL    RECORD    YEAR
 MAXIMUM TEMPERATURE (F)   52        79      1978
 MINIMUM TEMPERATURE (F)   31        17      2002


SUNRISE AND SUNSET
OCTOBER 20 2017.......SUNRISE   756 AM CDT   SUNSET   630 PM CDT
OCTOBER 21 2017.......SUNRISE   757 AM CDT   SUNSET   629 PM CDT


-  INDICATES NEGATIVE NUMBERS.
R  INDICATES RECORD WAS SET OR TIED.
MM INDICATES DATA IS MISSING.
T  INDICATES TRACE AMOUNT.




$$
