000
CDUS43 KFGF 300632
CLIGFK


CLIMATE REPORT
NATIONAL WEATHER SERVICE EASTERN NORTH DAKOTA/GRAND FORKS
131 AM CDT TUE SEP 30 2014


...................................

...THE GRAND FORKS INTL AP ND CLIMATE SUMMARY FOR SEPTEMBER 29 2014...

CLIMATE NORMAL PERIOD 1981 TO 2010
CLIMATE RECORD PERIOD 1941 TO 2014


WEATHER ITEM   OBSERVED TIME   RECORD YEAR NORMAL DEPARTURE LAST
                VALUE   (LST)  VALUE       VALUE  FROM      YEAR
                                                  NORMAL
..................................................................
TEMPERATURE (F)
 YESTERDAY
  MAXIMUM         61    458 PM  85    2012  63     -2       77
                                      1943
  MINIMUM         45    652 AM  21    1945  39      6       41
  AVERAGE         53                        51      2       59

PRECIPITATION (IN)
  YESTERDAY        0.00          0.91 1965   0.07  -0.07     0.00
  MONTH TO DATE    1.23                      1.99  -0.76     1.97
  SINCE SEP 1      1.23                      1.99  -0.76     1.97
  SINCE JAN 1     21.91                     17.22   4.69    16.20

SNOWFALL (IN)
  YESTERDAY        0.0          MM      MM   0.0    0.0      0.0
  MONTH TO DATE    0.0                       0.0    0.0      0.0
  SINCE SEP 1      0.0                       0.0    0.0      0.0
  SINCE JUL 1      0.0                       0.0    0.0      0.0
  SNOW DEPTH       0

DEGREE DAYS
 HEATING
  YESTERDAY       12                        14     -2        6
  MONTH TO DATE  179                       253    -74      131
  SINCE SEP 1    179                       253    -74      131
  SINCE JUL 1    233                       335   -102      213

 COOLING
  YESTERDAY        0                         0      0        0
  MONTH TO DATE   34                        24     10       39
  SINCE SEP 1     34                        24     10       39
  SINCE JAN 1    395                       376     19      487
..................................................................


WIND (MPH)
  HIGHEST WIND SPEED    16   HIGHEST WIND DIRECTION     N (10)
  HIGHEST GUST SPEED    20   HIGHEST GUST DIRECTION     N (10)
  AVERAGE WIND SPEED     8.4


SKY COVER
  POSSIBLE SUNSHINE  MM
  AVERAGE SKY COVER 0.7


WEATHER CONDITIONS
 THE FOLLOWING WEATHER WAS RECORDED YESTERDAY.
  FOG


RELATIVE HUMIDITY (PERCENT)
 HIGHEST   100           500 AM
 LOWEST     62           300 PM
 AVERAGE    81

..........................................................


THE GRAND FORKS INTL AP ND CLIMATE NORMALS FOR TODAY
                         NORMAL    RECORD    YEAR
 MAXIMUM TEMPERATURE (F)   63        93      1976
 MINIMUM TEMPERATURE (F)   38        23      1974


SUNRISE AND SUNSET
SEPTEMBER 30 2014.....SUNRISE   727 AM CDT   SUNSET   710 PM CDT
OCTOBER  1 2014.......SUNRISE   728 AM CDT   SUNSET   708 PM CDT


-  INDICATES NEGATIVE NUMBERS.
R  INDICATES RECORD WAS SET OR TIED.
MM INDICATES DATA IS MISSING.
T  INDICATES TRACE AMOUNT.




$$
