000
CDUS43 KFGF 310644
CLIGFK


CLIMATE REPORT
NATIONAL WEATHER SERVICE EASTERN NORTH DAKOTA/GRAND FORKS
143 AM CDT MON AUG 31 2015


...................................

...THE GRAND FORKS INTL AP ND CLIMATE SUMMARY FOR AUGUST 30 2015...

CLIMATE NORMAL PERIOD 1981 TO 2010
CLIMATE RECORD PERIOD 1941 TO 2015


WEATHER ITEM   OBSERVED TIME   RECORD YEAR NORMAL DEPARTURE LAST
                VALUE   (LST)  VALUE       VALUE  FROM      YEAR
                                                  NORMAL
..................................................................
TEMPERATURE (F)
 YESTERDAY
  MAXIMUM         88    256 PM  93    1961  77     11       74
  MINIMUM         65    757 AM  38    2009  51     14       48
                                      1982
  AVERAGE         77                        64     13       61

PRECIPITATION (IN)
  YESTERDAY        0.00          3.87 1944   0.09  -0.09     0.00
  MONTH TO DATE    2.89                      2.79   0.10     3.05
  SINCE JUN 1     10.50                      9.42   1.08    13.35
  SINCE JAN 1     16.81                     15.14   1.67    20.53

SNOWFALL (IN)
  YESTERDAY        0.0          MM      MM   0.0    0.0      0.0
  MONTH TO DATE    0.0                       0.0    0.0      0.0
  SINCE JUN 1      0.0                       0.0    0.0      0.0
  SINCE JUL 1      0.0                       0.0    0.0      0.0
  SNOW DEPTH       0

DEGREE DAYS
 HEATING
  YESTERDAY        0                         4     -4        4
  MONTH TO DATE   50                        51     -1       25
  SINCE JUN 1    122                       182    -60      100
  SINCE JUL 1     64                        79    -15       54

 COOLING
  YESTERDAY       12                         2     10        0
  MONTH TO DATE  126                       119      7      130
  SINCE JUN 1    386                       335     51      308
  SINCE JAN 1    392                       352     40      361
..................................................................


WIND (MPH)
  HIGHEST WIND SPEED    22   HIGHEST WIND DIRECTION     S (180)
  HIGHEST GUST SPEED    29   HIGHEST GUST DIRECTION     S (180)
  AVERAGE WIND SPEED    14.4


SKY COVER
  POSSIBLE SUNSHINE  MM
  AVERAGE SKY COVER 0.5


WEATHER CONDITIONS
 THE FOLLOWING WEATHER WAS RECORDED YESTERDAY.
  NO SIGNIFICANT WEATHER WAS OBSERVED.


RELATIVE HUMIDITY (PERCENT)
 HIGHEST   100           200 AM
 LOWEST     53           300 PM
 AVERAGE    77

..........................................................


THE GRAND FORKS INTL AP ND CLIMATE NORMALS FOR TODAY
                         NORMAL    RECORD    YEAR
 MAXIMUM TEMPERATURE (F)   77        97      1953
 MINIMUM TEMPERATURE (F)   50        35      1987


SUNRISE AND SUNSET
AUGUST 31 2015........SUNRISE   645 AM CDT   SUNSET   812 PM CDT
SEPTEMBER  1 2015.....SUNRISE   646 AM CDT   SUNSET   810 PM CDT


-  INDICATES NEGATIVE NUMBERS.
R  INDICATES RECORD WAS SET OR TIED.
MM INDICATES DATA IS MISSING.
T  INDICATES TRACE AMOUNT.




$$
