588
CDUS43 KFGF 262157
CLIGFK


CLIMATE REPORT
NATIONAL WEATHER SERVICE EASTERN NORTH DAKOTA/GRAND FORKS
453 PM CDT WED APR 26 2017


...................................

...THE GRAND FORKS INTL AP ND CLIMATE SUMMARY FOR APRIL 26 2017...
VALID TODAY AS OF 0400 PM LOCAL TIME.

CLIMATE NORMAL PERIOD 1981 TO 2010
CLIMATE RECORD PERIOD 1941 TO 2017


WEATHER ITEM   OBSERVED TIME   RECORD YEAR NORMAL DEPARTURE LAST
                VALUE   (LST)  VALUE       VALUE  FROM      YEAR
                                                  NORMAL
..................................................................
TEMPERATURE (F)
 TODAY
  MAXIMUM         33    239 AM  90    1952  61    -28       56
  MINIMUM         31    259 PM  18    2002  34     -3       37
  AVERAGE         32                        47    -15       47

PRECIPITATION (IN)
  TODAY           MM             1.01 1994   0.04  MM         T
  MONTH TO DATE    1.23                      0.81   0.42     1.56
  SINCE MAR 1      2.08                      1.77   0.31     2.11
  SINCE JAN 1      2.93                      2.84   0.09     2.69

SNOWFALL (IN)
  TODAY           MM             9.6  1994   0.0   MM        0.0
  MONTH TO DATE    0.9                       2.4   -1.5      0.3
  SINCE MAR 1      1.1                       9.6   -8.5      2.5
  SINCE JUL 1     39.4                      46.8   -7.4     28.4
  SNOW DEPTH       0

DEGREE DAYS
 HEATING
  TODAY           33                        18     15       18
  MONTH TO DATE  538                       628    -90      654
  SINCE MAR 1   1693                      1863   -170     1543
  SINCE JUL 1   7662                      9013  -1351     7522

 COOLING
  TODAY            0                         0      0        0
  MONTH TO DATE    0                         0      0        0
  SINCE MAR 1      0                         0      0        0
  SINCE JAN 1      0                         0      0        0
..................................................................


WIND (MPH)
  HIGHEST WIND SPEED    25   HIGHEST WIND DIRECTION    NE (30)
  HIGHEST GUST SPEED    32   HIGHEST GUST DIRECTION    NE (30)
  AVERAGE WIND SPEED    19.9


SKY COVER
  POSSIBLE SUNSHINE  MM
  AVERAGE SKY COVER 1.0


WEATHER CONDITIONS
 THE FOLLOWING WEATHER WAS RECORDED TODAY.
  SNOW
  LIGHT SNOW
  FOG


RELATIVE HUMIDITY (PERCENT)
 HIGHEST    92           200 PM
 LOWEST     72           500 AM
 AVERAGE    82

..........................................................


THE GRAND FORKS INTL AP ND CLIMATE NORMALS FOR TOMORROW
                         NORMAL    RECORD    YEAR
 MAXIMUM TEMPERATURE (F)   61        95      1952
 MINIMUM TEMPERATURE (F)   35        15      1956


SUNRISE AND SUNSET
APRIL 26 2017.........SUNRISE   619 AM CDT   SUNSET   835 PM CDT
APRIL 27 2017.........SUNRISE   617 AM CDT   SUNSET   837 PM CDT


-  INDICATES NEGATIVE NUMBERS.
R  INDICATES RECORD WAS SET OR TIED.
MM INDICATES DATA IS MISSING.
T  INDICATES TRACE AMOUNT.




$$
