000
CDUS43 KFGF 032201
CLIGFK


CLIMATE REPORT
NATIONAL WEATHER SERVICE EASTERN NORTH DAKOTA/GRAND FORKS
501 PM CDT FRI JUL 3 2015


...................................

...THE GRAND FORKS INTL AP ND CLIMATE SUMMARY FOR JULY 3 2015...
VALID TODAY AS OF 0400 PM LOCAL TIME.

CLIMATE NORMAL PERIOD 1981 TO 2010
CLIMATE RECORD PERIOD 1941 TO 2015


WEATHER ITEM   OBSERVED TIME   RECORD YEAR NORMAL DEPARTURE LAST
                VALUE   (LST)  VALUE       VALUE  FROM      YEAR
                                                  NORMAL
..................................................................
TEMPERATURE (F)
 TODAY
  MAXIMUM         82    259 PM  93    1959  80      2       77
  MINIMUM         59    432 AM  30    1972  56      3       49
  AVERAGE         71                        68      3       63

PRECIPITATION (IN)
  TODAY            0.00          0.89 1948   0.12  -0.12     0.00
  MONTH TO DATE    T                         0.36  -0.36     0.08
  SINCE JUN 1      2.51                      3.84  -1.33     6.68
  SINCE JAN 1      8.82                      9.56  -0.74    13.86

SNOWFALL (IN)
  TODAY            0.0          MM      MM   0.0    0.0      0.0
  MONTH TO DATE    0.0                       0.0    0.0      0.0
  SINCE JUN 1      0.0                       0.0    0.0      0.0
  SINCE JUL 1      0.0                       0.0    0.0      0.0
  SNOW DEPTH       0

DEGREE DAYS
 HEATING
  TODAY            0                         1     -1        2
  MONTH TO DATE    0                         4     -4       14
  SINCE JUN 1     58                       107    -49       60
  SINCE JUL 1      0                         4     -4       14

 COOLING
  TODAY            6                         4      2        0
  MONTH TO DATE   12                        12      0        0
  SINCE JUN 1     77                        87    -10       67
  SINCE JAN 1     83                       104    -21      120
..................................................................


WIND (MPH)
  HIGHEST WIND SPEED     9   HIGHEST WIND DIRECTION     N (350)
  HIGHEST GUST SPEED    12   HIGHEST GUST DIRECTION    NE (30)
  AVERAGE WIND SPEED     5.5


SKY COVER
  POSSIBLE SUNSHINE  MM
  AVERAGE SKY COVER 0.8


WEATHER CONDITIONS
 THE FOLLOWING WEATHER WAS RECORDED TODAY.
  FOG
  HAZE


RELATIVE HUMIDITY (PERCENT)
 HIGHEST   100           100 AM
 LOWEST     43           300 PM
 AVERAGE    72

..........................................................


THE GRAND FORKS INTL AP ND CLIMATE NORMALS FOR TOMORROW
                         NORMAL    RECORD    YEAR
 MAXIMUM TEMPERATURE (F)   80        97      1989
 MINIMUM TEMPERATURE (F)   56        36      1972


SUNRISE AND SUNSET
JULY  3 2015..........SUNRISE   535 AM CDT   SUNSET   931 PM CDT
JULY  4 2015..........SUNRISE   535 AM CDT   SUNSET   931 PM CDT


-  INDICATES NEGATIVE NUMBERS.
R  INDICATES RECORD WAS SET OR TIED.
MM INDICATES DATA IS MISSING.
T  INDICATES TRACE AMOUNT.




$$
