000
CDUS43 KFGF 170642
CLIGFK


CLIMATE REPORT
NATIONAL WEATHER SERVICE EASTERN NORTH DAKOTA/GRAND FORKS
1236 AM CST SAT FEB 17 2018


...................................

...THE GRAND FORKS INTL AP ND CLIMATE SUMMARY FOR FEBRUARY 16 2018...

CLIMATE NORMAL PERIOD 1981 TO 2010
CLIMATE RECORD PERIOD 1948 TO 2018


WEATHER ITEM   OBSERVED TIME   RECORD YEAR NORMAL DEPARTURE LAST
                VALUE   (LST)  VALUE       VALUE  FROM      YEAR
                                                  NORMAL
..................................................................
TEMPERATURE (F)
 YESTERDAY
  MAXIMUM         27    859 PM  49    1981  22      5       42
  MINIMUM         -2    702 AM -33    1967   2     -4       24
  AVERAGE         13                        12      1       33

PRECIPITATION (IN)
  YESTERDAY        0.00          0.26 1956   0.01  -0.01     0.00
  MONTH TO DATE    0.06                      0.24  -0.18     0.15
  SINCE DEC 1      1.33                      1.40  -0.07     2.21
  SINCE JAN 1      0.56                      0.79  -0.23     0.60

SNOWFALL (IN)
  YESTERDAY        0.0           5.0  1956   0.3   -0.3      0.0
  MONTH TO DATE    1.6                       3.5   -1.9      3.7
  SINCE DEC 1     19.1                      24.9   -5.8     36.2
  SINCE JUL 1     29.3                      34.1   -4.8     37.3
  SNOW DEPTH       5

DEGREE DAYS
 HEATING
  YESTERDAY       52                        53     -1       32
  MONTH TO DATE 1008                       881    127      808
  SINCE DEC 1   4360                      4348     12     4053
  SINCE JUL 1   6345                      6547   -202     5521

 COOLING
  YESTERDAY        0                         0      0        0
  MONTH TO DATE    0                         0      0        0
  SINCE DEC 1      0                         0      0        0
  SINCE JAN 1      0                         0      0        0
..................................................................


WIND (MPH)
  HIGHEST WIND SPEED    26   HIGHEST WIND DIRECTION     S (190)
  HIGHEST GUST SPEED    32   HIGHEST GUST DIRECTION     S (180)
  AVERAGE WIND SPEED    15.3


SKY COVER
  POSSIBLE SUNSHINE  MM
  AVERAGE SKY COVER 0.5


WEATHER CONDITIONS
 THE FOLLOWING WEATHER WAS RECORDED YESTERDAY.
  NO SIGNIFICANT WEATHER WAS OBSERVED.


RELATIVE HUMIDITY (PERCENT)
 HIGHEST    79           700 AM
 LOWEST     66          1100 AM
 AVERAGE    73

..........................................................


THE GRAND FORKS INTL AP ND CLIMATE NORMALS FOR TODAY
                         NORMAL    RECORD    YEAR
 MAXIMUM TEMPERATURE (F)   23        46      2002
 MINIMUM TEMPERATURE (F)    3       -33      1979


SUNRISE AND SUNSET
FEBRUARY 17 2018......SUNRISE   731 AM CST   SUNSET   555 PM CST
FEBRUARY 18 2018......SUNRISE   730 AM CST   SUNSET   556 PM CST


-  INDICATES NEGATIVE NUMBERS.
R  INDICATES RECORD WAS SET OR TIED.
MM INDICATES DATA IS MISSING.
T  INDICATES TRACE AMOUNT.




$$
