000
CDUS43 KFGF 210709
CLIGFK


CLIMATE REPORT
NATIONAL WEATHER SERVICE EASTERN NORTH DAKOTA/GRAND FORKS
209 AM CDT TUE OCT 21 2014


...................................

...THE GRAND FORKS INTL AP ND CLIMATE SUMMARY FOR OCTOBER 20 2014...

CLIMATE NORMAL PERIOD 1981 TO 2010
CLIMATE RECORD PERIOD 1941 TO 2014


WEATHER ITEM   OBSERVED TIME   RECORD YEAR NORMAL DEPARTURE LAST
                VALUE   (LST)  VALUE       VALUE  FROM      YEAR
                                                  NORMAL
..................................................................
TEMPERATURE (F)
 YESTERDAY
  MAXIMUM         60    404 PM  79    1978  52      8       40
  MINIMUM         32    658 AM  17    2002  31      1       31
  AVERAGE         46                        41      5       36

PRECIPITATION (IN)
  YESTERDAY        0.00          0.30 2009   0.06  -0.06     0.17
  MONTH TO DATE    0.33                      1.37  -1.04     2.48
  SINCE SEP 1      1.62                      3.42  -1.80     4.45
  SINCE JAN 1     22.30                     18.65   3.65    18.68

SNOWFALL (IN)
  YESTERDAY        0.0           0.1  1991   0.1   -0.1       T
  MONTH TO DATE    0.0                       0.7   -0.7       T
  SINCE SEP 1      0.0                       0.7   -0.7       T
  SINCE JUL 1      0.0                       0.7   -0.7       T
  SNOW DEPTH       0

DEGREE DAYS
 HEATING
  YESTERDAY       19                        24     -5       29
  MONTH TO DATE  348                       386    -38      357
  SINCE SEP 1    540                       655   -115      489
  SINCE JUL 1    594                       737   -143      571

 COOLING
  YESTERDAY        0                         0      0        0
  MONTH TO DATE    0                         0      0        0
  SINCE SEP 1     34                        26      8       39
  SINCE JAN 1    395                       378     17      487
..................................................................


WIND (MPH)
  HIGHEST WIND SPEED    14   HIGHEST WIND DIRECTION    SE (140)
  HIGHEST GUST SPEED    16   HIGHEST GUST DIRECTION    SE (130)
  AVERAGE WIND SPEED     5.6


SKY COVER
  POSSIBLE SUNSHINE  MM
  AVERAGE SKY COVER 0.0


WEATHER CONDITIONS
 THE FOLLOWING WEATHER WAS RECORDED YESTERDAY.
  NO SIGNIFICANT WEATHER WAS OBSERVED.


RELATIVE HUMIDITY (PERCENT)
 HIGHEST   100           500 AM
 LOWEST     53           400 PM
 AVERAGE    77

..........................................................


THE GRAND FORKS INTL AP ND CLIMATE NORMALS FOR TODAY
                         NORMAL    RECORD    YEAR
 MAXIMUM TEMPERATURE (F)   52        79      1947
 MINIMUM TEMPERATURE (F)   30        14      1987


SUNRISE AND SUNSET
OCTOBER 21 2014.......SUNRISE   757 AM CDT   SUNSET   629 PM CDT
OCTOBER 22 2014.......SUNRISE   758 AM CDT   SUNSET   627 PM CDT


-  INDICATES NEGATIVE NUMBERS.
R  INDICATES RECORD WAS SET OR TIED.
MM INDICATES DATA IS MISSING.
T  INDICATES TRACE AMOUNT.




$$
