000
CDUS41 KALY 280622
CLIGFL


CLIMATE REPORT
NATIONAL WEATHER SERVICE ALBANY NY
222 AM EDT THU AUG 28 2014


...................................

...THE GLENS FALLS NY CLIMATE SUMMARY FOR AUGUST 27 2014...

CLIMATE NORMAL PERIOD 1981 TO 2010
CLIMATE RECORD PERIOD 1949 TO 2014


WEATHER ITEM   OBSERVED TIME   RECORD YEAR NORMAL DEPARTURE LAST
                VALUE   (LST)  VALUE       VALUE  FROM      YEAR
                                                  NORMAL
..................................................................
TEMPERATURE (F)
 YESTERDAY
  MAXIMUM         85    253 PM  96    1952  77      8       82
  MINIMUM         61    303 AM  40    1954  53      8       63
  AVERAGE         73                        65      8       73

PRECIPITATION (IN)
  YESTERDAY        T             1.24 1972   0.10  -0.10     0.01
  MONTH TO DATE    2.20                      3.28  -1.08     2.07
  SINCE JUN 1     12.30                     10.92   1.38    12.49
  SINCE JAN 1     25.41                     25.41   0.00    24.42

DEGREE DAYS
 HEATING
  YESTERDAY        0                         2     -2        0
  MONTH TO DATE   13                        34    -21       33
  SINCE JUN 1     46                       145    -99      127
  SINCE JUL 1     14                        55    -41       38

 COOLING
  YESTERDAY        8                         2      6        8
  MONTH TO DATE   77                        96    -19       64
  SINCE JUN 1    310                       304      6      427
  SINCE JAN 1    330                       316     14      460
..................................................................


WIND (MPH)
  HIGHEST WIND SPEED    15   HIGHEST WIND DIRECTION    SW (230)
  HIGHEST GUST SPEED    23   HIGHEST GUST DIRECTION    SW (240)
  AVERAGE WIND SPEED     5.7


SKY COVER
  AVERAGE SKY COVER 0.3



RELATIVE HUMIDITY (PERCENT)
 HIGHEST    93           200 AM
 LOWEST     51           500 PM
 AVERAGE    72

..........................................................


THE GLENS FALLS NY CLIMATE NORMALS FOR TODAY
                         NORMAL    RECORD    YEAR
 MAXIMUM TEMPERATURE (F)   77        92      1977
 MINIMUM TEMPERATURE (F)   53        39      1957


SUNRISE AND SUNSET
AUGUST 28 2014........SUNRISE   614 AM EDT   SUNSET   736 PM EDT
AUGUST 29 2014........SUNRISE   615 AM EDT   SUNSET   735 PM EDT


-  INDICATES NEGATIVE NUMBERS.
R  INDICATES RECORD WAS SET OR TIED.
MM INDICATES DATA IS MISSING.
T  INDICATES TRACE AMOUNT.




$$
