000
CDUS41 KALY 190624
CLIGFL


CLIMATE REPORT
NATIONAL WEATHER SERVICE ALBANY NY
123 AM EST SUN FEB 19 2017


...................................

...THE GLENS FALLS NY CLIMATE SUMMARY FOR FEBRUARY 18 2017...

CLIMATE NORMAL PERIOD 1981 TO 2010
CLIMATE RECORD PERIOD 1949 TO 2017


WEATHER ITEM   OBSERVED TIME   RECORD YEAR NORMAL DEPARTURE LAST
                VALUE   (LST)  VALUE       VALUE  FROM      YEAR
                                                  NORMAL
..................................................................
TEMPERATURE (F)
 YESTERDAY
  MAXIMUM         49    359 PM  60    2011  34     15       29
  MINIMUM         10    415 AM -29    1973  10      0        9
  AVERAGE         30                        22      8       19

PRECIPITATION (IN)
  YESTERDAY        0.00          1.48 1976   0.07  -0.07     0.00
  MONTH TO DATE    1.85                      1.32   0.53     2.46
  SINCE DEC 1      6.90                      7.23  -0.33     7.57
  SINCE JAN 1      4.03                      4.18  -0.15     3.52

DEGREE DAYS
 HEATING
  YESTERDAY       35                        43     -8       46
  MONTH TO DATE  715                       810    -95      652
  SINCE DEC 1   2968                      3508   -540     2540
  SINCE JUL 1   4284                      5206   -922     3831

 COOLING
  YESTERDAY        0                         0      0        0
  MONTH TO DATE    0                         0      0        0
  SINCE DEC 1      0                         0      0        0
  SINCE JAN 1      0                         0      0        0
..................................................................


WIND (MPH)
  HIGHEST WIND SPEED    17   HIGHEST WIND DIRECTION     S (190)
  HIGHEST GUST SPEED    22   HIGHEST GUST DIRECTION     S (200)
  AVERAGE WIND SPEED     5.9


SKY COVER
  AVERAGE SKY COVER 0.0



RELATIVE HUMIDITY (PERCENT)
 HIGHEST    80           100 AM
 LOWEST     39           400 PM
 AVERAGE    60

..........................................................


THE GLENS FALLS NY CLIMATE NORMALS FOR TODAY
                         NORMAL    RECORD    YEAR
 MAXIMUM TEMPERATURE (F)   34        62      1981
 MINIMUM TEMPERATURE (F)   11       -15      1993


SUNRISE AND SUNSET
FEBRUARY 19 2017......SUNRISE   646 AM EST   SUNSET   531 PM EST
FEBRUARY 20 2017......SUNRISE   645 AM EST   SUNSET   532 PM EST


-  INDICATES NEGATIVE NUMBERS.
R  INDICATES RECORD WAS SET OR TIED.
MM INDICATES DATA IS MISSING.
T  INDICATES TRACE AMOUNT.




$$
