000
CDUS41 KALY 070627
CLIGFL


CLIMATE REPORT
NATIONAL WEATHER SERVICE ALBANY NY
126 AM EST SUN FEB 7 2016


...................................

...THE GLENS FALLS NY CLIMATE SUMMARY FOR FEBRUARY 6 2016...

CLIMATE NORMAL PERIOD 1981 TO 2010
CLIMATE RECORD PERIOD 1949 TO 2016


WEATHER ITEM   OBSERVED TIME   RECORD YEAR NORMAL DEPARTURE LAST
                VALUE   (LST)  VALUE       VALUE  FROM      YEAR
                                                  NORMAL
..................................................................
TEMPERATURE (F)
 YESTERDAY
  MAXIMUM         40    422 PM  50    2012  31      9       22
  MINIMUM         18    447 AM -20    2015   8     10      -20
  AVERAGE         29                        19     10        1

PRECIPITATION (IN)
  YESTERDAY        0.00          0.80 2008   0.08  -0.08      T
  MONTH TO DATE    1.30                      0.47   0.83     0.19
  SINCE DEC 1      6.41                      6.38   0.03     5.76
  SINCE JAN 1      2.36                      3.33  -0.97     1.68

DEGREE DAYS
 HEATING
  YESTERDAY       36                        46    -10       64
  MONTH TO DATE   96                       277   -181      369
  SINCE DEC 1   1984                      2975   -991     2979
  SINCE JUL 1   3275                      4673  -1398     4440

 COOLING
  YESTERDAY        0                         0      0        0
  MONTH TO DATE    0                         0      0        0
  SINCE DEC 1      0                         0      0        0
  SINCE JAN 1      0                         0      0        0
..................................................................


WIND (MPH)
  HIGHEST WIND SPEED    18   HIGHEST WIND DIRECTION     S (190)
  HIGHEST GUST SPEED    23   HIGHEST GUST DIRECTION     S (180)
  AVERAGE WIND SPEED     6.9


SKY COVER
  AVERAGE SKY COVER 0.5



RELATIVE HUMIDITY (PERCENT)
 HIGHEST    84           400 AM
 LOWEST     44           400 PM
 AVERAGE    64

..........................................................


THE GLENS FALLS NY CLIMATE NORMALS FOR TODAY
                         NORMAL    RECORD    YEAR
 MAXIMUM TEMPERATURE (F)   31        48      1951
 MINIMUM TEMPERATURE (F)    8       -26      1993


SUNRISE AND SUNSET
FEBRUARY  7 2016......SUNRISE   704 AM EST   SUNSET   514 PM EST
FEBRUARY  8 2016......SUNRISE   703 AM EST   SUNSET   515 PM EST


-  INDICATES NEGATIVE NUMBERS.
R  INDICATES RECORD WAS SET OR TIED.
MM INDICATES DATA IS MISSING.
T  INDICATES TRACE AMOUNT.




$$
