000
CDUS44 KSHV 310830
CLIGGG


CLIMATE REPORT
NATIONAL WEATHER SERVICE SHREVEPORT, LA
230 AM CST SAT JAN 31 2015


...................................

...THE LONGVIEW CLIMATE SUMMARY FOR JANUARY 30 2015...

CLIMATE NORMAL PERIOD 1981 TO 2010
CLIMATE RECORD PERIOD 1902 TO 2015


WEATHER ITEM   OBSERVED TIME   RECORD YEAR NORMAL DEPARTURE LAST
                VALUE   (LST)  VALUE       VALUE  FROM      YEAR
                                                  NORMAL
..................................................................
TEMPERATURE (F)
 YESTERDAY
  MAXIMUM         59    341 PM  85    1911  58      1       53
  MINIMUM         38    736 AM  11    1966  36      2       24
  AVERAGE         49                        47      2       39

PRECIPITATION (IN)
  YESTERDAY        0.00          1.15 1972   0.12  -0.12     0.00
  MONTH TO DATE    5.42                      3.21   2.21     0.47
  SINCE DEC 1      7.72                      7.70   0.02     4.62
  SINCE JAN 1      5.42                      3.21   2.21     0.47

SNOWFALL (IN)
  YESTERDAY        0.0
  MONTH TO DATE    0.0
  SINCE DEC 1      0.0
  SINCE JUL 1      0.0
  SNOW DEPTH       0

DEGREE DAYS
 HEATING
  YESTERDAY       16                        18     -2       26
  MONTH TO DATE  593                       562     31      632
  SINCE DEC 1   1035                      1096    -61     1205
  SINCE JUL 1   1445                      1468    -23     1633

 COOLING
  YESTERDAY        0                         0      0        0
  MONTH TO DATE    0                         0      0        0
  SINCE DEC 1      5                         6     -1       11
  SINCE JAN 1      0                         0      0        0
..................................................................


WIND (MPH)
  HIGHEST WIND SPEED    15   HIGHEST WIND DIRECTION     E (70)
  HIGHEST GUST SPEED    21   HIGHEST GUST DIRECTION    NE (40)
  AVERAGE WIND SPEED     6.9


SKY COVER
  POSSIBLE SUNSHINE  MM
  AVERAGE SKY COVER 0.0


WEATHER CONDITIONS
 THE FOLLOWING WEATHER WAS RECORDED YESTERDAY.
  HAZE


RELATIVE HUMIDITY (PERCENT)
 HIGHEST    70           700 AM
 LOWEST     30           300 PM
 AVERAGE    50

..........................................................


THE LONGVIEW CLIMATE NORMALS FOR TODAY
                         NORMAL    RECORD    YEAR
 MAXIMUM TEMPERATURE (F)   59        84      1971
 MINIMUM TEMPERATURE (F)   36        11      1949


SUNRISE AND SUNSET
JANUARY 31 2015.......SUNRISE   714 AM CST   SUNSET   551 PM CST
FEBRUARY  1 2015......SUNRISE   713 AM CST   SUNSET   552 PM CST


-  INDICATES NEGATIVE NUMBERS.
R  INDICATES RECORD WAS SET OR TIED.
MM INDICATES DATA IS MISSING.
T  INDICATES TRACE AMOUNT.




$$
