000
CDUS44 KSHV 280741
CLIGGG


CLIMATE REPORT
NATIONAL WEATHER SERVICE SHREVEPORT, LA
240 AM CDT SAT MAR 28 2015


...................................

...THE LONGVIEW CLIMATE SUMMARY FOR MARCH 27 2015...

CLIMATE NORMAL PERIOD 1981 TO 2010
CLIMATE RECORD PERIOD 1902 TO 2015


WEATHER ITEM   OBSERVED TIME   RECORD YEAR NORMAL DEPARTURE LAST
                VALUE   (LST)  VALUE       VALUE  FROM      YEAR
                                                  NORMAL
..................................................................
TEMPERATURE (F)
 YESTERDAY
  MAXIMUM         70   1239 PM  88    1991  72     -2       70
  MINIMUM         38    630 AM  26    1955  49    -11       53
  AVERAGE         54                        60     -6       62

PRECIPITATION (IN)
  YESTERDAY        0.00          2.60 1906   0.13  -0.13     0.16
  MONTH TO DATE    8.24                      3.81   4.43     1.93
  SINCE DEC 1     19.35                     15.66   3.69     9.06
  SINCE JAN 1     17.05                     11.17   5.88     4.91

SNOWFALL (IN)
  YESTERDAY        0.0
  MONTH TO DATE    0.2
  SINCE MAR 1      0.2
  SINCE JUL 1      3.1
  SNOW DEPTH       0

DEGREE DAYS
 HEATING
  YESTERDAY       11                         6      5        3
  MONTH TO DATE  265                       232     33      337
  SINCE MAR 1    265                       232     33      337
  SINCE JUL 1   2243                      2136    107     2461

 COOLING
  YESTERDAY        0                         1     -1        0
  MONTH TO DATE   16                        27    -11        4
  SINCE MAR 1     16                        27    -11        4
  SINCE JAN 1     16                        39    -23        9
..................................................................


WIND (MPH)
  HIGHEST WIND SPEED    24   HIGHEST WIND DIRECTION    NW (310)
  HIGHEST GUST SPEED    30   HIGHEST GUST DIRECTION    NW (330)
  AVERAGE WIND SPEED     7.3


SKY COVER
  POSSIBLE SUNSHINE  MM
  AVERAGE SKY COVER 0.1


WEATHER CONDITIONS
 THE FOLLOWING WEATHER WAS RECORDED YESTERDAY.
  NO SIGNIFICANT WEATHER WAS OBSERVED.


RELATIVE HUMIDITY (PERCENT)
 HIGHEST    86           700 AM
 LOWEST     30           300 PM
 AVERAGE    58

..........................................................


THE LONGVIEW CLIMATE NORMALS FOR TODAY
                         NORMAL    RECORD    YEAR
 MAXIMUM TEMPERATURE (F)   72        86      1907
 MINIMUM TEMPERATURE (F)   49        26      1931


SUNRISE AND SUNSET
MARCH 28 2015.........SUNRISE   713 AM CDT   SUNSET   736 PM CDT
MARCH 29 2015.........SUNRISE   711 AM CDT   SUNSET   737 PM CDT


-  INDICATES NEGATIVE NUMBERS.
R  INDICATES RECORD WAS SET OR TIED.
MM INDICATES DATA IS MISSING.
T  INDICATES TRACE AMOUNT.




$$
