000
CDUS44 KSHV 210823
CLIGGG


CLIMATE REPORT
NATIONAL WEATHER SERVICE SHREVEPORT, LA
316 AM CDT THU AUG 21 2014


...................................

...THE LONGVIEW CLIMATE SUMMARY FOR AUGUST 20 2014...

CLIMATE NORMAL PERIOD 1981 TO 2010
CLIMATE RECORD PERIOD 1902 TO 2014


WEATHER ITEM   OBSERVED TIME   RECORD YEAR NORMAL DEPARTURE LAST
                VALUE   (LST)  VALUE       VALUE  FROM      YEAR
                                                  NORMAL
..................................................................
TEMPERATURE (F)
 YESTERDAY
  MAXIMUM         95    331 PM 108    2011  94      1       95
  MINIMUM         73    322 AM  58    1992  71      2       67
  AVERAGE         84                        83      1       81

PRECIPITATION (IN)
  YESTERDAY        0.00          1.24 2008   0.11  -0.11     0.00
  MONTH TO DATE    0.22                      1.90  -1.68     1.06
  SINCE DEC 1     30.16                     34.02  -3.86    24.68
  SINCE JAN 1     26.01                     29.53  -3.52    20.33

SNOWFALL (IN)
  YESTERDAY        0.0
  MONTH TO DATE    0.0
  SINCE JUN 1      0.0
  SINCE JUL 1      0.0
  SNOW DEPTH       0

DEGREE DAYS
 HEATING
  YESTERDAY        0                         0      0        0
  MONTH TO DATE    0                         0      0        0
  SINCE JUN 1      0                         0      0        0
  SINCE JUL 1      0                         0      0        0

 COOLING
  YESTERDAY       19                        18      1       16
  MONTH TO DATE  340                       367    -27      404
  SINCE JUN 1   1286                      1378    -92     1472
  SINCE JAN 1   1640                      1757   -117     1860
..................................................................


WIND (MPH)
  HIGHEST WIND SPEED    17   HIGHEST WIND DIRECTION     S (180)
  HIGHEST GUST SPEED    25   HIGHEST GUST DIRECTION    SW (210)
  AVERAGE WIND SPEED     9.5


SKY COVER
  POSSIBLE SUNSHINE  MM
  AVERAGE SKY COVER 0.2


WEATHER CONDITIONS
 THE FOLLOWING WEATHER WAS RECORDED YESTERDAY.
  NO SIGNIFICANT WEATHER WAS OBSERVED.


RELATIVE HUMIDITY (PERCENT)
 HIGHEST    87           200 AM
 LOWEST     46           300 PM
 AVERAGE    67

..........................................................


THE LONGVIEW CLIMATE NORMALS FOR TODAY
                         NORMAL    RECORD    YEAR
 MAXIMUM TEMPERATURE (F)   94       106      1948
 MINIMUM TEMPERATURE (F)   71        56      1940


SUNRISE AND SUNSET
AUGUST 21 2014........SUNRISE   647 AM CDT   SUNSET   757 PM CDT
AUGUST 22 2014........SUNRISE   647 AM CDT   SUNSET   755 PM CDT


-  INDICATES NEGATIVE NUMBERS.
R  INDICATES RECORD WAS SET OR TIED.
MM INDICATES DATA IS MISSING.
T  INDICATES TRACE AMOUNT.




$$
