000
CDUS44 KSHV 300745
CLIGGG


CLIMATE REPORT
NATIONAL WEATHER SERVICE SHREVEPORT, LA
235 AM CDT MON MAY 30 2016


...................................

...THE LONGVIEW CLIMATE SUMMARY FOR MAY 29 2016...

CLIMATE NORMAL PERIOD 1981 TO 2010
CLIMATE RECORD PERIOD 1902 TO 2016


WEATHER ITEM   OBSERVED TIME   RECORD YEAR NORMAL DEPARTURE LAST
                VALUE   (LST)  VALUE       VALUE  FROM      YEAR
                                                  NORMAL
..................................................................
TEMPERATURE (F)
 YESTERDAY
  MAXIMUM         88    118 PM  98    1937  86      2       87
  MINIMUM         70    516 AM  53    1992  66      4       71
  AVERAGE         79                        76      3       79

PRECIPITATION (IN)
  YESTERDAY        0.00          1.60 1907   0.14  -0.14     0.00
  MONTH TO DATE    4.02                      4.47  -0.45    10.97
  SINCE DEC 1     34.37                     23.89  10.48    36.51
  SINCE JAN 1     28.31                     19.40   8.91    34.21

SNOWFALL (IN)
  YESTERDAY        0.0
  MONTH TO DATE    0.0
  SINCE MAR 1      0.0
  SINCE JUL 1      0.0
  SNOW DEPTH       0

DEGREE DAYS
 HEATING
  YESTERDAY        0                         0      0        0
  MONTH TO DATE   15                         8      7        0
  SINCE MAR 1    205                       353   -148      309
  SINCE JUL 1   1654                      2257   -603     2282

 COOLING
  YESTERDAY       14                        11      3       14
  MONTH TO DATE  194                       233    -39      278
  SINCE MAR 1    331                       344    -13      441
  SINCE JAN 1    337                       356    -19      441
..................................................................


WIND (MPH)
  HIGHEST WIND SPEED    13   HIGHEST WIND DIRECTION     S (180)
  HIGHEST GUST SPEED    15   HIGHEST GUST DIRECTION     S (180)
  AVERAGE WIND SPEED     5.2


SKY COVER
  POSSIBLE SUNSHINE  MM
  AVERAGE SKY COVER 0.1


WEATHER CONDITIONS
 THE FOLLOWING WEATHER WAS RECORDED YESTERDAY.
  NO SIGNIFICANT WEATHER WAS OBSERVED.


RELATIVE HUMIDITY (PERCENT)
 HIGHEST   100          1200 AM
 LOWEST     55           300 PM
 AVERAGE    78

..........................................................


THE LONGVIEW CLIMATE NORMALS FOR TODAY
                         NORMAL    RECORD    YEAR
 MAXIMUM TEMPERATURE (F)   87       100      1911
 MINIMUM TEMPERATURE (F)   66        52      1992


SUNRISE AND SUNSET
MAY 30 2016...........SUNRISE   613 AM CDT   SUNSET   820 PM CDT
MAY 31 2016...........SUNRISE   613 AM CDT   SUNSET   821 PM CDT


-  INDICATES NEGATIVE NUMBERS.
R  INDICATES RECORD WAS SET OR TIED.
MM INDICATES DATA IS MISSING.
T  INDICATES TRACE AMOUNT.




$$
