000
CDUS44 KSHV 250834
CLIGGG


CLIMATE REPORT
NATIONAL WEATHER SERVICE SHREVEPORT, LA
234 AM CST SAT FEB 25 2017


...................................

...THE LONGVIEW CLIMATE SUMMARY FOR FEBRUARY 24 2017...

CLIMATE NORMAL PERIOD 1981 TO 2010
CLIMATE RECORD PERIOD 1902 TO 2017


WEATHER ITEM   OBSERVED TIME   RECORD YEAR NORMAL DEPARTURE LAST
                VALUE   (LST)  VALUE       VALUE  FROM      YEAR
                                                  NORMAL
..................................................................
TEMPERATURE (F)
 YESTERDAY
  MAXIMUM         72   1113 AM  87    1996  64      8       57
  MINIMUM         50   1156 PM  21    1914  41      9       40
  AVERAGE         61                        53      8       49

PRECIPITATION (IN)
  YESTERDAY        0.00          1.87 1965   0.15  -0.15      T
  MONTH TO DATE    2.36                      3.43  -1.07     2.56
  SINCE DEC 1     12.66                     11.24   1.42    10.34
  SINCE JAN 1      7.86                      6.75   1.11     4.28

SNOWFALL (IN)
  YESTERDAY        0.0
  MONTH TO DATE    0.0
  SINCE DEC 1      0.0
  SINCE JUL 1      0.0
  SNOW DEPTH       0

DEGREE DAYS
 HEATING
  YESTERDAY        4                        13     -9       16
  MONTH TO DATE  145                       373   -228      275
  SINCE DEC 1    911                      1484   -573     1194
  SINCE JUL 1   1071                      1856   -785     1394

 COOLING
  YESTERDAY        0                         0      0        0
  MONTH TO DATE   34                         0     34        6
  SINCE DEC 1     71                        10     61       28
  SINCE JAN 1     53                         4     49        6
..................................................................


WIND (MPH)
  HIGHEST WIND SPEED    23   HIGHEST WIND DIRECTION     W (290)
  HIGHEST GUST SPEED    26   HIGHEST GUST DIRECTION     W (290)
  AVERAGE WIND SPEED    12.4


SKY COVER
  POSSIBLE SUNSHINE  MM
  AVERAGE SKY COVER 0.2


WEATHER CONDITIONS
 THE FOLLOWING WEATHER WAS RECORDED YESTERDAY.
  NO SIGNIFICANT WEATHER WAS OBSERVED.


RELATIVE HUMIDITY (PERCENT)
 HIGHEST    97           400 AM
 LOWEST     39           500 PM
 AVERAGE    68

..........................................................


THE LONGVIEW CLIMATE NORMALS FOR TODAY
                         NORMAL    RECORD    YEAR
 MAXIMUM TEMPERATURE (F)   64        87      1996
 MINIMUM TEMPERATURE (F)   41        19      1965


SUNRISE AND SUNSET
FEBRUARY 25 2017......SUNRISE   651 AM CST   SUNSET   613 PM CST
FEBRUARY 26 2017......SUNRISE   649 AM CST   SUNSET   614 PM CST


-  INDICATES NEGATIVE NUMBERS.
R  INDICATES RECORD WAS SET OR TIED.
MM INDICATES DATA IS MISSING.
T  INDICATES TRACE AMOUNT.




$$
