000
CDUS45 KGGW 201231
CLIGGW


CLIMATE REPORT
NATIONAL WEATHER SERVICE GLASGOW MT
630 AM MDT SUN AUG 20 2017


...................................

...THE GLASGOW MT CLIMATE SUMMARY FOR AUGUST 20 2017...
VALID AS OF 0600 AM LOCAL TIME.

CLIMATE NORMAL PERIOD 1981 TO 2010
CLIMATE RECORD PERIOD 1893 TO 2017


WEATHER ITEM   OBSERVED TIME   RECORD YEAR NORMAL DEPARTURE LAST
                VALUE   (LST)  VALUE       VALUE  FROM      YEAR
                                                  NORMAL
..................................................................
TEMPERATURE (F)
 TODAY
  MINIMUM         47    400 AM  37    1902  55     -8       48

PRECIPITATION (IN)
  TODAY            0.00          1.59 1966   0.04  -0.04     0.00
  MONTH TO DATE    0.26                      0.85  -0.59     0.51
  SINCE OCT 1      7.23                     10.33  -3.10    18.63
  SINCE JAN 1      3.70                      8.78  -5.08    15.65

SNOWFALL (IN)
  TODAY            0.0           0.0  2002   0.0    0.0      0.0
                                      2001
                                      2000
  MONTH TO DATE    0.0                       0.0    0.0      0.0
  SINCE JUN 1      0.0                       0.0    0.0      0.0
  SINCE JUL 1      0.0                       0.0    0.0      0.0
  SNOW DEPTH       0

DEGREE DAYS
 HEATING
  TODAY           13                         1     12        2
  MONTH TO DATE   19                        12      7        8
  SINCE JUN 1     66                       135    -69       48
  SINCE JUL 1     19                        30    -11       16

 COOLING
  TODAY            0                         6     -6        0
  MONTH TO DATE   52                       147    -95      110
  SINCE JUN 1    515                       429     86      345
  SINCE JAN 1    530                       446     84      356
..................................................................





WEATHER CONDITIONS
 THE FOLLOWING WEATHER WAS RECORDED TODAY.
  NO SIGNIFICANT WEATHER WAS OBSERVED.


RELATIVE HUMIDITY (PERCENT)
 HIGHEST    60           400 AM

..........................................................


THE GLASGOW MT CLIMATE NORMALS FOR TOMORROW
                         NORMAL    RECORD    YEAR
 MAXIMUM TEMPERATURE (F)   84       102      1969
 MINIMUM TEMPERATURE (F)   55        34      1904


SUNRISE AND SUNSET
AUGUST 20 2017........SUNRISE   608 AM MDT   SUNSET   810 PM MDT
AUGUST 21 2017........SUNRISE   610 AM MDT   SUNSET   809 PM MDT


-  INDICATES NEGATIVE NUMBERS.
R  INDICATES RECORD WAS SET OR TIED.
MM INDICATES DATA IS MISSING.
T  INDICATES TRACE AMOUNT.




$$
