000
CDUS45 KGGW 270019
CLIGGW


CLIMATE REPORT
NATIONAL WEATHER SERVICE GLASGOW MT
516 PM MST WED NOV 26 2014


...................................

...THE GLASGOW MT CLIMATE SUMMARY FOR NOVEMBER 26 2014...
VALID TODAY AS OF 0500 PM LOCAL TIME.

CLIMATE NORMAL PERIOD 1981 TO 2010
CLIMATE RECORD PERIOD 1893 TO 2014


WEATHER ITEM   OBSERVED TIME   RECORD YEAR NORMAL DEPARTURE LAST
                VALUE   (LST)  VALUE       VALUE  FROM      YEAR
                                                  NORMAL
..................................................................
TEMPERATURE (F)
 TODAY
  MAXIMUM         24        MM  70    1914  34    -10       29
  MINIMUM         19        MM -30    1897  14      5        7
  AVERAGE         22                        24     -2       18

PRECIPITATION (IN)
  TODAY            0.00          0.15 1896   0.01  -0.01     0.00
  MONTH TO DATE    0.44                      0.35   0.09     0.34
  SINCE OCT 1      0.85                      1.10  -0.25     0.58
  SINCE JAN 1     14.59                     11.21   3.38    15.00

SNOWFALL (IN)
  TODAY            0.0           2.4  2004   0.2   -0.2      0.0
  MONTH TO DATE    8.0                       4.2    3.8      3.6
  SINCE SEP 1      8.0                       5.7    2.3      3.7
  SINCE JUL 1      8.0                       5.7    2.3      3.7
  SNOW DEPTH       1

DEGREE DAYS
 HEATING
  TODAY           43                        41      2       47
  MONTH TO DATE 1086                       899    187      956
  SINCE SEP 1   1806                      1770     36     1746
  SINCE JUL 1   1859                      1823     36     1761

 COOLING
  TODAY            0                         0      0        0
  MONTH TO DATE    0                         0      0        0
  SINCE SEP 1     23                        38    -15       86
  SINCE JAN 1    495                       533    -38      563
..................................................................


WIND (MPH)
  HIGHEST WIND SPEED    15   HIGHEST WIND DIRECTION     E (110)
  HIGHEST GUST SPEED    MM   HIGHEST GUST DIRECTION    MM
  AVERAGE WIND SPEED     8.1


SKY COVER
  POSSIBLE SUNSHINE  MM
  AVERAGE SKY COVER 0.9


WEATHER CONDITIONS
 THE FOLLOWING WEATHER WAS RECORDED TODAY.
  NO SIGNIFICANT WEATHER WAS OBSERVED.


RELATIVE HUMIDITY (PERCENT)
 HIGHEST    84           700 AM
 LOWEST     74          1100 AM
 AVERAGE    79

..........................................................


THE GLASGOW MT CLIMATE NORMALS FOR TOMORROW
                         NORMAL    RECORD    YEAR
 MAXIMUM TEMPERATURE (F)   33        69      1949
 MINIMUM TEMPERATURE (F)   13       -41      1896


SUNRISE AND SUNSET
NOVEMBER 26 2014......SUNRISE   730 AM MST   SUNSET   418 PM MST
NOVEMBER 27 2014......SUNRISE   731 AM MST   SUNSET   417 PM MST


-  INDICATES NEGATIVE NUMBERS.
R  INDICATES RECORD WAS SET OR TIED.
MM INDICATES DATA IS MISSING.
T  INDICATES TRACE AMOUNT.




$$
