304
CDUS45 KGGW 080035
CLIGGW


CLIMATE REPORT
NATIONAL WEATHER SERVICE GLASGOW MT
535 PM MST SUN FEB 7 2016


...................................

...THE GLASGOW MT CLIMATE SUMMARY FOR FEBRUARY 7 2016...
VALID TODAY AS OF 0500 PM LOCAL TIME.

CLIMATE NORMAL PERIOD 1981 TO 2010
CLIMATE RECORD PERIOD 1893 TO 2016


WEATHER ITEM   OBSERVED TIME   RECORD YEAR NORMAL DEPARTURE LAST
                VALUE   (LST)  VALUE       VALUE  FROM      YEAR
                                                  NORMAL
..................................................................
TEMPERATURE (F)
 TODAY
  MAXIMUM         36        MM  51    1991  27      9       47
  MINIMUM         27        MM -40    1933   7     20       27
  AVERAGE         32                        17     15       37

PRECIPITATION (IN)
  TODAY            0.00          0.37 1951   0.01  -0.01     0.07
  MONTH TO DATE    0.02                      0.06  -0.04     0.20
  SINCE OCT 1      3.34                      1.98   1.36     2.26
  SINCE JAN 1      0.36                      0.43  -0.07     1.00

SNOWFALL (IN)
  TODAY            0.0           3.5  1951   0.1   -0.1      0.0
  MONTH TO DATE    0.2                       1.1   -0.9      2.6
  SINCE DEC 1     18.6                      17.1    1.5     23.3
  SINCE JUL 1     19.6                      23.7   -4.1     34.7
  SNOW DEPTH       0

DEGREE DAYS
 HEATING
  TODAY           33                        48    -15       28
  MONTH TO DATE  277                       341    -64      361
  SINCE DEC 1   3119                      3437   -318     3082
  SINCE JUL 1   4781                      5430   -649     5167

 COOLING
  TODAY            0                         0      0        0
  MONTH TO DATE    0                         0      0        0
  SINCE DEC 1      0                         0      0        0
  SINCE JAN 1      0                         0      0        0
..................................................................


WIND (MPH)
  HIGHEST WIND SPEED    33   HIGHEST WIND DIRECTION    NW (300)
  HIGHEST GUST SPEED    44   HIGHEST GUST DIRECTION    NW (300)
  AVERAGE WIND SPEED    26.9


SKY COVER
  POSSIBLE SUNSHINE  MM
  AVERAGE SKY COVER 0.0


WEATHER CONDITIONS
 THE FOLLOWING WEATHER WAS RECORDED TODAY.
  NO SIGNIFICANT WEATHER WAS OBSERVED.


RELATIVE HUMIDITY (PERCENT)
 HIGHEST    69           200 AM
 LOWEST     52           200 PM
 AVERAGE    61

..........................................................


THE GLASGOW MT CLIMATE NORMALS FOR TOMORROW
                         NORMAL    RECORD    YEAR
 MAXIMUM TEMPERATURE (F)   27        57      2000
 MINIMUM TEMPERATURE (F)    7       -49      1936


SUNRISE AND SUNSET
FEBRUARY  7 2016......SUNRISE   727 AM MST   SUNSET   515 PM MST
FEBRUARY  8 2016......SUNRISE   725 AM MST   SUNSET   517 PM MST


-  INDICATES NEGATIVE NUMBERS.
R  INDICATES RECORD WAS SET OR TIED.
MM INDICATES DATA IS MISSING.
T  INDICATES TRACE AMOUNT.




$$
