000
CDUS45 KGGW 010016
CLIGGW


CLIMATE REPORT
NATIONAL WEATHER SERVICE GLASGOW MT
615 PM MDT TUE SEP 30 2014


...................................

...THE GLASGOW MT CLIMATE SUMMARY FOR SEPTEMBER 30 2014...
VALID TODAY AS OF 0500 PM LOCAL TIME.

CLIMATE NORMAL PERIOD 1981 TO 2010
CLIMATE RECORD PERIOD 1893 TO 2014


WEATHER ITEM   OBSERVED TIME   RECORD YEAR NORMAL DEPARTURE LAST
                VALUE   (LST)  VALUE       VALUE  FROM      YEAR
                                                  NORMAL
..................................................................
TEMPERATURE (F)
 TODAY
  MAXIMUM         65    335 PM  92    1963  65      0       66
  MINIMUM         50         MM  15    1907  39     11       40
  AVERAGE         58                        52      6       53

PRECIPITATION (IN)
  TODAY            0.00          0.41 1944   0.03  -0.03     0.00
  MONTH TO DATE    0.57                      0.94  -0.37     1.83
  SINCE OCT 1     14.97                     11.66   3.31    16.62
  SINCE JAN 1     13.52                     10.11   3.41    14.42

SNOWFALL (IN)
  TODAY            0.0           2.0  1944   0.0    0.0      0.0
  MONTH TO DATE    0.0                       0.2   -0.2      0.0
  SINCE SEP 1      0.0                       0.2   -0.2      0.0
  SINCE JUL 1      0.0                       0.2   -0.2      0.0
  SNOW DEPTH       0

DEGREE DAYS
 HEATING
  TODAY            7                        14     -7       12
  MONTH TO DATE  231                       243    -12      123
  SINCE SEP 1    231                       241    -10      123
  SINCE JUL 1    284                       294    -10      138

 COOLING
  TODAY            0                         0      0        0
  MONTH TO DATE   23                        37    -14       86
  SINCE SEP 1     23                        37    -14       86
  SINCE JAN 1    495                       532    -37      563
..................................................................


WIND (MPH)
  HIGHEST WIND SPEED    15   HIGHEST WIND DIRECTION    SE (120)
  HIGHEST GUST SPEED    MM   HIGHEST GUST DIRECTION    MM
  AVERAGE WIND SPEED     7.2


SKY COVER
  POSSIBLE SUNSHINE  MM
  AVERAGE SKY COVER 0.8


WEATHER CONDITIONS
 THE FOLLOWING WEATHER WAS RECORDED TODAY.
  NO SIGNIFICANT WEATHER WAS OBSERVED.


RELATIVE HUMIDITY (PERCENT)
 HIGHEST    93          1200 AM
 LOWEST     60           300 PM
 AVERAGE    77

..........................................................


THE GLASGOW MT CLIMATE NORMALS FOR TOMORROW
                         NORMAL    RECORD    YEAR
 MAXIMUM TEMPERATURE (F)   64        90      1992
 MINIMUM TEMPERATURE (F)   38        17      1936


SUNRISE AND SUNSET
SEPTEMBER 30 2014.....SUNRISE   704 AM MDT   SUNSET   647 PM MDT
OCTOBER  1 2014.......SUNRISE   706 AM MDT   SUNSET   645 PM MDT


-  INDICATES NEGATIVE NUMBERS.
R  INDICATES RECORD WAS SET OR TIED.
MM INDICATES DATA IS MISSING.
T  INDICATES TRACE AMOUNT.

$$
