000
CDUS45 KGJT 242356
CLIGJT


CLIMATE REPORT
NATIONAL WEATHER SERVICE GRAND JUNCTION CO
530 PM MDT TUE MAY 24 2016


...................................

...THE GRAND JUNCTION CO CLIMATE SUMMARY FOR MAY 24 2016...
VALID TODAY AS OF 0500 PM LOCAL TIME.

CLIMATE NORMAL PERIOD 1981 TO 2010
CLIMATE RECORD PERIOD 1893 TO 2016


WEATHER ITEM   OBSERVED TIME   RECORD YEAR NORMAL DEPARTURE LAST
                VALUE   (LST)  VALUE       VALUE  FROM      YEAR
                                                  NORMAL
..................................................................
TEMPERATURE (F)
 TODAY
  MAXIMUM         78    305 PM  94    2005  79     -1       63
  MINIMUM         48    442 AM  37    1971  49     -1       43
  AVERAGE         63                        64     -1       53

PRECIPITATION (IN)
  TODAY            0.00          1.83 1906   0.02  -0.02     0.16
  MONTH TO DATE    0.85                      0.71   0.14     1.60
  SINCE MAR 1      3.54                      2.54   1.00     3.99
  SINCE JAN 1      4.91                      3.66   1.25     4.85

SNOWFALL (IN)
  TODAY            0.0           0.0  2015   0.0    0.0      0.0
  MONTH TO DATE    T                         0.1   -0.1      0.1
  SINCE MAR 1      1.1                       3.6   -2.5      4.0
  SINCE JUL 1     28.5                      19.1    9.4     12.6
  SNOW DEPTH       0

DEGREE DAYS
 HEATING
  TODAY            2                         3     -1       12
  MONTH TO DATE  170                       137     33      196
  SINCE MAR 1   1214                      1192     22     1151
  SINCE JUL 1   5692                      5571    121     5136

 COOLING
  TODAY            0                         2     -2        0
  MONTH TO DATE   12                        28    -16        2
  SINCE MAR 1     12                        31    -19        2
  SINCE JAN 1     12                        31    -19        2
..................................................................


WIND (MPH)
  HIGHEST WIND SPEED    32   HIGHEST WIND DIRECTION     S (200)
  HIGHEST GUST SPEED    39   HIGHEST GUST DIRECTION     S (200)
  AVERAGE WIND SPEED    13.7


SKY COVER
  POSSIBLE SUNSHINE  MM
  AVERAGE SKY COVER 0.0


WEATHER CONDITIONS
 THE FOLLOWING WEATHER WAS RECORDED TODAY.
  NO SIGNIFICANT WEATHER WAS OBSERVED.


RELATIVE HUMIDITY (PERCENT)
 HIGHEST    39          1200 AM
 LOWEST      9           400 PM
 AVERAGE    24

..........................................................


THE GRAND JUNCTION CO CLIMATE NORMALS FOR TOMORROW
                         NORMAL    RECORD    YEAR
 MAXIMUM TEMPERATURE (F)   79        92      2006
                                             2001
 MINIMUM TEMPERATURE (F)   50        36      2010


SUNRISE AND SUNSET
MAY 24 2016...........SUNRISE   554 AM MDT   SUNSET   829 PM MDT
MAY 25 2016...........SUNRISE   553 AM MDT   SUNSET   829 PM MDT


-  INDICATES NEGATIVE NUMBERS.
R  INDICATES RECORD WAS SET OR TIED.
MM INDICATES DATA IS MISSING.
T  INDICATES TRACE AMOUNT.




$$
