527
CDUS45 KGJT 220838
CLIGJT


CLIMATE REPORT
NATIONAL WEATHER SERVICE GRAND JUNCTION CO
133 AM MST THU FEB 22 2018


...................................

...THE GRAND JUNCTION CO CLIMATE SUMMARY FOR FEBRUARY 21 2018...

CLIMATE NORMAL PERIOD 1981 TO 2010
CLIMATE RECORD PERIOD 1893 TO 2018


WEATHER ITEM   OBSERVED TIME   RECORD YEAR NORMAL DEPARTURE LAST
                VALUE   (LST)  VALUE       VALUE  FROM      YEAR
                                                  NORMAL
..................................................................
TEMPERATURE (F)
 YESTERDAY
  MAXIMUM         36    200 PM  66    1958  48    -12       62
  MINIMUM         15    658 AM  -2    1903  26    -11       40
  AVERAGE         26                        37    -11       51

PRECIPITATION (IN)
  YESTERDAY        0.03          0.48 1996   0.03   0.00     0.00
  MONTH TO DATE    0.61                      0.39   0.22     0.34
  SINCE DEC 1      1.41                      1.56  -0.15     2.08
  SINCE JAN 1      1.37                      0.97   0.40     1.35

SNOWFALL (IN)
  YESTERDAY        0.4           1.9  1952   0.1    0.3      0.0
  MONTH TO DATE    2.4                       2.6   -0.2      0.0
  SINCE DEC 1      6.8                      12.4   -5.6     11.2
  SINCE JUL 1      6.8                      14.9   -8.1     11.7
  SNOW DEPTH       0

DEGREE DAYS
 HEATING
  YESTERDAY       39                        28     11       14
  MONTH TO DATE  577                       667    -90      437
  SINCE DEC 1   2638                      2965   -327     2568
  SINCE JUL 1   3752                      4193   -441     3438

 COOLING
  YESTERDAY        0                         0      0        0
  MONTH TO DATE    0                         0      0        0
  SINCE DEC 1      0                         0      0        0
  SINCE JAN 1      0                         0      0        0
..................................................................


WIND (MPH)
  HIGHEST WIND SPEED    21   HIGHEST WIND DIRECTION    SE (120)
  HIGHEST GUST SPEED    25   HIGHEST GUST DIRECTION    SE (120)
  AVERAGE WIND SPEED     7.6


SKY COVER
  POSSIBLE SUNSHINE  MM
  AVERAGE SKY COVER 0.3


WEATHER CONDITIONS
 THE FOLLOWING WEATHER WAS RECORDED YESTERDAY.
  LIGHT SNOW
  FOG


RELATIVE HUMIDITY (PERCENT)
 HIGHEST   100          1100 PM
 LOWEST     29           400 PM
 AVERAGE    65

..........................................................


THE GRAND JUNCTION CO CLIMATE NORMALS FOR TODAY
                         NORMAL    RECORD    YEAR
 MAXIMUM TEMPERATURE (F)   49        66      1995
 MINIMUM TEMPERATURE (F)   26         1      1955
                                             1903


SUNRISE AND SUNSET
FEBRUARY 22 2018......SUNRISE   656 AM MST   SUNSET   559 PM MST
FEBRUARY 23 2018......SUNRISE   655 AM MST   SUNSET   600 PM MST


-  INDICATES NEGATIVE NUMBERS.
R  INDICATES RECORD WAS SET OR TIED.
MM INDICATES DATA IS MISSING.
T  INDICATES TRACE AMOUNT.




$$
