000
CDUS45 KGJT 220749
CLIGJT


CLIMATE REPORT
NATIONAL WEATHER SERVICE GRAND JUNCTION CO
148 AM MDT MON MAY 22 2017


...................................

...THE GRAND JUNCTION CO CLIMATE SUMMARY FOR MAY 21 2017...

CLIMATE NORMAL PERIOD 1981 TO 2010
CLIMATE RECORD PERIOD 1893 TO 2017


WEATHER ITEM   OBSERVED TIME   RECORD YEAR NORMAL DEPARTURE LAST
                VALUE   (LST)  VALUE       VALUE  FROM      YEAR
                                                  NORMAL
..................................................................
TEMPERATURE (F)
 YESTERDAY
  MAXIMUM         72    324 PM  92    2005  78     -6       80
  MINIMUM         43    528 AM  33    1974  48     -5       56
  AVERAGE         58                        63     -5       68

PRECIPITATION (IN)
  YESTERDAY        0.00          0.29 1959   0.02  -0.02     0.00
  MONTH TO DATE    0.66                      0.63   0.03     0.85
  SINCE MAR 1      1.28                      2.46  -1.18     3.54
  SINCE JAN 1      2.83                      3.58  -0.75     4.91

SNOWFALL (IN)
  YESTERDAY        0.0           0.0  2002   0.0    0.0      0.0
  MONTH TO DATE    T                         0.1   -0.1       T
  SINCE MAR 1      T                         3.6   -3.6      1.1
  SINCE JUL 1     13.9                      19.1   -5.2     28.5
  SNOW DEPTH       0

DEGREE DAYS
 HEATING
  YESTERDAY        7                         4      3        0
  MONTH TO DATE  145                       128     17      151
  SINCE MAR 1    958                      1183   -225     1195
  SINCE JUL 1   4605                      5562   -957     5673

 COOLING
  YESTERDAY        0                         2     -2        3
  MONTH TO DATE   17                        22     -5       12
  SINCE MAR 1     18                        25     -7       12
  SINCE JAN 1     18                        25     -7       12
..................................................................


WIND (MPH)
  HIGHEST WIND SPEED    35   HIGHEST WIND DIRECTION    NW (310)
  HIGHEST GUST SPEED    45   HIGHEST GUST DIRECTION    NW (300)
  AVERAGE WIND SPEED     8.9


SKY COVER
  POSSIBLE SUNSHINE  MM
  AVERAGE SKY COVER 0.3


WEATHER CONDITIONS
 THE FOLLOWING WEATHER WAS RECORDED YESTERDAY.
  NO SIGNIFICANT WEATHER WAS OBSERVED.


RELATIVE HUMIDITY (PERCENT)
 HIGHEST    70           500 AM
 LOWEST     20           200 PM
 AVERAGE    45

..........................................................


THE GRAND JUNCTION CO CLIMATE NORMALS FOR TODAY
                         NORMAL    RECORD    YEAR
 MAXIMUM TEMPERATURE (F)   78        94      2012
                                             2005
 MINIMUM TEMPERATURE (F)   49        34      2002


SUNRISE AND SUNSET
MAY 22 2017...........SUNRISE   555 AM MDT   SUNSET   827 PM MDT
MAY 23 2017...........SUNRISE   555 AM MDT   SUNSET   828 PM MDT


-  INDICATES NEGATIVE NUMBERS.
R  INDICATES RECORD WAS SET OR TIED.
MM INDICATES DATA IS MISSING.
T  INDICATES TRACE AMOUNT.




$$
