000
CDUS45 KGJT 180757
CLIGJT


CLIMATE REPORT
NATIONAL WEATHER SERVICE GRAND JUNCTION CO
1230 AM MST THU DEC 18 2014


...................................

...THE GRAND JUNCTION CO CLIMATE SUMMARY FOR DECEMBER 17 2014...

CLIMATE NORMAL PERIOD 1981 TO 2010
CLIMATE RECORD PERIOD 1893 TO 2014


WEATHER ITEM   OBSERVED TIME   RECORD YEAR NORMAL DEPARTURE LAST
                VALUE   (LST)  VALUE       VALUE  FROM      YEAR
                                                  NORMAL
..................................................................
TEMPERATURE (F)
 YESTERDAY
  MAXIMUM         38    223 PM  54    1980  38      0       32
                                      1970
                                      1939
  MINIMUM         30    133 AM  -6    1919  18     12        2
  AVERAGE         34                        28      6       17

PRECIPITATION (IN)
  YESTERDAY        0.03          0.26 1924   0.02   0.01     0.00
  MONTH TO DATE    0.42                      0.33   0.09     0.93
  SINCE DEC 1      0.42                      0.33   0.09     0.93
  SINCE JAN 1     11.32                      9.16   2.16    12.40

SNOWFALL (IN)
  YESTERDAY        T             2.0  1924   0.2   -0.2      0.0
  MONTH TO DATE    T                         2.3   -2.3     10.0
  SINCE DEC 1      T                         2.3   -2.3     10.0
  SINCE JUL 1      T                         4.8   -4.8     14.8
  SNOW DEPTH       0

DEGREE DAYS
 HEATING
  YESTERDAY       31                        37     -6       48
  MONTH TO DATE  462                       600   -138      883
  SINCE DEC 1    462                       600   -138      883
  SINCE JUL 1   1686                      1828   -142     2222

 COOLING
  YESTERDAY        0                         0      0        0
  MONTH TO DATE    0                         0      0        0
  SINCE DEC 1      0                         0      0        0
  SINCE JAN 1   1046                      1125    -79     1269
..................................................................


WIND (MPH)
  HIGHEST WIND SPEED     9   HIGHEST WIND DIRECTION    NW (330)
  HIGHEST GUST SPEED    12   HIGHEST GUST DIRECTION     N (340)
  AVERAGE WIND SPEED     2.5


SKY COVER
  POSSIBLE SUNSHINE  MM
  AVERAGE SKY COVER 1.0


WEATHER CONDITIONS
 THE FOLLOWING WEATHER WAS RECORDED YESTERDAY.
  LIGHT RAIN
  LIGHT SNOW
  FOG


RELATIVE HUMIDITY (PERCENT)
 HIGHEST   100           800 AM
 LOWEST     85           300 AM
 AVERAGE    93

..........................................................


THE GRAND JUNCTION CO CLIMATE NORMALS FOR TODAY
                         NORMAL    RECORD    YEAR
 MAXIMUM TEMPERATURE (F)   38        53      1980
 MINIMUM TEMPERATURE (F)   18        -4      1895


SUNRISE AND SUNSET
DECEMBER 18 2014......SUNRISE   728 AM MST   SUNSET   454 PM MST
DECEMBER 19 2014......SUNRISE   729 AM MST   SUNSET   454 PM MST


-  INDICATES NEGATIVE NUMBERS.
R  INDICATES RECORD WAS SET OR TIED.
MM INDICATES DATA IS MISSING.
T  INDICATES TRACE AMOUNT.




$$
