000
CDUS45 KGJT 022342
CLIGJT


CLIMATE REPORT
NATIONAL WEATHER SERVICE GRAND JUNCTION CO
530 PM MDT TUE SEP 2 2014


...................................

...THE GRAND JUNCTION CO CLIMATE SUMMARY FOR SEPTEMBER 2 2014...
VALID TODAY AS OF 0500 PM LOCAL TIME.

CLIMATE NORMAL PERIOD 1981 TO 2010
CLIMATE RECORD PERIOD 1893 TO 2014


WEATHER ITEM   OBSERVED TIME   RECORD YEAR NORMAL DEPARTURE LAST
                VALUE   (LST)  VALUE       VALUE  FROM      YEAR
                                                  NORMAL
..................................................................
TEMPERATURE (F)
 TODAY
  MAXIMUM         89    343 PM  98    1995  86      3       90
  MINIMUM         53    607 AM  41    1973  57     -4       68
  AVERAGE         71                        71      0       79

PRECIPITATION (IN)
  TODAY            0.00          1.56 1938   0.03  -0.03     0.00
  MONTH TO DATE    0.00                      0.07  -0.07     0.00
  SINCE SEP 1      0.00                      0.07  -0.07     0.00
  SINCE JAN 1      8.09                      5.92   2.17     5.97

SNOWFALL (IN)
  TODAY            0.0           0.0  2013   0.0    0.0      0.0
  MONTH TO DATE    0.0                       0.0    0.0      0.0
  SINCE SEP 1      0.0                       0.0    0.0      0.0
  SINCE JUL 1      0.0                       0.0    0.0      0.0
  SNOW DEPTH       0

DEGREE DAYS
 HEATING
  TODAY            0                         0      0        0
  MONTH TO DATE    0                         0      0        0
  SINCE SEP 1      0                         0      0        0
  SINCE JUL 1      5                         3      2        0

 COOLING
  TODAY            6                         7     -1       14
  MONTH TO DATE    8                        14     -6       28
  SINCE SEP 1      8                        14     -6       28
  SINCE JAN 1    934                      1033    -99     1154
..................................................................


WIND (MPH)
  HIGHEST WIND SPEED    14   HIGHEST WIND DIRECTION    NW (320)
  HIGHEST GUST SPEED    16   HIGHEST GUST DIRECTION    NW (320)
  AVERAGE WIND SPEED     7.0


SKY COVER
  POSSIBLE SUNSHINE  MM
  AVERAGE SKY COVER 0.0


WEATHER CONDITIONS
 THE FOLLOWING WEATHER WAS RECORDED TODAY.
  NO SIGNIFICANT WEATHER WAS OBSERVED.


RELATIVE HUMIDITY (PERCENT)
 HIGHEST    59           500 AM
 LOWEST     16           300 PM
 AVERAGE    38

..........................................................


THE GRAND JUNCTION CO CLIMATE NORMALS FOR TOMORROW
                         NORMAL    RECORD    YEAR
 MAXIMUM TEMPERATURE (F)   85        99      1995
 MINIMUM TEMPERATURE (F)   57        43      1961


SUNRISE AND SUNSET
SEPTEMBER  2 2014.....SUNRISE   644 AM MDT   SUNSET   743 PM MDT
SEPTEMBER  3 2014.....SUNRISE   645 AM MDT   SUNSET   741 PM MDT


-  INDICATES NEGATIVE NUMBERS.
R  INDICATES RECORD WAS SET OR TIED.
MM INDICATES DATA IS MISSING.
T  INDICATES TRACE AMOUNT.




$$
