000
CDUS45 KGJT 072341
CLIGJT


CLIMATE REPORT
NATIONAL WEATHER SERVICE GRAND JUNCTION CO
438 PM MST WED DEC 7 2016


...................................

...THE GRAND JUNCTION CO CLIMATE SUMMARY FOR DECEMBER 7 2016...
VALID TODAY AS OF 0400 PM LOCAL TIME.

CLIMATE NORMAL PERIOD 1981 TO 2010
CLIMATE RECORD PERIOD 1893 TO 2016


WEATHER ITEM   OBSERVED TIME   RECORD YEAR NORMAL DEPARTURE LAST
                VALUE   (LST)  VALUE       VALUE  FROM      YEAR
                                                  NORMAL
..................................................................
TEMPERATURE (F)
 TODAY
  MAXIMUM         34    111 PM  58    1894  40     -6       41
  MINIMUM          9    750 AM   0    1978  20    -11       20
  AVERAGE         22                        30     -8       31

PRECIPITATION (IN)
  TODAY            T             0.60 2007   0.02  -0.02     0.00
  MONTH TO DATE    0.01                      0.14  -0.13     0.00
  SINCE DEC 1      0.01                      0.14  -0.13     0.00
  SINCE JAN 1      8.11                      8.97  -0.86    12.56

SNOWFALL (IN)
  TODAY            T             3.5  1956   0.1   -0.1      0.0
  MONTH TO DATE    0.3                       0.8   -0.5      0.0
  SINCE DEC 1      0.3                       0.8   -0.5      0.0
  SINCE JUL 1      0.8                       3.3   -2.5      3.4
  SNOW DEPTH       T

DEGREE DAYS
 HEATING
  TODAY           43                        35      8       34
  MONTH TO DATE  256                       238     18      243
  SINCE DEC 1    256                       238     18      243
  SINCE JUL 1   1126                      1466   -340     1292

 COOLING
  TODAY            0                         0      0        0
  MONTH TO DATE    0                         0      0        0
  SINCE DEC 1      0                         0      0        0
  SINCE JAN 1   1245                      1125    120     1041
..................................................................


WIND (MPH)
  HIGHEST WIND SPEED    17   HIGHEST WIND DIRECTION    NW (310)
  HIGHEST GUST SPEED    20   HIGHEST GUST DIRECTION     N (350)
  AVERAGE WIND SPEED     5.0


SKY COVER
  POSSIBLE SUNSHINE  MM
  AVERAGE SKY COVER 0.4


WEATHER CONDITIONS
 THE FOLLOWING WEATHER WAS RECORDED TODAY.
  LIGHT SNOW
  FOG


RELATIVE HUMIDITY (PERCENT)
 HIGHEST   100           200 AM
 LOWEST     32           100 PM
 AVERAGE    66

..........................................................


THE GRAND JUNCTION CO CLIMATE NORMALS FOR TOMORROW
                         NORMAL    RECORD    YEAR
 MAXIMUM TEMPERATURE (F)   40        55      1965
                                             1939
 MINIMUM TEMPERATURE (F)   20       -12      1978


SUNRISE AND SUNSET
DECEMBER  7 2016......SUNRISE   720 AM MST   SUNSET   451 PM MST
DECEMBER  8 2016......SUNRISE   721 AM MST   SUNSET   451 PM MST


-  INDICATES NEGATIVE NUMBERS.
R  INDICATES RECORD WAS SET OR TIED.
MM INDICATES DATA IS MISSING.
T  INDICATES TRACE AMOUNT.




$$
