000
CDUS45 KGJT 110749
CLIGJT


CLIMATE REPORT
NATIONAL WEATHER SERVICE GRAND JUNCTION CO
1248 AM MST MON DEC 11 2017


...................................

...THE GRAND JUNCTION CO CLIMATE SUMMARY FOR DECEMBER 10 2017...

CLIMATE NORMAL PERIOD 1981 TO 2010
CLIMATE RECORD PERIOD 1893 TO 2017


WEATHER ITEM   OBSERVED TIME   RECORD YEAR NORMAL DEPARTURE LAST
                VALUE   (LST)  VALUE       VALUE  FROM      YEAR
                                                  NORMAL
..................................................................
TEMPERATURE (F)
 YESTERDAY
  MAXIMUM         48    347 PM  58    1939  39      9       35
  MINIMUM         16    341 AM -18    1919  19     -3       19
  AVERAGE         32                        29      3       27

PRECIPITATION (IN)
  YESTERDAY        0.00          0.27 1965   0.02  -0.02     0.00
  MONTH TO DATE    0.00                      0.20  -0.20     0.01
  SINCE DEC 1      0.00                      0.20  -0.20     0.01
  SINCE JAN 1      5.04                      9.03  -3.99     8.11

SNOWFALL (IN)
  YESTERDAY        0.0           3.8  1963   0.1   -0.1      0.0
  MONTH TO DATE    0.0                       1.2   -1.2      0.3
  SINCE DEC 1      0.0                       1.2   -1.2      0.3
  SINCE JUL 1      T                         3.7   -3.7      0.8
  SNOW DEPTH       0

DEGREE DAYS
 HEATING
  YESTERDAY       33                        36     -3       38
  MONTH TO DATE  311                       344    -33      374
  SINCE DEC 1    311                       344    -33      374
  SINCE JUL 1   1425                      1572   -147     1244

 COOLING
  YESTERDAY        0                         0      0        0
  MONTH TO DATE    0                         0      0        0
  SINCE DEC 1      0                         0      0        0
  SINCE JAN 1   1479                      1125    354     1245
..................................................................


WIND (MPH)
  HIGHEST WIND SPEED    16   HIGHEST WIND DIRECTION    SE (140)
  HIGHEST GUST SPEED    17   HIGHEST GUST DIRECTION    SE (140)
  AVERAGE WIND SPEED     4.4


SKY COVER
  POSSIBLE SUNSHINE  MM
  AVERAGE SKY COVER 0.0


WEATHER CONDITIONS
 THE FOLLOWING WEATHER WAS RECORDED YESTERDAY.
  NO SIGNIFICANT WEATHER WAS OBSERVED.


RELATIVE HUMIDITY (PERCENT)
 HIGHEST    56           700 AM
 LOWEST     16           300 PM
 AVERAGE    36

..........................................................


THE GRAND JUNCTION CO CLIMATE NORMALS FOR TODAY
                         NORMAL    RECORD    YEAR
 MAXIMUM TEMPERATURE (F)   39        60      1929
 MINIMUM TEMPERATURE (F)   19       -12      2009


SUNRISE AND SUNSET
DECEMBER 11 2017......SUNRISE   723 AM MST   SUNSET   452 PM MST
DECEMBER 12 2017......SUNRISE   724 AM MST   SUNSET   452 PM MST


-  INDICATES NEGATIVE NUMBERS.
R  INDICATES RECORD WAS SET OR TIED.
MM INDICATES DATA IS MISSING.
T  INDICATES TRACE AMOUNT.




$$
