000
CDUS43 KGLD 310750
CLIGLD

CLIMATE REPORT
NATIONAL WEATHER SERVICE GOODLAND
135 AM MDT WED AUG 31 2016

...................................

...THE GOODLAND KS CLIMATE SUMMARY FOR AUGUST 30 2016...

CLIMATE NORMAL PERIOD 1981 TO 2010
CLIMATE RECORD PERIOD 1895 TO 2016

WEATHER ITEM   OBSERVED TIME   RECORD YEAR NORMAL DEPARTURE LAST
                VALUE   (LST)  VALUE       VALUE  FROM      YEAR
                                                  NORMAL
..................................................................
TEMPERATURE (F)
 YESTERDAY
  MAXIMUM         78    150 PM 104    1990  85     -7       92
  MINIMUM         57    456 AM  42    1964  57      0       61
                                      1915
  AVERAGE         68                        71     -3       77

PRECIPITATION (IN)
  YESTERDAY        0.32          0.58 1971   0.06   0.26     0.00
  MONTH TO DATE    1.79                      2.63  -0.84     0.33
  SINCE JUN 1      6.16                      9.35  -3.19     4.92
  SINCE JAN 1     13.52                     15.83  -2.31    16.71

SNOWFALL (IN)
  YESTERDAY        0.0                       0.0    0.0      0.0
  MONTH TO DATE    0.0                       0.0    0.0      0.0
  SINCE JUN 1      0.0                       0.0    0.0      0.0
  SINCE JUL 1      0.0                       0.0    0.0      0.0
  SNOW DEPTH       0

DEGREE DAYS
 HEATING
  YESTERDAY        0                         1     -1        0
  MONTH TO DATE    7                         4      3        5
  SINCE JUN 1      9                        45    -36       11
  SINCE JUL 1      7                         8     -1        6

 COOLING
  YESTERDAY        3                         7     -4       12
  MONTH TO DATE  230                       271    -41      306
  SINCE JUN 1    921                       784    137      891
  SINCE JAN 1    945                       825    120      897
..................................................................

WIND (MPH)
  HIGHEST WIND SPEED    16   HIGHEST WIND DIRECTION     N (20)
  HIGHEST GUST SPEED    20   HIGHEST GUST DIRECTION     N (10)
  AVERAGE WIND SPEED     4.8


SKY COVER
  AVERAGE SKY COVER 0.5


WEATHER CONDITIONS
 THE FOLLOWING WEATHER WAS RECORDED YESTERDAY.
  THUNDERSTORM
  HEAVY RAIN
  LIGHT RAIN
  FOG
  FOG W/VISIBILITY <= 1/4 MILE


RELATIVE HUMIDITY (PERCENT)
 HIGHEST   100
 LOWEST     54
 AVERAGE    77

..........................................................


THE GOODLAND KS CLIMATE NORMALS FOR TODAY
                         NORMAL    RECORD    YEAR
 MAXIMUM TEMPERATURE (F)   85       102      1985
                                             1926
 MINIMUM TEMPERATURE (F)   57        39      1944


SUNRISE AND SUNSET
AUGUST 31 2016........SUNRISE   615 AM MDT   SUNSET   718 PM MDT
SEPTEMBER  1 2016.....SUNRISE   616 AM MDT   SUNSET   717 PM MDT


-  INDICATES NEGATIVE NUMBERS.
R  INDICATES RECORD WAS SET OR TIED.
MM INDICATES DATA IS MISSING.
T  INDICATES TRACE AMOUNT.

&&

THE AVERAGE SOIL TEMPERATURE AT THE FOUR INCH DEPTH... 70

$$
