000
CDUS43 KGLD 270738
CLIGLD

CLIMATE REPORT
NATIONAL WEATHER SERVICE GOODLAND
136 AM MDT TUE SEP 27 2016

...................................

...THE GOODLAND KS CLIMATE SUMMARY FOR SEPTEMBER 26 2016...

CLIMATE NORMAL PERIOD 1981 TO 2010
CLIMATE RECORD PERIOD 1895 TO 2016

WEATHER ITEM   OBSERVED TIME   RECORD YEAR NORMAL DEPARTURE LAST
                VALUE   (LST)  VALUE       VALUE  FROM      YEAR
                                                  NORMAL
..................................................................
TEMPERATURE (F)
 YESTERDAY
  MAXIMUM         80    238 PM  90    2008  74      6       75
                                      1974
                                      1938
  MINIMUM         38    524 AM  22    1942  45     -7       56
  AVERAGE         59                        60     -1       66

PRECIPITATION (IN)
  YESTERDAY        0.00          1.15 1973   0.04  -0.04     0.02
  MONTH TO DATE    2.49                      1.06   1.43     0.90
  SINCE SEP 1      2.49                      1.06   1.43     0.90
  SINCE JAN 1     16.53                     16.96  -0.43    17.65

SNOWFALL (IN)
  YESTERDAY        0.0                       0.0    0.0      0.0
  MONTH TO DATE    T                         0.3   -0.3      0.0
  SINCE SEP 1      T                         0.3   -0.3      0.0
  SINCE JUL 1      T                         0.3   -0.3      0.0
  SNOW DEPTH       0

DEGREE DAYS
 HEATING
  YESTERDAY        6                         7     -1        0
  MONTH TO DATE   45                        83    -38       19
  SINCE SEP 1     45                        83    -38       19
  SINCE JUL 1     52                        95    -43       25

 COOLING
  YESTERDAY        0                         1     -1        1
  MONTH TO DATE  121                        97     24      208
  SINCE SEP 1    121                        97     24      208
  SINCE JAN 1   1070                       930    140     1116
..................................................................

WIND (MPH)
  HIGHEST WIND SPEED    18   HIGHEST WIND DIRECTION     N (340)
  HIGHEST GUST SPEED    26   HIGHEST GUST DIRECTION     W (260)
  AVERAGE WIND SPEED     7.4


SKY COVER
  AVERAGE SKY COVER 0.0


WEATHER CONDITIONS
 THE FOLLOWING WEATHER WAS RECORDED YESTERDAY.
  NO SIGNIFICANT WEATHER WAS OBSERVED.


RELATIVE HUMIDITY (PERCENT)
 HIGHEST    76
 LOWEST     21
 AVERAGE    49

..........................................................


THE GOODLAND KS CLIMATE NORMALS FOR TODAY
                         NORMAL    RECORD    YEAR
 MAXIMUM TEMPERATURE (F)   74        95      1953
 MINIMUM TEMPERATURE (F)   45        24      1908


SUNRISE AND SUNSET
SEPTEMBER 27 2016.....SUNRISE   640 AM MDT   SUNSET   635 PM MDT
SEPTEMBER 28 2016.....SUNRISE   641 AM MDT   SUNSET   633 PM MDT


-  INDICATES NEGATIVE NUMBERS.
R  INDICATES RECORD WAS SET OR TIED.
MM INDICATES DATA IS MISSING.
T  INDICATES TRACE AMOUNT.

&&

THE AVERAGE SOIL TEMPERATURE AT THE FOUR INCH DEPTH... 64

$$
