000
CDUS43 KGLD 250042
CLIGLD

CLIMATE REPORT
NATIONAL WEATHER SERVICE GOODLAND
638 PM MDT THU APR 24 2014

...................................

...THE GOODLAND KS CLIMATE SUMMARY FOR APRIL 24 2014...
VALID TODAY AS OF 0600 PM LOCAL TIME.

CLIMATE NORMAL PERIOD 1981 TO 2010
CLIMATE RECORD PERIOD 1895 TO 2014

WEATHER ITEM   OBSERVED TIME   RECORD YEAR NORMAL DEPARTURE LAST
                VALUE   (LST)  VALUE       VALUE  FROM      YEAR
                                                  NORMAL
..................................................................
TEMPERATURE (F)
 TODAY
  MAXIMUM         68    338 PM  93    2012  66      2       54
  MINIMUM         44    525 AM  19    2013  38      6       19
  AVERAGE         56                        52      4       37

PRECIPITATION (IN)
  TODAY            0.00          1.92 1932   0.07  -0.07     0.00
  MONTH TO DATE    0.20                      1.22  -1.02     0.73
  SINCE MAR 1      0.62                      2.29  -1.67     2.18
  SINCE JAN 1      1.56                      3.16  -1.60     3.03

SNOWFALL (IN)
  TODAY            0.0                       0.1   -0.1      0.0
  MONTH TO DATE    0.4                       3.8   -3.4     12.7
  SINCE MAR 1      3.9                      10.6   -6.7     32.5
  SINCE JUL 1     29.1                      34.6   -5.5     55.7
  SNOW DEPTH       0

DEGREE DAYS
 HEATING
  TODAY            9                        13     -4       28
  MONTH TO DATE  353                       406    -53      582
  SINCE MAR 1   1121                      1164    -43     1425
  SINCE JUL 1   5665                      5581     84     5712

 COOLING
  TODAY            0                         0      0        0
  MONTH TO DATE    4                         0      4        0
  SINCE MAR 1      4                         0      4        0
  SINCE JAN 1      4                         0      4        0
..................................................................

WIND (MPH)
  HIGHEST WIND SPEED    41   HIGHEST WIND DIRECTION     N (340)
  HIGHEST GUST SPEED    55   HIGHEST GUST DIRECTION    NW (300)
  AVERAGE WIND SPEED    19.7


SKY COVER
  AVERAGE SKY COVER 0.2


WEATHER CONDITIONS
 THE FOLLOWING WEATHER WAS RECORDED TODAY.
  NO SIGNIFICANT WEATHER WAS OBSERVED.


RELATIVE HUMIDITY (PERCENT)
 HIGHEST    65           600 AM
 LOWEST     11           200 PM
 AVERAGE    38

..........................................................


THE GOODLAND KS CLIMATE NORMALS FOR TOMORROW
                         NORMAL    RECORD    YEAR
 MAXIMUM TEMPERATURE (F)   67        88      1981
 MINIMUM TEMPERATURE (F)   38        22      2002


SUNRISE AND SUNSET
APRIL 24 2014.........SUNRISE   557 AM MDT   SUNSET   733 PM MDT
APRIL 25 2014.........SUNRISE   556 AM MDT   SUNSET   734 PM MDT


-  INDICATES NEGATIVE NUMBERS.
R  INDICATES RECORD WAS SET OR TIED.
MM INDICATES DATA IS MISSING.
T  INDICATES TRACE AMOUNT.

&&

THE AVERAGE SOIL TEMPERATURE AT THE FOUR INCH DEPTH... 56

$$
