000
CDUS44 KJAN 250627
CLIGLH


CLIMATE REPORT
NATIONAL WEATHER SERVICE JACKSON MS
126 AM CDT WED MAY 25 2016


...................................

...THE GREENVILLE CLIMATE SUMMARY FOR MAY 24 2016...

CLIMATE NORMAL PERIOD 1981 TO 2010
CLIMATE RECORD PERIOD 1920 TO 2016


WEATHER ITEM   OBSERVED TIME   RECORD YEAR NORMAL DEPARTURE LAST
                VALUE   (LST)  VALUE       VALUE  FROM      YEAR
                                                  NORMAL
..................................................................
TEMPERATURE (F)
 YESTERDAY
  MAXIMUM         90    340 PM  94    2005  84      6       86
                                      1996
                                      1972
  MINIMUM         63    504 AM  46    1931  64     -1       70
  AVERAGE         77                        74      3       78

PRECIPITATION (IN)
  YESTERDAY        T             2.63 1955   0.14  -0.14     0.35
  MONTH TO DATE    0.26                      4.05  -3.79     3.13
  SINCE MAR 1     20.55                     13.41   7.14    12.02
  SINCE JAN 1     27.06                     23.40   3.66    18.47

SNOWFALL (IN)
  YESTERDAY        0.0

DEGREE DAYS
 HEATING
  YESTERDAY        0                         0      0        0
  MONTH TO DATE    7                        10     -3        8
  SINCE MAR 1    245                       462   -217      382
  SINCE JUL 1   1925                      2771   -846     2869

 COOLING
  YESTERDAY       12                         9      3       13
  MONTH TO DATE  121                       165    -44      212
  SINCE MAR 1    243                       246     -3      310
  SINCE JAN 1    247                       251     -4      310
..................................................................


WIND (MPH)
  HIGHEST WIND SPEED    25   HIGHEST WIND DIRECTION    NE (30)
  HIGHEST GUST SPEED    31   HIGHEST GUST DIRECTION    NE (30)
  AVERAGE WIND SPEED     9.1


SKY COVER
  POSSIBLE SUNSHINE  MM
  AVERAGE SKY COVER 0.1


WEATHER CONDITIONS
 THE FOLLOWING WEATHER WAS RECORDED YESTERDAY.
  THUNDERSTORM
  LIGHT RAIN


RELATIVE HUMIDITY (PERCENT)
 HIGHEST    74           900 AM
 LOWEST     34           400 PM
 AVERAGE    54

..........................................................


THE GREENVILLE CLIMATE NORMALS FOR TODAY
                         NORMAL    RECORD    YEAR
 MAXIMUM TEMPERATURE (F)   84        94      1921
 MINIMUM TEMPERATURE (F)   65        49      1925


SUNRISE AND SUNSET
MAY 25 2016...........SUNRISE   557 AM CDT   SUNSET   805 PM CDT
MAY 26 2016...........SUNRISE   557 AM CDT   SUNSET   805 PM CDT


-  INDICATES NEGATIVE NUMBERS.
R  INDICATES RECORD WAS SET OR TIED.
MM INDICATES DATA IS MISSING.
T  INDICATES TRACE AMOUNT.




$$
