000
CDUS44 KJAN 262150
CLIGLH


CLIMATE REPORT
NATIONAL WEATHER SERVICE JACKSON MS
445 PM CDT TUE SEP 26 2017


...................................

...THE GREENVILLE CLIMATE SUMMARY FOR SEPTEMBER 26 2017...
VALID TODAY AS OF 0400 PM LOCAL TIME.

CLIMATE NORMAL PERIOD 1981 TO 2010
CLIMATE RECORD PERIOD 1903 TO 2017


WEATHER ITEM   OBSERVED TIME   RECORD YEAR NORMAL DEPARTURE LAST
                VALUE   (LST)  VALUE       VALUE  FROM      YEAR
                                                  NORMAL
..................................................................
TEMPERATURE (F)
 TODAY
  MAXIMUM         89   1257 PM  96    1986  83      6       80
  MINIMUM         66    429 AM  41    2001  59      7       66
  AVERAGE         78                        71      7       73

PRECIPITATION (IN)
  TODAY            0.00          2.16 1921   0.11  -0.11      T
  MONTH TO DATE    1.72                      2.62  -0.90     0.68
  SINCE SEP 1      1.72                      2.62  -0.90     0.68
  SINCE JAN 1     30.91                     37.18  -6.27    42.57

SNOWFALL (IN)
  TODAY            0.0

DEGREE DAYS
 HEATING
  TODAY            0                         1     -1        0
  MONTH TO DATE    3                         1      2        0
  SINCE SEP 1      3                         1      2        0
  SINCE JUL 1      3                         1      2        0

 COOLING
  TODAY           13                         7      6        8
  MONTH TO DATE  266                       278    -12      439
  SINCE SEP 1    266                       278    -12      439
  SINCE JAN 1   2009                      2057    -48     2451
..................................................................


WIND (MPH)
  HIGHEST WIND SPEED     8   HIGHEST WIND DIRECTION    NW (330)
  HIGHEST GUST SPEED    13   HIGHEST GUST DIRECTION     E (70)
  AVERAGE WIND SPEED     1.6


SKY COVER
  POSSIBLE SUNSHINE  MM
  AVERAGE SKY COVER 0.3


WEATHER CONDITIONS
 THE FOLLOWING WEATHER WAS RECORDED TODAY.
  NO SIGNIFICANT WEATHER WAS OBSERVED.


RELATIVE HUMIDITY (PERCENT)
 HIGHEST    93           300 AM
 LOWEST     55          1000 AM
 AVERAGE    74

..........................................................


THE GREENVILLE CLIMATE NORMALS FOR TOMORROW
                         NORMAL    RECORD    YEAR
 MAXIMUM TEMPERATURE (F)   83        97      1939
 MINIMUM TEMPERATURE (F)   59        41      1942


SUNRISE AND SUNSET
SEPTEMBER 26 2017.....SUNRISE   655 AM CDT   SUNSET   655 PM CDT
SEPTEMBER 27 2017.....SUNRISE   656 AM CDT   SUNSET   653 PM CDT


-  INDICATES NEGATIVE NUMBERS.
R  INDICATES RECORD WAS SET OR TIED.
MM INDICATES DATA IS MISSING.
T  INDICATES TRACE AMOUNT.




$$
