000
CDUS44 KJAN 232121
CLIGLH


CLIMATE REPORT
NATIONAL WEATHER SERVICE JACKSON MS
419 PM CDT WED JUL 23 2014


...................................

...THE GREENVILLE CLIMATE SUMMARY FOR JULY 23 2014...
VALID TODAY AS OF 0400 PM LOCAL TIME.

CLIMATE NORMAL PERIOD 1981 TO 2010
CLIMATE RECORD PERIOD 1920 TO 2014


WEATHER ITEM   OBSERVED TIME   RECORD YEAR NORMAL DEPARTURE LAST
                VALUE   (LST)  VALUE       VALUE  FROM      YEAR
                                                  NORMAL
..................................................................
TEMPERATURE (F)
 TODAY
  MAXIMUM         92    151 PM 105    1924  92      0       93
  MINIMUM         72    550 AM  53    1947  72      0       76
  AVERAGE         82                        82      0       85

PRECIPITATION (IN)
  TODAY            0.00          1.40 1928   0.10  -0.10     0.02
  MONTH TO DATE    5.15                      3.05   2.10     1.45
  SINCE JUN 1     11.52                      7.09   4.43     2.70
  SINCE JAN 1     35.65                     31.35   4.30    27.66

SNOWFALL (IN)
  TODAY            0.0

DEGREE DAYS
 HEATING
  TODAY            0                         0      0        0
  MONTH TO DATE    0                         0      0        0
  SINCE JUN 1      0                         0      0        0
  SINCE JUL 1      0                         0      0        0

 COOLING
  TODAY           17                        17      0       20
  MONTH TO DATE  299                       389    -90      362
  SINCE JUN 1    761                       809    -48      821
  SINCE JAN 1   1076                      1131    -55     1104
..................................................................


WIND (MPH)
  HIGHEST WIND SPEED     7   HIGHEST WIND DIRECTION     W (250)
  HIGHEST GUST SPEED     8   HIGHEST GUST DIRECTION     S (170)
  AVERAGE WIND SPEED     1.6


SKY COVER
  POSSIBLE SUNSHINE  MM
  AVERAGE SKY COVER 0.2


WEATHER CONDITIONS
 THE FOLLOWING WEATHER WAS RECORDED TODAY.
  FOG


RELATIVE HUMIDITY (PERCENT)
 HIGHEST    94           700 AM
 LOWEST     56           100 PM
 AVERAGE    75

..........................................................


THE GREENVILLE CLIMATE NORMALS FOR TOMORROW
                         NORMAL    RECORD    YEAR
 MAXIMUM TEMPERATURE (F)   92       104      1924
 MINIMUM TEMPERATURE (F)   72        58      1947


SUNRISE AND SUNSET
JULY 23 2014..........SUNRISE   610 AM CDT   SUNSET   810 PM CDT
JULY 24 2014..........SUNRISE   611 AM CDT   SUNSET   810 PM CDT


-  INDICATES NEGATIVE NUMBERS.
R  INDICATES RECORD WAS SET OR TIED.
MM INDICATES DATA IS MISSING.
T  INDICATES TRACE AMOUNT.




$$
