000
CDUS44 KJAN 240835
CLIGLH


CLIMATE REPORT
NATIONAL WEATHER SERVICE JACKSON MS
330 AM CDT MON JUL 24 2017


...................................

...THE GREENVILLE CLIMATE SUMMARY FOR JULY 23 2017...

CLIMATE NORMAL PERIOD 1981 TO 2010
CLIMATE RECORD PERIOD 1903 TO 2017


WEATHER ITEM   OBSERVED TIME   RECORD YEAR NORMAL DEPARTURE LAST
                VALUE   (LST)  VALUE       VALUE  FROM      YEAR
                                                  NORMAL
..................................................................
TEMPERATURE (F)
 YESTERDAY
  MAXIMUM         92    139 PM 105    1924  92      0       97
  MINIMUM         73    603 AM  53    1947  72      1       76
  AVERAGE         83                        82      1       87

PRECIPITATION (IN)
  YESTERDAY        0.00          1.40 1928   0.10  -0.10     0.00
  MONTH TO DATE    1.70                      3.05  -1.35     1.92
  SINCE JUN 1      6.18                      7.09  -0.91     3.17
  SINCE JAN 1     22.56                     31.35  -8.79    31.70

SNOWFALL (IN)
  YESTERDAY        0.0

DEGREE DAYS
 HEATING
  YESTERDAY        0                         0      0        0
  MONTH TO DATE    0                         0      0        0
  SINCE JUN 1      0                         0      0        0
  SINCE JUL 1      0                         0      0        0

 COOLING
  YESTERDAY       18                        17      1       22
  MONTH TO DATE  389                       389      0      453
  SINCE JUN 1    755                       809    -54      953
  SINCE JAN 1   1152                      1131     21     1295
..................................................................


WIND (MPH)
  HIGHEST WIND SPEED    16   HIGHEST WIND DIRECTION     S (180)
  HIGHEST GUST SPEED    21   HIGHEST GUST DIRECTION     S (180)
  AVERAGE WIND SPEED     6.5


SKY COVER
  POSSIBLE SUNSHINE  MM
  AVERAGE SKY COVER 0.2


WEATHER CONDITIONS
 THE FOLLOWING WEATHER WAS RECORDED YESTERDAY.
  THUNDERSTORM
  FOG


RELATIVE HUMIDITY (PERCENT)
 HIGHEST    94           700 AM
 LOWEST     65           400 PM
 AVERAGE    80

..........................................................


THE GREENVILLE CLIMATE NORMALS FOR TODAY
                         NORMAL    RECORD    YEAR
 MAXIMUM TEMPERATURE (F)   92       104      1924
 MINIMUM TEMPERATURE (F)   72        58      1947


SUNRISE AND SUNSET
JULY 24 2017..........SUNRISE   611 AM CDT   SUNSET   809 PM CDT
JULY 25 2017..........SUNRISE   612 AM CDT   SUNSET   809 PM CDT


-  INDICATES NEGATIVE NUMBERS.
R  INDICATES RECORD WAS SET OR TIED.
MM INDICATES DATA IS MISSING.
T  INDICATES TRACE AMOUNT.




$$
