000
CDUS44 KJAN 300822
CLIGLH


CLIMATE REPORT
NATIONAL WEATHER SERVICE JACKSON MS
321 AM CDT SAT APR 30 2016


...................................

...THE GREENVILLE CLIMATE SUMMARY FOR APRIL 29 2016...

CLIMATE NORMAL PERIOD 1981 TO 2010
CLIMATE RECORD PERIOD 1920 TO 2016


WEATHER ITEM   OBSERVED TIME   RECORD YEAR NORMAL DEPARTURE LAST
                VALUE   (LST)  VALUE       VALUE  FROM      YEAR
                                                  NORMAL
..................................................................
TEMPERATURE (F)
 YESTERDAY
  MAXIMUM         77   1101 AM  90    1981  78     -1       74
                                      1943
                                      1937
  MINIMUM         67    345 AM  41    1934  57     10       51
  AVERAGE         72                        68      4       63

PRECIPITATION (IN)
  YESTERDAY        0.47          4.05 1991   0.14   0.33     0.00
  MONTH TO DATE    2.39                      4.66  -2.27     4.28
  SINCE MAR 1     19.71                      9.21  10.50     8.89
  SINCE JAN 1     26.22                     19.20   7.02    15.34

SNOWFALL (IN)
  YESTERDAY        0.0

DEGREE DAYS
 HEATING
  YESTERDAY        0                         1     -1        2
  MONTH TO DATE   52                       115    -63       53
  SINCE MAR 1    238                       451   -213      374
  SINCE JUL 1   1918                      2760   -842     2861

 COOLING
  YESTERDAY        7                         4      3        0
  MONTH TO DATE   80                        59     21       91
  SINCE MAR 1    115                        76     39       98
  SINCE JAN 1    119                        81     38       98
..................................................................


WIND (MPH)
  HIGHEST WIND SPEED    20   HIGHEST WIND DIRECTION    SE (140)
  HIGHEST GUST SPEED    24   HIGHEST GUST DIRECTION    SE (140)
  AVERAGE WIND SPEED     9.1


SKY COVER
  POSSIBLE SUNSHINE  MM
  AVERAGE SKY COVER 0.6


WEATHER CONDITIONS
 THE FOLLOWING WEATHER WAS RECORDED YESTERDAY.
  THUNDERSTORM
  HEAVY RAIN
  RAIN
  LIGHT RAIN
  FOG
  HAZE


RELATIVE HUMIDITY (PERCENT)
 HIGHEST    93           600 AM
 LOWEST     61          1200 AM
 AVERAGE    77

..........................................................


THE GREENVILLE CLIMATE NORMALS FOR TODAY
                         NORMAL    RECORD    YEAR
 MAXIMUM TEMPERATURE (F)   78        92      1943
 MINIMUM TEMPERATURE (F)   57        44      1996
                                             1965


SUNRISE AND SUNSET
APRIL 30 2016.........SUNRISE   616 AM CDT   SUNSET   747 PM CDT
MAY  1 2016...........SUNRISE   615 AM CDT   SUNSET   747 PM CDT


-  INDICATES NEGATIVE NUMBERS.
R  INDICATES RECORD WAS SET OR TIED.
MM INDICATES DATA IS MISSING.
T  INDICATES TRACE AMOUNT.




$$
