000
CDUS44 KJAN 300715
CLIGLH


CLIMATE REPORT
NATIONAL WEATHER SERVICE JACKSON MS
212 AM CDT SAT AUG 30 2014


...................................

...THE GREENVILLE CLIMATE SUMMARY FOR AUGUST 29 2014...

CLIMATE NORMAL PERIOD 1981 TO 2010
CLIMATE RECORD PERIOD 1920 TO 2014


WEATHER ITEM   OBSERVED TIME   RECORD YEAR NORMAL DEPARTURE LAST
                VALUE   (LST)  VALUE       VALUE  FROM      YEAR
                                                  NORMAL
..................................................................
TEMPERATURE (F)
 YESTERDAY
  MAXIMUM         92   1221 PM 105    1924  91      1       95
  MINIMUM         71    534 AM  55    1986  69      2       66
  AVERAGE         82                        80      2       81

PRECIPITATION (IN)
  YESTERDAY        T             2.01 2005   0.10  -0.10     0.00
  MONTH TO DATE    2.71                      2.25   0.46     0.78
  SINCE JUN 1     14.40                     10.09   4.31     4.02
  SINCE JAN 1     38.53                     34.35   4.18    28.98

SNOWFALL (IN)
  YESTERDAY        0.0

DEGREE DAYS
 HEATING
  YESTERDAY        0                         0      0        0
  MONTH TO DATE    0                         0      0        0
  SINCE JUN 1      0                         0      0        0
  SINCE JUL 1      0                         0      0        0

 COOLING
  YESTERDAY       17                        15      2       16
  MONTH TO DATE  459                       480    -21      471
  SINCE JUN 1   1323                      1427   -104     1407
  SINCE JAN 1   1638                      1749   -111     1690
..................................................................


WIND (MPH)
  HIGHEST WIND SPEED    22   HIGHEST WIND DIRECTION    SW (210)
  HIGHEST GUST SPEED    25   HIGHEST GUST DIRECTION    SW (210)
  AVERAGE WIND SPEED     4.4


SKY COVER
  POSSIBLE SUNSHINE  MM
  AVERAGE SKY COVER 0.2


WEATHER CONDITIONS
 THE FOLLOWING WEATHER WAS RECORDED YESTERDAY.
  THUNDERSTORM
  LIGHT RAIN
  FOG


RELATIVE HUMIDITY (PERCENT)
 HIGHEST    94           900 PM
 LOWEST     52          1100 AM
 AVERAGE    73

..........................................................


THE GREENVILLE CLIMATE NORMALS FOR TODAY
                         NORMAL    RECORD    YEAR
 MAXIMUM TEMPERATURE (F)   91       103      1954
 MINIMUM TEMPERATURE (F)   69        58      1992
                                             1967


SUNRISE AND SUNSET
AUGUST 30 2014........SUNRISE   637 AM CDT   SUNSET   732 PM CDT
AUGUST 31 2014........SUNRISE   637 AM CDT   SUNSET   730 PM CDT


-  INDICATES NEGATIVE NUMBERS.
R  INDICATES RECORD WAS SET OR TIED.
MM INDICATES DATA IS MISSING.
T  INDICATES TRACE AMOUNT.




$$
