000
CDUS44 KJAN 290657
CLIGLH


CLIMATE REPORT
NATIONAL WEATHER SERVICE JACKSON MS
1254 AM CST MON DEC 29 2014


...................................

...THE GREENVILLE CLIMATE SUMMARY FOR DECEMBER 28 2014...

CLIMATE NORMAL PERIOD 1981 TO 2010
CLIMATE RECORD PERIOD 1920 TO 2014


WEATHER ITEM   OBSERVED TIME   RECORD YEAR NORMAL DEPARTURE LAST
                VALUE   (LST)  VALUE       VALUE  FROM      YEAR
                                                  NORMAL
..................................................................
TEMPERATURE (F)
 YESTERDAY
  MAXIMUM         50   1252 AM  76    1928  52     -2       46
  MINIMUM         41   1133 PM  12    1925  34      7       38
  AVERAGE         46                        43      3       42

PRECIPITATION (IN)
  YESTERDAY        0.02          3.23 1926   0.14  -0.12     0.03
  MONTH TO DATE    2.34                      5.21  -2.87     4.53
  SINCE DEC 1      2.34                      5.21  -2.87     4.53
  SINCE JAN 1     51.26                     52.23  -0.97    52.84

SNOWFALL (IN)
  YESTERDAY        0.0

DEGREE DAYS
 HEATING
  YESTERDAY       19                        22     -3       23
  MONTH TO DATE  448                       556   -108      568
  SINCE DEC 1    448                       556   -108      568
  SINCE JUL 1    988                      1018    -30     1102

 COOLING
  YESTERDAY        0                         0      0        0
  MONTH TO DATE    0                         0      0        9
  SINCE DEC 1      0                         0      0        9
  SINCE JAN 1   2177                      2186     -9     2256
..................................................................


WIND (MPH)
  HIGHEST WIND SPEED    22   HIGHEST WIND DIRECTION     N (360)
  HIGHEST GUST SPEED    26   HIGHEST GUST DIRECTION     N (350)
  AVERAGE WIND SPEED    11.9


SKY COVER
  POSSIBLE SUNSHINE  MM
  AVERAGE SKY COVER 1.0


WEATHER CONDITIONS
 THE FOLLOWING WEATHER WAS RECORDED YESTERDAY.
  LIGHT RAIN
  FOG


RELATIVE HUMIDITY (PERCENT)
 HIGHEST   100           100 AM
 LOWEST     89           600 AM
 AVERAGE    95

..........................................................


THE GREENVILLE CLIMATE NORMALS FOR TODAY
                         NORMAL    RECORD    YEAR
 MAXIMUM TEMPERATURE (F)   52        79      1923
 MINIMUM TEMPERATURE (F)   34        20      1961
                                             1925


SUNRISE AND SUNSET
DECEMBER 29 2014......SUNRISE   707 AM CST   SUNSET   505 PM CST
DECEMBER 30 2014......SUNRISE   708 AM CST   SUNSET   506 PM CST


-  INDICATES NEGATIVE NUMBERS.
R  INDICATES RECORD WAS SET OR TIED.
MM INDICATES DATA IS MISSING.
T  INDICATES TRACE AMOUNT.




$$
