000
CDUS44 KHGX 272124
CLIGLS


CLIMATE REPORT
NATIONAL WEATHER SERVICE HOUSTON/GALVESTON TX
424 PM CDT TUE SEP 27 2016


...................................

...THE GALVESTON CLIMATE SUMMARY FOR SEPTEMBER 27 2016...
VALID TODAY AS OF 0400 PM LOCAL TIME.

CLIMATE NORMAL PERIOD 1981 TO 2010
CLIMATE RECORD PERIOD 1875 TO 2016


WEATHER ITEM   OBSERVED TIME   RECORD YEAR NORMAL DEPARTURE LAST
                VALUE   (LST)  VALUE       VALUE  FROM      YEAR
                                                  NORMAL
..................................................................
TEMPERATURE (F)
 TODAY
  MAXIMUM         83    247 PM  92    1998  85     -2       82
  MINIMUM         75    838 AM  52    1942  73      2       71
  AVERAGE         79                        79      0       77

PRECIPITATION (IN)
  TODAY            0.00          2.54 1944   0.15  -0.15     1.88
  MONTH TO DATE    1.96                      5.53  -3.57    10.67
  SINCE SEP 1      1.96                      5.53  -3.57    10.67
  SINCE JAN 1     42.64                     36.71   5.93    42.23

SNOWFALL (IN)
  TODAY            0.0          MM      MM  MM     MM        0.0
  MONTH TO DATE    0.0                      MM     MM        0.0
  SINCE SEP 1      0.0                      MM     MM        0.0
  SINCE JUL 1      0.0                      MM     MM        0.0
  SNOW DEPTH       0

DEGREE DAYS
 HEATING
  TODAY            0                         0      0        0
  MONTH TO DATE    0                         0      0        0
  SINCE SEP 1      0                         0      0        0
  SINCE JUL 1      0                         0      0        0

 COOLING
  TODAY           14                        14      0       12
  MONTH TO DATE  539                       457     82      469
  SINCE SEP 1    539                       457     82      469
  SINCE JAN 1   3007                      2851    156     3060
..................................................................


WIND (MPH)
  RESULTANT WIND SPEED  11   RESULTANT WIND DIRECTION   N (10)
  HIGHEST WIND SPEED    18   HIGHEST WIND DIRECTION     N (20)
  HIGHEST GUST SPEED    22   HIGHEST GUST DIRECTION     N (20)
  AVERAGE WIND SPEED    11.7


SKY COVER
  AVERAGE SKY COVER 0.6


WEATHER CONDITIONS
 THE FOLLOWING WEATHER WAS RECORDED TODAY.
  NO SIGNIFICANT WEATHER WAS OBSERVED.


RELATIVE HUMIDITY (PERCENT)
 HIGHEST    94           100 AM
 LOWEST     65           300 PM
 AVERAGE    80

..........................................................


THE GALVESTON CLIMATE NORMALS FOR TOMORROW
                         NORMAL    RECORD    YEAR
 MAXIMUM TEMPERATURE (F)   85        96      1998
 MINIMUM TEMPERATURE (F)   73        54      1908


SUNRISE AND SUNSET
SEPTEMBER 27 2016.....SUNRISE   711 AM CDT   SUNSET   709 PM CDT
SEPTEMBER 28 2016.....SUNRISE   711 AM CDT   SUNSET   708 PM CDT


-  INDICATES NEGATIVE NUMBERS.
R  INDICATES RECORD WAS SET OR TIED.
MM INDICATES DATA IS MISSING.
T  INDICATES TRACE AMOUNT.




$$
