000
CDUS44 KHGX 242224
CLIGLS


CLIMATE REPORT
NATIONAL WEATHER SERVICE HOUSTON/GALVESTON TX
423 PM CST MON NOV 24 2014


...................................

...THE GALVESTON CLIMATE SUMMARY FOR NOVEMBER 24 2014...
VALID TODAY AS OF 400 PM LOCAL TIME.

CLIMATE NORMAL PERIOD 1981 TO 2010
CLIMATE RECORD PERIOD 1875 TO 2014


WEATHER ITEM   OBSERVED TIME   RECORD YEAR NORMAL DEPARTURE LAST
                VALUE   (LST)  VALUE       VALUE  FROM      YEAR
                                                  NORMAL
..................................................................
TEMPERATURE (F)
 TODAY
  MAXIMUM         68   1254 AM  82    1967  69     -1       51
  MINIMUM         54    824 AM  33    1970  56     -2       44
  AVERAGE         61                        62     -1       48

PRECIPITATION (IN)
  TODAY            0.00          4.49 1914   0.14  -0.14     0.00
  MONTH TO DATE    3.91                      3.61   0.30     0.61
  SINCE SEP 1     11.77                     15.16  -3.39    12.52
  SINCE JAN 1     28.02                     46.34 -18.32    36.75

SNOWFALL (IN)
  TODAY            0.0           0.0  2002  MM     MM        0.0
                                      2001
  MONTH TO DATE    0.0                      MM     MM        0.0
  SINCE SEP 1      0.0                      MM     MM        0.0
  SINCE JUL 1      0.0                      MM     MM        0.0
  SNOW DEPTH       0

DEGREE DAYS
 HEATING
  TODAY            4                         5     -1       17
  MONTH TO DATE  131                        61     70       79
  SINCE SEP 1    131                        70     61       79
  SINCE JUL 1    131                        70     61       79

 COOLING
  TODAY            0                         2     -2        0
  MONTH TO DATE   45                        88    -43       66
  SINCE SEP 1    903                       886     17      917
  SINCE JAN 1   3230                      3280    -50     3311
..................................................................


WIND (MPH)
  RESULTANT WIND SPEED  15   RESULTANT WIND DIRECTION   N (340)
  HIGHEST WIND SPEED    30   HIGHEST WIND DIRECTION     N (350)
  HIGHEST GUST SPEED    37   HIGHEST GUST DIRECTION     N (350)
  AVERAGE WIND SPEED    18.1


SKY COVER
  AVERAGE SKY COVER 0.0


WEATHER CONDITIONS
 THE FOLLOWING WEATHER WAS RECORDED TODAY.
  NO SIGNIFICANT WEATHER WAS OBSERVED.


RELATIVE HUMIDITY (PERCENT)
 HIGHEST    87          1200 AM
 LOWEST     43           300 PM
 AVERAGE    65

..........................................................


THE GALVESTON CLIMATE NORMALS FOR TOMORROW
                         NORMAL    RECORD    YEAR
 MAXIMUM TEMPERATURE (F)   69        78      2010
                                             1998
 MINIMUM TEMPERATURE (F)   56        37      1996


SUNRISE AND SUNSET
NOVEMBER 24 2014......SUNRISE   651 AM CST   SUNSET   522 PM CST
NOVEMBER 25 2014......SUNRISE   651 AM CST   SUNSET   521 PM CST


-  INDICATES NEGATIVE NUMBERS.
R  INDICATES RECORD WAS SET OR TIED.
MM INDICATES DATA IS MISSING.
T  INDICATES TRACE AMOUNT.




$$
