000
CDUS44 KHGX 240717
CLIGLS


CLIMATE REPORT
NATIONAL WEATHER SERVICE HOUSTON/GALVESTON TX
116 AM CST TUE JAN 24 2017


...................................

...THE GALVESTON CLIMATE SUMMARY FOR JANUARY 23 2017...

CLIMATE NORMAL PERIOD 1981 TO 2010
CLIMATE RECORD PERIOD 1875 TO 2017


WEATHER ITEM   OBSERVED TIME   RECORD YEAR NORMAL DEPARTURE LAST
                VALUE   (LST)  VALUE       VALUE  FROM      YEAR
                                                  NORMAL
..................................................................
TEMPERATURE (F)
 YESTERDAY
  MAXIMUM         74    350 PM  77    2000  62     12       52
                                      1969
  MINIMUM         52    748 AM  19    1940  49      3       40
  AVERAGE         63                        55      8       46

PRECIPITATION (IN)
  YESTERDAY        0.00          2.17 1924   0.14  -0.14     0.00
  MONTH TO DATE    0.89                      3.16  -2.27     1.64
  SINCE DEC 1     11.97                      6.68   5.29     5.13
  SINCE JAN 1      0.89                      3.16  -2.27     1.64

SNOWFALL (IN)
  YESTERDAY        0.0           0.1  1926  MM     MM        0.0
  MONTH TO DATE    0.0                       0.0    0.0      0.0
  SINCE DEC 1      0.0                       0.0    0.0      0.0
  SINCE JUL 1      0.0                       0.0    0.0      0.0
  SNOW DEPTH       0

DEGREE DAYS
 HEATING
  YESTERDAY        2                        10     -8       19
  MONTH TO DATE   94                       230   -136      271
  SINCE DEC 1    229                       487   -258      431
  SINCE JUL 1    241                       590   -349      484

 COOLING
  YESTERDAY        0                         0      0        0
  MONTH TO DATE   62                         0     62        0
  SINCE DEC 1    140                        19    121       50
  SINCE JAN 1     62                         0     62        0
..................................................................


WIND (MPH)
  RESULTANT WIND SPEED   7   RESULTANT WIND DIRECTION   W (270)
  HIGHEST WIND SPEED    16   HIGHEST WIND DIRECTION    NW (310)
  HIGHEST GUST SPEED    28   HIGHEST GUST DIRECTION    NW (320)
  AVERAGE WIND SPEED     9.1


SKY COVER
  AVERAGE SKY COVER 0.0


WEATHER CONDITIONS
 THE FOLLOWING WEATHER WAS RECORDED YESTERDAY.
  NO SIGNIFICANT WEATHER WAS OBSERVED.


RELATIVE HUMIDITY (PERCENT)
 HIGHEST    84
 LOWEST     24
 AVERAGE    54

..........................................................


THE GALVESTON CLIMATE NORMALS FOR TODAY
                         NORMAL    RECORD    YEAR
 MAXIMUM TEMPERATURE (F)   62        77      1997
 MINIMUM TEMPERATURE (F)   49        19      1963


SUNRISE AND SUNSET
JANUARY 24 2017.......SUNRISE   712 AM CST   SUNSET   551 PM CST
JANUARY 25 2017.......SUNRISE   712 AM CST   SUNSET   552 PM CST


-  INDICATES NEGATIVE NUMBERS.
R  INDICATES RECORD WAS SET OR TIED.
MM INDICATES DATA IS MISSING.
T  INDICATES TRACE AMOUNT.




$$
