000
CDUS44 KHGX 220819
CLIGLS


CLIMATE REPORT
NATIONAL WEATHER SERVICE
218 AM UTC THU FEB 22 2018


...................................

...THE GALVESTON CLIMATE SUMMARY FOR FEBRUARY 21 2018...

CLIMATE NORMAL PERIOD 1981 TO 2010
CLIMATE RECORD PERIOD 1875 TO 2018


WEATHER ITEM   OBSERVED TIME   RECORD YEAR NORMAL DEPARTURE LAST
                VALUE   (LST)  VALUE       VALUE  FROM      YEAR
                                                  NORMAL
..................................................................
TEMPERATURE (F)
 YESTERDAY
  MAXIMUM         76   1022 AM  80    1993  65     11       76
  MINIMUM         67   1159 PM  33    1978  52     15       62
  AVERAGE         72                        59     13       69

PRECIPITATION (IN)
  YESTERDAY        0.20          1.70 1928   0.10   0.10     0.00
  MONTH TO DATE    0.82                      1.88  -1.06     3.38
  SINCE DEC 1     11.28                      9.60   1.68    15.35
  SINCE JAN 1      4.14                      6.08  -1.94     4.27

SNOWFALL (IN)
  YESTERDAY        0.0           T    1964  MM     MM        0.0
  MONTH TO DATE    0.0                      MM     MM        0.0
  SINCE DEC 1      T                         0.0    0.0      0.0
  SINCE JUL 1      T                         0.0    0.0      0.0
  SNOW DEPTH       0

DEGREE DAYS
 HEATING
  YESTERDAY        0                         7     -7        0
  MONTH TO DATE   80                       174    -94       27
  SINCE DEC 1    734                       740     -6      295
  SINCE JUL 1    777                       843    -66      307

 COOLING
  YESTERDAY        7                         1      6        4
  MONTH TO DATE   49                         1     48       78
  SINCE DEC 1     75                        25     50      225
  SINCE JAN 1     49                         6     43      147
..................................................................


WIND (MPH)
  RESULTANT WIND SPEED  12   RESULTANT WIND DIRECTION  SE (150)
  HIGHEST WIND SPEED    23   HIGHEST WIND DIRECTION    SE (150)
  HIGHEST GUST SPEED    27   HIGHEST GUST DIRECTION    SE (150)
  AVERAGE WIND SPEED    12.7


SKY COVER
  AVERAGE SKY COVER 1.0


WEATHER CONDITIONS
 THE FOLLOWING WEATHER WAS RECORDED YESTERDAY.
  THUNDERSTORM
  HEAVY RAIN
  LIGHT RAIN
  FOG
  HAZE


RELATIVE HUMIDITY (PERCENT)
 HIGHEST   100
 LOWEST     82
 AVERAGE    91

..........................................................


THE GALVESTON CLIMATE NORMALS FOR TODAY
                         NORMAL    RECORD    YEAR
 MAXIMUM TEMPERATURE (F)   66        76      2017
 MINIMUM TEMPERATURE (F)   52        33      1968
                                             1939


SUNRISE AND SUNSET
FEBRUARY 22 2018......SUNRISE   652 AM CST   SUNSET   614 PM CST
FEBRUARY 23 2018......SUNRISE   651 AM CST   SUNSET   615 PM CST


-  INDICATES NEGATIVE NUMBERS.
R  INDICATES RECORD WAS SET OR TIED.
MM INDICATES DATA IS MISSING.
T  INDICATES TRACE AMOUNT.




$$
