000
CDUS42 KJAX 220627
CLIGNV


CLIMATE REPORT
NATIONAL WEATHER SERVICE JACKSONVILLE FL
126 AM EST MON JAN 22 2018


...................................

...THE GAINESVILLE CLIMATE SUMMARY FOR JANUARY 21 2018...

CLIMATE NORMAL PERIOD 1981 TO 2010
CLIMATE RECORD PERIOD 1890 TO 2018


WEATHER ITEM   OBSERVED TIME   RECORD YEAR NORMAL DEPARTURE LAST
                VALUE   (LST)  VALUE       VALUE  FROM      YEAR
                                                  NORMAL
..................................................................
TEMPERATURE (F)
 YESTERDAY
  MAXIMUM         73    303 PM  84    1959  66      7       83
                                      1937
  MINIMUM         40    758 AM  10    1985  42     -2       63
  AVERAGE         57                        54      3       73

PRECIPITATION (IN)
  YESTERDAY        T             2.32 1979   0.12  -0.12     0.00
  MONTH TO DATE    1.40                      2.10  -0.70     1.02
  SINCE DEC 1      4.05                      4.58  -0.53     3.71
  SINCE JAN 1      1.40                      2.10  -0.70     1.02

SNOWFALL (IN)
  YESTERDAY       MM             0.0    MM   0.0   MM        0.0
  MONTH TO DATE    0.0                       0.0    0.0      0.0
  SINCE DEC 1      0.0                       0.0    0.0      0.0
  SINCE JUL 1      0.0                       0.0    0.0      0.0
  SNOW DEPTH       0

DEGREE DAYS
 HEATING
  YESTERDAY        8                        11     -3        0
  MONTH TO DATE  373                       239    134       91
  SINCE DEC 1    625                       535     90      229
  SINCE JUL 1    759                       696     63      335

 COOLING
  YESTERDAY        0                         0      0        8
  MONTH TO DATE    8                         0      8       36
  SINCE DEC 1     41                        22     19      112
  SINCE JAN 1      8                         0      8       36
..................................................................


WIND (MPH)
  HIGHEST WIND SPEED    13   HIGHEST WIND DIRECTION     S (180)
  HIGHEST GUST SPEED    19   HIGHEST GUST DIRECTION    SE (140)
  AVERAGE WIND SPEED     2.5


SKY COVER
  POSSIBLE SUNSHINE  MM
  AVERAGE SKY COVER 0.2


WEATHER CONDITIONS
 THE FOLLOWING WEATHER WAS RECORDED YESTERDAY.
  LIGHT RAIN


RELATIVE HUMIDITY (PERCENT)
 HIGHEST    96          1100 PM
 LOWEST     47          1000 AM
 AVERAGE    72

..........................................................


THE GAINESVILLE CLIMATE NORMALS FOR TODAY
                         NORMAL    RECORD    YEAR
 MAXIMUM TEMPERATURE (F)   66        84      1937
 MINIMUM TEMPERATURE (F)   42        17      1985


SUNRISE AND SUNSET
JANUARY 22 2018.......SUNRISE   723 AM EST   SUNSET   558 PM EST
JANUARY 23 2018.......SUNRISE   723 AM EST   SUNSET   559 PM EST


-  INDICATES NEGATIVE NUMBERS.
R  INDICATES RECORD WAS SET OR TIED.
MM INDICATES DATA IS MISSING.
T  INDICATES TRACE AMOUNT.




$$
