000
CDUS42 KJAX 222228
CLIGNV


CLIMATE REPORT
NATIONAL WEATHER SERVICE JACKSONVILLE FL
528 PM EST WED FEB 22 2017


...................................

...THE GAINESVILLE CLIMATE SUMMARY FOR FEBRUARY 22 2017...
VALID TODAY AS OF 0500 PM LOCAL TIME.

CLIMATE NORMAL PERIOD 1981 TO 2010
CLIMATE RECORD PERIOD 1890 TO 2017


WEATHER ITEM   OBSERVED TIME   RECORD YEAR NORMAL DEPARTURE LAST
                VALUE   (LST)  VALUE       VALUE  FROM      YEAR
                                                  NORMAL
..................................................................
TEMPERATURE (F)
 TODAY
  MAXIMUM         67    155 PM  86    2013  71     -4       75
                                      1953
                                      1945
  MINIMUM         63    710 AM  28    1977  46     17       50
                                      1958
  AVERAGE         65                        59      6       63

PRECIPITATION (IN)
  TODAY            0.12          4.60 1998   0.12   0.00     0.00
  MONTH TO DATE    0.37                      2.47  -2.10     3.99
  SINCE DEC 1      4.51                      8.26  -3.75     8.69
  SINCE JAN 1      1.82                      5.78  -3.96     6.72

SNOWFALL (IN)
  TODAY            0.0           0.0    MM   0.0    0.0      0.0
  MONTH TO DATE    0.0                       0.0    0.0      0.0
  SINCE DEC 1      0.0                       0.0    0.0      0.0
  SINCE JUL 1      0.0                       0.0    0.0      0.0
  SNOW DEPTH       0

DEGREE DAYS
 HEATING
  TODAY            0                         7     -7        2
  MONTH TO DATE   78                       191   -113      205
  SINCE DEC 1    391                       832   -441      663
  SINCE JUL 1    497                       993   -496      702

 COOLING
  TODAY            0                         1     -1        0
  MONTH TO DATE   14                        18     -4       14
  SINCE DEC 1    136                        52     84      162
  SINCE JAN 1     60                        30     30       16
..................................................................


WIND (MPH)
  HIGHEST WIND SPEED    18   HIGHEST WIND DIRECTION     E (110)
  HIGHEST GUST SPEED    22   HIGHEST GUST DIRECTION    SE (130)
  AVERAGE WIND SPEED     8.0


SKY COVER
  POSSIBLE SUNSHINE  MM
  AVERAGE SKY COVER 0.8


WEATHER CONDITIONS
 THE FOLLOWING WEATHER WAS RECORDED TODAY.
  LIGHT RAIN
  FOG


RELATIVE HUMIDITY (PERCENT)
 HIGHEST    93           400 PM
 LOWEST     81          1200 AM
 AVERAGE    87

..........................................................


THE GAINESVILLE CLIMATE NORMALS FOR TOMORROW
                         NORMAL    RECORD    YEAR
 MAXIMUM TEMPERATURE (F)   71        87      1962
 MINIMUM TEMPERATURE (F)   47        24      1978


SUNRISE AND SUNSET
FEBRUARY 22 2017......SUNRISE   702 AM EST   SUNSET   624 PM EST
FEBRUARY 23 2017......SUNRISE   701 AM EST   SUNSET   624 PM EST


-  INDICATES NEGATIVE NUMBERS.
R  INDICATES RECORD WAS SET OR TIED.
MM INDICATES DATA IS MISSING.
T  INDICATES TRACE AMOUNT.




$$
