000
CDUS42 KJAX 262133
CLIGNV


CLIMATE REPORT
NATIONAL WEATHER SERVICE JACKSONVILLE FL
533 PM EDT WED APR 26 2017


...................................

...THE GAINESVILLE CLIMATE SUMMARY FOR APRIL 26 2017...
VALID TODAY AS OF 0500 PM LOCAL TIME.

CLIMATE NORMAL PERIOD 1981 TO 2010
CLIMATE RECORD PERIOD 1890 TO 2017


WEATHER ITEM   OBSERVED TIME   RECORD YEAR NORMAL DEPARTURE LAST
                VALUE   (LST)  VALUE       VALUE  FROM      YEAR
                                                  NORMAL
..................................................................
TEMPERATURE (F)
 TODAY
  MAXIMUM         83    315 PM  93    1908  83      0       86
  MINIMUM         52    626 AM  39    1910  57     -5       58
  AVERAGE         68                        70     -2       72

PRECIPITATION (IN)
  TODAY            0.00          1.10 1950   0.08  -0.08     0.00
  MONTH TO DATE    2.74                      2.37   0.37     1.66
  SINCE MAR 1      3.41                      6.70  -3.29     4.01
  SINCE JAN 1      5.25                     13.21  -7.96    10.86

SNOWFALL (IN)
  TODAY            0.0           0.0    MM   0.0    0.0      0.0
  MONTH TO DATE    0.0                       0.0    0.0      0.0
  SINCE MAR 1      0.0                       0.0    0.0      0.0
  SINCE JUL 1      0.0                       0.0    0.0      0.0
  SNOW DEPTH       0

DEGREE DAYS
 HEATING
  TODAY            0                         1     -1        0
  MONTH TO DATE   18                        41    -23        9
  SINCE MAR 1    143                       178    -35       83
  SINCE JUL 1    646                      1212   -566      848

 COOLING
  TODAY            3                         5     -2        7
  MONTH TO DATE  122                        97     25       92
  SINCE MAR 1    195                       151     44      221
  SINCE JAN 1    279                       183     96      246
..................................................................


WIND (MPH)
  HIGHEST WIND SPEED    16   HIGHEST WIND DIRECTION    SW (240)
  HIGHEST GUST SPEED    27   HIGHEST GUST DIRECTION    SW (230)
  AVERAGE WIND SPEED     4.5


SKY COVER
  POSSIBLE SUNSHINE  MM
  AVERAGE SKY COVER 0.2


WEATHER CONDITIONS
 THE FOLLOWING WEATHER WAS RECORDED TODAY.
  NO SIGNIFICANT WEATHER WAS OBSERVED.


RELATIVE HUMIDITY (PERCENT)
 HIGHEST   100           400 AM
 LOWEST     34           300 PM
 AVERAGE    67

..........................................................


THE GAINESVILLE CLIMATE NORMALS FOR TOMORROW
                         NORMAL    RECORD    YEAR
 MAXIMUM TEMPERATURE (F)   83        96      2011
 MINIMUM TEMPERATURE (F)   57        43      2001


SUNRISE AND SUNSET
APRIL 26 2017.........SUNRISE   651 AM EDT   SUNSET   803 PM EDT
APRIL 27 2017.........SUNRISE   650 AM EDT   SUNSET   804 PM EDT


-  INDICATES NEGATIVE NUMBERS.
R  INDICATES RECORD WAS SET OR TIED.
MM INDICATES DATA IS MISSING.
T  INDICATES TRACE AMOUNT.




$$
