000
CDUS42 KJAX 240529
CLIGNV


CLIMATE REPORT
NATIONAL WEATHER SERVICE JACKSONVILLE FL
129 AM EDT SAT JUN 24 2017


...................................

...THE GAINESVILLE CLIMATE SUMMARY FOR JUNE 23 2017...

CLIMATE NORMAL PERIOD 1981 TO 2010
CLIMATE RECORD PERIOD 1890 TO 2017


WEATHER ITEM   OBSERVED TIME   RECORD YEAR NORMAL DEPARTURE LAST
                VALUE   (LST)  VALUE       VALUE  FROM      YEAR
                                                  NORMAL
..................................................................
TEMPERATURE (F)
 YESTERDAY
  MAXIMUM         91    442 PM 101    1998  90      1       93
  MINIMUM         74    615 AM  63    1892  70      4       67
  AVERAGE         83                        80      3       80

PRECIPITATION (IN)
  YESTERDAY        0.00          4.31 1990   0.26  -0.26     0.00
  MONTH TO DATE   14.38                      5.22   9.16     8.06
  SINCE JUN 1     14.38                      5.22   9.16     8.06
  SINCE JAN 1     24.08                     21.21   2.87    23.00

SNOWFALL (IN)
  YESTERDAY        0.0           0.0    MM   0.0    0.0      0.0
  MONTH TO DATE    0.0                       0.0    0.0      0.0
  SINCE JUN 1      0.0                       0.0    0.0      0.0
  SINCE JUL 1      0.0                       0.0    0.0      0.0
  SNOW DEPTH       0

DEGREE DAYS
 HEATING
  YESTERDAY        0                         0      0        0
  MONTH TO DATE    0                         0      0        0
  SINCE JUN 1      0                         0      0        0
  SINCE JUL 1    646                      1218   -572      852

 COOLING
  YESTERDAY       18                        15      3       15
  MONTH TO DATE  314                       329    -15      378
  SINCE JUN 1    314                       329    -15      378
  SINCE JAN 1    997                       839    158      983
..................................................................


WIND (MPH)
  HIGHEST WIND SPEED    12   HIGHEST WIND DIRECTION    SW (210)
  HIGHEST GUST SPEED    16   HIGHEST GUST DIRECTION     S (170)
  AVERAGE WIND SPEED     4.7


SKY COVER
  POSSIBLE SUNSHINE  MM
  AVERAGE SKY COVER 0.2


WEATHER CONDITIONS
 THE FOLLOWING WEATHER WAS RECORDED YESTERDAY.
  NO SIGNIFICANT WEATHER WAS OBSERVED.


RELATIVE HUMIDITY (PERCENT)
 HIGHEST   100          1200 AM
 LOWEST     47           500 PM
 AVERAGE    74

..........................................................


THE GAINESVILLE CLIMATE NORMALS FOR TODAY
                         NORMAL    RECORD    YEAR
 MAXIMUM TEMPERATURE (F)   90       101      1950
                                             1944
 MINIMUM TEMPERATURE (F)   71        62      1947


SUNRISE AND SUNSET
JUNE 24 2017..........SUNRISE   630 AM EDT   SUNSET   833 PM EDT
JUNE 25 2017..........SUNRISE   630 AM EDT   SUNSET   833 PM EDT


-  INDICATES NEGATIVE NUMBERS.
R  INDICATES RECORD WAS SET OR TIED.
MM INDICATES DATA IS MISSING.
T  INDICATES TRACE AMOUNT.




$$
