000
CDUS42 KJAX 170626
CLIGNV


CLIMATE REPORT
NATIONAL WEATHER SERVICE JACKSONVILLE FL
126 AM EST FRI NOV 17 2017


...................................

...THE GAINESVILLE CLIMATE SUMMARY FOR NOVEMBER 16 2017...

CLIMATE NORMAL PERIOD 1981 TO 2010
CLIMATE RECORD PERIOD 1890 TO 2017


WEATHER ITEM   OBSERVED TIME   RECORD YEAR NORMAL DEPARTURE LAST
                VALUE   (LST)  VALUE       VALUE  FROM      YEAR
                                                  NORMAL
..................................................................
TEMPERATURE (F)
 YESTERDAY
  MAXIMUM         72    358 PM  88    1957  74     -2       77
                                      1929
  MINIMUM         41    633 AM  24    1940  51    -10       46
  AVERAGE         57                        63     -6       62

PRECIPITATION (IN)
  YESTERDAY        0.00          2.33 1926   0.07  -0.07     0.00
  MONTH TO DATE    T                         1.12  -1.12     0.02
  SINCE SEP 1     16.85                      8.42   8.43     9.64
  SINCE JAN 1     65.90                     43.99  21.91    39.36

SNOWFALL (IN)
  YESTERDAY        0.0           0.0    MM   0.0    0.0      0.0
  MONTH TO DATE    0.0                       0.0    0.0      0.0
  SINCE SEP 1      0.0                       0.0    0.0      0.0
  SINCE JUL 1      0.0                       0.0    0.0      0.0
  SNOW DEPTH       0

DEGREE DAYS
 HEATING
  YESTERDAY        8                         4      4        3
  MONTH TO DATE   30                        53    -23       26
  SINCE SEP 1     82                        80      2       42
  SINCE JUL 1     82                        80      2       42

 COOLING
  YESTERDAY        0                         2     -2        0
  MONTH TO DATE   41                        45     -4       52
  SINCE SEP 1    724                       651     73      770
  SINCE JAN 1   2884                      2595    289     3013
..................................................................


WIND (MPH)
  HIGHEST WIND SPEED    14   HIGHEST WIND DIRECTION     N (20)
  HIGHEST GUST SPEED    19   HIGHEST GUST DIRECTION     N (10)
  AVERAGE WIND SPEED     4.1


SKY COVER
  POSSIBLE SUNSHINE  MM
  AVERAGE SKY COVER 0.0


WEATHER CONDITIONS
 THE FOLLOWING WEATHER WAS RECORDED YESTERDAY.
  FOG


RELATIVE HUMIDITY (PERCENT)
 HIGHEST   100           100 AM
 LOWEST     33           200 PM
 AVERAGE    67

..........................................................


THE GAINESVILLE CLIMATE NORMALS FOR TODAY
                         NORMAL    RECORD    YEAR
 MAXIMUM TEMPERATURE (F)   74        89      1957
 MINIMUM TEMPERATURE (F)   51        26      1970
                                             1940


SUNRISE AND SUNSET
NOVEMBER 17 2017......SUNRISE   655 AM EST   SUNSET   533 PM EST
NOVEMBER 18 2017......SUNRISE   656 AM EST   SUNSET   532 PM EST


-  INDICATES NEGATIVE NUMBERS.
R  INDICATES RECORD WAS SET OR TIED.
MM INDICATES DATA IS MISSING.
T  INDICATES TRACE AMOUNT.




$$
