000
CDUS42 KJAX 312132
CLIGNV


CLIMATE REPORT
NATIONAL WEATHER SERVICE JACKSONVILLE FL
532 PM EDT TUE MAY 31 2016


...................................

...THE GAINESVILLE CLIMATE SUMMARY FOR MAY 31 2016...
VALID TODAY AS OF 0500 PM LOCAL TIME.

CLIMATE NORMAL PERIOD 1981 TO 2010
CLIMATE RECORD PERIOD 1890 TO 2016


WEATHER ITEM   OBSERVED TIME   RECORD YEAR NORMAL DEPARTURE LAST
                VALUE   (LST)  VALUE       VALUE  FROM      YEAR
                                                  NORMAL
..................................................................
TEMPERATURE (F)
 TODAY
  MAXIMUM         94    351 PM 101    1945  89      5       92
  MINIMUM         66    448 AM  53    1984  67     -1       66
  AVERAGE         80                        78      2       79

PRECIPITATION (IN)
  TODAY            0.00          1.35 1952   0.12  -0.12     0.00
  MONTH TO DATE    4.08                      2.48   1.60     2.54
  SINCE MAR 1      8.09                      9.48  -1.39     6.93
  SINCE JAN 1     14.94                     15.99  -1.05    12.19

SNOWFALL (IN)
  TODAY            0.0           0.0    MM   0.0    0.0      0.0
  MONTH TO DATE    0.0                       0.0    0.0      0.0
  SINCE MAR 1      0.0                       0.0    0.0      0.0
  SINCE JUL 1      0.0                       0.0    0.0      0.0
  SNOW DEPTH       0

DEGREE DAYS
 HEATING
  TODAY            0                         0      0        0
  MONTH TO DATE    4                         0      4        2
  SINCE MAR 1     87                       184    -97       62
  SINCE JUL 1    852                      1218   -366     1213

 COOLING
  TODAY           15                        13      2       14
  MONTH TO DATE  312                       303      9      336
  SINCE MAR 1    580                       478    102      721
  SINCE JAN 1    605                       510     95      736
..................................................................


WIND (MPH)
  HIGHEST WIND SPEED    10   HIGHEST WIND DIRECTION    SW (210)
  HIGHEST GUST SPEED    15   HIGHEST GUST DIRECTION     W (260)
  AVERAGE WIND SPEED     3.9


SKY COVER
  POSSIBLE SUNSHINE  MM
  AVERAGE SKY COVER 0.0


WEATHER CONDITIONS
 THE FOLLOWING WEATHER WAS RECORDED TODAY.
  FOG


RELATIVE HUMIDITY (PERCENT)
 HIGHEST   100           600 AM
 LOWEST     30           400 PM
 AVERAGE    65

..........................................................


THE GAINESVILLE CLIMATE NORMALS FOR TOMORROW
                         NORMAL    RECORD    YEAR
 MAXIMUM TEMPERATURE (F)   89       102      1927
 MINIMUM TEMPERATURE (F)   67        50      1984


SUNRISE AND SUNSET
MAY 31 2016...........SUNRISE   629 AM EDT   SUNSET   825 PM EDT
JUNE  1 2016..........SUNRISE   629 AM EDT   SUNSET   825 PM EDT


-  INDICATES NEGATIVE NUMBERS.
R  INDICATES RECORD WAS SET OR TIED.
MM INDICATES DATA IS MISSING.
T  INDICATES TRACE AMOUNT.




$$
