783
CDUS45 KMSO 290738
CLIGPI


CLIMATE REPORT
NATIONAL WEATHER SERVICE MISSOULA, MT
137 AM MDT FRI APR 29 2016


...................................

...THE KALISPELL MT CLIMATE SUMMARY FOR APRIL 28 2016...

CLIMATE NORMAL PERIOD 1981 TO 2010
CLIMATE RECORD PERIOD 1894 TO 2016


WEATHER ITEM   OBSERVED TIME   RECORD YEAR NORMAL DEPARTURE LAST
                VALUE   (LST)  VALUE       VALUE  FROM      YEAR
                                                  NORMAL
..................................................................
TEMPERATURE (F)
 YESTERDAY
  MAXIMUM         55    330 PM  82    1987  60     -5       75
  MINIMUM         40    516 AM  11    1907  33      7       30
  AVERAGE         48                        47      1       53

PRECIPITATION (IN)
  YESTERDAY        0.00          0.82 1990   0.04  -0.04     0.00
  MONTH TO DATE    1.58                      1.15   0.43     0.35
  SINCE OCT 1      9.22                      8.54   0.68    11.62
  SINCE JAN 1      5.17                      4.54   0.63     5.54

SNOWFALL (IN)
  YESTERDAY        0.0
  MONTH TO DATE    0.0
  SINCE JAN 1     14.6
  SINCE JUL 1     41.4
  SNOW DEPTH       0

DEGREE DAYS
 HEATING
  YESTERDAY       17                        18     -1       12
  MONTH TO DATE  426                       604   -178      599
  SINCE MAR 1   1256                      1523   -267     1394
  SINCE JUL 1   6558                      7375   -817     6844

 COOLING
  YESTERDAY        0                         0      0        0
  MONTH TO DATE    0                         0      0        0
  SINCE MAR 1      0                         0      0        0
  SINCE JAN 1      0                         0      0        0
..................................................................


WIND (MPH)
  HIGHEST WIND SPEED    16   HIGHEST WIND DIRECTION     E (90)
  HIGHEST GUST SPEED    21   HIGHEST GUST DIRECTION    NE (40)
  AVERAGE WIND SPEED     6.8


SKY COVER
  POSSIBLE SUNSHINE  MM
  AVERAGE SKY COVER 0.9


WEATHER CONDITIONS
 THE FOLLOWING WEATHER WAS RECORDED YESTERDAY.
  NO SIGNIFICANT WEATHER WAS OBSERVED.


RELATIVE HUMIDITY (PERCENT)
 HIGHEST    73           600 AM
 LOWEST     38           100 PM
 AVERAGE    56

..........................................................


THE KALISPELL MT CLIMATE NORMALS FOR TODAY
                         NORMAL    RECORD    YEAR
 MAXIMUM TEMPERATURE (F)   60        81      1968
 MINIMUM TEMPERATURE (F)   34        15      1990


SUNRISE AND SUNSET
APRIL 29 2016.........SUNRISE   621 AM MDT   SUNSET   849 PM MDT
APRIL 30 2016.........SUNRISE   619 AM MDT   SUNSET   850 PM MDT


-  INDICATES NEGATIVE NUMBERS.
R  INDICATES RECORD WAS SET OR TIED.
MM INDICATES DATA IS MISSING.
T  INDICATES TRACE AMOUNT.




$$
