098
CDUS45 KMSO 202353
CLIGPI


CLIMATE REPORT
NATIONAL WEATHER SERVICE MISSOULA, MT
441 PM MST MON NOV 20 2017


...................................

...THE KALISPELL MT CLIMATE SUMMARY FOR NOVEMBER 20 2017...
VALID TODAY AS OF 0400 PM LOCAL TIME.

CLIMATE NORMAL PERIOD 1981 TO 2010
CLIMATE RECORD PERIOD 1894 TO 2017


WEATHER ITEM   OBSERVED TIME   RECORD YEAR NORMAL DEPARTURE LAST
                VALUE   (LST)  VALUE       VALUE  FROM      YEAR
                                                  NORMAL
..................................................................
TEMPERATURE (F)
 TODAY
  MAXIMUM         42    100 PM  53    1971  37      5       42
  MINIMUM         36   1229 AM -16    1977  23     13       32
  AVERAGE         39                        30      9       37

PRECIPITATION (IN)
  TODAY            0.19          0.41 2012   0.05   0.14     0.08
  MONTH TO DATE    1.00                      0.95   0.05     0.45
  SINCE OCT 1      2.23                      1.96   0.27     5.31
  SINCE JAN 1     14.08                     14.95  -0.87    18.40

SNOWFALL (IN)
  TODAY           MM
  MONTH TO DATE    8.3
  SINCE JAN 1     62.8
  SINCE JUL 1      8.3
  SNOW DEPTH       0

DEGREE DAYS
 HEATING
  TODAY           26                        35     -9       28
  MONTH TO DATE  681                       630     51      490
  SINCE SEP 1   1707                      1668     39     1499
  SINCE JUL 1   1756                      1838    -82     1646

 COOLING
  TODAY            0                         0      0        0
  MONTH TO DATE    0                         0      0        0
  SINCE SEP 1      4                         4      0        1
  SINCE JAN 1    228                       147     81      157
..................................................................


WIND (MPH)
  HIGHEST WIND SPEED    16   HIGHEST WIND DIRECTION    SW (210)
  HIGHEST GUST SPEED    20   HIGHEST GUST DIRECTION     S (160)
  AVERAGE WIND SPEED     7.6


SKY COVER
  POSSIBLE SUNSHINE  MM
  AVERAGE SKY COVER 1.0


WEATHER CONDITIONS
 THE FOLLOWING WEATHER WAS RECORDED TODAY.
  LIGHT RAIN
  FOG


RELATIVE HUMIDITY (PERCENT)
 HIGHEST   100           400 PM
 LOWEST     51           300 AM
 AVERAGE    76

..........................................................


THE KALISPELL MT CLIMATE NORMALS FOR TOMORROW
                         NORMAL    RECORD    YEAR
 MAXIMUM TEMPERATURE (F)   37        62      1917
 MINIMUM TEMPERATURE (F)   23       -17      1977


SUNRISE AND SUNSET
NOVEMBER 20 2017......SUNRISE   752 AM MST   SUNSET   453 PM MST
NOVEMBER 21 2017......SUNRISE   754 AM MST   SUNSET   452 PM MST


-  INDICATES NEGATIVE NUMBERS.
R  INDICATES RECORD WAS SET OR TIED.
MM INDICATES DATA IS MISSING.
T  INDICATES TRACE AMOUNT.




$$
