000
CDUS45 KMSO 292251
CLIGPI


CLIMATE REPORT
NATIONAL WEATHER SERVICE MISSOULA, MT
450 PM MDT MON AUG 29 2016


...................................

...THE KALISPELL MT CLIMATE SUMMARY FOR AUGUST 29 2016...
VALID TODAY AS OF 0400 PM LOCAL TIME.

CLIMATE NORMAL PERIOD 1981 TO 2010
CLIMATE RECORD PERIOD 1894 TO 2016


WEATHER ITEM   OBSERVED TIME   RECORD YEAR NORMAL DEPARTURE LAST
                VALUE   (LST)  VALUE       VALUE  FROM      YEAR
                                                  NORMAL
..................................................................
TEMPERATURE (F)
 TODAY
  MAXIMUM         88    258 PM  95    1972  77     11       81
  MINIMUM         41    632 AM  31    1969  44     -3       47
  AVERAGE         65                        61      4       64

PRECIPITATION (IN)
  TODAY            0.00          0.57 1956   0.04  -0.04      T
  MONTH TO DATE    1.08                      0.91   0.17     0.07
  SINCE OCT 1     16.27                     15.53   0.74    12.87
  SINCE JAN 1     12.22                     11.53   0.69     6.79

SNOWFALL (IN)
  TODAY            0.0
  MONTH TO DATE    0.0
  SINCE JAN 1     14.6
  SINCE JUL 1      0.0
  SNOW DEPTH       0

DEGREE DAYS
 HEATING
  TODAY            0                         5     -5        1
  MONTH TO DATE   68                        85    -17       61
  SINCE JUN 1    326                       378    -52      202
  SINCE JUL 1    147                       162    -15      121

 COOLING
  TODAY            0                         1     -1        0
  MONTH TO DATE   49                        60    -11       81
  SINCE JUN 1    150                       140     10      246
  SINCE JAN 1    150                       143      7      246
..................................................................


WIND (MPH)
  HIGHEST WIND SPEED    20   HIGHEST WIND DIRECTION    NE (30)
  HIGHEST GUST SPEED    26   HIGHEST GUST DIRECTION    NE (30)
  AVERAGE WIND SPEED     8.7


SKY COVER
  POSSIBLE SUNSHINE  MM
  AVERAGE SKY COVER 0.0


WEATHER CONDITIONS
 THE FOLLOWING WEATHER WAS RECORDED TODAY.
  NO SIGNIFICANT WEATHER WAS OBSERVED.


RELATIVE HUMIDITY (PERCENT)
 HIGHEST    93           500 AM
 LOWEST     21           300 PM
 AVERAGE    57

..........................................................


THE KALISPELL MT CLIMATE NORMALS FOR TOMORROW
                         NORMAL    RECORD    YEAR
 MAXIMUM TEMPERATURE (F)   77        94      1929
 MINIMUM TEMPERATURE (F)   44        31      1959


SUNRISE AND SUNSET
AUGUST 29 2016........SUNRISE   651 AM MDT   SUNSET   823 PM MDT
AUGUST 30 2016........SUNRISE   653 AM MDT   SUNSET   821 PM MDT


-  INDICATES NEGATIVE NUMBERS.
R  INDICATES RECORD WAS SET OR TIED.
MM INDICATES DATA IS MISSING.
T  INDICATES TRACE AMOUNT.




$$
