000
CDUS45 KMSO 060929
CLIGPI


CLIMATE REPORT
NATIONAL WEATHER SERVICE MISSOULA, MT
329 AM MDT MON JUL 6 2015


...................................

...THE KALISPELL MT CLIMATE SUMMARY FOR JULY 5 2015...

CLIMATE NORMAL PERIOD 1981 TO 2010
CLIMATE RECORD PERIOD 1894 TO 2015


WEATHER ITEM   OBSERVED TIME   RECORD YEAR NORMAL DEPARTURE LAST
                VALUE   (LST)  VALUE       VALUE  FROM      YEAR
                                                  NORMAL
..................................................................
TEMPERATURE (F)
 YESTERDAY
  MAXIMUM         68    540 PM  99    1896  78    -10       83
  MINIMUM         45   1159 PM  32    2000  47     -2       53
  AVERAGE         57                        62     -5       68

PRECIPITATION (IN)
  YESTERDAY        T             0.87 1990   0.06  -0.06      T
  MONTH TO DATE    T                         0.32  -0.32     0.10
  SINCE OCT 1     12.44                     13.49  -1.05    17.04
  SINCE JAN 1      6.36                      9.49  -3.13    12.59

SNOWFALL (IN)
  YESTERDAY        0.0
  MONTH TO DATE    0.0
  SINCE JAN 1     32.9
  SINCE JUL 1      0.0
  SNOW DEPTH       0

DEGREE DAYS
 HEATING
  YESTERDAY        8                         4      4        0
  MONTH TO DATE    8                        21    -13        0
  SINCE JUN 1     89                       237   -148      253
  SINCE JUL 1      8                        21    -13        0

 COOLING
  YESTERDAY        0                         1     -1        3
  MONTH TO DATE   42                         5     37       14
  SINCE JUN 1    128                        18    110       14
  SINCE JAN 1    128                        21    107       14
..................................................................


WIND (MPH)
  HIGHEST WIND SPEED    32   HIGHEST WIND DIRECTION     N (20)
  HIGHEST GUST SPEED    41   HIGHEST GUST DIRECTION     N (20)
  AVERAGE WIND SPEED    16.9


SKY COVER
  POSSIBLE SUNSHINE  MM
  AVERAGE SKY COVER 0.6


WEATHER CONDITIONS
 THE FOLLOWING WEATHER WAS RECORDED YESTERDAY.
  NO SIGNIFICANT WEATHER WAS OBSERVED.


RELATIVE HUMIDITY (PERCENT)
 HIGHEST    71          1100 PM
 LOWEST     37           700 PM
 AVERAGE    54

..........................................................


THE KALISPELL MT CLIMATE NORMALS FOR TODAY
                         NORMAL    RECORD    YEAR
 MAXIMUM TEMPERATURE (F)   79       102      2007
 MINIMUM TEMPERATURE (F)   47        36      1952


SUNRISE AND SUNSET
JULY  6 2015..........SUNRISE   544 AM MDT   SUNSET   940 PM MDT
JULY  7 2015..........SUNRISE   544 AM MDT   SUNSET   939 PM MDT


-  INDICATES NEGATIVE NUMBERS.
R  INDICATES RECORD WAS SET OR TIED.
MM INDICATES DATA IS MISSING.
T  INDICATES TRACE AMOUNT.




$$
