541
CDUS45 KMSO 290741
CLIGPI


CLIMATE REPORT
NATIONAL WEATHER SERVICE MISSOULA, MT
141 AM MDT FRI JUL 29 2016


...................................

...THE KALISPELL MT CLIMATE SUMMARY FOR JULY 28 2016...

CLIMATE NORMAL PERIOD 1981 TO 2010
CLIMATE RECORD PERIOD 1894 TO 2016


WEATHER ITEM   OBSERVED TIME   RECORD YEAR NORMAL DEPARTURE LAST
                VALUE   (LST)  VALUE       VALUE  FROM      YEAR
                                                  NORMAL
..................................................................
TEMPERATURE (F)
 YESTERDAY
  MAXIMUM         89    428 PM 101    1934  84      5       76
  MINIMUM         55    508 AM  36    1957  49      6       41
  AVERAGE         72                        67      5       59

PRECIPITATION (IN)
  YESTERDAY        0.00          0.81 1948   0.03  -0.03     0.00
  MONTH TO DATE    1.51                      1.36   0.15     0.36
  SINCE OCT 1     15.19                     14.53   0.66    12.80
  SINCE JAN 1     11.14                     10.53   0.61     6.72

SNOWFALL (IN)
  YESTERDAY        0.0
  MONTH TO DATE    0.0
  SINCE JAN 1     14.6
  SINCE JUL 1      0.0
  SNOW DEPTH       0

DEGREE DAYS
 HEATING
  YESTERDAY        0                         1     -1        6
  MONTH TO DATE   79                        74      5       58
  SINCE JUN 1    258                       290    -32      139
  SINCE JUL 1     79                        74      5       58

 COOLING
  YESTERDAY        7                         3      4        0
  MONTH TO DATE   36                        58    -22       74
  SINCE JUN 1     83                        71     12      160
  SINCE JAN 1     83                        74      9      160
..................................................................


WIND (MPH)
  HIGHEST WIND SPEED    17   HIGHEST WIND DIRECTION     N (20)
  HIGHEST GUST SPEED    20   HIGHEST GUST DIRECTION     N (20)
  AVERAGE WIND SPEED     9.3


SKY COVER
  POSSIBLE SUNSHINE  MM
  AVERAGE SKY COVER 0.1


WEATHER CONDITIONS
 THE FOLLOWING WEATHER WAS RECORDED YESTERDAY.
  NO SIGNIFICANT WEATHER WAS OBSERVED.


RELATIVE HUMIDITY (PERCENT)
 HIGHEST    93           400 AM
 LOWEST     29           400 PM
 AVERAGE    61

..........................................................


THE KALISPELL MT CLIMATE NORMALS FOR TODAY
                         NORMAL    RECORD    YEAR
 MAXIMUM TEMPERATURE (F)   84        98      1934
 MINIMUM TEMPERATURE (F)   49        33      1959


SUNRISE AND SUNSET
JULY 29 2016..........SUNRISE   609 AM MDT   SUNSET   917 PM MDT
JULY 30 2016..........SUNRISE   610 AM MDT   SUNSET   916 PM MDT


-  INDICATES NEGATIVE NUMBERS.
R  INDICATES RECORD WAS SET OR TIED.
MM INDICATES DATA IS MISSING.
T  INDICATES TRACE AMOUNT.




$$
