000
CDUS45 KMSO 200745
CLIGPI


CLIMATE REPORT
NATIONAL WEATHER SERVICE MISSOULA, MT
144 AM MDT THU JUL 20 2017


...................................

...THE KALISPELL MT CLIMATE SUMMARY FOR JULY 19 2017...

CLIMATE NORMAL PERIOD 1981 TO 2010
CLIMATE RECORD PERIOD 1894 TO 2017


WEATHER ITEM   OBSERVED TIME   RECORD YEAR NORMAL DEPARTURE LAST
                VALUE   (LST)  VALUE       VALUE  FROM      YEAR
                                                  NORMAL
..................................................................
TEMPERATURE (F)
 YESTERDAY
  MAXIMUM         89    519 PM 104    1960  83      6       84
  MINIMUM         45    524 AM  36    2001  49     -4       51
  AVERAGE         67                        66      1       68

PRECIPITATION (IN)
  YESTERDAY        0.00          0.85 2004   0.04  -0.04     0.03
  MONTH TO DATE    0.07                      1.05  -0.98     1.51
  SINCE OCT 1     18.40                     14.22   4.18    15.19
  SINCE JAN 1     11.17                     10.22   0.95    11.14

SNOWFALL (IN)
  YESTERDAY        0.0
  MONTH TO DATE    0.0
  SINCE JAN 1     54.5
  SINCE JUL 1      0.0
  SNOW DEPTH       0

DEGREE DAYS
 HEATING
  YESTERDAY        0                         2     -2        0
  MONTH TO DATE    6                        58    -52       76
  SINCE JUN 1    164                       274   -110      255
  SINCE JUL 1      6                        58    -52       76

 COOLING
  YESTERDAY        2                         3     -1        3
  MONTH TO DATE   77                        31     46       10
  SINCE JUN 1     93                        44     49       57
  SINCE JAN 1     98                        47     51       57
..................................................................


WIND (MPH)
  HIGHEST WIND SPEED    12   HIGHEST WIND DIRECTION     S (170)
  HIGHEST GUST SPEED    17   HIGHEST GUST DIRECTION    SE (150)
  AVERAGE WIND SPEED     3.5


SKY COVER
  POSSIBLE SUNSHINE  MM
  AVERAGE SKY COVER 0.0


WEATHER CONDITIONS
 THE FOLLOWING WEATHER WAS RECORDED YESTERDAY.
  HAZE


RELATIVE HUMIDITY (PERCENT)
 HIGHEST    93           400 AM
 LOWEST     16           500 PM
 AVERAGE    55

..........................................................


THE KALISPELL MT CLIMATE NORMALS FOR TODAY
                         NORMAL    RECORD    YEAR
 MAXIMUM TEMPERATURE (F)   83        99      1979
 MINIMUM TEMPERATURE (F)   49        38      1996


SUNRISE AND SUNSET
JULY 20 2017..........SUNRISE   558 AM MDT   SUNSET   928 PM MDT
JULY 21 2017..........SUNRISE   559 AM MDT   SUNSET   927 PM MDT


-  INDICATES NEGATIVE NUMBERS.
R  INDICATES RECORD WAS SET OR TIED.
MM INDICATES DATA IS MISSING.
T  INDICATES TRACE AMOUNT.




$$
