000
CDUS45 KMSO 282230
CLIGPI


CLIMATE REPORT
NATIONAL WEATHER SERVICE MISSOULA, MT
430 PM MDT SAT MAY 28 2016


...................................

...THE KALISPELL MT CLIMATE SUMMARY FOR MAY 28 2016...
VALID TODAY AS OF 0400 PM LOCAL TIME.

CLIMATE NORMAL PERIOD 1981 TO 2010
CLIMATE RECORD PERIOD 1894 TO 2016


WEATHER ITEM   OBSERVED TIME   RECORD YEAR NORMAL DEPARTURE LAST
                VALUE   (LST)  VALUE       VALUE  FROM      YEAR
                                                  NORMAL
..................................................................
TEMPERATURE (F)
 TODAY
  MAXIMUM         63    232 PM  91    1986  68     -5       75
  MINIMUM         35    454 AM  31    1914  42     -7       43
  AVERAGE         49                        55     -6       59

PRECIPITATION (IN)
  TODAY            T             0.80 1996   0.08  -0.08      T
  MONTH TO DATE    3.08                      1.72   1.36     0.11
  SINCE OCT 1     12.30                     10.35   1.95    11.73
  SINCE JAN 1      8.25                      6.35   1.90     5.65

SNOWFALL (IN)
  TODAY            0.0
  MONTH TO DATE    0.0
  SINCE JAN 1     14.6
  SINCE JUL 1     41.4
  SNOW DEPTH       0

DEGREE DAYS
 HEATING
  TODAY           16                        10      6        6
  MONTH TO DATE  321                       383    -62      325
  SINCE MAR 1   1614                      1942   -328     1749
  SINCE JUL 1   6916                      7794   -878     7199

 COOLING
  TODAY            0                         0      0        0
  MONTH TO DATE    0                         0      0        0
  SINCE MAR 1      0                         0      0        0
  SINCE JAN 1      0                         0      0        0
..................................................................


WIND (MPH)
  HIGHEST WIND SPEED    18   HIGHEST WIND DIRECTION    SW (220)
  HIGHEST GUST SPEED    26   HIGHEST GUST DIRECTION    SW (220)
  AVERAGE WIND SPEED     5.5


SKY COVER
  POSSIBLE SUNSHINE  MM
  AVERAGE SKY COVER 0.9


WEATHER CONDITIONS
 THE FOLLOWING WEATHER WAS RECORDED TODAY.
  NO SIGNIFICANT WEATHER WAS OBSERVED.


RELATIVE HUMIDITY (PERCENT)
 HIGHEST   100           500 AM
 LOWEST     27           200 PM
 AVERAGE    64

..........................................................


THE KALISPELL MT CLIMATE NORMALS FOR TOMORROW
                         NORMAL    RECORD    YEAR
 MAXIMUM TEMPERATURE (F)   68        94      1986
 MINIMUM TEMPERATURE (F)   42        28      1951


SUNRISE AND SUNSET
MAY 28 2016...........SUNRISE   543 AM MDT   SUNSET   926 PM MDT
MAY 29 2016...........SUNRISE   542 AM MDT   SUNSET   927 PM MDT


-  INDICATES NEGATIVE NUMBERS.
R  INDICATES RECORD WAS SET OR TIED.
MM INDICATES DATA IS MISSING.
T  INDICATES TRACE AMOUNT.




$$
