000
CDUS45 KMSO 240838
CLIGPI


CLIMATE REPORT
NATIONAL WEATHER SERVICE MISSOULA, MT
138 AM MST TUE JAN 24 2017


...................................

...THE KALISPELL MT CLIMATE SUMMARY FOR JANUARY 23 2017...

CLIMATE NORMAL PERIOD 1981 TO 2010
CLIMATE RECORD PERIOD 1894 TO 2017


WEATHER ITEM   OBSERVED TIME   RECORD YEAR NORMAL DEPARTURE LAST
                VALUE   (LST)  VALUE       VALUE  FROM      YEAR
                                                  NORMAL
..................................................................
TEMPERATURE (F)
 YESTERDAY
  MAXIMUM         34    228 PM  52    1923  32      2       36
  MINIMUM         13   1149 PM -23    1929  17     -4       16
  AVERAGE         24                        25     -1       26

PRECIPITATION (IN)
  YESTERDAY        0.01          1.04 1982   0.04  -0.03     0.23
  MONTH TO DATE    0.84                      1.05  -0.21     1.09
  SINCE OCT 1      8.07                      5.05   3.02     5.14
  SINCE JAN 1      0.84                      1.05  -0.21     1.09

SNOWFALL (IN)
  YESTERDAY        0.3
  MONTH TO DATE    9.8
  SINCE JAN 1      9.8
  SINCE JUL 1     45.1
  SNOW DEPTH      11

DEGREE DAYS
 HEATING
  YESTERDAY       41                        40      1       39
  MONTH TO DATE 1225                       959    266      922
  SINCE DEC 1   2706                      2269    437     2114
  SINCE JUL 1   4665                      4473    192     4133

 COOLING
  YESTERDAY        0                         0      0        0
  MONTH TO DATE    0                         0      0        0
  SINCE DEC 1      0                         0      0        0
  SINCE JAN 1      0                         0      0        0
..................................................................


WIND (MPH)
  HIGHEST WIND SPEED    18   HIGHEST WIND DIRECTION     N (10)
  HIGHEST GUST SPEED    23   HIGHEST GUST DIRECTION    NE (30)
  AVERAGE WIND SPEED     8.3


SKY COVER
  POSSIBLE SUNSHINE  MM
  AVERAGE SKY COVER 0.6


WEATHER CONDITIONS
 THE FOLLOWING WEATHER WAS RECORDED YESTERDAY.
  LIGHT SNOW
  FOG
  HAZE


RELATIVE HUMIDITY (PERCENT)
 HIGHEST    88           600 PM
 LOWEST     59           500 PM
 AVERAGE    74

..........................................................


THE KALISPELL MT CLIMATE NORMALS FOR TODAY
                         NORMAL    RECORD    YEAR
 MAXIMUM TEMPERATURE (F)   32        53      1953
 MINIMUM TEMPERATURE (F)   17       -16      1930


SUNRISE AND SUNSET
JANUARY 24 2017.......SUNRISE   815 AM MST   SUNSET   524 PM MST
JANUARY 25 2017.......SUNRISE   814 AM MST   SUNSET   526 PM MST


-  INDICATES NEGATIVE NUMBERS.
R  INDICATES RECORD WAS SET OR TIED.
MM INDICATES DATA IS MISSING.
T  INDICATES TRACE AMOUNT.




$$
