000
CDUS45 KMSO 292231
CLIGPI


CLIMATE REPORT
NATIONAL WEATHER SERVICE MISSOULA, MT
431 PM MDT FRI AUG 29 2014


...................................

...THE KALISPELL MT CLIMATE SUMMARY FOR AUGUST 29 2014...
VALID TODAY AS OF 0400 PM LOCAL TIME.

CLIMATE NORMAL PERIOD 1981 TO 2010
CLIMATE RECORD PERIOD 1894 TO 2014


WEATHER ITEM   OBSERVED TIME   RECORD YEAR NORMAL DEPARTURE LAST
                VALUE   (LST)  VALUE       VALUE  FROM      YEAR
                                                  NORMAL
..................................................................
TEMPERATURE (F)
 TODAY
  MAXIMUM         80    239 PM  95    1972  77      3       86
  MINIMUM         44    624 AM  31    1969  44      0       49
  AVERAGE         62                        61      1       68

PRECIPITATION (IN)
  TODAY            0.00          0.57 1956   0.04  -0.04     0.30
  MONTH TO DATE    1.38                      0.91   0.47     1.30
  SINCE OCT 1     18.71                     15.53   3.18    16.00
  SINCE JAN 1     14.26                     11.53   2.73    10.62

SNOWFALL (IN)
  TODAY            0.0
  MONTH TO DATE    0.0
  SINCE JAN 1     38.2
  SINCE JUL 1      0.0
  SNOW DEPTH       0

DEGREE DAYS
 HEATING
  TODAY            3                         5     -2        0
  MONTH TO DATE   53                        85    -32       18
  SINCE JUN 1    320                       378    -58      223
  SINCE JUL 1     67                       162    -95       37

 COOLING
  TODAY            0                         1     -1        3
  MONTH TO DATE   85                        60     25       94
  SINCE JUN 1    215                       140     75      235
  SINCE JAN 1    215                       143     72      235
..................................................................


WIND (MPH)
  HIGHEST WIND SPEED    16   HIGHEST WIND DIRECTION    SE (150)
  HIGHEST GUST SPEED    26   HIGHEST GUST DIRECTION    SE (150)
  AVERAGE WIND SPEED     5.7


SKY COVER
  POSSIBLE SUNSHINE  MM
  AVERAGE SKY COVER 0.0


WEATHER CONDITIONS
 THE FOLLOWING WEATHER WAS RECORDED TODAY.
  NO SIGNIFICANT WEATHER WAS OBSERVED.


RELATIVE HUMIDITY (PERCENT)
 HIGHEST   100           400 AM
 LOWEST     30           200 PM
 AVERAGE    65

..........................................................


THE KALISPELL MT CLIMATE NORMALS FOR TOMORROW
                         NORMAL    RECORD    YEAR
 MAXIMUM TEMPERATURE (F)   77        94      1929
 MINIMUM TEMPERATURE (F)   44        31      1959


SUNRISE AND SUNSET
AUGUST 29 2014........SUNRISE   651 AM MDT   SUNSET   824 PM MDT
AUGUST 30 2014........SUNRISE   652 AM MDT   SUNSET   822 PM MDT


-  INDICATES NEGATIVE NUMBERS.
R  INDICATES RECORD WAS SET OR TIED.
MM INDICATES DATA IS MISSING.
T  INDICATES TRACE AMOUNT.




$$
