000
CDUS45 KMSO 290739
CLIGPI


CLIMATE REPORT
NATIONAL WEATHER SERVICE MISSOULA, MT
139 AM MDT FRI MAY 29 2015


...................................

...THE KALISPELL MT CLIMATE SUMMARY FOR MAY 28 2015...

CLIMATE NORMAL PERIOD 1981 TO 2010
CLIMATE RECORD PERIOD 1894 TO 2015


WEATHER ITEM   OBSERVED TIME   RECORD YEAR NORMAL DEPARTURE LAST
                VALUE   (LST)  VALUE       VALUE  FROM      YEAR
                                                  NORMAL
..................................................................
TEMPERATURE (F)
 YESTERDAY
  MAXIMUM         75    205 PM  91    1986  68      7       67
  MINIMUM         43    519 AM  31    1914  42      1       48
  AVERAGE         59                        55      4       58

PRECIPITATION (IN)
  YESTERDAY        T             0.80 1996   0.08  -0.08     0.33
  MONTH TO DATE    0.11                      1.72  -1.61     1.20
  SINCE OCT 1     11.73                     10.35   1.38    11.70
  SINCE JAN 1      5.65                      6.35  -0.70     7.25

SNOWFALL (IN)
  YESTERDAY       MM
  MONTH TO DATE    0.0
  SINCE JAN 1     32.9
  SINCE JUL 1     59.4
  SNOW DEPTH       0

DEGREE DAYS
 HEATING
  YESTERDAY        6                        10     -4        7
  MONTH TO DATE  325                       383    -58      362
  SINCE MAR 1   1749                      1942   -193     1978
  SINCE JUL 1   7199                      7794   -595     7912

 COOLING
  YESTERDAY        0                         0      0        0
  MONTH TO DATE    0                         0      0        0
  SINCE MAR 1      0                         0      0        0
  SINCE JAN 1      0                         0      0        0
..................................................................


WIND (MPH)
  HIGHEST WIND SPEED    24   HIGHEST WIND DIRECTION    NE (30)
  HIGHEST GUST SPEED    30   HIGHEST GUST DIRECTION     N (10)
  AVERAGE WIND SPEED     7.9


SKY COVER
  POSSIBLE SUNSHINE  MM
  AVERAGE SKY COVER 0.5


WEATHER CONDITIONS
 THE FOLLOWING WEATHER WAS RECORDED YESTERDAY.
  FOG


RELATIVE HUMIDITY (PERCENT)
 HIGHEST   100           200 AM
 LOWEST     35           100 PM
 AVERAGE    68

..........................................................


THE KALISPELL MT CLIMATE NORMALS FOR TODAY
                         NORMAL    RECORD    YEAR
 MAXIMUM TEMPERATURE (F)   68        94      1986
 MINIMUM TEMPERATURE (F)   42        28      1951


SUNRISE AND SUNSET
MAY 29 2015...........SUNRISE   543 AM MDT   SUNSET   927 PM MDT
MAY 30 2015...........SUNRISE   542 AM MDT   SUNSET   928 PM MDT


-  INDICATES NEGATIVE NUMBERS.
R  INDICATES RECORD WAS SET OR TIED.
MM INDICATES DATA IS MISSING.
T  INDICATES TRACE AMOUNT.




$$
