000
CDUS43 KGRB 290645
CLIGRB


CLIMATE REPORT
NATIONAL WEATHER SERVICE GREEN BAY
145 AM CDT SAT JUL 29 2017


...................................

...THE GREEN BAY WI CLIMATE SUMMARY FOR JULY 28 2017...

CLIMATE NORMAL PERIOD 1981 TO 2010
CLIMATE RECORD PERIOD 1886 TO 2017


WEATHER ITEM   OBSERVED TIME   RECORD YEAR NORMAL DEPARTURE LAST
                VALUE   (LST)  VALUE       VALUE  FROM      YEAR
                                                  NORMAL
..................................................................
TEMPERATURE (F)
 YESTERDAY
  MAXIMUM         77    500 PM 101    1916  80     -3       69
  MINIMUM         56    430 AM  50    2005  58     -2       61
                                      1989
                                      1967
  AVERAGE         67                        69     -2       65

PRECIPITATION (IN)
  YESTERDAY        0.00          2.25 2011   0.11  -0.11     0.18
  MONTH TO DATE    4.56                      3.18   1.38     3.21
  SINCE JUN 1      8.34                      7.06   1.28     7.65
  SINCE JAN 1     21.34                     16.71   4.63    18.83

SNOWFALL (IN)
  YESTERDAY        0.0           0.0    MM   0.0    0.0      0.0
  MONTH TO DATE    0.0                       0.0    0.0      0.0
  SINCE JUN 1      0.0                       0.0    0.0      0.0
  SINCE JUL 1      0.0                       0.0    0.0      0.0
  SNOW DEPTH       0

DEGREE DAYS
 HEATING
  YESTERDAY        0                         1     -1        0
  MONTH TO DATE    1                        28    -27        6
  SINCE JUN 1     28                       120    -92       31
  SINCE JUL 1      1                        28    -27        6

 COOLING
  YESTERDAY        2                         5     -3        0
  MONTH TO DATE  168                       140     28      189
  SINCE JUN 1    283                       223     60      289
  SINCE JAN 1    291                       241     50      322
..................................................................


WIND (MPH)
  HIGHEST WIND SPEED    21   HIGHEST WIND DIRECTION    NE (30)
  HIGHEST GUST SPEED    24   HIGHEST GUST DIRECTION    NE (30)
  AVERAGE WIND SPEED     9.4


SKY COVER
  POSSIBLE SUNSHINE  MM
  AVERAGE SKY COVER 0.1


WEATHER CONDITIONS
 THE FOLLOWING WEATHER WAS RECORDED YESTERDAY.
  NO SIGNIFICANT WEATHER WAS OBSERVED.


RELATIVE HUMIDITY (PERCENT)
 HIGHEST    93           300 AM
 LOWEST     50           400 PM
 AVERAGE    72

..........................................................


THE GREEN BAY WI CLIMATE NORMALS FOR TODAY
                         NORMAL    RECORD    YEAR
 MAXIMUM TEMPERATURE (F)   80       101      1916
 MINIMUM TEMPERATURE (F)   58        44      1952


SUNRISE AND SUNSET
JULY 29 2017..........SUNRISE   536 AM CDT   SUNSET   821 PM CDT
JULY 30 2017..........SUNRISE   537 AM CDT   SUNSET   820 PM CDT


-  INDICATES NEGATIVE NUMBERS.
R  INDICATES RECORD WAS SET OR TIED.
MM INDICATES DATA IS MISSING.
T  INDICATES TRACE AMOUNT.




$$
