812
CDUS43 KGRB 302146
CLIGRB


CLIMATE REPORT
NATIONAL WEATHER SERVICE GREEN BAY
445 PM CDT TUE AUG 30 2016


...................................

...THE GREEN BAY WI CLIMATE SUMMARY FOR AUGUST 30 2016...
VALID TODAY AS OF 0400 PM LOCAL TIME.

CLIMATE NORMAL PERIOD 1981 TO 2010
CLIMATE RECORD PERIOD 1886 TO 2016


WEATHER ITEM   OBSERVED TIME   RECORD YEAR NORMAL DEPARTURE LAST
                VALUE   (LST)  VALUE       VALUE  FROM      YEAR
                                                  NORMAL
..................................................................
TEMPERATURE (F)
 TODAY
  MAXIMUM         85    259 PM  93    1969  76      9       75
                                      1937
                                      1932
  MINIMUM         65    300 AM  38    1915  55     10       55
  AVERAGE         75                        65     10       65

PRECIPITATION (IN)
  TODAY            0.00          1.28 1997   0.10  -0.10     0.00
  MONTH TO DATE    2.78                      3.26  -0.48     4.22
  SINCE JUN 1     10.44                     10.64  -0.20     9.26
  SINCE JAN 1     21.62                     20.29   1.33    16.20

SNOWFALL (IN)
  TODAY            0.0           0.0    MM   0.0    0.0      0.0
  MONTH TO DATE    0.0                       0.0    0.0      0.0
  SINCE JUN 1      0.0                       0.0    0.0      0.0
  SINCE JUL 1      0.0                       0.0    0.0      0.0
  SNOW DEPTH       0

DEGREE DAYS
 HEATING
  TODAY            0                         2     -2        0
  MONTH TO DATE    7                        37    -30       31
  SINCE JUN 1     38                       152   -114      103
  SINCE JUL 1     13                        60    -47       50

 COOLING
  TODAY           10                         3      7        0
  MONTH TO DATE  189                       108     81      126
  SINCE JUN 1    487                       341    146      369
  SINCE JAN 1    520                       359    161      397
..................................................................


WIND (MPH)
  HIGHEST WIND SPEED    13   HIGHEST WIND DIRECTION    NW (320)
  HIGHEST GUST SPEED    16   HIGHEST GUST DIRECTION    NW (320)
  AVERAGE WIND SPEED     4.1


SKY COVER
  POSSIBLE SUNSHINE  MM
  AVERAGE SKY COVER 0.2


WEATHER CONDITIONS
 THE FOLLOWING WEATHER WAS RECORDED TODAY.
  FOG


RELATIVE HUMIDITY (PERCENT)
 HIGHEST   100          1200 AM
 LOWEST     55           300 PM
 AVERAGE    78

..........................................................


THE GREEN BAY WI CLIMATE NORMALS FOR TOMORROW
                         NORMAL    RECORD    YEAR
 MAXIMUM TEMPERATURE (F)   75        94      1937
 MINIMUM TEMPERATURE (F)   54        39      1967


SUNRISE AND SUNSET
AUGUST 30 2016........SUNRISE   613 AM CDT   SUNSET   732 PM CDT
AUGUST 31 2016........SUNRISE   615 AM CDT   SUNSET   730 PM CDT


-  INDICATES NEGATIVE NUMBERS.
R  INDICATES RECORD WAS SET OR TIED.
MM INDICATES DATA IS MISSING.
T  INDICATES TRACE AMOUNT.




$$
