286
CDUS43 KGRB 090644
CLIGRB


CLIMATE REPORT
NATIONAL WEATHER SERVICE GREEN BAY
1244 AM CST TUE FEB 9 2016


...................................

...THE GREEN BAY WI CLIMATE SUMMARY FOR FEBRUARY 8 2016...

CLIMATE NORMAL PERIOD 1981 TO 2010
CLIMATE RECORD PERIOD 1886 TO 2016


WEATHER ITEM   OBSERVED TIME   RECORD YEAR NORMAL DEPARTURE LAST
                VALUE   (LST)  VALUE       VALUE  FROM      YEAR
                                                  NORMAL
..................................................................
TEMPERATURE (F)
 YESTERDAY
  MAXIMUM         35    230 AM  56    1925  26      9       32
  MINIMUM         18   1159 PM -22    1951  11      7       18
  AVERAGE         27                        18      9       25

PRECIPITATION (IN)
  YESTERDAY        0.10          1.78 1966   0.03   0.07      T
  MONTH TO DATE    0.97                      0.26   0.71     0.03
  SINCE DEC 1      8.01                      2.90   5.11     2.27
  SINCE JAN 1      2.30                      1.39   0.91     0.59

SNOWFALL (IN)
  YESTERDAY        1.8           5.7  1950   0.3    1.5       T
  MONTH TO DATE   10.4                       3.0    7.4      0.8
  SINCE DEC 1     31.8                      29.1    2.7     13.1
  SINCE JUL 1     32.0                      33.3   -1.3     21.3
  SNOW DEPTH       8

DEGREE DAYS
 HEATING
  YESTERDAY       38                        47     -9       40
  MONTH TO DATE  311                       378    -67      402
  SINCE DEC 1   2659                      3227   -568     3072
  SINCE JUL 1   3931                      4967  -1036     4909

 COOLING
  YESTERDAY        0                         0      0        0
  MONTH TO DATE    0                         0      0        0
  SINCE DEC 1      0                         0      0        0
  SINCE JAN 1      0                         0      0        0
..................................................................


WIND (MPH)
  HIGHEST WIND SPEED    18   HIGHEST WIND DIRECTION     N (10)
  HIGHEST GUST SPEED    21   HIGHEST GUST DIRECTION     N (350)
  AVERAGE WIND SPEED     9.8


SKY COVER
  POSSIBLE SUNSHINE  MM
  AVERAGE SKY COVER 1.0


WEATHER CONDITIONS
 THE FOLLOWING WEATHER WAS RECORDED YESTERDAY.
  LIGHT SNOW
  FOG
  HAZE


RELATIVE HUMIDITY (PERCENT)
 HIGHEST    92           100 PM
 LOWEST     75          1200 AM
 AVERAGE    84

..........................................................


THE GREEN BAY WI CLIMATE NORMALS FOR TODAY
                         NORMAL    RECORD    YEAR
 MAXIMUM TEMPERATURE (F)   27        51      1925
 MINIMUM TEMPERATURE (F)   11       -27      1888


SUNRISE AND SUNSET
FEBRUARY  9 2016......SUNRISE   702 AM CST   SUNSET   512 PM CST
FEBRUARY 10 2016......SUNRISE   700 AM CST   SUNSET   514 PM CST


-  INDICATES NEGATIVE NUMBERS.
R  INDICATES RECORD WAS SET OR TIED.
MM INDICATES DATA IS MISSING.
T  INDICATES TRACE AMOUNT.




$$
