000
CDUS43 KGRB 310621
CLIGRB


CLIMATE REPORT
NATIONAL WEATHER SERVICE GREEN BAY
120 AM CDT SUN AUG 31 2014


...................................

...THE GREEN BAY WI CLIMATE SUMMARY FOR AUGUST 30 2014...

CLIMATE NORMAL PERIOD 1981 TO 2010
CLIMATE RECORD PERIOD 1886 TO 2014


WEATHER ITEM   OBSERVED TIME   RECORD YEAR NORMAL DEPARTURE LAST
                VALUE   (LST)  VALUE       VALUE  FROM      YEAR
                                                  NORMAL
..................................................................
TEMPERATURE (F)
 YESTERDAY
  MAXIMUM         79    114 PM  93    1969  76      3       85
                                      1937
                                      1932
  MINIMUM         65   1159 PM  38    1915  55     10       62
  AVERAGE         72                        65      7       74

PRECIPITATION (IN)
  YESTERDAY        0.58          1.28 1997   0.10   0.48      T
  MONTH TO DATE    4.80                      3.26   1.54     3.05
  SINCE JUN 1     10.06                     10.64  -0.58    10.22
  SINCE JAN 1     20.72                     20.29   0.43    23.99

SNOWFALL (IN)
  YESTERDAY        0.0           0.0    MM   0.0    0.0      0.0
  MONTH TO DATE    0.0                       0.0    0.0      0.0
  SINCE JUN 1      0.0                       0.0    0.0      0.0
  SINCE JUL 1      0.0                       0.0    0.0      0.0
  SNOW DEPTH       0

DEGREE DAYS
 HEATING
  YESTERDAY        0                         2     -2        0
  MONTH TO DATE   14                        37    -23       18
  SINCE JUN 1     60                       152    -92      112
  SINCE JUL 1     29                        60    -31       40

 COOLING
  YESTERDAY        7                         3      4        9
  MONTH TO DATE  118                       108     10      132
  SINCE JUN 1    323                       341    -18      435
  SINCE JAN 1    339                       359    -20      473
..................................................................


WIND (MPH)
  HIGHEST WIND SPEED    20   HIGHEST WIND DIRECTION     W (290)
  HIGHEST GUST SPEED    25   HIGHEST GUST DIRECTION     W (290)
  AVERAGE WIND SPEED     7.3


SKY COVER
  POSSIBLE SUNSHINE  MM
  AVERAGE SKY COVER 0.8


WEATHER CONDITIONS
 THE FOLLOWING WEATHER WAS RECORDED YESTERDAY.
  THUNDERSTORM
  HEAVY RAIN
  RAIN
  LIGHT RAIN
  FOG


RELATIVE HUMIDITY (PERCENT)
 HIGHEST   100           700 AM
 LOWEST     74           100 PM
 AVERAGE    87

..........................................................


THE GREEN BAY WI CLIMATE NORMALS FOR TODAY
                         NORMAL    RECORD    YEAR
 MAXIMUM TEMPERATURE (F)   75        94      1937
 MINIMUM TEMPERATURE (F)   54        39      1967


SUNRISE AND SUNSET
AUGUST 31 2014........SUNRISE   614 AM CDT   SUNSET   731 PM CDT
SEPTEMBER  1 2014.....SUNRISE   615 AM CDT   SUNSET   729 PM CDT


-  INDICATES NEGATIVE NUMBERS.
R  INDICATES RECORD WAS SET OR TIED.
MM INDICATES DATA IS MISSING.
T  INDICATES TRACE AMOUNT.




$$
