000
CDUS43 KGRB 240643
CLIGRB


CLIMATE REPORT
NATIONAL WEATHER SERVICE GREEN BAY
142 AM CDT FRI MAR 24 2017


...................................

...THE GREEN BAY WI CLIMATE SUMMARY FOR MARCH 23 2017...

CLIMATE NORMAL PERIOD 1981 TO 2010
CLIMATE RECORD PERIOD 1886 TO 2017


WEATHER ITEM   OBSERVED TIME   RECORD YEAR NORMAL DEPARTURE LAST
                VALUE   (LST)  VALUE       VALUE  FROM      YEAR
                                                  NORMAL
..................................................................
TEMPERATURE (F)
 YESTERDAY
  MAXIMUM         40    136 PM  65    2000  42     -2       36
                                      1939
                                      1910
  MINIMUM         24    108 AM  -3    1888  25     -1       29
  AVERAGE         32                        34     -2       33

PRECIPITATION (IN)
  YESTERDAY        T             0.96 1917   0.06  -0.06     0.31
  MONTH TO DATE    0.98                      1.32  -0.34     2.11
  SINCE MAR 1      0.98                      1.32  -0.34     2.11
  SINCE JAN 1      4.23                      3.56   0.67     4.59

SNOWFALL (IN)
  YESTERDAY        0.0          10.0  2011   0.2   -0.2      2.1
  MONTH TO DATE    8.9                       6.7    2.2      5.8
  SINCE MAR 1      8.9                       6.7    2.2      5.8
  SINCE JUL 1     53.1                      46.9    6.2     39.6
  SNOW DEPTH       0

DEGREE DAYS
 HEATING
  YESTERDAY       33                        31      2       32
  MONTH TO DATE  813                       825    -12      642
  SINCE MAR 1    813                       825    -12      642
  SINCE JUL 1   5386                      6665  -1279     5453

 COOLING
  YESTERDAY        0                         0      0        0
  MONTH TO DATE    0                         0      0        0
  SINCE MAR 1      0                         0      0        0
  SINCE JAN 1      0                         0      0        0
..................................................................


WIND (MPH)
  HIGHEST WIND SPEED    21   HIGHEST WIND DIRECTION    SE (130)
  HIGHEST GUST SPEED    27   HIGHEST GUST DIRECTION    SE (150)
  AVERAGE WIND SPEED     9.7


SKY COVER
  POSSIBLE SUNSHINE  MM
  AVERAGE SKY COVER 0.9


WEATHER CONDITIONS
 THE FOLLOWING WEATHER WAS RECORDED YESTERDAY.
  LIGHT RAIN


RELATIVE HUMIDITY (PERCENT)
 HIGHEST    85           600 AM
 LOWEST     59           200 PM
 AVERAGE    72

..........................................................


THE GREEN BAY WI CLIMATE NORMALS FOR TODAY
                         NORMAL    RECORD    YEAR
 MAXIMUM TEMPERATURE (F)   43        72      1910
 MINIMUM TEMPERATURE (F)   25        -4      1974
                                             1888


SUNRISE AND SUNSET
MARCH 24 2017.........SUNRISE   648 AM CDT   SUNSET   710 PM CDT
MARCH 25 2017.........SUNRISE   646 AM CDT   SUNSET   712 PM CDT


-  INDICATES NEGATIVE NUMBERS.
R  INDICATES RECORD WAS SET OR TIED.
MM INDICATES DATA IS MISSING.
T  INDICATES TRACE AMOUNT.




$$
