000
CDUS43 KGRB 230623
CLIGRB


CLIMATE REPORT
NATIONAL WEATHER SERVICE GREEN BAY
122 AM CDT WED JUL 23 2014


...................................

...THE GREEN BAY WI CLIMATE SUMMARY FOR JULY 22 2014...

CLIMATE NORMAL PERIOD 1981 TO 2010
CLIMATE RECORD PERIOD 1886 TO 2014


WEATHER ITEM   OBSERVED TIME   RECORD YEAR NORMAL DEPARTURE LAST
                VALUE   (LST)  VALUE       VALUE  FROM      YEAR
                                                  NORMAL
..................................................................
TEMPERATURE (F)
 YESTERDAY
  MAXIMUM         91    344 PM  94    1972  80     11       85
                                      1918
  MINIMUM         62   1159 PM  43    1947  59      3       57
  AVERAGE         77                        69      8       71

PRECIPITATION (IN)
  YESTERDAY        0.00          1.07 1961   0.11  -0.11     0.13
  MONTH TO DATE    0.51                      2.54  -2.03     2.16
  SINCE JUN 1      4.56                      6.42  -1.86     5.98
  SINCE JAN 1     15.22                     16.07  -0.85    19.75

SNOWFALL (IN)
  YESTERDAY        0.0           0.0    MM   0.0    0.0      0.0
  MONTH TO DATE    0.0                       0.0    0.0      0.0
  SINCE JUN 1      0.0                       0.0    0.0      0.0
  SINCE JUL 1      0.0                       0.0    0.0      0.0
  SNOW DEPTH       0

DEGREE DAYS
 HEATING
  YESTERDAY        0                         1     -1        0
  MONTH TO DATE   13                        22     -9        1
  SINCE JUN 1     44                       114    -70       73
  SINCE JUL 1     13                        22     -9        1

 COOLING
  YESTERDAY       12                         5      7        6
  MONTH TO DATE   79                       110    -31      189
  SINCE JUN 1    185                       193     -8      294
  SINCE JAN 1    201                       211    -10      332
..................................................................


WIND (MPH)
  HIGHEST WIND SPEED    24   HIGHEST WIND DIRECTION     N (350)
  HIGHEST GUST SPEED    33   HIGHEST GUST DIRECTION     N (360)
  AVERAGE WIND SPEED    12.2


SKY COVER
  POSSIBLE SUNSHINE  MM
  AVERAGE SKY COVER 0.3


WEATHER CONDITIONS
 THE FOLLOWING WEATHER WAS RECORDED YESTERDAY.
  FOG
  HAZE


RELATIVE HUMIDITY (PERCENT)
 HIGHEST    84           200 AM
 LOWEST     47           400 PM
 AVERAGE    66

..........................................................


THE GREEN BAY WI CLIMATE NORMALS FOR TODAY
                         NORMAL    RECORD    YEAR
 MAXIMUM TEMPERATURE (F)   80        96      1940
 MINIMUM TEMPERATURE (F)   59        46      2000
                                             1985
                                             1887


SUNRISE AND SUNSET
JULY 23 2014..........SUNRISE   530 AM CDT   SUNSET   828 PM CDT
JULY 24 2014..........SUNRISE   531 AM CDT   SUNSET   827 PM CDT


-  INDICATES NEGATIVE NUMBERS.
R  INDICATES RECORD WAS SET OR TIED.
MM INDICATES DATA IS MISSING.
T  INDICATES TRACE AMOUNT.




$$
