887
CDUS43 KGRB 230646
CLIGRB


CLIMATE REPORT
NATIONAL WEATHER SERVICE GREEN BAY
146 AM CDT SAT SEP 23 2017


...................................

...THE GREEN BAY WI CLIMATE SUMMARY FOR SEPTEMBER 22 2017...

CLIMATE NORMAL PERIOD 1981 TO 2010
CLIMATE RECORD PERIOD 1886 TO 2017


WEATHER ITEM   OBSERVED TIME   RECORD YEAR NORMAL DEPARTURE LAST
                VALUE   (LST)  VALUE       VALUE  FROM      YEAR
                                                  NORMAL
..................................................................
TEMPERATURE (F)
 YESTERDAY
  MAXIMUM         91    333 PM  93    1895  67     24       73
  MINIMUM         65    546 AM  27    1974  46     19       62
  AVERAGE         78                        57     21       68

PRECIPITATION (IN)
  YESTERDAY        0.00          2.04 1959   0.10  -0.10     0.37
  MONTH TO DATE    0.98                      2.25  -1.27     3.95
  SINCE SEP 1      0.98                      2.25  -1.27     3.95
  SINCE JAN 1     26.37                     22.65   3.72    25.57

SNOWFALL (IN)
  YESTERDAY        0.0           T    1995   0.0    0.0      0.0
  MONTH TO DATE    0.0                       0.0    0.0      0.0
  SINCE SEP 1      0.0                       0.0    0.0      0.0
  SINCE JUL 1      0.0                       0.0    0.0      0.0
  SNOW DEPTH       0

DEGREE DAYS
 HEATING
  YESTERDAY        0                         9     -9        0
  MONTH TO DATE   83                       122    -39       24
  SINCE SEP 1     83                       122    -39       24
  SINCE JUL 1    124                       185    -61       37

 COOLING
  YESTERDAY       13                         1     12        3
  MONTH TO DATE   49                        32     17       50
  SINCE SEP 1     49                        32     17       50
  SINCE JAN 1    426                       394     32      572
..................................................................


WIND (MPH)
  HIGHEST WIND SPEED    18   HIGHEST WIND DIRECTION    NE (40)
  HIGHEST GUST SPEED    23   HIGHEST GUST DIRECTION     S (180)
  AVERAGE WIND SPEED     8.0


SKY COVER
  POSSIBLE SUNSHINE  MM
  AVERAGE SKY COVER 0.0


WEATHER CONDITIONS
 THE FOLLOWING WEATHER WAS RECORDED YESTERDAY.
  FOG


RELATIVE HUMIDITY (PERCENT)
 HIGHEST   100          1200 AM
 LOWEST     52           200 PM
 AVERAGE    76

..........................................................


THE GREEN BAY WI CLIMATE NORMALS FOR TODAY
                         NORMAL    RECORD    YEAR
 MAXIMUM TEMPERATURE (F)   67        90      1937
                                             1891
 MINIMUM TEMPERATURE (F)   45        27      1974


SUNRISE AND SUNSET
SEPTEMBER 23 2017.....SUNRISE   641 AM CDT   SUNSET   648 PM CDT
SEPTEMBER 24 2017.....SUNRISE   642 AM CDT   SUNSET   646 PM CDT


-  INDICATES NEGATIVE NUMBERS.
R  INDICATES RECORD WAS SET OR TIED.
MM INDICATES DATA IS MISSING.
T  INDICATES TRACE AMOUNT.




$$
