000
CDUS43 KGID 270638
CLIGRI


CLIMATE REPORT
NATIONAL WEATHER SERVICE HASTINGS NE
137 AM CDT FRI MAY 27 2016


...................................

...THE GRAND ISLAND NE CLIMATE SUMMARY FOR MAY 26 2016...

CLIMATE NORMAL PERIOD 1981 TO 2010
CLIMATE RECORD PERIOD 1895 TO 2016


WEATHER ITEM   OBSERVED TIME   RECORD YEAR NORMAL DEPARTURE LAST
                VALUE   (LST)  VALUE       VALUE  FROM      YEAR
                                                  NORMAL
..................................................................
TEMPERATURE (F)
 YESTERDAY
  MAXIMUM         77    306 PM 100    2012  76      1       72
  MINIMUM         53    540 AM  34    1901  53      0       53
  AVERAGE         65                        64      1       63

PRECIPITATION (IN)
  YESTERDAY        0.23          2.56 1996   0.15   0.08     0.00
  MONTH TO DATE    5.49                      3.66   1.83     3.43
  SINCE MAR 1     11.15                      7.99   3.16     5.73
  SINCE JAN 1     13.33                      9.20   4.13     6.90

SNOWFALL (IN)
  YESTERDAY        0.0           T    1953   0.0    0.0      0.0
  MONTH TO DATE    0.0                       0.1   -0.1      0.0
  SINCE MAR 1      2.6                       7.0   -4.4      1.4
  SINCE JUL 1     33.8                      29.1    4.7     24.3
  SNOW DEPTH       0

DEGREE DAYS
 HEATING
  YESTERDAY        0                         3     -3        2
  MONTH TO DATE  175                       159     16      184
  SINCE MAR 1   1132                      1400   -268     1210
  SINCE JUL 1   5130                      6161  -1031     5947

 COOLING
  YESTERDAY        0                         3     -3        0
  MONTH TO DATE   21                        39    -18       17
  SINCE MAR 1     21                        50    -29       21
  SINCE JAN 1     21                        50    -29       21
..................................................................


WIND (MPH)
  HIGHEST WIND SPEED    37   HIGHEST WIND DIRECTION     E (100)
  HIGHEST GUST SPEED    47   HIGHEST GUST DIRECTION     E (100)
  AVERAGE WIND SPEED    11.5


SKY COVER
  AVERAGE SKY COVER 0.1


WEATHER CONDITIONS
 THE FOLLOWING WEATHER WAS RECORDED YESTERDAY.
  THUNDERSTORM
  RAIN
  LIGHT RAIN
  FOG
  HAZE


RELATIVE HUMIDITY (PERCENT)
 HIGHEST    93           400 AM
 LOWEST     53           400 PM
 AVERAGE    73

..........................................................


THE GRAND ISLAND NE CLIMATE NORMALS FOR TODAY
                         NORMAL    RECORD    YEAR
 MAXIMUM TEMPERATURE (F)   76        97      1912
 MINIMUM TEMPERATURE (F)   53        37      1918
                                             1906


SUNRISE AND SUNSET
MAY 27 2016...........SUNRISE   606 AM CDT   SUNSET   856 PM CDT
MAY 28 2016...........SUNRISE   605 AM CDT   SUNSET   856 PM CDT


-  INDICATES NEGATIVE NUMBERS.
R  INDICATES RECORD WAS SET OR TIED.
MM INDICATES DATA IS MISSING.
T  INDICATES TRACE AMOUNT.




$$
