000
CDUS43 KGID 290627
CLIGRI


CLIMATE REPORT
NATIONAL WEATHER SERVICE HASTINGS NE
125 AM CDT WED MAR 29 2017


...................................

...THE GRAND ISLAND NE CLIMATE SUMMARY FOR MARCH 28 2017...

CLIMATE NORMAL PERIOD 1981 TO 2010
CLIMATE RECORD PERIOD 1895 TO 2017


WEATHER ITEM   OBSERVED TIME   RECORD YEAR NORMAL DEPARTURE LAST
                VALUE   (LST)  VALUE       VALUE  FROM      YEAR
                                                  NORMAL
..................................................................
TEMPERATURE (F)
 YESTERDAY
  MAXIMUM         52        MM  89    1986  56     -4       69
  MINIMUM         31        MM   6    1926  31      0       34
  AVERAGE         42                        44     -2       52

PRECIPITATION (IN)
  YESTERDAY        0.12          1.37 1981   0.07   0.05     0.00
  MONTH TO DATE    0.51                      1.56  -1.05     0.46
  SINCE MAR 1      0.51                      1.56  -1.05     0.46
  SINCE JAN 1      1.83                      2.77  -0.94     2.64

SNOWFALL (IN)
  YESTERDAY        0.0           9.0  1987   0.1   -0.1      0.0
  MONTH TO DATE    1.2                       4.9   -3.7      2.6
  SINCE MAR 1      1.2                       4.9   -3.7      2.6
  SINCE JUL 1      8.9                      27.0  -18.1     33.8
  SNOW DEPTH       0

DEGREE DAYS
 HEATING
  YESTERDAY       23                        21      2       13
  MONTH TO DATE  628                       734   -106      544
  SINCE MAR 1    628                       734   -106      544
  SINCE JUL 1   4694                      5495   -801     4542

 COOLING
  YESTERDAY        0                         0      0        0
  MONTH TO DATE    0                         0      0        0
  SINCE MAR 1      0                         0      0        0
  SINCE JAN 1      0                         0      0        0
..................................................................


WIND (MPH)
  HIGHEST WIND SPEED    15   HIGHEST WIND DIRECTION     E (90)
  HIGHEST GUST SPEED    MM   HIGHEST GUST DIRECTION    MM
  AVERAGE WIND SPEED     8.7


SKY COVER
  AVERAGE SKY COVER 0.7


WEATHER CONDITIONS
 THE FOLLOWING WEATHER WAS RECORDED YESTERDAY.
  LIGHT RAIN
  FOG
  FOG W/VISIBILITY <= 1/4 MILE


RELATIVE HUMIDITY (PERCENT)
 HIGHEST   100          1200 AM
 LOWEST     71          1200 PM
 AVERAGE    86

..........................................................


THE GRAND ISLAND NE CLIMATE NORMALS FOR TODAY
                         NORMAL    RECORD    YEAR
 MAXIMUM TEMPERATURE (F)   57        90      1986
 MINIMUM TEMPERATURE (F)   32        10      1987


SUNRISE AND SUNSET
MARCH 29 2017.........SUNRISE   721 AM CDT   SUNSET   755 PM CDT
MARCH 30 2017.........SUNRISE   719 AM CDT   SUNSET   756 PM CDT


-  INDICATES NEGATIVE NUMBERS.
R  INDICATES RECORD WAS SET OR TIED.
MM INDICATES DATA IS MISSING.
T  INDICATES TRACE AMOUNT.




$$
