000
CDUS43 KGID 282323
CLIGRI


CLIMATE REPORT
NATIONAL WEATHER SERVICE HASTINGS NE
522 PM CST FRI NOV 28 2014


...................................

...THE GRAND ISLAND NE CLIMATE SUMMARY FOR NOVEMBER 28 2014...
VALID TODAY AS OF 0500 PM LOCAL TIME.

CLIMATE NORMAL PERIOD 1981 TO 2010
CLIMATE RECORD PERIOD 1895 TO 2014


WEATHER ITEM   OBSERVED TIME   RECORD YEAR NORMAL DEPARTURE LAST
                VALUE   (LST)  VALUE       VALUE  FROM      YEAR
                                                  NORMAL
..................................................................
TEMPERATURE (F)
 TODAY
  MAXIMUM         70R   255 PM  67    1986  42     28       35
  MINIMUM         23    733 AM -11    1976  21      2       20
  AVERAGE         47                        32     15       28

PRECIPITATION (IN)
  TODAY            0.00          0.69 1905   0.03  -0.03     0.00
  MONTH TO DATE    0.29                      1.10  -0.81     0.97
  SINCE SEP 1      4.60                      5.19  -0.59     7.40
  SINCE JAN 1     26.80                     25.96   0.84    26.81

SNOWFALL (IN)
  TODAY            0.0           5.3  2004   0.1   -0.1      0.0
  MONTH TO DATE    2.2                       2.8   -0.6      0.2
  SINCE SEP 1      2.2                       3.9   -1.7      0.2
  SINCE JUL 1      2.2                       3.9   -1.7      0.2
  SNOW DEPTH       0

DEGREE DAYS
 HEATING
  TODAY           18                        33    -15       37
  MONTH TO DATE  857                       738    119      746
  SINCE SEP 1   1269                      1251     18     1170
  SINCE JUL 1   1273                      1261     12     1173

 COOLING
  TODAY            0                         0      0        0
  MONTH TO DATE    0                         0      0        0
  SINCE SEP 1    101                       120    -19      202
  SINCE JAN 1   1031                      1034     -3     1265
..................................................................


WIND (MPH)
  HIGHEST WIND SPEED    21   HIGHEST WIND DIRECTION     W (250)
  HIGHEST GUST SPEED    26   HIGHEST GUST DIRECTION    SW (240)
  AVERAGE WIND SPEED     9.3


SKY COVER
  POSSIBLE SUNSHINE  MM
  AVERAGE SKY COVER 0.0


WEATHER CONDITIONS
 THE FOLLOWING WEATHER WAS RECORDED TODAY.
  NO SIGNIFICANT WEATHER WAS OBSERVED.


RELATIVE HUMIDITY (PERCENT)
 HIGHEST    81           500 AM
 LOWEST     20           300 PM
 AVERAGE    51

..........................................................


THE GRAND ISLAND NE CLIMATE NORMALS FOR TOMORROW
                         NORMAL    RECORD    YEAR
 MAXIMUM TEMPERATURE (F)   42        71      1932
 MINIMUM TEMPERATURE (F)   21        -6      1896


SUNRISE AND SUNSET
NOVEMBER 28 2014......SUNRISE   735 AM CST   SUNSET   507 PM CST
NOVEMBER 29 2014......SUNRISE   737 AM CST   SUNSET   506 PM CST


-  INDICATES NEGATIVE NUMBERS.
R  INDICATES RECORD WAS SET OR TIED.
MM INDICATES DATA IS MISSING.
T  INDICATES TRACE AMOUNT.




$$
