000
CDUS43 KGID 230623
CLIGRI


CLIMATE REPORT
NATIONAL WEATHER SERVICE HASTINGS NE
123 AM CDT FRI JUN 23 2017


...................................

...THE GRAND ISLAND NE CLIMATE SUMMARY FOR JUNE 22 2017...

CLIMATE NORMAL PERIOD 1981 TO 2010
CLIMATE RECORD PERIOD 1895 TO 2017


WEATHER ITEM   OBSERVED TIME   RECORD YEAR NORMAL DEPARTURE LAST
                VALUE   (LST)  VALUE       VALUE  FROM      YEAR
                                                  NORMAL
..................................................................
TEMPERATURE (F)
 YESTERDAY
  MAXIMUM         92    320 PM 102    1937  86      6       90
  MINIMUM         66   1159 PM  46    2001  61      5       66
                                      1936
                                      1920
  AVERAGE         79                        73      6       78

PRECIPITATION (IN)
  YESTERDAY        0.00          2.37 1899   0.13  -0.13     0.00
  MONTH TO DATE    1.63                      3.23  -1.60     0.01
  SINCE JUN 1      1.63                      3.23  -1.60     0.01
  SINCE JAN 1     11.68                     13.18  -1.50    14.69

SNOWFALL (IN)
  YESTERDAY        0.0                       0.0    0.0      0.0
  MONTH TO DATE    0.0                       0.0    0.0      0.0
  SINCE JUN 1      0.0                       0.0    0.0      0.0
  SINCE JUL 1      9.2                      29.0  -19.8     33.8
  SNOW DEPTH       0

DEGREE DAYS
 HEATING
  YESTERDAY        0                         0      0        0
  MONTH TO DATE    0                        21    -21        0
  SINCE JUN 1      0                        21    -21        0
  SINCE JUL 1   5357                      6196   -839     5131

 COOLING
  YESTERDAY       14                         9      5       13
  MONTH TO DATE  257                       134    123      266
  SINCE JUN 1    257                       134    123      266
  SINCE JAN 1    307                       199    108      300
..................................................................


WIND (MPH)
  HIGHEST WIND SPEED    26   HIGHEST WIND DIRECTION     N (360)
  HIGHEST GUST SPEED    33   HIGHEST GUST DIRECTION     N (350)
  AVERAGE WIND SPEED    13.1


SKY COVER
  AVERAGE SKY COVER 0.1


WEATHER CONDITIONS
 THE FOLLOWING WEATHER WAS RECORDED YESTERDAY.
  NO SIGNIFICANT WEATHER WAS OBSERVED.


RELATIVE HUMIDITY (PERCENT)
 HIGHEST    81          1100 PM
 LOWEST     41           100 PM
 AVERAGE    61

..........................................................


THE GRAND ISLAND NE CLIMATE NORMALS FOR TODAY
                         NORMAL    RECORD    YEAR
 MAXIMUM TEMPERATURE (F)   86       105      1937
 MINIMUM TEMPERATURE (F)   62        45      1920


SUNRISE AND SUNSET
JUNE 23 2017..........SUNRISE   602 AM CDT   SUNSET   909 PM CDT
JUNE 24 2017..........SUNRISE   602 AM CDT   SUNSET   909 PM CDT


-  INDICATES NEGATIVE NUMBERS.
R  INDICATES RECORD WAS SET OR TIED.
MM INDICATES DATA IS MISSING.
T  INDICATES TRACE AMOUNT.




$$
