000
CDUS43 KGID 230632
CLIGRI


CLIMATE REPORT
NATIONAL WEATHER SERVICE HASTINGS NE
131 AM CDT WED JUL 23 2014


...................................

...THE GRAND ISLAND NE CLIMATE SUMMARY FOR JULY 22 2014...

CLIMATE NORMAL PERIOD 1981 TO 2010
CLIMATE RECORD PERIOD 1895 TO 2014


WEATHER ITEM   OBSERVED TIME   RECORD YEAR NORMAL DEPARTURE LAST
                VALUE   (LST)  VALUE       VALUE  FROM      YEAR
                                                  NORMAL
..................................................................
TEMPERATURE (F)
 YESTERDAY
  MAXIMUM         90    231 PM 107    1934  88      2       99
  MINIMUM         69   1159 PM  53    2009  65      4       71
                                      1970
                                      1953
  AVERAGE         80                        76      4       85

PRECIPITATION (IN)
  YESTERDAY        0.00          1.60 2001   0.10  -0.10     0.00
                                      1911
  MONTH TO DATE    2.06                      2.46  -0.40     0.38
  SINCE JUN 1     11.71                      6.76   4.95     2.01
  SINCE JAN 1     16.20                     16.71  -0.51    15.38

SNOWFALL (IN)
  YESTERDAY        0.0                       0.0    0.0      0.0
  MONTH TO DATE    0.0                       0.0    0.0      0.0
  SINCE JUN 1      0.0                       0.0    0.0      0.0
  SINCE JUL 1      0.0                       0.0    0.0      0.0
  SNOW DEPTH       0

DEGREE DAYS
 HEATING
  YESTERDAY        0                         0      0        0
  MONTH TO DATE    4                         0      4        0
  SINCE JUN 1     14                        24    -10       21
  SINCE JUL 1      4                         0      4        0

 COOLING
  YESTERDAY       15                        11      4       20
  MONTH TO DATE  183                       251    -68      316
  SINCE JUN 1    433                       464    -31      575
  SINCE JAN 1    552                       529     23      670
..................................................................


WIND (MPH)
  HIGHEST WIND SPEED    17   HIGHEST WIND DIRECTION     N (20)
  HIGHEST GUST SPEED    24   HIGHEST GUST DIRECTION    SW (220)
  AVERAGE WIND SPEED     9.7


SKY COVER
  AVERAGE SKY COVER 0.0


WEATHER CONDITIONS
 THE FOLLOWING WEATHER WAS RECORDED YESTERDAY.
  NO SIGNIFICANT WEATHER WAS OBSERVED.


RELATIVE HUMIDITY (PERCENT)
 HIGHEST    90          1000 PM
 LOWEST     44           300 PM
 AVERAGE    67

..........................................................


THE GRAND ISLAND NE CLIMATE NORMALS FOR TODAY
                         NORMAL    RECORD    YEAR
 MAXIMUM TEMPERATURE (F)   88       106      1940
                                             1934
 MINIMUM TEMPERATURE (F)   65        48      1948


SUNRISE AND SUNSET
JULY 23 2014..........SUNRISE   621 AM CDT   SUNSET   858 PM CDT
JULY 24 2014..........SUNRISE   622 AM CDT   SUNSET   857 PM CDT


-  INDICATES NEGATIVE NUMBERS.
R  INDICATES RECORD WAS SET OR TIED.
MM INDICATES DATA IS MISSING.
T  INDICATES TRACE AMOUNT.




$$
