000
CDUS43 KGID 180628
CLIGRI


CLIMATE REPORT
NATIONAL WEATHER SERVICE HASTINGS NE
1227 AM CST WED JAN 18 2017


...................................

...THE GRAND ISLAND NE CLIMATE SUMMARY FOR JANUARY 17 2017...

CLIMATE NORMAL PERIOD 1981 TO 2010
CLIMATE RECORD PERIOD 1895 TO 2017


WEATHER ITEM   OBSERVED TIME   RECORD YEAR NORMAL DEPARTURE LAST
                VALUE   (LST)  VALUE       VALUE  FROM      YEAR
                                                  NORMAL
..................................................................
TEMPERATURE (F)
 YESTERDAY
  MAXIMUM         39    446 PM  60    1986  36      3       14
                                      1972
  MINIMUM         20    753 AM -20    1930  14      6       -6
  AVERAGE         30                        25      5        4

PRECIPITATION (IN)
  YESTERDAY        0.00          0.52 1996   0.02  -0.02     0.01
  MONTH TO DATE    1.00                      0.27   0.73     0.13
  SINCE DEC 1      1.81                      0.90   0.91     2.01
  SINCE JAN 1      1.00                      0.27   0.73     0.13

SNOWFALL (IN)
  YESTERDAY        0.0           4.0  1936   0.2   -0.2      0.2
                                      1930
  MONTH TO DATE    1.7                       3.2   -1.5      1.8
  SINCE DEC 1      3.1                       8.3   -5.2      4.2
  SINCE JUL 1      3.5                      12.5   -9.0      9.8
  SNOW DEPTH       T

DEGREE DAYS
 HEATING
  YESTERDAY       35                        40     -5       61
  MONTH TO DATE  733                       680     53      683
  SINCE DEC 1   1934                      1869     65     1691
  SINCE JUL 1   2854                      3199   -345     2657

 COOLING
  YESTERDAY        0                         0      0        0
  MONTH TO DATE    0                         0      0        0
  SINCE DEC 1      0                         0      0        0
  SINCE JAN 1      0                         0      0        0
..................................................................


WIND (MPH)
  HIGHEST WIND SPEED    17   HIGHEST WIND DIRECTION    SW (210)
  HIGHEST GUST SPEED    22   HIGHEST GUST DIRECTION    SW (220)
  AVERAGE WIND SPEED     7.7


SKY COVER
  AVERAGE SKY COVER 0.0


WEATHER CONDITIONS
 THE FOLLOWING WEATHER WAS RECORDED YESTERDAY.
  FOG


RELATIVE HUMIDITY (PERCENT)
 HIGHEST   100           800 AM
 LOWEST     85           300 PM
 AVERAGE    93

..........................................................


THE GRAND ISLAND NE CLIMATE NORMALS FOR TODAY
                         NORMAL    RECORD    YEAR
 MAXIMUM TEMPERATURE (F)   36        65      1951
 MINIMUM TEMPERATURE (F)   14       -22      1943


SUNRISE AND SUNSET
JANUARY 18 2017.......SUNRISE   754 AM CST   SUNSET   534 PM CST
JANUARY 19 2017.......SUNRISE   754 AM CST   SUNSET   535 PM CST


-  INDICATES NEGATIVE NUMBERS.
R  INDICATES RECORD WAS SET OR TIED.
MM INDICATES DATA IS MISSING.
T  INDICATES TRACE AMOUNT.




$$
