514
CDUS43 KGID 222232
CLIGRI


CLIMATE REPORT
NATIONAL WEATHER SERVICE HASTINGS NE
530 PM CDT SUN OCT 22 2017


...................................

...THE GRAND ISLAND NE CLIMATE SUMMARY FOR OCTOBER 22 2017...
VALID TODAY AS OF 0500 PM LOCAL TIME.

CLIMATE NORMAL PERIOD 1981 TO 2010
CLIMATE RECORD PERIOD 1895 TO 2017


WEATHER ITEM   OBSERVED TIME   RECORD YEAR NORMAL DEPARTURE LAST
                VALUE   (LST)  VALUE       VALUE  FROM      YEAR
                                                  NORMAL
..................................................................
TEMPERATURE (F)
 TODAY
  MAXIMUM         70    228 PM  91    1899  62      8       78
  MINIMUM         32    655 AM  22    1898  37     -5       36
  AVERAGE         51                        50      1       57

PRECIPITATION (IN)
  TODAY            0.00          1.68 2008   0.05  -0.05     0.00
  MONTH TO DATE    5.28                      1.42   3.86     0.12
  SINCE SEP 1      7.96                      3.65   4.31     2.65
  SINCE JAN 1     29.35                     24.42   4.93    22.05

SNOWFALL (IN)
  TODAY            0.0           0.6  2009   0.0    0.0      0.0
                                      1979
  MONTH TO DATE    0.0                       0.5   -0.5      0.0
  SINCE SEP 1      0.0                       0.6   -0.6      0.0
  SINCE JUL 1      0.0                       0.6   -0.6      0.0
  SNOW DEPTH       0

DEGREE DAYS
 HEATING
  TODAY           14                        15     -1        8
  MONTH TO DATE  177                       252    -75      196
  SINCE SEP 1    233                       357   -124      261
  SINCE JUL 1    237                       367   -130      268

 COOLING
  TODAY            0                         0      0        0
  MONTH TO DATE    4                        10     -6        3
  SINCE SEP 1    151                       119     32      130
  SINCE JAN 1   1062                      1033     29     1144
..................................................................


WIND (MPH)
  HIGHEST WIND SPEED    23   HIGHEST WIND DIRECTION     W (260)
  HIGHEST GUST SPEED    28   HIGHEST GUST DIRECTION     W (250)
  AVERAGE WIND SPEED     8.9


SKY COVER
  POSSIBLE SUNSHINE  MM
  AVERAGE SKY COVER 0.0


WEATHER CONDITIONS
 THE FOLLOWING WEATHER WAS RECORDED TODAY.
  NO SIGNIFICANT WEATHER WAS OBSERVED.


RELATIVE HUMIDITY (PERCENT)
 HIGHEST    96           600 AM
 LOWEST     18           300 PM
 AVERAGE    57

..........................................................


THE GRAND ISLAND NE CLIMATE NORMALS FOR TOMORROW
                         NORMAL    RECORD    YEAR
 MAXIMUM TEMPERATURE (F)   62        88      1927
 MINIMUM TEMPERATURE (F)   37        16      1981


SUNRISE AND SUNSET
OCTOBER 22 2017.......SUNRISE   753 AM CDT   SUNSET   642 PM CDT
OCTOBER 23 2017.......SUNRISE   754 AM CDT   SUNSET   641 PM CDT


-  INDICATES NEGATIVE NUMBERS.
R  INDICATES RECORD WAS SET OR TIED.
MM INDICATES DATA IS MISSING.
T  INDICATES TRACE AMOUNT.




$$

Thies
