000
CDUS43 KGID 232225
CLIGRI


CLIMATE REPORT
NATIONAL WEATHER SERVICE HASTINGS NE
524 PM CDT TUE MAY 23 2017


...................................

...THE GRAND ISLAND NE CLIMATE SUMMARY FOR MAY 23 2017...
VALID TODAY AS OF 0500 PM LOCAL TIME.

CLIMATE NORMAL PERIOD 1981 TO 2010
CLIMATE RECORD PERIOD 1895 TO 2017


WEATHER ITEM   OBSERVED TIME   RECORD YEAR NORMAL DEPARTURE LAST
                VALUE   (LST)  VALUE       VALUE  FROM      YEAR
                                                  NORMAL
..................................................................
TEMPERATURE (F)
 TODAY
  MAXIMUM         59    220 PM  97    1926  75    -16       77
  MINIMUM         45    528 AM  38    1947  52     -7       58
  AVERAGE         52                        64    -12       68

PRECIPITATION (IN)
  TODAY            0.00          2.58 2008   0.16  -0.16     2.06
  MONTH TO DATE    5.19                      3.20   1.99     4.77
  SINCE MAR 1      8.64                      7.53   1.11    10.43
  SINCE JAN 1      9.96                      8.74   1.22    12.61

SNOWFALL (IN)
  TODAY            0.0           T    1998   0.0    0.0      0.0
  MONTH TO DATE    0.3                       0.1    0.2      0.0
  SINCE MAR 1      1.5                       7.0   -5.5      2.6
  SINCE JUL 1      9.2                      29.1  -19.9     33.8
  SNOW DEPTH       0

DEGREE DAYS
 HEATING
  TODAY           13                         4      9        0
  MONTH TO DATE  163                       149     14      175
  SINCE MAR 1   1273                      1390   -117     1132
  SINCE JUL 1   5339                      6151   -812     5130

 COOLING
  TODAY            0                         2     -2        3
  MONTH TO DATE   40                        31      9       13
  SINCE MAR 1     45                        42      3       13
  SINCE JAN 1     45                        42      3       13
..................................................................


WIND (MPH)
  HIGHEST WIND SPEED    30   HIGHEST WIND DIRECTION    NW (330)
  HIGHEST GUST SPEED    36   HIGHEST GUST DIRECTION    NW (320)
  AVERAGE WIND SPEED    15.6


SKY COVER
  POSSIBLE SUNSHINE  MM
  AVERAGE SKY COVER 0.6


WEATHER CONDITIONS
 THE FOLLOWING WEATHER WAS RECORDED TODAY.
  NO SIGNIFICANT WEATHER WAS OBSERVED.


RELATIVE HUMIDITY (PERCENT)
 HIGHEST    93           200 AM
 LOWEST     55          1100 AM
 AVERAGE    74

..........................................................


THE GRAND ISLAND NE CLIMATE NORMALS FOR TOMORROW
                         NORMAL    RECORD    YEAR
 MAXIMUM TEMPERATURE (F)   75       101      1967
 MINIMUM TEMPERATURE (F)   52        29      1924


SUNRISE AND SUNSET
MAY 23 2017...........SUNRISE   609 AM CDT   SUNSET   852 PM CDT
MAY 24 2017...........SUNRISE   608 AM CDT   SUNSET   853 PM CDT


-  INDICATES NEGATIVE NUMBERS.
R  INDICATES RECORD WAS SET OR TIED.
MM INDICATES DATA IS MISSING.
T  INDICATES TRACE AMOUNT.




$$
