000
CDUS43 KGID 230635
CLIGRI


CLIMATE REPORT
NATIONAL WEATHER SERVICE HASTINGS NE
1229 AM CST TUE JAN 23 2018


...................................

...THE GRAND ISLAND NE CLIMATE SUMMARY FOR JANUARY 22 2018...

CLIMATE NORMAL PERIOD 1981 TO 2010
CLIMATE RECORD PERIOD 1895 TO 2018


WEATHER ITEM   OBSERVED TIME   RECORD YEAR NORMAL DEPARTURE LAST
                VALUE   (LST)  VALUE       VALUE  FROM      YEAR
                                                  NORMAL
..................................................................
TEMPERATURE (F)
 YESTERDAY
  MAXIMUM         32    540 AM  70    1950  36     -4       48
  MINIMUM         20   1046 PM -15    1966  14      6       26
                                      1930
  AVERAGE         26                        25      1       37

PRECIPITATION (IN)
  YESTERDAY        0.86R         0.35 1982   0.02   0.84     0.00
  MONTH TO DATE    1.08                      0.36   0.72     1.01
  SINCE DEC 1      1.53                      0.99   0.54     1.82
  SINCE JAN 1      1.08                      0.36   0.72     1.01

SNOWFALL (IN)
  YESTERDAY        7.4 R         3.0  1915   0.2    7.2      0.0
  MONTH TO DATE   10.2                       4.3    5.9      1.7
  SINCE DEC 1     17.4                       9.4    8.0      3.1
  SINCE JUL 1     18.5                      13.6    4.9      3.5
  SNOW DEPTH 6 AM  2

DEGREE DAYS
 HEATING
  YESTERDAY       39                        40     -1       28
  MONTH TO DATE  968                       880     88      897
  SINCE DEC 1   2153                      2069     84     2098
  SINCE JUL 1   3302                      3399    -97     3018

 COOLING
  YESTERDAY        0                         0      0        0
  MONTH TO DATE    0                         0      0        0
  SINCE DEC 1      0                         0      0        0
  SINCE JAN 1      0                         0      0        0
..................................................................


WIND (MPH)
  HIGHEST WIND SPEED    44   HIGHEST WIND DIRECTION     N (340)
  HIGHEST GUST SPEED    54   HIGHEST GUST DIRECTION     N (350)
  AVERAGE WIND SPEED    28.8


SKY COVER
  AVERAGE SKY COVER 0.8


WEATHER CONDITIONS
 THE FOLLOWING WEATHER WAS RECORDED YESTERDAY.
  HEAVY SNOW
  SNOW
  LIGHT SNOW
  FOG
  FOG W/VISIBILITY <= 1/4 MILE
  BLOWING SNOW


RELATIVE HUMIDITY (PERCENT)
 HIGHEST   100          1200 AM
 LOWEST     81           600 PM
 AVERAGE    91

..........................................................


THE GRAND ISLAND NE CLIMATE NORMALS FOR TODAY
                         NORMAL    RECORD    YEAR
 MAXIMUM TEMPERATURE (F)   36        69      1981
 MINIMUM TEMPERATURE (F)   14       -22      1915


SUNRISE AND SUNSET
JANUARY 23 2018.......SUNRISE   751 AM CST   SUNSET   539 PM CST
JANUARY 24 2018.......SUNRISE   751 AM CST   SUNSET   541 PM CST


-  INDICATES NEGATIVE NUMBERS.
R  INDICATES RECORD WAS SET OR TIED.
MM INDICATES DATA IS MISSING.
T  INDICATES TRACE AMOUNT.




$$
