000
CDUS43 KGID 072221
CLIGRI


CLIMATE REPORT
NATIONAL WEATHER SERVICE HASTINGS NE
521 PM CDT TUE JUL 7 2015


...................................

...THE GRAND ISLAND NE CLIMATE SUMMARY FOR JULY 7 2015...
VALID TODAY AS OF 0500 PM LOCAL TIME.

CLIMATE NORMAL PERIOD 1981 TO 2010
CLIMATE RECORD PERIOD 1895 TO 2015


WEATHER ITEM   OBSERVED TIME   RECORD YEAR NORMAL DEPARTURE LAST
                VALUE   (LST)  VALUE       VALUE  FROM      YEAR
                                                  NORMAL
..................................................................
TEMPERATURE (F)
 TODAY
  MAXIMUM         73    323 PM 107    1937  88    -15       89
  MINIMUM         52    512 AM  49    1922  64    -12       66
  AVERAGE         63                        76    -13       78

PRECIPITATION (IN)
  TODAY            0.00          2.22 1988   0.11  -0.11     0.15
  MONTH TO DATE    1.06                      0.82   0.24     0.15
  SINCE JUN 1      6.73                      5.12   1.61     9.80
  SINCE JAN 1     13.89                     15.07  -1.18    14.29

SNOWFALL (IN)
  TODAY            0.0                       0.0    0.0      0.0
  MONTH TO DATE    0.0                       0.0    0.0      0.0
  SINCE JUN 1      0.0                       0.0    0.0      0.0
  SINCE JUL 1      0.0                       0.0    0.0      0.0
  SNOW DEPTH       0

DEGREE DAYS
 HEATING
  TODAY            2                         0      2        0
  MONTH TO DATE    2                         0      2        1
  SINCE JUN 1      7                        24    -17       11
  SINCE JUL 1      2                         0      2        1

 COOLING
  TODAY            0                        11    -11       13
  MONTH TO DATE   62                        77    -15       63
  SINCE JUN 1    271                       290    -19      313
  SINCE JAN 1    298                       355    -57      432
..................................................................


WIND (MPH)
  HIGHEST WIND SPEED    14   HIGHEST WIND DIRECTION     E (70)
  HIGHEST GUST SPEED    20   HIGHEST GUST DIRECTION     E (70)
  AVERAGE WIND SPEED     7.7


SKY COVER
  POSSIBLE SUNSHINE  MM
  AVERAGE SKY COVER 0.1


WEATHER CONDITIONS
 THE FOLLOWING WEATHER WAS RECORDED TODAY.
  FOG
  HAZE


RELATIVE HUMIDITY (PERCENT)
 HIGHEST    93           200 AM
 LOWEST     49           400 PM
 AVERAGE    71

..........................................................


THE GRAND ISLAND NE CLIMATE NORMALS FOR TOMORROW
                         NORMAL    RECORD    YEAR
 MAXIMUM TEMPERATURE (F)   88       105      1934
 MINIMUM TEMPERATURE (F)   64        46      1952


SUNRISE AND SUNSET
JULY  7 2015..........SUNRISE   608 AM CDT   SUNSET   908 PM CDT
JULY  8 2015..........SUNRISE   609 AM CDT   SUNSET   907 PM CDT


-  INDICATES NEGATIVE NUMBERS.
R  INDICATES RECORD WAS SET OR TIED.
MM INDICATES DATA IS MISSING.
T  INDICATES TRACE AMOUNT.




$$
