000
CDUS43 KGID 252224
CLIGRI


CLIMATE REPORT
NATIONAL WEATHER SERVICE HASTINGS NE
524 PM CDT SAT OCT 25 2014


...................................

...THE GRAND ISLAND NE CLIMATE SUMMARY FOR OCTOBER 25 2014...
VALID TODAY AS OF 0500 PM LOCAL TIME.

CLIMATE NORMAL PERIOD 1981 TO 2010
CLIMATE RECORD PERIOD 1895 TO 2014


WEATHER ITEM   OBSERVED TIME   RECORD YEAR NORMAL DEPARTURE LAST
                VALUE   (LST)  VALUE       VALUE  FROM      YEAR
                                                  NORMAL
..................................................................
TEMPERATURE (F)
 TODAY
  MAXIMUM         76    257 PM  89    1927  61     15       60
  MINIMUM         42    633 AM  15    1936  36      6       36
  AVERAGE         59                        49     10       48

PRECIPITATION (IN)
  TODAY            0.00          0.56 1987   0.05  -0.05     0.00
  MONTH TO DATE    1.28                      1.58  -0.30     3.64
  SINCE SEP 1      4.31                      3.81   0.50     6.02
  SINCE JAN 1     26.51                     24.58   1.93    25.43

SNOWFALL (IN)
  TODAY            0.0           7.0  1997   0.0    0.0      0.0
  MONTH TO DATE    0.0                       0.6   -0.6      0.0
  SINCE SEP 1      0.0                       0.7   -0.7      0.0
  SINCE JUL 1      0.0                       0.7   -0.7      0.0
  SNOW DEPTH       0

DEGREE DAYS
 HEATING
  TODAY            6                        16    -10       17
  MONTH TO DATE  215                       300    -85      288
  SINCE SEP 1    317                       405    -88      309
  SINCE JUL 1    321                       415    -94      312

 COOLING
  TODAY            0                         0      0        0
  MONTH TO DATE    4                        10     -6       15
  SINCE SEP 1    101                       119    -18      202
  SINCE JAN 1   1031                      1033     -2     1265
..................................................................


WIND (MPH)
  HIGHEST WIND SPEED    13   HIGHEST WIND DIRECTION     E (90)
  HIGHEST GUST SPEED    17   HIGHEST GUST DIRECTION     E (110)
  AVERAGE WIND SPEED     5.7


SKY COVER
  POSSIBLE SUNSHINE  MM
  AVERAGE SKY COVER 0.0


WEATHER CONDITIONS
 THE FOLLOWING WEATHER WAS RECORDED TODAY.
  NO SIGNIFICANT WEATHER WAS OBSERVED.


RELATIVE HUMIDITY (PERCENT)
 HIGHEST    89           300 AM
 LOWEST     31           200 PM
 AVERAGE    60

..........................................................


THE GRAND ISLAND NE CLIMATE NORMALS FOR TOMORROW
                         NORMAL    RECORD    YEAR
 MAXIMUM TEMPERATURE (F)   60        85      1927
 MINIMUM TEMPERATURE (F)   36        13      1997


SUNRISE AND SUNSET
OCTOBER 25 2014.......SUNRISE   756 AM CDT   SUNSET   638 PM CDT
OCTOBER 26 2014.......SUNRISE   757 AM CDT   SUNSET   637 PM CDT


-  INDICATES NEGATIVE NUMBERS.
R  INDICATES RECORD WAS SET OR TIED.
MM INDICATES DATA IS MISSING.
T  INDICATES TRACE AMOUNT.




$$
