000
CDUS43 KGRR 270537
CLIGRR


CLIMATE REPORT
NATIONAL WEATHER SERVICE GRAND RAPIDS, MI
137 AM EDT TUE SEP 27 2016


...................................

...THE GRAND RAPIDS MI CLIMATE SUMMARY FOR SEPTEMBER 26 2016...

CLIMATE NORMAL PERIOD 1981 TO 2010
CLIMATE RECORD PERIOD 1892 TO 2016


WEATHER ITEM   OBSERVED TIME   RECORD YEAR NORMAL DEPARTURE LAST
                VALUE   (LST)  VALUE       VALUE  FROM      YEAR
                                                  NORMAL
..................................................................
TEMPERATURE (F)
 YESTERDAY
  MAXIMUM         67    355 PM  89    1998  69     -2       76
  MINIMUM         50   1156 PM  30    1947  49      1       57
  AVERAGE         59                        59      0       67

PRECIPITATION (IN)
  YESTERDAY        0.08          2.27 1915   0.14  -0.06     0.00
  MONTH TO DATE    1.60                      3.74  -2.14     2.26
  SINCE SEP 1      1.60                      3.74  -2.14     2.26
  SINCE JAN 1     33.14                     28.46   4.68    23.90

SNOWFALL (IN)
  YESTERDAY        0.0           T    1965   0.0    0.0      0.0
                                      1942
  MONTH TO DATE    0.0                       0.0    0.0      0.0
  SINCE SEP 1      0.0                       0.0    0.0      0.0
  SINCE JUL 1      0.0                       0.0    0.0      0.0
  SNOW DEPTH       0

DEGREE DAYS
 HEATING
  YESTERDAY        6                         7     -1        0
  MONTH TO DATE   20                        98    -78       42
  SINCE SEP 1     20                        98    -78       42
  SINCE JUL 1     20                       118    -98       71

 COOLING
  YESTERDAY        0                         1     -1        2
  MONTH TO DATE   95                        63     32      125
  SINCE SEP 1     95                        63     32      125
  SINCE JAN 1    926                       688    238      632
..................................................................


WIND (MPH)
  RESULTANT WIND SPEED  14   RESULTANT WIND DIRECTION   W (260)
  HIGHEST WIND SPEED    31   HIGHEST WIND DIRECTION     W (250)
  HIGHEST GUST SPEED    40   HIGHEST GUST DIRECTION     W (250)
  AVERAGE WIND SPEED    13.3


SKY COVER
  POSSIBLE SUNSHINE  36 PERCENT
  AVERAGE SKY COVER 0.7


WEATHER CONDITIONS
 THE FOLLOWING WEATHER WAS RECORDED YESTERDAY.
  RAIN
  LIGHT RAIN
  FOG


RELATIVE HUMIDITY (PERCENT)
 HIGHEST    90           600 AM
 LOWEST     37           400 PM
 AVERAGE    64

..........................................................


THE GRAND RAPIDS MI CLIMATE NORMALS FOR TODAY
                         NORMAL    RECORD    YEAR
 MAXIMUM TEMPERATURE (F)   68        86      1946
 MINIMUM TEMPERATURE (F)   48        29      1989


SUNRISE AND SUNSET
SEPTEMBER 27 2016.....SUNRISE   735 AM EDT   SUNSET   730 PM EDT
SEPTEMBER 28 2016.....SUNRISE   736 AM EDT   SUNSET   728 PM EDT


-  INDICATES NEGATIVE NUMBERS.
R  INDICATES RECORD WAS SET OR TIED.
MM INDICATES DATA IS MISSING.
T  INDICATES TRACE AMOUNT.




$$
