000
CDUS43 KGRR 300518
CLIGRR


CLIMATE REPORT
NATIONAL WEATHER SERVICE GRAND RAPIDS, MI
117 AM EDT THU MAR 30 2017


...................................

...THE GRAND RAPIDS MI CLIMATE SUMMARY FOR MARCH 29 2017...

CLIMATE NORMAL PERIOD 1981 TO 2010
CLIMATE RECORD PERIOD 1892 TO 2017


WEATHER ITEM   OBSERVED TIME   RECORD YEAR NORMAL DEPARTURE LAST
                VALUE   (LST)  VALUE       VALUE  FROM      YEAR
                                                  NORMAL
..................................................................
TEMPERATURE (F)
 YESTERDAY
  MAXIMUM         53    235 PM  82    1910  50      3       55
  MINIMUM         29    637 AM   6    1970  31     -2       30
  AVERAGE         41                        41      0       43

PRECIPITATION (IN)
  YESTERDAY        0.08          0.83 1973   0.09  -0.01     0.00
                                      1963
  MONTH TO DATE    2.41                      2.19   0.22     3.77
  SINCE MAR 1      2.41                      2.19   0.22     3.77
  SINCE JAN 1      7.97                      6.07   1.90     8.70

SNOWFALL (IN)
  YESTERDAY        T             7.5  1954   0.1   -0.1      0.0
  MONTH TO DATE    4.7                       8.0   -3.3     10.1
  SINCE MAR 1      4.7                       8.0   -3.3     10.1
  SINCE JUL 1     59.7                      72.8  -13.1     51.7
  SNOW DEPTH       0

DEGREE DAYS
 HEATING
  YESTERDAY       24                        24      0       22
  MONTH TO DATE  866                       863      3      721
  SINCE MAR 1    866                       863      3      721
  SINCE JUL 1   4920                      5640   -720     4798

 COOLING
  YESTERDAY        0                         0      0        0
  MONTH TO DATE    0                         0      0        0
  SINCE MAR 1      0                         0      0        0
  SINCE JAN 1      0                         0      0        0
..................................................................


WIND (MPH)
  RESULTANT WIND SPEED   8   RESULTANT WIND DIRECTION   E (80)
  HIGHEST WIND SPEED    18   HIGHEST WIND DIRECTION    NE (60)
  HIGHEST GUST SPEED    25   HIGHEST GUST DIRECTION    NE (60)
  AVERAGE WIND SPEED     9.0


SKY COVER
  POSSIBLE SUNSHINE  55 PERCENT
  AVERAGE SKY COVER 0.6


WEATHER CONDITIONS
 THE FOLLOWING WEATHER WAS RECORDED YESTERDAY.
  MIXED PRECIP
  RAIN
  LIGHT RAIN
  FOG


RELATIVE HUMIDITY (PERCENT)
 HIGHEST   100          1200 AM
 LOWEST     54           100 PM
 AVERAGE    77

..........................................................


THE GRAND RAPIDS MI CLIMATE NORMALS FOR TODAY
                         NORMAL    RECORD    YEAR
 MAXIMUM TEMPERATURE (F)   51        76      1910
 MINIMUM TEMPERATURE (F)   32         1      1954


SUNRISE AND SUNSET
MARCH 30 2017.........SUNRISE   727 AM EDT   SUNSET   806 PM EDT
MARCH 31 2017.........SUNRISE   726 AM EDT   SUNSET   807 PM EDT


-  INDICATES NEGATIVE NUMBERS.
R  INDICATES RECORD WAS SET OR TIED.
MM INDICATES DATA IS MISSING.
T  INDICATES TRACE AMOUNT.




$$
